[INFO] fetching crate stackblur-iter 0.2.0...
[INFO] testing stackblur-iter-0.2.0 against nightly-2024-10-28 for randomize-layout
[INFO] extracting crate stackblur-iter 0.2.0 into /workspace/builds/worker-6-tc1/source
[INFO] validating manifest of crates.io crate stackblur-iter 0.2.0 on toolchain nightly-2024-10-28
[INFO] running `Command { std: CARGO_HOME="/workspace/cargo-home" RUSTUP_HOME="/workspace/rustup-home" "/workspace/cargo-home/bin/cargo" "+nightly-2024-10-28" "metadata" "--manifest-path" "Cargo.toml" "--no-deps", kill_on_drop: false }`
[INFO] started tweaking crates.io crate stackblur-iter 0.2.0
[INFO] finished tweaking crates.io crate stackblur-iter 0.2.0
[INFO] tweaked toml for crates.io crate stackblur-iter 0.2.0 written to /workspace/builds/worker-6-tc1/source/Cargo.toml
[INFO] running `Command { std: CARGO_HOME="/workspace/cargo-home" RUSTUP_HOME="/workspace/rustup-home" "/workspace/cargo-home/bin/cargo" "+nightly-2024-10-28" "generate-lockfile" "--manifest-path" "Cargo.toml", kill_on_drop: false }`
[INFO] [stderr]     Updating crates.io index
[INFO] [stderr]      Locking 11 packages to latest compatible versions
[INFO] running `Command { std: CARGO_HOME="/workspace/cargo-home" RUSTUP_HOME="/workspace/rustup-home" "/workspace/cargo-home/bin/cargo" "+nightly-2024-10-28" "fetch" "--manifest-path" "Cargo.toml", kill_on_drop: false }`
[INFO] [stderr]  Downloading crates ...
[INFO] [stderr]   Downloaded unique v0.9.1
[INFO] [stderr]   Downloaded blend-srgb v0.1.1
[INFO] [stderr]   Downloaded imgref-iter v0.4.0
[INFO] running `Command { std: "docker" "create" "-v" "/var/lib/crater-agent-workspace/builds/worker-6-tc1/target:/opt/rustwide/target:rw,Z" "-v" "/var/lib/crater-agent-workspace/builds/worker-6-tc1/source:/opt/rustwide/workdir:ro,Z" "-v" "/var/lib/crater-agent-workspace/cargo-home:/opt/rustwide/cargo-home:ro,Z" "-v" "/var/lib/crater-agent-workspace/rustup-home:/opt/rustwide/rustup-home:ro,Z" "-e" "SOURCE_DIR=/opt/rustwide/workdir" "-e" "CARGO_TARGET_DIR=/opt/rustwide/target" "-e" "CARGO_HOME=/opt/rustwide/cargo-home" "-e" "RUSTUP_HOME=/opt/rustwide/rustup-home" "-w" "/opt/rustwide/workdir" "-m" "1610612736" "--user" "0:0" "--network" "none" "ghcr.io/rust-lang/crates-build-env/linux@sha256:4a844ea9eb2546a2d2c7022eacef16ef2e8229c7fbb2c7d4d55a9ceca922f72d" "/opt/rustwide/cargo-home/bin/cargo" "+nightly-2024-10-28" "metadata" "--no-deps" "--format-version=1", kill_on_drop: false }`
[INFO] [stdout] 5937dc5543ba0f95b10e9c604e4ebc943275246d4c1274c0fefd72e8fa1ad5c6
[INFO] running `Command { std: "docker" "start" "-a" "5937dc5543ba0f95b10e9c604e4ebc943275246d4c1274c0fefd72e8fa1ad5c6", kill_on_drop: false }`
[INFO] running `Command { std: "docker" "inspect" "5937dc5543ba0f95b10e9c604e4ebc943275246d4c1274c0fefd72e8fa1ad5c6", kill_on_drop: false }`
[INFO] running `Command { std: "docker" "rm" "-f" "5937dc5543ba0f95b10e9c604e4ebc943275246d4c1274c0fefd72e8fa1ad5c6", kill_on_drop: false }`
[INFO] [stdout] 5937dc5543ba0f95b10e9c604e4ebc943275246d4c1274c0fefd72e8fa1ad5c6
[INFO] running `Command { std: "docker" "create" "-v" "/var/lib/crater-agent-workspace/builds/worker-6-tc1/target:/opt/rustwide/target:rw,Z" "-v" "/var/lib/crater-agent-workspace/builds/worker-6-tc1/source:/opt/rustwide/workdir:ro,Z" "-v" "/var/lib/crater-agent-workspace/cargo-home:/opt/rustwide/cargo-home:ro,Z" "-v" "/var/lib/crater-agent-workspace/rustup-home:/opt/rustwide/rustup-home:ro,Z" "-e" "SOURCE_DIR=/opt/rustwide/workdir" "-e" "CARGO_TARGET_DIR=/opt/rustwide/target" "-e" "CARGO_INCREMENTAL=0" "-e" "RUST_BACKTRACE=full" "-e" "RUSTFLAGS=--cap-lints=forbid" "-e" "RUSTDOCFLAGS=--cap-lints=forbid" "-e" "CARGO_HOME=/opt/rustwide/cargo-home" "-e" "RUSTUP_HOME=/opt/rustwide/rustup-home" "-w" "/opt/rustwide/workdir" "-m" "1610612736" "--user" "0:0" "--network" "none" "ghcr.io/rust-lang/crates-build-env/linux@sha256:4a844ea9eb2546a2d2c7022eacef16ef2e8229c7fbb2c7d4d55a9ceca922f72d" "/opt/rustwide/cargo-home/bin/cargo" "+nightly-2024-10-28" "build" "--frozen" "--message-format=json", kill_on_drop: false }`
[INFO] [stdout] 543bc756f79fdaaa6f1b4de6bfdd5e674f9c6d7457121c96a1e5a6910b9a5c27
[INFO] running `Command { std: "docker" "start" "-a" "543bc756f79fdaaa6f1b4de6bfdd5e674f9c6d7457121c96a1e5a6910b9a5c27", kill_on_drop: false }`
[INFO] [stderr]    Compiling imgref v1.11.0
[INFO] [stderr]    Compiling imgref-iter v0.4.0
[INFO] [stderr]    Compiling stackblur-iter v0.2.0 (/opt/rustwide/workdir)
[INFO] [stderr]     Finished `dev` profile [unoptimized + debuginfo] target(s) in 0.54s
[INFO] running `Command { std: "docker" "inspect" "543bc756f79fdaaa6f1b4de6bfdd5e674f9c6d7457121c96a1e5a6910b9a5c27", kill_on_drop: false }`
[INFO] running `Command { std: "docker" "rm" "-f" "543bc756f79fdaaa6f1b4de6bfdd5e674f9c6d7457121c96a1e5a6910b9a5c27", kill_on_drop: false }`
[INFO] [stdout] 543bc756f79fdaaa6f1b4de6bfdd5e674f9c6d7457121c96a1e5a6910b9a5c27
[INFO] running `Command { std: "docker" "create" "-v" "/var/lib/crater-agent-workspace/builds/worker-6-tc1/target:/opt/rustwide/target:rw,Z" "-v" "/var/lib/crater-agent-workspace/builds/worker-6-tc1/source:/opt/rustwide/workdir:ro,Z" "-v" "/var/lib/crater-agent-workspace/cargo-home:/opt/rustwide/cargo-home:ro,Z" "-v" "/var/lib/crater-agent-workspace/rustup-home:/opt/rustwide/rustup-home:ro,Z" "-e" "SOURCE_DIR=/opt/rustwide/workdir" "-e" "CARGO_TARGET_DIR=/opt/rustwide/target" "-e" "CARGO_INCREMENTAL=0" "-e" "RUST_BACKTRACE=full" "-e" "RUSTFLAGS=--cap-lints=forbid" "-e" "RUSTDOCFLAGS=--cap-lints=forbid" "-e" "CARGO_HOME=/opt/rustwide/cargo-home" "-e" "RUSTUP_HOME=/opt/rustwide/rustup-home" "-w" "/opt/rustwide/workdir" "-m" "1610612736" "--user" "0:0" "--network" "none" "ghcr.io/rust-lang/crates-build-env/linux@sha256:4a844ea9eb2546a2d2c7022eacef16ef2e8229c7fbb2c7d4d55a9ceca922f72d" "/opt/rustwide/cargo-home/bin/cargo" "+nightly-2024-10-28" "test" "--frozen" "--no-run" "--message-format=json", kill_on_drop: false }`
[INFO] [stdout] 65e2047a791a73aa6690bad25172e8b5edfc35ca7c954da5ad634fbe644e6ccd
[INFO] running `Command { std: "docker" "start" "-a" "65e2047a791a73aa6690bad25172e8b5edfc35ca7c954da5ad634fbe644e6ccd", kill_on_drop: false }`
[INFO] [stderr]    Compiling iai v0.1.1
[INFO] [stderr]    Compiling stackblur-iter v0.2.0 (/opt/rustwide/workdir)
[INFO] [stdout] error[E0433]: failed to resolve: use of undeclared crate or module `stackblur`
[INFO] [stdout]    --> src/test.rs:206:18
[INFO] [stdout]     |
[INFO] [stdout] 206 |     bencher.iter(|| stackblur::blur_horiz(&mut buf, WIDTH_NONZERO, unsafe { NonZeroU32::new_unchecked(16) }));
[INFO] [stdout]     |                     ^^^^^^^^^ use of undeclared crate or module `stackblur`
[INFO] [stdout] 
[INFO] [stdout] 
[INFO] [stdout] error[E0433]: failed to resolve: use of undeclared crate or module `stackblur`
[INFO] [stdout]    --> src/test.rs:213:18
[INFO] [stdout]     |
[INFO] [stdout] 213 |     bencher.iter(|| stackblur::blur_horiz(&mut buf, WIDTH_NONZERO, unsafe { NonZeroU32::new_unchecked(128) }));
[INFO] [stdout]     |                     ^^^^^^^^^ use of undeclared crate or module `stackblur`
[INFO] [stdout] 
[INFO] [stdout] 
[INFO] [stdout] error[E0433]: failed to resolve: use of undeclared crate or module `stackblur`
[INFO] [stdout]    --> src/test.rs:220:18
[INFO] [stdout]     |
[INFO] [stdout] 220 |     bencher.iter(|| stackblur::blur_horiz(&mut buf, WIDTH_NONZERO, unsafe { NonZeroU32::new_unchecked(1024) }));
[INFO] [stdout]     |                     ^^^^^^^^^ use of undeclared crate or module `stackblur`
[INFO] [stdout] 
[INFO] [stdout] 
[INFO] [stdout] error[E0433]: failed to resolve: use of undeclared crate or module `stackblur`
[INFO] [stdout]    --> src/test.rs:227:18
[INFO] [stdout]     |
[INFO] [stdout] 227 |     bencher.iter(|| stackblur::blur_vert(&mut buf, WIDTH_NONZERO, HEIGHT_NONZERO, unsafe { NonZeroU32::new_unchecked(16) }));
[INFO] [stdout]     |                     ^^^^^^^^^ use of undeclared crate or module `stackblur`
[INFO] [stdout] 
[INFO] [stdout] 
[INFO] [stdout] error[E0433]: failed to resolve: use of undeclared crate or module `stackblur`
[INFO] [stdout]    --> src/test.rs:234:18
[INFO] [stdout]     |
[INFO] [stdout] 234 |     bencher.iter(|| stackblur::blur_vert(&mut buf, WIDTH_NONZERO, HEIGHT_NONZERO, unsafe { NonZeroU32::new_unchecked(128) }));
[INFO] [stdout]     |                     ^^^^^^^^^ use of undeclared crate or module `stackblur`
[INFO] [stdout] 
[INFO] [stdout] 
[INFO] [stdout] error[E0433]: failed to resolve: use of undeclared crate or module `stackblur`
[INFO] [stdout]    --> src/test.rs:241:18
[INFO] [stdout]     |
[INFO] [stdout] 241 |     bencher.iter(|| stackblur::blur_vert(&mut buf, WIDTH_NONZERO, HEIGHT_NONZERO, unsafe { NonZeroU32::new_unchecked(1024) }));
[INFO] [stdout]     |                     ^^^^^^^^^ use of undeclared crate or module `stackblur`
[INFO] [stdout] 
[INFO] [stdout] 
[INFO] [stdout] error[E0433]: failed to resolve: use of undeclared crate or module `stackblur`
[INFO] [stdout]    --> src/test.rs:248:18
[INFO] [stdout]     |
[INFO] [stdout] 248 |     bencher.iter(|| stackblur::blur(&mut buf, WIDTH_NONZERO, HEIGHT_NONZERO, unsafe { NonZeroU32::new_unchecked(16) }));
[INFO] [stdout]     |                     ^^^^^^^^^ use of undeclared crate or module `stackblur`
[INFO] [stdout] 
[INFO] [stdout] 
[INFO] [stdout] error[E0433]: failed to resolve: use of undeclared crate or module `stackblur`
[INFO] [stdout]    --> src/test.rs:255:18
[INFO] [stdout]     |
[INFO] [stdout] 255 |     bencher.iter(|| stackblur::blur(&mut buf, WIDTH_NONZERO, HEIGHT_NONZERO, unsafe { NonZeroU32::new_unchecked(128) }));
[INFO] [stdout]     |                     ^^^^^^^^^ use of undeclared crate or module `stackblur`
[INFO] [stdout] 
[INFO] [stdout] 
[INFO] [stdout] error[E0433]: failed to resolve: use of undeclared crate or module `stackblur`
[INFO] [stdout]    --> src/test.rs:262:18
[INFO] [stdout]     |
[INFO] [stdout] 262 |     bencher.iter(|| stackblur::blur(&mut buf, WIDTH_NONZERO, HEIGHT_NONZERO, unsafe { NonZeroU32::new_unchecked(1024) }));
[INFO] [stdout]     |                     ^^^^^^^^^ use of undeclared crate or module `stackblur`
[INFO] [stdout] 
[INFO] [stdout] 
[INFO] [stdout] For more information about this error, try `rustc --explain E0433`.
[INFO] [stdout] 
[INFO] [stderr] error: could not compile `stackblur-iter` (lib test) due to 9 previous errors
[INFO] running `Command { std: "docker" "inspect" "65e2047a791a73aa6690bad25172e8b5edfc35ca7c954da5ad634fbe644e6ccd", kill_on_drop: false }`
[INFO] running `Command { std: "docker" "rm" "-f" "65e2047a791a73aa6690bad25172e8b5edfc35ca7c954da5ad634fbe644e6ccd", kill_on_drop: false }`
[INFO] [stdout] 65e2047a791a73aa6690bad25172e8b5edfc35ca7c954da5ad634fbe644e6ccd
