[INFO] fetching crate stack_test_epic_chain 3.0.3...
[INFO] testing stack_test_epic_chain-3.0.3 against nightly-2024-10-28+rustflags=-Zrandomize-layout for randomize-layout
[INFO] extracting crate stack_test_epic_chain 3.0.3 into /workspace/builds/worker-1-tc2/source
[INFO] validating manifest of crates.io crate stack_test_epic_chain 3.0.3 on toolchain nightly-2024-10-28
[INFO] running `Command { std: CARGO_HOME="/workspace/cargo-home" RUSTUP_HOME="/workspace/rustup-home" "/workspace/cargo-home/bin/cargo" "+nightly-2024-10-28" "metadata" "--manifest-path" "Cargo.toml" "--no-deps", kill_on_drop: false }`
[INFO] started tweaking crates.io crate stack_test_epic_chain 3.0.3
[INFO] finished tweaking crates.io crate stack_test_epic_chain 3.0.3
[INFO] tweaked toml for crates.io crate stack_test_epic_chain 3.0.3 written to /workspace/builds/worker-1-tc2/source/Cargo.toml
[INFO] running `Command { std: CARGO_HOME="/workspace/cargo-home" RUSTUP_HOME="/workspace/rustup-home" "/workspace/cargo-home/bin/cargo" "+nightly-2024-10-28" "generate-lockfile" "--manifest-path" "Cargo.toml", kill_on_drop: false }`
[INFO] [stderr]     Updating crates.io index
[INFO] [stderr]      Locking 219 packages to latest compatible versions
[INFO] [stderr]       Adding bit-vec v0.6.3 (available: v0.8.0)
[INFO] [stderr]       Adding bitflags v1.3.2 (available: v2.6.0)
[INFO] [stderr]       Adding croaring v0.3.9 (available: v2.1.1)
[INFO] [stderr]       Adding env_logger v0.5.13 (available: v0.11.5)
[INFO] [stderr]       Adding proc-macro2 v0.3.5 (available: v0.3.8)
[INFO] [stderr]       Adding rand v0.6.5 (available: v0.8.5)
[INFO] [stderr]       Adding subtle v2.4.1 (available: v2.6.1)
[INFO] running `Command { std: CARGO_HOME="/workspace/cargo-home" RUSTUP_HOME="/workspace/rustup-home" "/workspace/cargo-home/bin/cargo" "+nightly-2024-10-28" "fetch" "--manifest-path" "Cargo.toml", kill_on_drop: false }`
[INFO] running `Command { std: "docker" "create" "-v" "/var/lib/crater-agent-workspace/builds/worker-1-tc2/target:/opt/rustwide/target:rw,Z" "-v" "/var/lib/crater-agent-workspace/builds/worker-1-tc2/source:/opt/rustwide/workdir:ro,Z" "-v" "/var/lib/crater-agent-workspace/cargo-home:/opt/rustwide/cargo-home:ro,Z" "-v" "/var/lib/crater-agent-workspace/rustup-home:/opt/rustwide/rustup-home:ro,Z" "-e" "SOURCE_DIR=/opt/rustwide/workdir" "-e" "CARGO_TARGET_DIR=/opt/rustwide/target" "-e" "CARGO_HOME=/opt/rustwide/cargo-home" "-e" "RUSTUP_HOME=/opt/rustwide/rustup-home" "-w" "/opt/rustwide/workdir" "-m" "1610612736" "--user" "0:0" "--network" "none" "ghcr.io/rust-lang/crates-build-env/linux@sha256:4a844ea9eb2546a2d2c7022eacef16ef2e8229c7fbb2c7d4d55a9ceca922f72d" "/opt/rustwide/cargo-home/bin/cargo" "+nightly-2024-10-28" "metadata" "--no-deps" "--format-version=1", kill_on_drop: false }`
[INFO] [stdout] 874fc506790a063897deea23282bc1ca4321b0dafdda4cdaf1231cda77d6788e
[INFO] running `Command { std: "docker" "start" "-a" "874fc506790a063897deea23282bc1ca4321b0dafdda4cdaf1231cda77d6788e", kill_on_drop: false }`
[INFO] running `Command { std: "docker" "inspect" "874fc506790a063897deea23282bc1ca4321b0dafdda4cdaf1231cda77d6788e", kill_on_drop: false }`
[INFO] running `Command { std: "docker" "rm" "-f" "874fc506790a063897deea23282bc1ca4321b0dafdda4cdaf1231cda77d6788e", kill_on_drop: false }`
[INFO] [stdout] 874fc506790a063897deea23282bc1ca4321b0dafdda4cdaf1231cda77d6788e
[INFO] running `Command { std: "docker" "create" "-v" "/var/lib/crater-agent-workspace/builds/worker-1-tc2/target:/opt/rustwide/target:rw,Z" "-v" "/var/lib/crater-agent-workspace/builds/worker-1-tc2/source:/opt/rustwide/workdir:ro,Z" "-v" "/var/lib/crater-agent-workspace/cargo-home:/opt/rustwide/cargo-home:ro,Z" "-v" "/var/lib/crater-agent-workspace/rustup-home:/opt/rustwide/rustup-home:ro,Z" "-e" "SOURCE_DIR=/opt/rustwide/workdir" "-e" "CARGO_TARGET_DIR=/opt/rustwide/target" "-e" "CARGO_INCREMENTAL=0" "-e" "RUST_BACKTRACE=full" "-e" "RUSTFLAGS=--cap-lints=forbid -Zrandomize-layout" "-e" "RUSTDOCFLAGS=--cap-lints=forbid" "-e" "CARGO_HOME=/opt/rustwide/cargo-home" "-e" "RUSTUP_HOME=/opt/rustwide/rustup-home" "-w" "/opt/rustwide/workdir" "-m" "1610612736" "--user" "0:0" "--network" "none" "ghcr.io/rust-lang/crates-build-env/linux@sha256:4a844ea9eb2546a2d2c7022eacef16ef2e8229c7fbb2c7d4d55a9ceca922f72d" "/opt/rustwide/cargo-home/bin/cargo" "+nightly-2024-10-28" "build" "--frozen" "--message-format=json", kill_on_drop: false }`
[INFO] [stdout] 0fa2cc7ea86aa1b16dda818dcb89a02cb5b4e3c85904b0b13913a80080e67c29
[INFO] running `Command { std: "docker" "start" "-a" "0fa2cc7ea86aa1b16dda818dcb89a02cb5b4e3c85904b0b13913a80080e67c29", kill_on_drop: false }`
[INFO] [stderr]    Compiling libc v0.2.161
[INFO] [stderr]    Compiling rand_core v0.4.2
[INFO] [stderr]    Compiling memchr v2.7.4
[INFO] [stderr]    Compiling autocfg v0.1.8
[INFO] [stderr]    Compiling byteorder v1.5.0
[INFO] [stderr]    Compiling quick-error v1.2.3
[INFO] [stderr]    Compiling glob v0.2.11
[INFO] [stderr]    Compiling arrayvec v0.4.12
[INFO] [stderr]    Compiling serde v1.0.214
[INFO] [stderr]    Compiling generic-array v0.14.7
[INFO] [stderr]    Compiling regex-syntax v0.8.5
[INFO] [stderr]    Compiling semver-parser v0.7.0
[INFO] [stderr]    Compiling libloading v0.5.2
[INFO] [stderr]    Compiling maybe-uninit v2.0.0
[INFO] [stderr]    Compiling unicode-xid v0.1.0
[INFO] [stderr]    Compiling unicode-width v0.1.14
[INFO] [stderr]    Compiling nodrop v0.1.14
[INFO] [stderr]    Compiling humantime v1.3.0
[INFO] [stderr]    Compiling cfg-if v0.1.10
[INFO] [stderr]    Compiling adler2 v2.0.0
[INFO] [stderr]    Compiling rand_core v0.3.1
[INFO] [stderr]    Compiling semver v0.9.0
[INFO] [stderr]    Compiling miniz_oxide v0.8.0
[INFO] [stderr]    Compiling proc-macro2 v0.3.5
[INFO] [stderr]    Compiling indexmap v1.9.3
[INFO] [stderr]    Compiling textwrap v0.11.0
[INFO] [stderr]    Compiling crunchy v0.2.2
[INFO] [stderr]    Compiling vec_map v0.8.2
[INFO] [stderr]    Compiling rustc_version v0.2.3
[INFO] [stderr]    Compiling ansi_term v0.12.1
[INFO] [stderr]    Compiling clang-sys v0.23.0
[INFO] [stderr]    Compiling bindgen v0.37.4
[INFO] [stderr]    Compiling bitflags v1.3.2
[INFO] [stderr]    Compiling termcolor v1.4.1
[INFO] [stderr]    Compiling strsim v0.8.0
[INFO] [stderr]    Compiling linked-hash-map v0.5.6
[INFO] [stderr]    Compiling serde_json v1.0.132
[INFO] [stderr]    Compiling quote v0.5.2
[INFO] [stderr]    Compiling aho-corasick v1.1.3
[INFO] [stderr]    Compiling parking_lot_core v0.3.1
[INFO] [stderr]    Compiling digest v0.9.0
[INFO] [stderr]    Compiling rand_pcg v0.1.2
[INFO] [stderr]    Compiling rand_chacha v0.1.1
[INFO] [stderr]    Compiling crc32fast v1.4.2
[INFO] [stderr]    Compiling gimli v0.31.1
[INFO] [stderr]    Compiling peeking_take_while v0.1.2
[INFO] [stderr]    Compiling traitobject v0.1.0
[INFO] [stderr]    Compiling syn v1.0.109
[INFO] [stderr]    Compiling hashbrown v0.12.3
[INFO] [stderr]    Compiling subtle v2.4.1
[INFO] [stderr]    Compiling unsafe-any v0.4.2
[INFO] [stderr]    Compiling yaml-rust v0.4.5
[INFO] [stderr]    Compiling smallvec v0.6.14
[INFO] [stderr]    Compiling block-buffer v0.9.0
[INFO] [stderr]    Compiling object v0.36.5
[INFO] [stderr]    Compiling rand v0.6.5
[INFO] [stderr]    Compiling ordered-float v1.1.1
[INFO] [stderr]    Compiling grin_secp256k1zkp v0.7.14
[INFO] [stderr]    Compiling num-bigint v0.2.6
[INFO] [stderr]    Compiling rustc-hex v2.1.0
[INFO] [stderr]    Compiling scopeguard v0.3.3
[INFO] [stderr]    Compiling rustc-demangle v0.1.24
[INFO] [stderr]    Compiling lock_api v0.1.5
[INFO] [stderr]    Compiling crypto-mac v0.11.1
[INFO] [stderr]    Compiling typemap v0.3.3
[INFO] [stderr]    Compiling flate2 v1.0.34
[INFO] [stderr]    Compiling rand_xorshift v0.1.1
[INFO] [stderr]    Compiling rand_hc v0.1.0
[INFO] [stderr]    Compiling rand_isaac v0.1.1
[INFO] [stderr]    Compiling rand_jitter v0.1.4
[INFO] [stderr]    Compiling generic-array v0.12.4
[INFO] [stderr]    Compiling num-rational v0.2.4
[INFO] [stderr]    Compiling num-complex v0.2.4
[INFO] [stderr]    Compiling fnv v1.0.7
[INFO] [stderr]    Compiling arrayvec v0.7.6
[INFO] [stderr]    Compiling crunchy v0.1.6
[INFO] [stderr]    Compiling unicode-xid v0.2.6
[INFO] [stderr]    Compiling base64ct v1.6.0
[INFO] [stderr]    Compiling rand_core v0.6.4
[INFO] [stderr]    Compiling log-mdc v0.1.0
[INFO] [stderr]    Compiling gcc v0.3.55
[INFO] [stderr]    Compiling safemem v0.3.3
[INFO] [stderr]    Compiling same-file v1.0.6
[INFO] [stderr]    Compiling arc-swap v0.3.11
[INFO] [stderr]    Compiling rand v0.5.6
[INFO] [stderr]    Compiling atty v0.2.14
[INFO] [stderr]    Compiling memchr v1.0.2
[INFO] [stderr]    Compiling clap v2.34.0
[INFO] [stderr]    Compiling which v1.0.5
[INFO] [stderr]    Compiling nom v3.2.1
[INFO] [stderr]    Compiling thread-id v3.3.0
[INFO] [stderr]    Compiling rand_os v0.1.3
[INFO] [stderr]    Compiling failure_derive v0.1.8
[INFO] [stderr]    Compiling byte-tools v0.3.1
[INFO] [stderr]    Compiling antidote v1.0.0
[INFO] [stderr]    Compiling regex-automata v0.4.8
[INFO] [stderr]    Compiling static_assertions v0.2.5
[INFO] [stderr]    Compiling block-padding v0.1.5
[INFO] [stderr]    Compiling password-hash v0.2.3
[INFO] [stderr]    Compiling walkdir v2.5.0
[INFO] [stderr]    Compiling rand v0.4.6
[INFO] [stderr]    Compiling liblmdb-sys v0.2.2
[INFO] [stderr]    Compiling base64 v0.9.3
[INFO] [stderr]    Compiling cexpr v0.2.3
[INFO] [stderr]    Compiling fixed-hash v0.3.2
[INFO] [stderr]    Compiling addr2line v0.24.2
[INFO] [stderr]    Compiling parking_lot v0.6.4
[INFO] [stderr]    Compiling log v0.4.22
[INFO] [stderr]    Compiling serde_yaml v0.8.26
[INFO] [stderr]    Compiling chrono v0.4.38
[INFO] [stderr]    Compiling serde-value v0.5.3
[INFO] [stderr]    Compiling parity-codec v3.5.4
[INFO] [stderr]    Compiling synstructure v0.12.6
[INFO] [stderr]    Compiling sha2 v0.9.9
[INFO] [stderr]    Compiling hmac v0.11.0
[INFO] [stderr]    Compiling zip v0.5.13
[INFO] [stderr]    Compiling impl-codec v0.2.0
[INFO] [stderr]    Compiling uint v0.7.1
[INFO] [stderr]    Compiling rustix v0.38.38
[INFO] [stderr]    Compiling constant_time_eq v0.1.5
[INFO] [stderr]    Compiling primitive-types v0.3.0
[INFO] [stderr]    Compiling blake2-rfc v0.2.18
[INFO] [stderr]    Compiling pbkdf2 v0.8.0
[INFO] [stderr]    Compiling uuid v0.6.5
[INFO] [stderr]    Compiling regex v1.11.1
[INFO] [stderr]    Compiling backtrace v0.3.74
[INFO] [stderr]    Compiling block-buffer v0.7.3
[INFO] [stderr]    Compiling log4rs v0.8.3
[INFO] [stderr]    Compiling env_logger v0.5.13
[INFO] [stderr]    Compiling digest v0.8.1
[INFO] [stderr]    Compiling ripemd160 v0.9.1
[INFO] [stderr]    Compiling num-iter v0.1.45
[INFO] [stderr]    Compiling tiny-keccak v1.5.0
[INFO] [stderr]    Compiling num-traits v0.1.43
[INFO] [stderr]    Compiling fake-simd v0.1.2
[INFO] [stderr]    Compiling linux-raw-sys v0.4.14
[INFO] [stderr]    Compiling opaque-debug v0.2.3
[INFO] [stderr]    Compiling sha2 v0.8.2
[INFO] [stderr]    Compiling failure v0.1.8
[INFO] [stderr]    Compiling keccak-hash v0.2.0
[INFO] [stderr]    Compiling num v0.2.1
[INFO] [stderr]    Compiling enum_primitive v0.1.1
[INFO] [stderr]    Compiling bigint v4.4.3
[INFO] [stderr]    Compiling lru-cache v0.1.2
[INFO] [stderr]    Compiling md5 v0.6.1
[INFO] [stderr]    Compiling bitflags v0.9.1
[INFO] [stderr]    Compiling supercow v0.1.0
[INFO] [stderr]    Compiling siphasher v0.2.3
[INFO] [stderr]    Compiling stack_test_epic_util v3.0.3
[INFO] [stderr]    Compiling memmap v0.7.0
[INFO] [stderr]    Compiling bit-vec v0.6.3
[INFO] [stderr]    Compiling stack_test_epic_keychain v3.0.3
[INFO] [stderr]    Compiling tempfile v3.13.0
[INFO] [stderr]    Compiling lmdb-zero v0.4.4
[INFO] [stderr]    Compiling croaring-sys v0.3.9
[INFO] [stderr]    Compiling croaring v0.3.9
[INFO] [stderr]    Compiling stack_test_epic_core v3.0.3
[INFO] [stderr]    Compiling stack_test_epic_store v3.0.3
[INFO] [stderr]    Compiling stack_test_epic_chain v3.0.3 (/opt/rustwide/workdir)
[INFO] [stdout] warning: unused import: `crate::util::RwLock`
[INFO] [stdout]   --> src/pipe.rs:30:5
[INFO] [stdout]    |
[INFO] [stdout] 30 | use crate::util::RwLock;
[INFO] [stdout]    |     ^^^^^^^^^^^^^^^^^^^
[INFO] [stdout]    |
[INFO] [stdout]    = note: `#[warn(unused_imports)]` on by default
[INFO] [stdout] 
[INFO] [stdout] 
[INFO] [stdout] warning: unused import: `std::sync::Arc`
[INFO] [stdout]   --> src/pipe.rs:34:5
[INFO] [stdout]    |
[INFO] [stdout] 34 | use std::sync::Arc;
[INFO] [stdout]    |     ^^^^^^^^^^^^^^
[INFO] [stdout] 
[INFO] [stdout] 
[INFO] [stdout] warning: unused import: `crate::store::Batch`
[INFO] [stdout]   --> src/txhashset/rewindable_kernel_view.rs:22:5
[INFO] [stdout]    |
[INFO] [stdout] 22 | use crate::store::Batch;
[INFO] [stdout]    |     ^^^^^^^^^^^^^^^^^^^
[INFO] [stdout] 
[INFO] [stdout] 
[INFO] [stdout] warning: unused variable: `batch`
[INFO] [stdout]     --> src/chain.rs:1537:69
[INFO] [stdout]      |
[INFO] [stdout] 1537 |             txhashset::header_extending(header_pmmr, &tip, &mut batch, |ext, batch| {
[INFO] [stdout]      |                                                                              ^^^^^ help: if this is intentional, prefix it with an underscore: `_batch`
[INFO] [stdout]      |
[INFO] [stdout]      = note: `#[warn(unused_variables)]` on by default
[INFO] [stdout] 
[INFO] [stdout] 
[INFO] [stdout] warning: unused variable: `batch`
[INFO] [stdout]     --> src/chain.rs:1541:67
[INFO] [stdout]      |
[INFO] [stdout] 1541 |             txhashset::header_extending(sync_pmmr, &tip, &mut batch, |ext, batch| {
[INFO] [stdout]      |                                                                            ^^^^^ help: if this is intentional, prefix it with an underscore: `_batch`
[INFO] [stdout] 
[INFO] [stdout] 
[INFO] [stdout] warning: unused variable: `p`
[INFO] [stdout]    --> src/pipe.rs:397:14
[INFO] [stdout]     |
[INFO] [stdout] 397 |     if let Some(p) = global::get_policies(header.policy) {
[INFO] [stdout]     |                 ^ help: if this is intentional, prefix it with an underscore: `_p`
[INFO] [stdout] 
[INFO] [stdout] 
[INFO] [stdout] warning: value assigned to `prev_header` is never read
[INFO] [stdout]    --> src/store.rs:516:14
[INFO] [stdout]     |
[INFO] [stdout] 516 |                     let mut prev_header = None;
[INFO] [stdout]     |                             ^^^^^^^^^^^
[INFO] [stdout]     |
[INFO] [stdout]     = help: maybe it is overwritten before being read?
[INFO] [stdout]     = note: `#[warn(unused_assignments)]` on by default
[INFO] [stdout] 
[INFO] [stdout] 
[INFO] [stdout] warning: value assigned to `prev_header` is never read
[INFO] [stdout]    --> src/store.rs:759:14
[INFO] [stdout]     |
[INFO] [stdout] 759 |                     let mut prev_header = None;
[INFO] [stdout]     |                             ^^^^^^^^^^^
[INFO] [stdout]     |
[INFO] [stdout]     = help: maybe it is overwritten before being read?
[INFO] [stdout] 
[INFO] [stdout] 
[INFO] [stdout] warning: missing documentation for a method
[INFO] [stdout]     --> src/chain.rs:1235:2
[INFO] [stdout]      |
[INFO] [stdout] 1235 |     pub fn header_head(&self) -> Result<Tip, Error> {
[INFO] [stdout]      |     ^^^^^^^^^^^^^^^^^^^^^^^^^^^^^^^^^^^^^^^^^^^^^^^
[INFO] [stdout]      |
[INFO] [stdout] note: the lint level is defined here
[INFO] [stdout]     --> src/lib.rs:21:9
[INFO] [stdout]      |
[INFO] [stdout] 21   | #![warn(missing_docs)]
[INFO] [stdout]      |         ^^^^^^^^^^^^
[INFO] [stdout] 
[INFO] [stdout] 
[INFO] [stdout] warning: non-local `impl` definition, `impl` blocks should be written at the same level as their item
[INFO] [stdout]   --> src/error.rs:27:17
[INFO] [stdout]    |
[INFO] [stdout] 27 | #[derive(Debug, Fail)]
[INFO] [stdout]    |                 ^---
[INFO] [stdout]    |                 |
[INFO] [stdout]    |                 `Fail` is not local
[INFO] [stdout]    |                 move the `impl` block outside of this constant `_DERIVE_failure_Fail_FOR_Error`
[INFO] [stdout] 28 | pub struct Error {
[INFO] [stdout]    |            ----- `Error` is not local
[INFO] [stdout]    |
[INFO] [stdout]    = note: the derive macro `Fail` defines the non-local `impl`, and may need to be changed
[INFO] [stdout]    = note: the derive macro `Fail` may come from an old version of the `failure_derive` crate, try updating your dependency with `cargo update -p failure_derive`
[INFO] [stdout]    = note: an `impl` is never scoped, even when it is nested inside an item, as it may impact type checking outside of that item, which can be the case if neither the trait or the self type are at the same nesting level as the `impl`
[INFO] [stdout]    = note: items in an anonymous const item (`const _: () = { ... }`) are treated as in the same scope as the anonymous const's declaration for the purpose of this lint
[INFO] [stdout]    = note: `#[warn(non_local_definitions)]` on by default
[INFO] [stdout]    = note: this warning originates in the derive macro `Fail` (in Nightly builds, run with -Z macro-backtrace for more info)
[INFO] [stdout] 
[INFO] [stdout] 
[INFO] [stdout] warning: missing documentation for a variant
[INFO] [stdout]   --> src/error.rs:46:2
[INFO] [stdout]    |
[INFO] [stdout] 46 |     DifficultyTooHigh,
[INFO] [stdout]    |     ^^^^^^^^^^^^^^^^^
[INFO] [stdout] 
[INFO] [stdout] 
[INFO] [stdout] warning: missing documentation for a variant
[INFO] [stdout]    --> src/error.rs:158:2
[INFO] [stdout]     |
[INFO] [stdout] 158 |     PolicyIsNotAllowed,
[INFO] [stdout]     |     ^^^^^^^^^^^^^^^^^^
[INFO] [stdout] 
[INFO] [stdout] 
[INFO] [stdout] warning: missing documentation for a variant
[INFO] [stdout]    --> src/error.rs:161:2
[INFO] [stdout]     |
[INFO] [stdout] 161 |     InvalidSeed,
[INFO] [stdout]     |     ^^^^^^^^^^^
[INFO] [stdout] 
[INFO] [stdout] 
[INFO] [stdout] warning: non-local `impl` definition, `impl` blocks should be written at the same level as their item
[INFO] [stdout]   --> src/error.rs:33:39
[INFO] [stdout]    |
[INFO] [stdout] 33 | #[derive(Clone, Eq, PartialEq, Debug, Fail)]
[INFO] [stdout]    |                                       ^---
[INFO] [stdout]    |                                       |
[INFO] [stdout]    |                                       `Fail` is not local
[INFO] [stdout]    |                                       move the `impl` block outside of this constant `_DERIVE_failure_Fail_FOR_ErrorKind`
[INFO] [stdout] 34 | pub enum ErrorKind {
[INFO] [stdout]    |          --------- `ErrorKind` is not local
[INFO] [stdout]    |
[INFO] [stdout]    = note: the derive macro `Fail` defines the non-local `impl`, and may need to be changed
[INFO] [stdout]    = note: the derive macro `Fail` may come from an old version of the `failure_derive` crate, try updating your dependency with `cargo update -p failure_derive`
[INFO] [stdout]    = note: an `impl` is never scoped, even when it is nested inside an item, as it may impact type checking outside of that item, which can be the case if neither the trait or the self type are at the same nesting level as the `impl`
[INFO] [stdout]    = note: items in an anonymous const item (`const _: () = { ... }`) are treated as in the same scope as the anonymous const's declaration for the purpose of this lint
[INFO] [stdout]    = note: this warning originates in the derive macro `Fail` (in Nightly builds, run with -Z macro-backtrace for more info)
[INFO] [stdout] 
[INFO] [stdout] 
[INFO] [stdout] warning: non-local `impl` definition, `impl` blocks should be written at the same level as their item
[INFO] [stdout]   --> src/error.rs:33:39
[INFO] [stdout]    |
[INFO] [stdout] 33 | #[derive(Clone, Eq, PartialEq, Debug, Fail)]
[INFO] [stdout]    |                                       ^---
[INFO] [stdout]    |                                       |
[INFO] [stdout]    |                                       `Display` is not local
[INFO] [stdout]    |                                       move the `impl` block outside of this constant `_DERIVE_failure_core_fmt_Display_FOR_ErrorKind`
[INFO] [stdout] 34 | pub enum ErrorKind {
[INFO] [stdout]    |          --------- `ErrorKind` is not local
[INFO] [stdout]    |
[INFO] [stdout]    = note: the derive macro `Fail` defines the non-local `impl`, and may need to be changed
[INFO] [stdout]    = note: the derive macro `Fail` may come from an old version of the `failure_derive` crate, try updating your dependency with `cargo update -p failure_derive`
[INFO] [stdout]    = note: an `impl` is never scoped, even when it is nested inside an item, as it may impact type checking outside of that item, which can be the case if neither the trait or the self type are at the same nesting level as the `impl`
[INFO] [stdout]    = note: items in an anonymous const item (`const _: () = { ... }`) are treated as in the same scope as the anonymous const's declaration for the purpose of this lint
[INFO] [stdout]    = note: this warning originates in the derive macro `Fail` (in Nightly builds, run with -Z macro-backtrace for more info)
[INFO] [stdout] 
[INFO] [stdout] 
[INFO] [stdout] warning: missing documentation for a struct
[INFO] [stdout]    --> src/store.rs:682:1
[INFO] [stdout]     |
[INFO] [stdout] 682 | pub struct BottleIter<'a> {
[INFO] [stdout]     | ^^^^^^^^^^^^^^^^^^^^^^^^^
[INFO] [stdout] 
[INFO] [stdout] 
[INFO] [stderr]     Finished `dev` profile [unoptimized + debuginfo] target(s) in 29.23s
[INFO] [stderr] warning: the following packages contain code that will be rejected by a future version of Rust: bigint v4.4.3, nom v3.2.1, stack_test_epic_core v3.0.3, traitobject v0.1.0, typemap v0.3.3
[INFO] [stderr] note: to see what the problems were, use the option `--future-incompat-report`, or run `cargo report future-incompatibilities --id 1`
[INFO] running `Command { std: "docker" "inspect" "0fa2cc7ea86aa1b16dda818dcb89a02cb5b4e3c85904b0b13913a80080e67c29", kill_on_drop: false }`
[INFO] running `Command { std: "docker" "rm" "-f" "0fa2cc7ea86aa1b16dda818dcb89a02cb5b4e3c85904b0b13913a80080e67c29", kill_on_drop: false }`
[INFO] [stdout] 0fa2cc7ea86aa1b16dda818dcb89a02cb5b4e3c85904b0b13913a80080e67c29
[INFO] running `Command { std: "docker" "create" "-v" "/var/lib/crater-agent-workspace/builds/worker-1-tc2/target:/opt/rustwide/target:rw,Z" "-v" "/var/lib/crater-agent-workspace/builds/worker-1-tc2/source:/opt/rustwide/workdir:ro,Z" "-v" "/var/lib/crater-agent-workspace/cargo-home:/opt/rustwide/cargo-home:ro,Z" "-v" "/var/lib/crater-agent-workspace/rustup-home:/opt/rustwide/rustup-home:ro,Z" "-e" "SOURCE_DIR=/opt/rustwide/workdir" "-e" "CARGO_TARGET_DIR=/opt/rustwide/target" "-e" "CARGO_INCREMENTAL=0" "-e" "RUST_BACKTRACE=full" "-e" "RUSTFLAGS=--cap-lints=forbid -Zrandomize-layout" "-e" "RUSTDOCFLAGS=--cap-lints=forbid" "-e" "CARGO_HOME=/opt/rustwide/cargo-home" "-e" "RUSTUP_HOME=/opt/rustwide/rustup-home" "-w" "/opt/rustwide/workdir" "-m" "1610612736" "--user" "0:0" "--network" "none" "ghcr.io/rust-lang/crates-build-env/linux@sha256:4a844ea9eb2546a2d2c7022eacef16ef2e8229c7fbb2c7d4d55a9ceca922f72d" "/opt/rustwide/cargo-home/bin/cargo" "+nightly-2024-10-28" "test" "--frozen" "--no-run" "--message-format=json", kill_on_drop: false }`
[INFO] [stdout] 46064333945ecb47b323125878ea3109fb4bb02386c89046754399ffb35ba4af
[INFO] running `Command { std: "docker" "start" "-a" "46064333945ecb47b323125878ea3109fb4bb02386c89046754399ffb35ba4af", kill_on_drop: false }`
[INFO] [stdout] warning: unused import: `crate::util::RwLock`
[INFO] [stdout]   --> src/pipe.rs:30:5
[INFO] [stdout]    |
[INFO] [stdout] 30 | use crate::util::RwLock;
[INFO] [stdout]    |     ^^^^^^^^^^^^^^^^^^^
[INFO] [stdout]    |
[INFO] [stdout]    = note: `#[warn(unused_imports)]` on by default
[INFO] [stdout] 
[INFO] [stdout] 
[INFO] [stdout] warning: unused import: `std::sync::Arc`
[INFO] [stdout]   --> src/pipe.rs:34:5
[INFO] [stdout]    |
[INFO] [stdout] 34 | use std::sync::Arc;
[INFO] [stdout]    |     ^^^^^^^^^^^^^^
[INFO] [stdout] 
[INFO] [stdout] 
[INFO] [stdout] warning: unused import: `crate::store::Batch`
[INFO] [stdout]   --> src/txhashset/rewindable_kernel_view.rs:22:5
[INFO] [stdout]    |
[INFO] [stdout] 22 | use crate::store::Batch;
[INFO] [stdout]    |     ^^^^^^^^^^^^^^^^^^^
[INFO] [stdout] 
[INFO] [stdout] 
[INFO] [stderr]    Compiling stack_test_epic_chain v3.0.3 (/opt/rustwide/workdir)
[INFO] [stdout] warning: unused variable: `batch`
[INFO] [stdout]     --> src/chain.rs:1537:69
[INFO] [stdout]      |
[INFO] [stdout] 1537 |             txhashset::header_extending(header_pmmr, &tip, &mut batch, |ext, batch| {
[INFO] [stdout]      |                                                                              ^^^^^ help: if this is intentional, prefix it with an underscore: `_batch`
[INFO] [stdout]      |
[INFO] [stdout]      = note: `#[warn(unused_variables)]` on by default
[INFO] [stdout] 
[INFO] [stdout] 
[INFO] [stdout] warning: unused variable: `batch`
[INFO] [stdout]     --> src/chain.rs:1541:67
[INFO] [stdout]      |
[INFO] [stdout] 1541 |             txhashset::header_extending(sync_pmmr, &tip, &mut batch, |ext, batch| {
[INFO] [stdout]      |                                                                            ^^^^^ help: if this is intentional, prefix it with an underscore: `_batch`
[INFO] [stdout] 
[INFO] [stdout] 
[INFO] [stdout] warning: unused variable: `p`
[INFO] [stdout]    --> src/pipe.rs:397:14
[INFO] [stdout]     |
[INFO] [stdout] 397 |     if let Some(p) = global::get_policies(header.policy) {
[INFO] [stdout]     |                 ^ help: if this is intentional, prefix it with an underscore: `_p`
[INFO] [stdout] 
[INFO] [stdout] 
[INFO] [stdout] warning: value assigned to `prev_header` is never read
[INFO] [stdout]    --> src/store.rs:516:14
[INFO] [stdout]     |
[INFO] [stdout] 516 |                     let mut prev_header = None;
[INFO] [stdout]     |                             ^^^^^^^^^^^
[INFO] [stdout]     |
[INFO] [stdout]     = help: maybe it is overwritten before being read?
[INFO] [stdout]     = note: `#[warn(unused_assignments)]` on by default
[INFO] [stdout] 
[INFO] [stdout] 
[INFO] [stdout] warning: value assigned to `prev_header` is never read
[INFO] [stdout]    --> src/store.rs:759:14
[INFO] [stdout]     |
[INFO] [stdout] 759 |                     let mut prev_header = None;
[INFO] [stdout]     |                             ^^^^^^^^^^^
[INFO] [stdout]     |
[INFO] [stdout]     = help: maybe it is overwritten before being read?
[INFO] [stdout] 
[INFO] [stdout] 
[INFO] [stdout] warning: missing documentation for a method
[INFO] [stdout]     --> src/chain.rs:1235:2
[INFO] [stdout]      |
[INFO] [stdout] 1235 |     pub fn header_head(&self) -> Result<Tip, Error> {
[INFO] [stdout]      |     ^^^^^^^^^^^^^^^^^^^^^^^^^^^^^^^^^^^^^^^^^^^^^^^
[INFO] [stdout]      |
[INFO] [stdout] note: the lint level is defined here
[INFO] [stdout]     --> src/lib.rs:21:9
[INFO] [stdout]      |
[INFO] [stdout] 21   | #![warn(missing_docs)]
[INFO] [stdout]      |         ^^^^^^^^^^^^
[INFO] [stdout] 
[INFO] [stdout] 
[INFO] [stdout] warning: non-local `impl` definition, `impl` blocks should be written at the same level as their item
[INFO] [stdout]   --> src/error.rs:27:17
[INFO] [stdout]    |
[INFO] [stdout] 27 | #[derive(Debug, Fail)]
[INFO] [stdout]    |                 ^---
[INFO] [stdout]    |                 |
[INFO] [stdout]    |                 `Fail` is not local
[INFO] [stdout]    |                 move the `impl` block outside of this constant `_DERIVE_failure_Fail_FOR_Error`
[INFO] [stdout] 28 | pub struct Error {
[INFO] [stdout]    |            ----- `Error` is not local
[INFO] [stdout]    |
[INFO] [stdout]    = note: the derive macro `Fail` defines the non-local `impl`, and may need to be changed
[INFO] [stdout]    = note: the derive macro `Fail` may come from an old version of the `failure_derive` crate, try updating your dependency with `cargo update -p failure_derive`
[INFO] [stdout]    = note: an `impl` is never scoped, even when it is nested inside an item, as it may impact type checking outside of that item, which can be the case if neither the trait or the self type are at the same nesting level as the `impl`
[INFO] [stdout]    = note: items in an anonymous const item (`const _: () = { ... }`) are treated as in the same scope as the anonymous const's declaration for the purpose of this lint
[INFO] [stdout]    = note: `#[warn(non_local_definitions)]` on by default
[INFO] [stdout]    = note: this warning originates in the derive macro `Fail` (in Nightly builds, run with -Z macro-backtrace for more info)
[INFO] [stdout] 
[INFO] [stdout] 
[INFO] [stdout] warning: missing documentation for a variant
[INFO] [stdout]   --> src/error.rs:46:2
[INFO] [stdout]    |
[INFO] [stdout] 46 |     DifficultyTooHigh,
[INFO] [stdout]    |     ^^^^^^^^^^^^^^^^^
[INFO] [stdout] 
[INFO] [stdout] 
[INFO] [stdout] warning: missing documentation for a variant
[INFO] [stdout]    --> src/error.rs:158:2
[INFO] [stdout]     |
[INFO] [stdout] 158 |     PolicyIsNotAllowed,
[INFO] [stdout]     |     ^^^^^^^^^^^^^^^^^^
[INFO] [stdout] 
[INFO] [stdout] 
[INFO] [stdout] warning: missing documentation for a variant
[INFO] [stdout]    --> src/error.rs:161:2
[INFO] [stdout]     |
[INFO] [stdout] 161 |     InvalidSeed,
[INFO] [stdout]     |     ^^^^^^^^^^^
[INFO] [stdout] 
[INFO] [stdout] 
[INFO] [stdout] warning: non-local `impl` definition, `impl` blocks should be written at the same level as their item
[INFO] [stdout]   --> src/error.rs:33:39
[INFO] [stdout]    |
[INFO] [stdout] 33 | #[derive(Clone, Eq, PartialEq, Debug, Fail)]
[INFO] [stdout]    |                                       ^---
[INFO] [stdout]    |                                       |
[INFO] [stdout]    |                                       `Fail` is not local
[INFO] [stdout]    |                                       move the `impl` block outside of this constant `_DERIVE_failure_Fail_FOR_ErrorKind`
[INFO] [stdout] 34 | pub enum ErrorKind {
[INFO] [stdout]    |          --------- `ErrorKind` is not local
[INFO] [stdout]    |
[INFO] [stdout]    = note: the derive macro `Fail` defines the non-local `impl`, and may need to be changed
[INFO] [stdout]    = note: the derive macro `Fail` may come from an old version of the `failure_derive` crate, try updating your dependency with `cargo update -p failure_derive`
[INFO] [stdout]    = note: an `impl` is never scoped, even when it is nested inside an item, as it may impact type checking outside of that item, which can be the case if neither the trait or the self type are at the same nesting level as the `impl`
[INFO] [stdout]    = note: items in an anonymous const item (`const _: () = { ... }`) are treated as in the same scope as the anonymous const's declaration for the purpose of this lint
[INFO] [stdout]    = note: this warning originates in the derive macro `Fail` (in Nightly builds, run with -Z macro-backtrace for more info)
[INFO] [stdout] 
[INFO] [stdout] 
[INFO] [stdout] warning: non-local `impl` definition, `impl` blocks should be written at the same level as their item
[INFO] [stdout]   --> src/error.rs:33:39
[INFO] [stdout]    |
[INFO] [stdout] 33 | #[derive(Clone, Eq, PartialEq, Debug, Fail)]
[INFO] [stdout]    |                                       ^---
[INFO] [stdout]    |                                       |
[INFO] [stdout]    |                                       `Display` is not local
[INFO] [stdout]    |                                       move the `impl` block outside of this constant `_DERIVE_failure_core_fmt_Display_FOR_ErrorKind`
[INFO] [stdout] 34 | pub enum ErrorKind {
[INFO] [stdout]    |          --------- `ErrorKind` is not local
[INFO] [stdout]    |
[INFO] [stdout]    = note: the derive macro `Fail` defines the non-local `impl`, and may need to be changed
[INFO] [stdout]    = note: the derive macro `Fail` may come from an old version of the `failure_derive` crate, try updating your dependency with `cargo update -p failure_derive`
[INFO] [stdout]    = note: an `impl` is never scoped, even when it is nested inside an item, as it may impact type checking outside of that item, which can be the case if neither the trait or the self type are at the same nesting level as the `impl`
[INFO] [stdout]    = note: items in an anonymous const item (`const _: () = { ... }`) are treated as in the same scope as the anonymous const's declaration for the purpose of this lint
[INFO] [stdout]    = note: this warning originates in the derive macro `Fail` (in Nightly builds, run with -Z macro-backtrace for more info)
[INFO] [stdout] 
[INFO] [stdout] 
[INFO] [stdout] warning: missing documentation for a struct
[INFO] [stdout]    --> src/store.rs:682:1
[INFO] [stdout]     |
[INFO] [stdout] 682 | pub struct BottleIter<'a> {
[INFO] [stdout]     | ^^^^^^^^^^^^^^^^^^^^^^^^^
[INFO] [stdout] 
[INFO] [stdout] 
[INFO] [stdout] error[E0432]: unresolved import `epic_chain`
[INFO] [stdout]   --> tests/mine_simple_chain.rs:35:5
[INFO] [stdout]    |
[INFO] [stdout] 35 | use epic_chain as chain;
[INFO] [stdout]    |     ^^^^^^^^^^^^^^^^^^^ no external crate `epic_chain`
[INFO] [stdout] 
[INFO] [stdout] 
[INFO] [stdout] error[E0432]: unresolved import `epic_chain`
[INFO] [stdout]   --> tests/mine_simple_chain.rs:36:5
[INFO] [stdout]    |
[INFO] [stdout] 36 | use epic_chain::{BlockStatus, ChainAdapter, Options};
[INFO] [stdout]    |     ^^^^^^^^^^ use of undeclared crate or module `epic_chain`
[INFO] [stdout] 
[INFO] [stdout] 
[INFO] [stdout] error[E0432]: unresolved import `epic_chain`
[INFO] [stdout]   --> tests/bitmap_accumulator.rs:19:5
[INFO] [stdout]    |
[INFO] [stdout] 19 | use epic_chain as chain;
[INFO] [stdout]    |     ^^^^^^^^^^^^^^^^^^^ no external crate `epic_chain`
[INFO] [stdout] 
[INFO] [stdout] 
[INFO] [stdout] error[E0432]: unresolved import `epic_core`
[INFO] [stdout]   --> tests/bitmap_accumulator.rs:20:5
[INFO] [stdout]    |
[INFO] [stdout] 20 | use epic_core as core;
[INFO] [stdout]    |     ^^^^^^^^^^^^^^^^^ no external crate `epic_core`
[INFO] [stdout] 
[INFO] [stdout] 
[INFO] [stdout] error[E0432]: unresolved import `epic_core`
[INFO] [stdout]   --> tests/mine_simple_chain.rs:37:5
[INFO] [stdout]    |
[INFO] [stdout] 37 | use epic_core as core;
[INFO] [stdout]    |     ^^^^^^^^^^^^^^^^^ no external crate `epic_core`
[INFO] [stdout] 
[INFO] [stdout] 
[INFO] [stdout] error[E0432]: unresolved import `epic_keychain`
[INFO] [stdout]   --> tests/mine_simple_chain.rs:38:5
[INFO] [stdout]    |
[INFO] [stdout] 38 | use epic_keychain as keychain;
[INFO] [stdout]    |     ^^^^^^^^^^^^^^^^^^^^^^^^^ no external crate `epic_keychain`
[INFO] [stdout] 
[INFO] [stdout] 
[INFO] [stdout] error[E0432]: unresolved import `epic_util`
[INFO] [stdout]   --> tests/mine_simple_chain.rs:39:5
[INFO] [stdout]    |
[INFO] [stdout] 39 | use epic_util as util;
[INFO] [stdout]    |     ^^^^^^^^^^^^^^^^^ no external crate `epic_util`
[INFO] [stdout] 
[INFO] [stdout] 
[INFO] [stdout] error[E0432]: unresolved import `epic_chain`
[INFO] [stdout]   --> tests/chain_test_helper.rs:28:5
[INFO] [stdout]    |
[INFO] [stdout] 28 | use epic_chain as chain;
[INFO] [stdout]    |     ^^^^^^^^^^^^^^^^^^^ no external crate `epic_chain`
[INFO] [stdout] 
[INFO] [stdout] 
[INFO] [stdout] error[E0432]: unresolved import `epic_util`
[INFO] [stdout]   --> tests/bitmap_accumulator.rs:21:5
[INFO] [stdout]    |
[INFO] [stdout] 21 | use epic_util as util;
[INFO] [stdout]    |     ^^^^^^^^^^^^^^^^^ no external crate `epic_util`
[INFO] [stdout] 
[INFO] [stdout] 
[INFO] [stdout] error[E0432]: unresolved import `epic_core`
[INFO] [stdout]   --> tests/chain_test_helper.rs:29:5
[INFO] [stdout]    |
[INFO] [stdout] 29 | use epic_core as core;
[INFO] [stdout]    |     ^^^^^^^^^^^^^^^^^ no external crate `epic_core`
[INFO] [stdout] 
[INFO] [stdout] 
[INFO] [stdout] error[E0432]: unresolved import `epic_keychain`
[INFO] [stdout]   --> tests/chain_test_helper.rs:30:5
[INFO] [stdout]    |
[INFO] [stdout] 30 | use epic_keychain as keychain;
[INFO] [stdout]    |     ^^^^^^^^^^^^^^^^^^^^^^^^^ no external crate `epic_keychain`
[INFO] [stdout] 
[INFO] [stdout] 
[INFO] [stdout] error[E0432]: unresolved import `epic_util`
[INFO] [stdout]   --> tests/chain_test_helper.rs:31:5
[INFO] [stdout]    |
[INFO] [stdout] 31 | use epic_util as util;
[INFO] [stdout]    |     ^^^^^^^^^^^^^^^^^ no external crate `epic_util`
[INFO] [stdout] 
[INFO] [stdout] 
[INFO] [stdout] error[E0432]: unresolved import `epic_core`
[INFO] [stdout]   --> tests/data_file_integrity.rs:16:5
[INFO] [stdout]    |
[INFO] [stdout] 16 | use epic_core as core;
[INFO] [stdout]    |     ^^^^^^^^^^^^^^^^^ no external crate `epic_core`
[INFO] [stdout] 
[INFO] [stdout] 
[INFO] [stdout] error[E0432]: unresolved import `epic_core`
[INFO] [stdout]   --> tests/store_indices.rs:16:5
[INFO] [stdout]    |
[INFO] [stdout] 16 | use epic_core as core;
[INFO] [stdout]    |     ^^^^^^^^^^^^^^^^^ no external crate `epic_core`
[INFO] [stdout] 
[INFO] [stdout] 
[INFO] [stdout] error[E0432]: unresolved import `epic_util`
[INFO] [stdout]   --> tests/store_indices.rs:17:5
[INFO] [stdout]    |
[INFO] [stdout] 17 | use epic_util as util;
[INFO] [stdout]    |     ^^^^^^^^^^^^^^^^^ no external crate `epic_util`
[INFO] [stdout] 
[INFO] [stdout] 
[INFO] [stdout] error[E0432]: unresolved import `epic_chain`
[INFO] [stdout]   --> tests/chain_test_helper.rs:28:5
[INFO] [stdout]    |
[INFO] [stdout] 28 | use epic_chain as chain;
[INFO] [stdout]    |     ^^^^^^^^^^^^^^^^^^^ no external crate `epic_chain`
[INFO] [stdout] 
[INFO] [stdout] 
[INFO] [stdout] error[E0432]: unresolved import `epic_util`
[INFO] [stdout]   --> tests/data_file_integrity.rs:17:5
[INFO] [stdout]    |
[INFO] [stdout] 17 | use epic_util as util;
[INFO] [stdout]    |     ^^^^^^^^^^^^^^^^^ no external crate `epic_util`
[INFO] [stdout] 
[INFO] [stdout] 
[INFO] [stdout] error[E0432]: unresolved import `epic_chain`
[INFO] [stdout]   --> tests/chain_test_helper.rs:28:5
[INFO] [stdout]    |
[INFO] [stdout] 28 | use epic_chain as chain;
[INFO] [stdout]    |     ^^^^^^^^^^^^^^^^^^^ no external crate `epic_chain`
[INFO] [stdout] 
[INFO] [stdout] 
[INFO] [stdout] error[E0432]: unresolved import `epic_core`
[INFO] [stdout]   --> tests/chain_test_helper.rs:29:5
[INFO] [stdout]    |
[INFO] [stdout] 29 | use epic_core as core;
[INFO] [stdout]    |     ^^^^^^^^^^^^^^^^^ no external crate `epic_core`
[INFO] [stdout] 
[INFO] [stdout] 
[INFO] [stdout] error[E0432]: unresolved import `epic_keychain`
[INFO] [stdout]   --> tests/chain_test_helper.rs:30:5
[INFO] [stdout]    |
[INFO] [stdout] 30 | use epic_keychain as keychain;
[INFO] [stdout]    |     ^^^^^^^^^^^^^^^^^^^^^^^^^ no external crate `epic_keychain`
[INFO] [stdout] 
[INFO] [stdout] 
[INFO] [stdout] error[E0432]: unresolved import `epic_util`
[INFO] [stdout]   --> tests/chain_test_helper.rs:31:5
[INFO] [stdout]    |
[INFO] [stdout] 31 | use epic_util as util;
[INFO] [stdout]    |     ^^^^^^^^^^^^^^^^^ no external crate `epic_util`
[INFO] [stdout] 
[INFO] [stdout] 
[INFO] [stdout] error[E0432]: unresolved import `epic_chain`
[INFO] [stdout]   --> tests/chain_test_helper.rs:28:5
[INFO] [stdout]    |
[INFO] [stdout] 28 | use epic_chain as chain;
[INFO] [stdout]    |     ^^^^^^^^^^^^^^^^^^^ no external crate `epic_chain`
[INFO] [stdout] 
[INFO] [stdout] 
[INFO] [stdout] error[E0432]: unresolved import `epic_core`
[INFO] [stdout]   --> tests/chain_test_helper.rs:29:5
[INFO] [stdout]    |
[INFO] [stdout] 29 | use epic_core as core;
[INFO] [stdout]    |     ^^^^^^^^^^^^^^^^^ no external crate `epic_core`
[INFO] [stdout] 
[INFO] [stdout] 
[INFO] [stdout] error[E0432]: unresolved import `epic_core`
[INFO] [stdout]   --> tests/chain_test_helper.rs:29:5
[INFO] [stdout]    |
[INFO] [stdout] 29 | use epic_core as core;
[INFO] [stdout]    |     ^^^^^^^^^^^^^^^^^ no external crate `epic_core`
[INFO] [stdout] 
[INFO] [stdout] 
[INFO] [stdout] error[E0432]: unresolved import `epic_keychain`
[INFO] [stdout]   --> tests/chain_test_helper.rs:30:5
[INFO] [stdout]    |
[INFO] [stdout] 30 | use epic_keychain as keychain;
[INFO] [stdout]    |     ^^^^^^^^^^^^^^^^^^^^^^^^^ no external crate `epic_keychain`
[INFO] [stdout] 
[INFO] [stdout] 
[INFO] [stdout] error[E0432]: unresolved import `epic_util`
[INFO] [stdout]   --> tests/chain_test_helper.rs:31:5
[INFO] [stdout]    |
[INFO] [stdout] 31 | use epic_util as util;
[INFO] [stdout]    |     ^^^^^^^^^^^^^^^^^ no external crate `epic_util`
[INFO] [stdout] 
[INFO] [stdout] 
[INFO] [stdout] For more information about this error, try `rustc --explain E0432`.
[INFO] [stdout] 
[INFO] [stdout] error[E0432]: unresolved import `epic_chain`
[INFO] [stdout]   --> tests/chain_test_helper.rs:28:5
[INFO] [stdout]    |
[INFO] [stdout] 28 | use epic_chain as chain;
[INFO] [stdout]    |     ^^^^^^^^^^^^^^^^^^^ no external crate `epic_chain`
[INFO] [stdout] 
[INFO] [stdout] 
[INFO] [stdout] error[E0432]: unresolved import `epic_core`
[INFO] [stdout]   --> tests/chain_test_helper.rs:29:5
[INFO] [stdout]    |
[INFO] [stdout] 29 | use epic_core as core;
[INFO] [stdout]    |     ^^^^^^^^^^^^^^^^^ no external crate `epic_core`
[INFO] [stdout] 
[INFO] [stdout] 
[INFO] [stdout] error[E0432]: unresolved import `epic_keychain`
[INFO] [stdout]   --> tests/chain_test_helper.rs:30:5
[INFO] [stdout]    |
[INFO] [stdout] 30 | use epic_keychain as keychain;
[INFO] [stdout]    |     ^^^^^^^^^^^^^^^^^^^^^^^^^ no external crate `epic_keychain`
[INFO] [stdout] 
[INFO] [stdout] 
[INFO] [stdout] error[E0432]: unresolved import `epic_chain`
[INFO] [stdout]   --> tests/test_txhashset.rs:15:5
[INFO] [stdout]    |
[INFO] [stdout] 15 | use epic_chain as chain;
[INFO] [stdout]    |     ^^^^^^^^^^^^^^^^^^^ no external crate `epic_chain`
[INFO] [stdout] 
[INFO] [stdout] 
[INFO] [stdout] error[E0432]: unresolved import `epic_util`
[INFO] [stdout]   --> tests/chain_test_helper.rs:31:5
[INFO] [stdout]    |
[INFO] [stdout] 31 | use epic_util as util;
[INFO] [stdout]    |     ^^^^^^^^^^^^^^^^^ no external crate `epic_util`
[INFO] [stdout] 
[INFO] [stdout] 
[INFO] [stdout] error[E0432]: unresolved import `epic_keychain`
[INFO] [stdout]   --> tests/chain_test_helper.rs:30:5
[INFO] [stdout]    |
[INFO] [stdout] 30 | use epic_keychain as keychain;
[INFO] [stdout]    |     ^^^^^^^^^^^^^^^^^^^^^^^^^ no external crate `epic_keychain`
[INFO] [stdout] 
[INFO] [stdout] 
[INFO] [stdout] For more information about this error, try `rustc --explain E0432`.
[INFO] [stdout] 
[INFO] [stdout] error[E0432]: unresolved import `epic_util`
[INFO] [stdout]   --> tests/chain_test_helper.rs:31:5
[INFO] [stdout]    |
[INFO] [stdout] 31 | use epic_util as util;
[INFO] [stdout]    |     ^^^^^^^^^^^^^^^^^ no external crate `epic_util`
[INFO] [stdout] 
[INFO] [stdout] 
[INFO] [stdout] error[E0432]: unresolved import `epic_chain`
[INFO] [stdout]   --> tests/test_coinbase_maturity.rs:26:5
[INFO] [stdout]    |
[INFO] [stdout] 26 | use epic_chain as chain;
[INFO] [stdout]    |     ^^^^^^^^^^^^^^^^^^^ no external crate `epic_chain`
[INFO] [stdout] 
[INFO] [stdout] 
[INFO] [stderr] error: could not compile `stack_test_epic_chain` (test "mine_simple_chain") due to 9 previous errors
[INFO] [stderr] warning: build failed, waiting for other jobs to finish...
[INFO] [stdout] error[E0432]: unresolved import `epic_core`
[INFO] [stdout]   --> tests/test_coinbase_maturity.rs:27:5
[INFO] [stdout]    |
[INFO] [stdout] 27 | use epic_core as core;
[INFO] [stdout]    |     ^^^^^^^^^^^^^^^^^ no external crate `epic_core`
[INFO] [stdout] 
[INFO] [stdout] 
[INFO] [stdout] error[E0432]: unresolved import `epic_core`
[INFO] [stdout]   --> tests/test_txhashset.rs:16:5
[INFO] [stdout]    |
[INFO] [stdout] 16 | use epic_core as core;
[INFO] [stdout]    |     ^^^^^^^^^^^^^^^^^ no external crate `epic_core`
[INFO] [stdout] 
[INFO] [stdout] 
[INFO] [stdout] error[E0433]: failed to resolve: use of undeclared crate or module `epic_core`
[INFO] [stdout]   --> tests/test_txhashset.rs:28:5
[INFO] [stdout]    |
[INFO] [stdout] 28 | use epic_core::core::hash::Hashed;
[INFO] [stdout]    |     ^^^^^^^^^ use of undeclared crate or module `epic_core`
[INFO] [stdout] 
[INFO] [stdout] 
[INFO] [stdout] error[E0432]: unresolved import `epic_util`
[INFO] [stdout]   --> tests/test_txhashset.rs:18:5
[INFO] [stdout]    |
[INFO] [stdout] 18 | use epic_util as util;
[INFO] [stdout]    |     ^^^^^^^^^^^^^^^^^ no external crate `epic_util`
[INFO] [stdout] 
[INFO] [stdout] 
[INFO] [stdout] error[E0432]: unresolved import `epic_keychain`
[INFO] [stdout]   --> tests/test_coinbase_maturity.rs:28:5
[INFO] [stdout]    |
[INFO] [stdout] 28 | use epic_keychain as keychain;
[INFO] [stdout]    |     ^^^^^^^^^^^^^^^^^^^^^^^^^ no external crate `epic_keychain`
[INFO] [stdout] 
[INFO] [stdout] 
[INFO] [stderr] error: could not compile `stack_test_epic_chain` (test "data_file_integrity") due to 6 previous errors
[INFO] [stdout] error[E0432]: unresolved import `epic_util`
[INFO] [stdout]   --> tests/test_coinbase_maturity.rs:29:5
[INFO] [stdout]    |
[INFO] [stdout] 29 | use epic_util as util;
[INFO] [stdout]    |     ^^^^^^^^^^^^^^^^^ no external crate `epic_util`
[INFO] [stdout] 
[INFO] [stdout] 
[INFO] [stdout] For more information about this error, try `rustc --explain E0432`.
[INFO] [stdout] 
[INFO] [stdout] For more information about this error, try `rustc --explain E0432`.
[INFO] [stdout] 
[INFO] [stdout] For more information about this error, try `rustc --explain E0432`.
[INFO] [stdout] 
[INFO] [stderr] error: could not compile `stack_test_epic_chain` (test "test_txhashset_archive") due to 4 previous errors
[INFO] [stderr] error: could not compile `stack_test_epic_chain` (test "chain_test_helper") due to 4 previous errors
[INFO] [stderr] error: could not compile `stack_test_epic_chain` (test "store_indices") due to 6 previous errors
[INFO] [stdout] warning: unused import: `crate::util::RwLock`
[INFO] [stdout]   --> src/pipe.rs:30:5
[INFO] [stdout]    |
[INFO] [stdout] 30 | use crate::util::RwLock;
[INFO] [stdout]    |     ^^^^^^^^^^^^^^^^^^^
[INFO] [stdout]    |
[INFO] [stdout]    = note: `#[warn(unused_imports)]` on by default
[INFO] [stdout] 
[INFO] [stdout] 
[INFO] [stdout] warning: unused import: `std::sync::Arc`
[INFO] [stdout]   --> src/pipe.rs:34:5
[INFO] [stdout]    |
[INFO] [stdout] 34 | use std::sync::Arc;
[INFO] [stdout]    |     ^^^^^^^^^^^^^^
[INFO] [stdout] 
[INFO] [stdout] 
[INFO] [stdout] warning: unused import: `crate::store::Batch`
[INFO] [stdout]   --> src/txhashset/rewindable_kernel_view.rs:22:5
[INFO] [stdout]    |
[INFO] [stdout] 22 | use crate::store::Batch;
[INFO] [stdout]    |     ^^^^^^^^^^^^^^^^^^^
[INFO] [stdout] 
[INFO] [stdout] 
[INFO] [stdout] Some errors have detailed explanations: E0432, E0433.
[INFO] [stdout] 
[INFO] [stdout] For more information about an error, try `rustc --explain E0432`.
[INFO] [stdout] 
[INFO] [stderr] error: could not compile `stack_test_epic_chain` (test "test_txhashset") due to 4 previous errors
[INFO] [stdout] error[E0282]: type annotations needed for `&_`
[INFO] [stdout]    --> tests/test_coinbase_maturity.rs:113:30
[INFO] [stdout]     |
[INFO] [stdout] 113 |         let fees = txs.iter().map(|tx| tx.fee()).sum();
[INFO] [stdout]     |                                    ^^     --- type must be known at this point
[INFO] [stdout]     |
[INFO] [stdout] help: consider giving this closure parameter an explicit type, where the type for type parameter `T` is specified
[INFO] [stdout]     |
[INFO] [stdout] 113 |         let fees = txs.iter().map(|tx: &T| tx.fee()).sum();
[INFO] [stdout]     |                                      ++++
[INFO] [stdout] 
[INFO] [stdout] 
[INFO] [stdout] error[E0599]: no method named `hash_with_index` found for struct `Vec<u8>` in the current scope
[INFO] [stdout]    --> tests/bitmap_accumulator.rs:35:22
[INFO] [stdout]     |
[INFO] [stdout] 35  |         bit_vec.to_bytes().hash_with_index(0)
[INFO] [stdout]     |                            ^^^^^^^^^^^^^^^ method not found in `Vec<u8>`
[INFO] [stdout]     |
[INFO] [stdout]    ::: /opt/rustwide/cargo-home/registry/src/index.crates.io-6f17d22bba15001f/stack_test_epic_core-3.0.3/src/ser.rs:875:5
[INFO] [stdout]     |
[INFO] [stdout] 875 |     fn hash_with_index(&self, index: u64) -> Hash;
[INFO] [stdout]     |        --------------- the method is available for `Vec<u8>` here
[INFO] [stdout]     |
[INFO] [stdout]     = help: items from traits can only be used if the trait is in scope
[INFO] [stdout] help: trait `PMMRIndexHashable` which provides `hash_with_index` is implemented but not in scope; perhaps you want to import it
[INFO] [stdout]     |
[INFO] [stdout] 15  + use stack_test_epic_core::ser::PMMRIndexHashable;
[INFO] [stdout]     |
[INFO] [stdout] 
[INFO] [stdout] 
[INFO] [stdout] error[E0599]: no method named `hash_with_index` found for struct `Vec<u8>` in the current scope
[INFO] [stdout]    --> tests/bitmap_accumulator.rs:45:22
[INFO] [stdout]     |
[INFO] [stdout] 45  |         bit_vec.to_bytes().hash_with_index(0)
[INFO] [stdout]     |                            ^^^^^^^^^^^^^^^ method not found in `Vec<u8>`
[INFO] [stdout]     |
[INFO] [stdout]    ::: /opt/rustwide/cargo-home/registry/src/index.crates.io-6f17d22bba15001f/stack_test_epic_core-3.0.3/src/ser.rs:875:5
[INFO] [stdout]     |
[INFO] [stdout] 875 |     fn hash_with_index(&self, index: u64) -> Hash;
[INFO] [stdout]     |        --------------- the method is available for `Vec<u8>` here
[INFO] [stdout]     |
[INFO] [stdout]     = help: items from traits can only be used if the trait is in scope
[INFO] [stdout] help: trait `PMMRIndexHashable` which provides `hash_with_index` is implemented but not in scope; perhaps you want to import it
[INFO] [stdout]     |
[INFO] [stdout] 15  + use stack_test_epic_core::ser::PMMRIndexHashable;
[INFO] [stdout]     |
[INFO] [stdout] 
[INFO] [stdout] 
[INFO] [stdout] error[E0282]: type annotations needed for `&_`
[INFO] [stdout]    --> tests/test_coinbase_maturity.rs:198:31
[INFO] [stdout]     |
[INFO] [stdout] 198 |             let fees = txs.iter().map(|tx| tx.fee()).sum();
[INFO] [stdout]     |                                        ^^     --- type must be known at this point
[INFO] [stdout]     |
[INFO] [stdout] help: consider giving this closure parameter an explicit type, where the type for type parameter `T` is specified
[INFO] [stdout]     |
[INFO] [stdout] 198 |             let fees = txs.iter().map(|tx: &T| tx.fee()).sum();
[INFO] [stdout]     |                                          ++++
[INFO] [stdout] 
[INFO] [stdout] 
[INFO] [stdout] error[E0599]: no method named `hash_with_index` found for struct `Vec<u8>` in the current scope
[INFO] [stdout]    --> tests/bitmap_accumulator.rs:55:18
[INFO] [stdout]     |
[INFO] [stdout] 55  |         expected_bytes.hash_with_index(0)
[INFO] [stdout]     |                        ^^^^^^^^^^^^^^^ method not found in `Vec<u8>`
[INFO] [stdout]     |
[INFO] [stdout]    ::: /opt/rustwide/cargo-home/registry/src/index.crates.io-6f17d22bba15001f/stack_test_epic_core-3.0.3/src/ser.rs:875:5
[INFO] [stdout]     |
[INFO] [stdout] 875 |     fn hash_with_index(&self, index: u64) -> Hash;
[INFO] [stdout]     |        --------------- the method is available for `Vec<u8>` here
[INFO] [stdout]     |
[INFO] [stdout]     = help: items from traits can only be used if the trait is in scope
[INFO] [stdout] help: trait `PMMRIndexHashable` which provides `hash_with_index` is implemented but not in scope; perhaps you want to import it
[INFO] [stdout]     |
[INFO] [stdout] 15  + use stack_test_epic_core::ser::PMMRIndexHashable;
[INFO] [stdout]     |
[INFO] [stdout] 
[INFO] [stdout] 
[INFO] [stdout] error[E0282]: type annotations needed for `&_`
[INFO] [stdout]    --> tests/test_coinbase_maturity.rs:267:31
[INFO] [stdout]     |
[INFO] [stdout] 267 |             let fees = txs.iter().map(|tx| tx.fee()).sum();
[INFO] [stdout]     |                                        ^^     --- type must be known at this point
[INFO] [stdout]     |
[INFO] [stdout] help: consider giving this closure parameter an explicit type, where the type for type parameter `T` is specified
[INFO] [stdout]     |
[INFO] [stdout] 267 |             let fees = txs.iter().map(|tx: &T| tx.fee()).sum();
[INFO] [stdout]     |                                          ++++
[INFO] [stdout] 
[INFO] [stdout] 
[INFO] [stdout] error[E0599]: no method named `hash_with_index` found for struct `Vec<u8>` in the current scope
[INFO] [stdout]    --> tests/bitmap_accumulator.rs:65:18
[INFO] [stdout]     |
[INFO] [stdout] 65  |         expected_bytes.hash_with_index(0)
[INFO] [stdout]     |                        ^^^^^^^^^^^^^^^ method not found in `Vec<u8>`
[INFO] [stdout]     |
[INFO] [stdout]    ::: /opt/rustwide/cargo-home/registry/src/index.crates.io-6f17d22bba15001f/stack_test_epic_core-3.0.3/src/ser.rs:875:5
[INFO] [stdout]     |
[INFO] [stdout] 875 |     fn hash_with_index(&self, index: u64) -> Hash;
[INFO] [stdout]     |        --------------- the method is available for `Vec<u8>` here
[INFO] [stdout]     |
[INFO] [stdout]     = help: items from traits can only be used if the trait is in scope
[INFO] [stdout] help: trait `PMMRIndexHashable` which provides `hash_with_index` is implemented but not in scope; perhaps you want to import it
[INFO] [stdout]     |
[INFO] [stdout] 15  + use stack_test_epic_core::ser::PMMRIndexHashable;
[INFO] [stdout]     |
[INFO] [stdout] 
[INFO] [stdout] 
[INFO] [stdout] error[E0599]: no method named `hash_with_index` found for struct `Vec<u8>` in the current scope
[INFO] [stdout]    --> tests/bitmap_accumulator.rs:76:18
[INFO] [stdout]     |
[INFO] [stdout] 76  |         expected_bytes.hash_with_index(0)
[INFO] [stdout]     |                        ^^^^^^^^^^^^^^^ method not found in `Vec<u8>`
[INFO] [stdout]     |
[INFO] [stdout]    ::: /opt/rustwide/cargo-home/registry/src/index.crates.io-6f17d22bba15001f/stack_test_epic_core-3.0.3/src/ser.rs:875:5
[INFO] [stdout]     |
[INFO] [stdout] 875 |     fn hash_with_index(&self, index: u64) -> Hash;
[INFO] [stdout]     |        --------------- the method is available for `Vec<u8>` here
[INFO] [stdout]     |
[INFO] [stdout]     = help: items from traits can only be used if the trait is in scope
[INFO] [stdout] help: trait `PMMRIndexHashable` which provides `hash_with_index` is implemented but not in scope; perhaps you want to import it
[INFO] [stdout]     |
[INFO] [stdout] 15  + use stack_test_epic_core::ser::PMMRIndexHashable;
[INFO] [stdout]     |
[INFO] [stdout] 
[INFO] [stdout] 
[INFO] [stdout] Some errors have detailed explanations: E0282, E0432.
[INFO] [stdout] 
[INFO] [stdout] For more information about an error, try `rustc --explain E0282`.
[INFO] [stdout] 
[INFO] [stdout] error[E0599]: no method named `hash_with_index` found for struct `Vec<u8>` in the current scope
[INFO] [stdout]    --> tests/bitmap_accumulator.rs:94:42
[INFO] [stdout]     |
[INFO] [stdout] 94  |         let expected_hash_0 = expected_bytes_0.hash_with_index(0);
[INFO] [stdout]     |                                                ^^^^^^^^^^^^^^^ method not found in `Vec<u8>`
[INFO] [stdout]     |
[INFO] [stdout]    ::: /opt/rustwide/cargo-home/registry/src/index.crates.io-6f17d22bba15001f/stack_test_epic_core-3.0.3/src/ser.rs:875:5
[INFO] [stdout]     |
[INFO] [stdout] 875 |     fn hash_with_index(&self, index: u64) -> Hash;
[INFO] [stdout]     |        --------------- the method is available for `Vec<u8>` here
[INFO] [stdout]     |
[INFO] [stdout]     = help: items from traits can only be used if the trait is in scope
[INFO] [stdout] help: trait `PMMRIndexHashable` which provides `hash_with_index` is implemented but not in scope; perhaps you want to import it
[INFO] [stdout]     |
[INFO] [stdout] 15  + use stack_test_epic_core::ser::PMMRIndexHashable;
[INFO] [stdout]     |
[INFO] [stdout] 
[INFO] [stdout] 
[INFO] [stdout] error[E0599]: no method named `hash_with_index` found for struct `Vec<u8>` in the current scope
[INFO] [stdout]    --> tests/bitmap_accumulator.rs:95:42
[INFO] [stdout]     |
[INFO] [stdout] 95  |         let expected_hash_1 = expected_bytes_1.hash_with_index(1);
[INFO] [stdout]     |                                                ^^^^^^^^^^^^^^^ method not found in `Vec<u8>`
[INFO] [stdout]     |
[INFO] [stdout]    ::: /opt/rustwide/cargo-home/registry/src/index.crates.io-6f17d22bba15001f/stack_test_epic_core-3.0.3/src/ser.rs:875:5
[INFO] [stdout]     |
[INFO] [stdout] 875 |     fn hash_with_index(&self, index: u64) -> Hash;
[INFO] [stdout]     |        --------------- the method is available for `Vec<u8>` here
[INFO] [stdout]     |
[INFO] [stdout]     = help: items from traits can only be used if the trait is in scope
[INFO] [stdout] help: trait `PMMRIndexHashable` which provides `hash_with_index` is implemented but not in scope; perhaps you want to import it
[INFO] [stdout]     |
[INFO] [stdout] 15  + use stack_test_epic_core::ser::PMMRIndexHashable;
[INFO] [stdout]     |
[INFO] [stdout] 
[INFO] [stdout] 
[INFO] [stderr] error: could not compile `stack_test_epic_chain` (test "test_coinbase_maturity") due to 7 previous errors
[INFO] [stdout] error[E0599]: no method named `hash_with_index` found for struct `Vec<u8>` in the current scope
[INFO] [stdout]    --> tests/bitmap_accumulator.rs:111:42
[INFO] [stdout]     |
[INFO] [stdout] 111 |         let expected_hash_0 = expected_bytes_0.hash_with_index(0);
[INFO] [stdout]     |                                                ^^^^^^^^^^^^^^^ method not found in `Vec<u8>`
[INFO] [stdout]     |
[INFO] [stdout]    ::: /opt/rustwide/cargo-home/registry/src/index.crates.io-6f17d22bba15001f/stack_test_epic_core-3.0.3/src/ser.rs:875:5
[INFO] [stdout]     |
[INFO] [stdout] 875 |     fn hash_with_index(&self, index: u64) -> Hash;
[INFO] [stdout]     |        --------------- the method is available for `Vec<u8>` here
[INFO] [stdout]     |
[INFO] [stdout]     = help: items from traits can only be used if the trait is in scope
[INFO] [stdout] help: trait `PMMRIndexHashable` which provides `hash_with_index` is implemented but not in scope; perhaps you want to import it
[INFO] [stdout]     |
[INFO] [stdout] 15  + use stack_test_epic_core::ser::PMMRIndexHashable;
[INFO] [stdout]     |
[INFO] [stdout] 
[INFO] [stdout] 
[INFO] [stdout] error[E0599]: no method named `hash_with_index` found for struct `Vec<u8>` in the current scope
[INFO] [stdout]    --> tests/bitmap_accumulator.rs:112:42
[INFO] [stdout]     |
[INFO] [stdout] 112 |         let expected_hash_1 = expected_bytes_1.hash_with_index(1);
[INFO] [stdout]     |                                                ^^^^^^^^^^^^^^^ method not found in `Vec<u8>`
[INFO] [stdout]     |
[INFO] [stdout]    ::: /opt/rustwide/cargo-home/registry/src/index.crates.io-6f17d22bba15001f/stack_test_epic_core-3.0.3/src/ser.rs:875:5
[INFO] [stdout]     |
[INFO] [stdout] 875 |     fn hash_with_index(&self, index: u64) -> Hash;
[INFO] [stdout]     |        --------------- the method is available for `Vec<u8>` here
[INFO] [stdout]     |
[INFO] [stdout]     = help: items from traits can only be used if the trait is in scope
[INFO] [stdout] help: trait `PMMRIndexHashable` which provides `hash_with_index` is implemented but not in scope; perhaps you want to import it
[INFO] [stdout]     |
[INFO] [stdout] 15  + use stack_test_epic_core::ser::PMMRIndexHashable;
[INFO] [stdout]     |
[INFO] [stdout] 
[INFO] [stdout] 
[INFO] [stdout] error[E0599]: no method named `hash_with_index` found for struct `Vec<u8>` in the current scope
[INFO] [stdout]    --> tests/bitmap_accumulator.rs:127:42
[INFO] [stdout]     |
[INFO] [stdout] 127 |         let expected_hash_0 = expected_bytes_0.hash_with_index(0);
[INFO] [stdout]     |                                                ^^^^^^^^^^^^^^^ method not found in `Vec<u8>`
[INFO] [stdout]     |
[INFO] [stdout]    ::: /opt/rustwide/cargo-home/registry/src/index.crates.io-6f17d22bba15001f/stack_test_epic_core-3.0.3/src/ser.rs:875:5
[INFO] [stdout]     |
[INFO] [stdout] 875 |     fn hash_with_index(&self, index: u64) -> Hash;
[INFO] [stdout]     |        --------------- the method is available for `Vec<u8>` here
[INFO] [stdout]     |
[INFO] [stdout]     = help: items from traits can only be used if the trait is in scope
[INFO] [stdout] help: trait `PMMRIndexHashable` which provides `hash_with_index` is implemented but not in scope; perhaps you want to import it
[INFO] [stdout]     |
[INFO] [stdout] 15  + use stack_test_epic_core::ser::PMMRIndexHashable;
[INFO] [stdout]     |
[INFO] [stdout] 
[INFO] [stdout] 
[INFO] [stdout] error[E0599]: no method named `hash_with_index` found for struct `Vec<u8>` in the current scope
[INFO] [stdout]    --> tests/bitmap_accumulator.rs:128:42
[INFO] [stdout]     |
[INFO] [stdout] 128 |         let expected_hash_1 = expected_bytes_1.hash_with_index(1);
[INFO] [stdout]     |                                                ^^^^^^^^^^^^^^^ method not found in `Vec<u8>`
[INFO] [stdout]     |
[INFO] [stdout]    ::: /opt/rustwide/cargo-home/registry/src/index.crates.io-6f17d22bba15001f/stack_test_epic_core-3.0.3/src/ser.rs:875:5
[INFO] [stdout]     |
[INFO] [stdout] 875 |     fn hash_with_index(&self, index: u64) -> Hash;
[INFO] [stdout]     |        --------------- the method is available for `Vec<u8>` here
[INFO] [stdout]     |
[INFO] [stdout]     = help: items from traits can only be used if the trait is in scope
[INFO] [stdout] help: trait `PMMRIndexHashable` which provides `hash_with_index` is implemented but not in scope; perhaps you want to import it
[INFO] [stdout]     |
[INFO] [stdout] 15  + use stack_test_epic_core::ser::PMMRIndexHashable;
[INFO] [stdout]     |
[INFO] [stdout] 
[INFO] [stdout] 
[INFO] [stdout] error[E0599]: no method named `hash_with_index` found for struct `Vec<u8>` in the current scope
[INFO] [stdout]    --> tests/bitmap_accumulator.rs:142:42
[INFO] [stdout]     |
[INFO] [stdout] 142 |         let expected_hash_0 = expected_bytes_0.hash_with_index(0);
[INFO] [stdout]     |                                                ^^^^^^^^^^^^^^^ method not found in `Vec<u8>`
[INFO] [stdout]     |
[INFO] [stdout]    ::: /opt/rustwide/cargo-home/registry/src/index.crates.io-6f17d22bba15001f/stack_test_epic_core-3.0.3/src/ser.rs:875:5
[INFO] [stdout]     |
[INFO] [stdout] 875 |     fn hash_with_index(&self, index: u64) -> Hash;
[INFO] [stdout]     |        --------------- the method is available for `Vec<u8>` here
[INFO] [stdout]     |
[INFO] [stdout]     = help: items from traits can only be used if the trait is in scope
[INFO] [stdout] help: trait `PMMRIndexHashable` which provides `hash_with_index` is implemented but not in scope; perhaps you want to import it
[INFO] [stdout]     |
[INFO] [stdout] 15  + use stack_test_epic_core::ser::PMMRIndexHashable;
[INFO] [stdout]     |
[INFO] [stdout] 
[INFO] [stdout] 
[INFO] [stdout] error[E0599]: no method named `hash_with_index` found for struct `Vec<u8>` in the current scope
[INFO] [stdout]    --> tests/bitmap_accumulator.rs:143:42
[INFO] [stdout]     |
[INFO] [stdout] 143 |         let expected_hash_1 = expected_bytes_1.hash_with_index(1);
[INFO] [stdout]     |                                                ^^^^^^^^^^^^^^^ method not found in `Vec<u8>`
[INFO] [stdout]     |
[INFO] [stdout]    ::: /opt/rustwide/cargo-home/registry/src/index.crates.io-6f17d22bba15001f/stack_test_epic_core-3.0.3/src/ser.rs:875:5
[INFO] [stdout]     |
[INFO] [stdout] 875 |     fn hash_with_index(&self, index: u64) -> Hash;
[INFO] [stdout]     |        --------------- the method is available for `Vec<u8>` here
[INFO] [stdout]     |
[INFO] [stdout]     = help: items from traits can only be used if the trait is in scope
[INFO] [stdout] help: trait `PMMRIndexHashable` which provides `hash_with_index` is implemented but not in scope; perhaps you want to import it
[INFO] [stdout]     |
[INFO] [stdout] 15  + use stack_test_epic_core::ser::PMMRIndexHashable;
[INFO] [stdout]     |
[INFO] [stdout] 
[INFO] [stdout] 
[INFO] [stdout] error[E0599]: no method named `hash_with_index` found for struct `Vec<u8>` in the current scope
[INFO] [stdout]    --> tests/bitmap_accumulator.rs:156:18
[INFO] [stdout]     |
[INFO] [stdout] 156 |         expected_bytes.hash_with_index(0)
[INFO] [stdout]     |                        ^^^^^^^^^^^^^^^ method not found in `Vec<u8>`
[INFO] [stdout]     |
[INFO] [stdout]    ::: /opt/rustwide/cargo-home/registry/src/index.crates.io-6f17d22bba15001f/stack_test_epic_core-3.0.3/src/ser.rs:875:5
[INFO] [stdout]     |
[INFO] [stdout] 875 |     fn hash_with_index(&self, index: u64) -> Hash;
[INFO] [stdout]     |        --------------- the method is available for `Vec<u8>` here
[INFO] [stdout]     |
[INFO] [stdout]     = help: items from traits can only be used if the trait is in scope
[INFO] [stdout] help: trait `PMMRIndexHashable` which provides `hash_with_index` is implemented but not in scope; perhaps you want to import it
[INFO] [stdout]     |
[INFO] [stdout] 15  + use stack_test_epic_core::ser::PMMRIndexHashable;
[INFO] [stdout]     |
[INFO] [stdout] 
[INFO] [stdout] 
[INFO] [stdout] error[E0599]: no method named `hash_with_index` found for struct `Vec<u8>` in the current scope
[INFO] [stdout]    --> tests/bitmap_accumulator.rs:177:42
[INFO] [stdout]     |
[INFO] [stdout] 177 |         let expected_hash_0 = expected_bytes_0.hash_with_index(0);
[INFO] [stdout]     |                                                ^^^^^^^^^^^^^^^ method not found in `Vec<u8>`
[INFO] [stdout]     |
[INFO] [stdout]    ::: /opt/rustwide/cargo-home/registry/src/index.crates.io-6f17d22bba15001f/stack_test_epic_core-3.0.3/src/ser.rs:875:5
[INFO] [stdout]     |
[INFO] [stdout] 875 |     fn hash_with_index(&self, index: u64) -> Hash;
[INFO] [stdout]     |        --------------- the method is available for `Vec<u8>` here
[INFO] [stdout]     |
[INFO] [stdout]     = help: items from traits can only be used if the trait is in scope
[INFO] [stdout] help: trait `PMMRIndexHashable` which provides `hash_with_index` is implemented but not in scope; perhaps you want to import it
[INFO] [stdout]     |
[INFO] [stdout] 15  + use stack_test_epic_core::ser::PMMRIndexHashable;
[INFO] [stdout]     |
[INFO] [stdout] 
[INFO] [stdout] 
[INFO] [stdout] error[E0599]: no method named `hash_with_index` found for struct `Vec<u8>` in the current scope
[INFO] [stdout]    --> tests/bitmap_accumulator.rs:178:42
[INFO] [stdout]     |
[INFO] [stdout] 178 |         let expected_hash_1 = expected_bytes_1.hash_with_index(1);
[INFO] [stdout]     |                                                ^^^^^^^^^^^^^^^ method not found in `Vec<u8>`
[INFO] [stdout]     |
[INFO] [stdout]    ::: /opt/rustwide/cargo-home/registry/src/index.crates.io-6f17d22bba15001f/stack_test_epic_core-3.0.3/src/ser.rs:875:5
[INFO] [stdout]     |
[INFO] [stdout] 875 |     fn hash_with_index(&self, index: u64) -> Hash;
[INFO] [stdout]     |        --------------- the method is available for `Vec<u8>` here
[INFO] [stdout]     |
[INFO] [stdout]     = help: items from traits can only be used if the trait is in scope
[INFO] [stdout] help: trait `PMMRIndexHashable` which provides `hash_with_index` is implemented but not in scope; perhaps you want to import it
[INFO] [stdout]     |
[INFO] [stdout] 15  + use stack_test_epic_core::ser::PMMRIndexHashable;
[INFO] [stdout]     |
[INFO] [stdout] 
[INFO] [stdout] 
[INFO] [stdout] error[E0599]: no method named `hash_with_index` found for struct `Vec<u8>` in the current scope
[INFO] [stdout]    --> tests/bitmap_accumulator.rs:181:42
[INFO] [stdout]     |
[INFO] [stdout] 181 |         let expected_hash_3 = expected_bytes_2.hash_with_index(3);
[INFO] [stdout]     |                                                ^^^^^^^^^^^^^^^ method not found in `Vec<u8>`
[INFO] [stdout]     |
[INFO] [stdout]    ::: /opt/rustwide/cargo-home/registry/src/index.crates.io-6f17d22bba15001f/stack_test_epic_core-3.0.3/src/ser.rs:875:5
[INFO] [stdout]     |
[INFO] [stdout] 875 |     fn hash_with_index(&self, index: u64) -> Hash;
[INFO] [stdout]     |        --------------- the method is available for `Vec<u8>` here
[INFO] [stdout]     |
[INFO] [stdout]     = help: items from traits can only be used if the trait is in scope
[INFO] [stdout] help: trait `PMMRIndexHashable` which provides `hash_with_index` is implemented but not in scope; perhaps you want to import it
[INFO] [stdout]     |
[INFO] [stdout] 15  + use stack_test_epic_core::ser::PMMRIndexHashable;
[INFO] [stdout]     |
[INFO] [stdout] 
[INFO] [stdout] 
[INFO] [stdout] error[E0599]: no method named `hash_with_index` found for struct `Vec<u8>` in the current scope
[INFO] [stdout]    --> tests/bitmap_accumulator.rs:182:42
[INFO] [stdout]     |
[INFO] [stdout] 182 |         let expected_hash_4 = expected_bytes_3.hash_with_index(4);
[INFO] [stdout]     |                                                ^^^^^^^^^^^^^^^ method not found in `Vec<u8>`
[INFO] [stdout]     |
[INFO] [stdout]    ::: /opt/rustwide/cargo-home/registry/src/index.crates.io-6f17d22bba15001f/stack_test_epic_core-3.0.3/src/ser.rs:875:5
[INFO] [stdout]     |
[INFO] [stdout] 875 |     fn hash_with_index(&self, index: u64) -> Hash;
[INFO] [stdout]     |        --------------- the method is available for `Vec<u8>` here
[INFO] [stdout]     |
[INFO] [stdout]     = help: items from traits can only be used if the trait is in scope
[INFO] [stdout] help: trait `PMMRIndexHashable` which provides `hash_with_index` is implemented but not in scope; perhaps you want to import it
[INFO] [stdout]     |
[INFO] [stdout] 15  + use stack_test_epic_core::ser::PMMRIndexHashable;
[INFO] [stdout]     |
[INFO] [stdout] 
[INFO] [stdout] 
[INFO] [stdout] Some errors have detailed explanations: E0432, E0599.
[INFO] [stdout] 
[INFO] [stdout] For more information about an error, try `rustc --explain E0432`.
[INFO] [stdout] 
[INFO] [stderr] error: could not compile `stack_test_epic_chain` (test "bitmap_accumulator") due to 21 previous errors
[INFO] [stdout] warning: unused variable: `batch`
[INFO] [stdout]     --> src/chain.rs:1537:69
[INFO] [stdout]      |
[INFO] [stdout] 1537 |             txhashset::header_extending(header_pmmr, &tip, &mut batch, |ext, batch| {
[INFO] [stdout]      |                                                                              ^^^^^ help: if this is intentional, prefix it with an underscore: `_batch`
[INFO] [stdout]      |
[INFO] [stdout]      = note: `#[warn(unused_variables)]` on by default
[INFO] [stdout] 
[INFO] [stdout] 
[INFO] [stdout] warning: unused variable: `batch`
[INFO] [stdout]     --> src/chain.rs:1541:67
[INFO] [stdout]      |
[INFO] [stdout] 1541 |             txhashset::header_extending(sync_pmmr, &tip, &mut batch, |ext, batch| {
[INFO] [stdout]      |                                                                            ^^^^^ help: if this is intentional, prefix it with an underscore: `_batch`
[INFO] [stdout] 
[INFO] [stdout] 
[INFO] [stdout] warning: unused variable: `p`
[INFO] [stdout]    --> src/pipe.rs:397:14
[INFO] [stdout]     |
[INFO] [stdout] 397 |     if let Some(p) = global::get_policies(header.policy) {
[INFO] [stdout]     |                 ^ help: if this is intentional, prefix it with an underscore: `_p`
[INFO] [stdout] 
[INFO] [stdout] 
[INFO] [stdout] warning: value assigned to `prev_header` is never read
[INFO] [stdout]    --> src/store.rs:516:14
[INFO] [stdout]     |
[INFO] [stdout] 516 |                     let mut prev_header = None;
[INFO] [stdout]     |                             ^^^^^^^^^^^
[INFO] [stdout]     |
[INFO] [stdout]     = help: maybe it is overwritten before being read?
[INFO] [stdout]     = note: `#[warn(unused_assignments)]` on by default
[INFO] [stdout] 
[INFO] [stdout] 
[INFO] [stdout] warning: value assigned to `prev_header` is never read
[INFO] [stdout]    --> src/store.rs:759:14
[INFO] [stdout]     |
[INFO] [stdout] 759 |                     let mut prev_header = None;
[INFO] [stdout]     |                             ^^^^^^^^^^^
[INFO] [stdout]     |
[INFO] [stdout]     = help: maybe it is overwritten before being read?
[INFO] [stdout] 
[INFO] [stdout] 
[INFO] [stdout] warning: missing documentation for a method
[INFO] [stdout]     --> src/chain.rs:1235:2
[INFO] [stdout]      |
[INFO] [stdout] 1235 |     pub fn header_head(&self) -> Result<Tip, Error> {
[INFO] [stdout]      |     ^^^^^^^^^^^^^^^^^^^^^^^^^^^^^^^^^^^^^^^^^^^^^^^
[INFO] [stdout]      |
[INFO] [stdout] note: the lint level is defined here
[INFO] [stdout]     --> src/lib.rs:21:9
[INFO] [stdout]      |
[INFO] [stdout] 21   | #![warn(missing_docs)]
[INFO] [stdout]      |         ^^^^^^^^^^^^
[INFO] [stdout] 
[INFO] [stdout] 
[INFO] [stdout] warning: non-local `impl` definition, `impl` blocks should be written at the same level as their item
[INFO] [stdout]   --> src/error.rs:27:17
[INFO] [stdout]    |
[INFO] [stdout] 27 | #[derive(Debug, Fail)]
[INFO] [stdout]    |                 ^---
[INFO] [stdout]    |                 |
[INFO] [stdout]    |                 `Fail` is not local
[INFO] [stdout]    |                 move the `impl` block outside of this constant `_DERIVE_failure_Fail_FOR_Error`
[INFO] [stdout] 28 | pub struct Error {
[INFO] [stdout]    |            ----- `Error` is not local
[INFO] [stdout]    |
[INFO] [stdout]    = note: the derive macro `Fail` defines the non-local `impl`, and may need to be changed
[INFO] [stdout]    = note: the derive macro `Fail` may come from an old version of the `failure_derive` crate, try updating your dependency with `cargo update -p failure_derive`
[INFO] [stdout]    = note: an `impl` is never scoped, even when it is nested inside an item, as it may impact type checking outside of that item, which can be the case if neither the trait or the self type are at the same nesting level as the `impl`
[INFO] [stdout]    = note: items in an anonymous const item (`const _: () = { ... }`) are treated as in the same scope as the anonymous const's declaration for the purpose of this lint
[INFO] [stdout]    = note: `#[warn(non_local_definitions)]` on by default
[INFO] [stdout]    = note: this warning originates in the derive macro `Fail` (in Nightly builds, run with -Z macro-backtrace for more info)
[INFO] [stdout] 
[INFO] [stdout] 
[INFO] [stdout] warning: missing documentation for a variant
[INFO] [stdout]   --> src/error.rs:46:2
[INFO] [stdout]    |
[INFO] [stdout] 46 |     DifficultyTooHigh,
[INFO] [stdout]    |     ^^^^^^^^^^^^^^^^^
[INFO] [stdout] 
[INFO] [stdout] 
[INFO] [stdout] warning: missing documentation for a variant
[INFO] [stdout]    --> src/error.rs:158:2
[INFO] [stdout]     |
[INFO] [stdout] 158 |     PolicyIsNotAllowed,
[INFO] [stdout]     |     ^^^^^^^^^^^^^^^^^^
[INFO] [stdout] 
[INFO] [stdout] 
[INFO] [stdout] warning: missing documentation for a variant
[INFO] [stdout]    --> src/error.rs:161:2
[INFO] [stdout]     |
[INFO] [stdout] 161 |     InvalidSeed,
[INFO] [stdout]     |     ^^^^^^^^^^^
[INFO] [stdout] 
[INFO] [stdout] 
[INFO] [stdout] warning: non-local `impl` definition, `impl` blocks should be written at the same level as their item
[INFO] [stdout]   --> src/error.rs:33:39
[INFO] [stdout]    |
[INFO] [stdout] 33 | #[derive(Clone, Eq, PartialEq, Debug, Fail)]
[INFO] [stdout]    |                                       ^---
[INFO] [stdout]    |                                       |
[INFO] [stdout]    |                                       `Fail` is not local
[INFO] [stdout]    |                                       move the `impl` block outside of this constant `_DERIVE_failure_Fail_FOR_ErrorKind`
[INFO] [stdout] 34 | pub enum ErrorKind {
[INFO] [stdout]    |          --------- `ErrorKind` is not local
[INFO] [stdout]    |
[INFO] [stdout]    = note: the derive macro `Fail` defines the non-local `impl`, and may need to be changed
[INFO] [stdout]    = note: the derive macro `Fail` may come from an old version of the `failure_derive` crate, try updating your dependency with `cargo update -p failure_derive`
[INFO] [stdout]    = note: an `impl` is never scoped, even when it is nested inside an item, as it may impact type checking outside of that item, which can be the case if neither the trait or the self type are at the same nesting level as the `impl`
[INFO] [stdout]    = note: items in an anonymous const item (`const _: () = { ... }`) are treated as in the same scope as the anonymous const's declaration for the purpose of this lint
[INFO] [stdout]    = note: this warning originates in the derive macro `Fail` (in Nightly builds, run with -Z macro-backtrace for more info)
[INFO] [stdout] 
[INFO] [stdout] 
[INFO] [stdout] warning: non-local `impl` definition, `impl` blocks should be written at the same level as their item
[INFO] [stdout]   --> src/error.rs:33:39
[INFO] [stdout]    |
[INFO] [stdout] 33 | #[derive(Clone, Eq, PartialEq, Debug, Fail)]
[INFO] [stdout]    |                                       ^---
[INFO] [stdout]    |                                       |
[INFO] [stdout]    |                                       `Display` is not local
[INFO] [stdout]    |                                       move the `impl` block outside of this constant `_DERIVE_failure_core_fmt_Display_FOR_ErrorKind`
[INFO] [stdout] 34 | pub enum ErrorKind {
[INFO] [stdout]    |          --------- `ErrorKind` is not local
[INFO] [stdout]    |
[INFO] [stdout]    = note: the derive macro `Fail` defines the non-local `impl`, and may need to be changed
[INFO] [stdout]    = note: the derive macro `Fail` may come from an old version of the `failure_derive` crate, try updating your dependency with `cargo update -p failure_derive`
[INFO] [stdout]    = note: an `impl` is never scoped, even when it is nested inside an item, as it may impact type checking outside of that item, which can be the case if neither the trait or the self type are at the same nesting level as the `impl`
[INFO] [stdout]    = note: items in an anonymous const item (`const _: () = { ... }`) are treated as in the same scope as the anonymous const's declaration for the purpose of this lint
[INFO] [stdout]    = note: this warning originates in the derive macro `Fail` (in Nightly builds, run with -Z macro-backtrace for more info)
[INFO] [stdout] 
[INFO] [stdout] 
[INFO] [stdout] warning: missing documentation for a struct
[INFO] [stdout]    --> src/store.rs:682:1
[INFO] [stdout]     |
[INFO] [stdout] 682 | pub struct BottleIter<'a> {
[INFO] [stdout]     | ^^^^^^^^^^^^^^^^^^^^^^^^^
[INFO] [stdout] 
[INFO] [stdout] 
[INFO] running `Command { std: "docker" "inspect" "46064333945ecb47b323125878ea3109fb4bb02386c89046754399ffb35ba4af", kill_on_drop: false }`
[INFO] running `Command { std: "docker" "rm" "-f" "46064333945ecb47b323125878ea3109fb4bb02386c89046754399ffb35ba4af", kill_on_drop: false }`
[INFO] [stdout] 46064333945ecb47b323125878ea3109fb4bb02386c89046754399ffb35ba4af
