[INFO] fetching crate stack_epic_wallet_controller 3.6.0...
[INFO] testing stack_epic_wallet_controller-3.6.0 against nightly-2024-10-28+rustflags=-Zrandomize-layout for randomize-layout
[INFO] extracting crate stack_epic_wallet_controller 3.6.0 into /workspace/builds/worker-4-tc2/source
[INFO] validating manifest of crates.io crate stack_epic_wallet_controller 3.6.0 on toolchain nightly-2024-10-28
[INFO] running `Command { std: CARGO_HOME="/workspace/cargo-home" RUSTUP_HOME="/workspace/rustup-home" "/workspace/cargo-home/bin/cargo" "+nightly-2024-10-28" "metadata" "--manifest-path" "Cargo.toml" "--no-deps", kill_on_drop: false }`
[INFO] started tweaking crates.io crate stack_epic_wallet_controller 3.6.0
[INFO] finished tweaking crates.io crate stack_epic_wallet_controller 3.6.0
[INFO] tweaked toml for crates.io crate stack_epic_wallet_controller 3.6.0 written to /workspace/builds/worker-4-tc2/source/Cargo.toml
[INFO] running `Command { std: CARGO_HOME="/workspace/cargo-home" RUSTUP_HOME="/workspace/rustup-home" "/workspace/cargo-home/bin/cargo" "+nightly-2024-10-28" "generate-lockfile" "--manifest-path" "Cargo.toml", kill_on_drop: false }`
[INFO] [stderr]     Updating crates.io index
[INFO] [stderr]      Locking 445 packages to latest compatible versions
[INFO] [stderr]       Adding ed25519-dalek v1.0.0-pre.1 (available: v1.0.1)
[INFO] [stderr]       Adding hyper v0.14.31 (available: v1.5.0)
[INFO] [stderr]       Adding rand v0.5.6 (available: v0.8.5)
[INFO] [stderr]       Adding ring v0.16.20 (available: v0.17.8)
[INFO] [stderr]       Adding subtle v2.4.1 (available: v2.6.1)
[INFO] [stderr]       Adding term v0.5.2 (available: v1.0.0)
[INFO] [stderr]       Adding url v1.7.2 (available: v2.5.2)
[INFO] [stderr]       Adding uuid v0.7.4 (available: v1.11.0)
[INFO] running `Command { std: CARGO_HOME="/workspace/cargo-home" RUSTUP_HOME="/workspace/rustup-home" "/workspace/cargo-home/bin/cargo" "+nightly-2024-10-28" "fetch" "--manifest-path" "Cargo.toml", kill_on_drop: false }`
[INFO] running `Command { std: "docker" "create" "-v" "/var/lib/crater-agent-workspace/builds/worker-4-tc2/target:/opt/rustwide/target:rw,Z" "-v" "/var/lib/crater-agent-workspace/builds/worker-4-tc2/source:/opt/rustwide/workdir:ro,Z" "-v" "/var/lib/crater-agent-workspace/cargo-home:/opt/rustwide/cargo-home:ro,Z" "-v" "/var/lib/crater-agent-workspace/rustup-home:/opt/rustwide/rustup-home:ro,Z" "-e" "SOURCE_DIR=/opt/rustwide/workdir" "-e" "CARGO_TARGET_DIR=/opt/rustwide/target" "-e" "CARGO_HOME=/opt/rustwide/cargo-home" "-e" "RUSTUP_HOME=/opt/rustwide/rustup-home" "-w" "/opt/rustwide/workdir" "-m" "1610612736" "--user" "0:0" "--network" "none" "ghcr.io/rust-lang/crates-build-env/linux@sha256:4a844ea9eb2546a2d2c7022eacef16ef2e8229c7fbb2c7d4d55a9ceca922f72d" "/opt/rustwide/cargo-home/bin/cargo" "+nightly-2024-10-28" "metadata" "--no-deps" "--format-version=1", kill_on_drop: false }`
[INFO] [stdout] dfbf07fdafe5175e6f91bf035d1aa8012d6dba37756d0d28c7974879732c2909
[INFO] running `Command { std: "docker" "start" "-a" "dfbf07fdafe5175e6f91bf035d1aa8012d6dba37756d0d28c7974879732c2909", kill_on_drop: false }`
[INFO] running `Command { std: "docker" "inspect" "dfbf07fdafe5175e6f91bf035d1aa8012d6dba37756d0d28c7974879732c2909", kill_on_drop: false }`
[INFO] running `Command { std: "docker" "rm" "-f" "dfbf07fdafe5175e6f91bf035d1aa8012d6dba37756d0d28c7974879732c2909", kill_on_drop: false }`
[INFO] [stdout] dfbf07fdafe5175e6f91bf035d1aa8012d6dba37756d0d28c7974879732c2909
[INFO] running `Command { std: "docker" "create" "-v" "/var/lib/crater-agent-workspace/builds/worker-4-tc2/target:/opt/rustwide/target:rw,Z" "-v" "/var/lib/crater-agent-workspace/builds/worker-4-tc2/source:/opt/rustwide/workdir:ro,Z" "-v" "/var/lib/crater-agent-workspace/cargo-home:/opt/rustwide/cargo-home:ro,Z" "-v" "/var/lib/crater-agent-workspace/rustup-home:/opt/rustwide/rustup-home:ro,Z" "-e" "SOURCE_DIR=/opt/rustwide/workdir" "-e" "CARGO_TARGET_DIR=/opt/rustwide/target" "-e" "CARGO_INCREMENTAL=0" "-e" "RUST_BACKTRACE=full" "-e" "RUSTFLAGS=--cap-lints=forbid -Zrandomize-layout" "-e" "RUSTDOCFLAGS=--cap-lints=forbid" "-e" "CARGO_HOME=/opt/rustwide/cargo-home" "-e" "RUSTUP_HOME=/opt/rustwide/rustup-home" "-w" "/opt/rustwide/workdir" "-m" "1610612736" "--user" "0:0" "--network" "none" "ghcr.io/rust-lang/crates-build-env/linux@sha256:4a844ea9eb2546a2d2c7022eacef16ef2e8229c7fbb2c7d4d55a9ceca922f72d" "/opt/rustwide/cargo-home/bin/cargo" "+nightly-2024-10-28" "build" "--frozen" "--message-format=json", kill_on_drop: false }`
[INFO] [stdout] 9bc21af3c98ecbca47550f7d22462a6e529efa242fe889d7177fc825ee7e4a5c
[INFO] running `Command { std: "docker" "start" "-a" "9bc21af3c98ecbca47550f7d22462a6e529efa242fe889d7177fc825ee7e4a5c", kill_on_drop: false }`
[INFO] [stderr]    Compiling libc v0.2.161
[INFO] [stderr]    Compiling proc-macro2 v1.0.89
[INFO] [stderr]    Compiling serde v1.0.214
[INFO] [stderr]    Compiling byteorder v1.5.0
[INFO] [stderr]    Compiling rand_core v0.4.2
[INFO] [stderr]    Compiling syn v1.0.109
[INFO] [stderr]    Compiling num-traits v0.2.19
[INFO] [stderr]    Compiling cfg-if v0.1.10
[INFO] [stderr]    Compiling autocfg v0.1.8
[INFO] [stderr]    Compiling subtle v2.4.1
[INFO] [stderr]    Compiling pkg-config v0.3.31
[INFO] [stderr]    Compiling generic-array v0.12.4
[INFO] [stderr]    Compiling indexmap v1.9.3
[INFO] [stderr]    Compiling hashbrown v0.12.3
[INFO] [stderr]    Compiling futures-io v0.3.31
[INFO] [stderr]    Compiling adler2 v2.0.0
[INFO] [stderr]    Compiling arrayvec v0.4.12
[INFO] [stderr]    Compiling rand_chacha v0.1.1
[INFO] [stderr]    Compiling rand_core v0.3.1
[INFO] [stderr]    Compiling rand_pcg v0.1.2
[INFO] [stderr]    Compiling vcpkg v0.2.15
[INFO] [stderr]    Compiling semver-parser v0.7.0
[INFO] [stderr]    Compiling miniz_oxide v0.8.0
[INFO] [stderr]    Compiling rand v0.6.5
[INFO] [stderr]    Compiling http v0.2.12
[INFO] [stderr]    Compiling nodrop v0.1.14
[INFO] [stderr]    Compiling maybe-uninit v2.0.0
[INFO] [stderr]    Compiling digest v0.8.1
[INFO] [stderr]    Compiling rand_hc v0.1.0
[INFO] [stderr]    Compiling semver v0.9.0
[INFO] [stderr]    Compiling rand_xorshift v0.1.1
[INFO] [stderr]    Compiling rand_isaac v0.1.1
[INFO] [stderr]    Compiling rand_jitter v0.1.4
[INFO] [stderr]    Compiling bytes v0.5.6
[INFO] [stderr]    Compiling rustc_version v0.2.3
[INFO] [stderr]    Compiling crunchy v0.2.2
[INFO] [stderr]    Compiling opaque-debug v0.3.1
[INFO] [stderr]    Compiling gimli v0.31.1
[INFO] [stderr]    Compiling httparse v1.9.5
[INFO] [stderr]    Compiling digest v0.9.0
[INFO] [stderr]    Compiling crc32fast v1.4.2
[INFO] [stderr]    Compiling object v0.36.5
[INFO] [stderr]    Compiling traitobject v0.1.0
[INFO] [stderr]    Compiling quote v1.0.37
[INFO] [stderr]    Compiling parking_lot_core v0.3.1
[INFO] [stderr]    Compiling quick-error v1.2.3
[INFO] [stderr]    Compiling rustc-demangle v0.1.24
[INFO] [stderr]    Compiling getrandom v0.1.16
[INFO] [stderr]    Compiling stable_deref_trait v1.2.0
[INFO] [stderr]    Compiling byte-tools v0.3.1
[INFO] [stderr]    Compiling owning_ref v0.4.1
[INFO] [stderr]    Compiling getrandom v0.2.15
[INFO] [stderr]    Compiling syn v2.0.86
[INFO] [stderr]    Compiling signal-hook-registry v1.4.2
[INFO] [stderr]    Compiling iovec v0.1.4
[INFO] [stderr]    Compiling rand_core v0.6.4
[INFO] [stderr]    Compiling rand v0.5.6
[INFO] [stderr]    Compiling net2 v0.2.39
[INFO] [stderr]    Compiling openssl-sys v0.9.104
[INFO] [stderr]    Compiling num-integer v0.1.46
[INFO] [stderr]    Compiling rand_os v0.1.3
[INFO] [stderr]    Compiling parking_lot_core v0.9.10
[INFO] [stderr]    Compiling socket2 v0.5.7
[INFO] [stderr]    Compiling rand v0.4.6
[INFO] [stderr]    Compiling mio v1.0.2
[INFO] [stderr]    Compiling parking_lot v0.12.3
[INFO] [stderr]    Compiling ordered-float v1.1.1
[INFO] [stderr]    Compiling block-padding v0.1.5
[INFO] [stderr]    Compiling humantime v1.3.0
[INFO] [stderr]    Compiling unsafe-any v0.4.2
[INFO] [stderr]    Compiling smallvec v0.6.14
[INFO] [stderr]    Compiling yaml-rust v0.4.5
[INFO] [stderr]    Compiling block-buffer v0.9.0
[INFO] [stderr]    Compiling grin_secp256k1zkp v0.7.14
[INFO] [stderr]    Compiling ring v0.16.20
[INFO] [stderr]    Compiling num-bigint v0.2.6
[INFO] [stderr]    Compiling try-lock v0.2.5
[INFO] [stderr]    Compiling failure_derive v0.1.8
[INFO] [stderr]    Compiling foreign-types-shared v0.1.1
[INFO] [stderr]    Compiling unicode-xid v0.2.6
[INFO] [stderr]    Compiling scopeguard v0.3.3
[INFO] [stderr]    Compiling openssl v0.10.68
[INFO] [stderr]    Compiling rustc-hex v2.1.0
[INFO] [stderr]    Compiling openssl-probe v0.1.5
[INFO] [stderr]    Compiling lock_api v0.1.5
[INFO] [stderr]    Compiling foreign-types v0.3.2
[INFO] [stderr]    Compiling want v0.3.1
[INFO] [stderr]    Compiling typemap v0.3.3
[INFO] [stderr]    Compiling block-buffer v0.7.3
[INFO] [stderr]    Compiling thread-id v3.3.0
[INFO] [stderr]    Compiling flate2 v1.0.34
[INFO] [stderr]    Compiling crypto-mac v0.11.1
[INFO] [stderr]    Compiling ring v0.17.8
[INFO] [stderr]    Compiling croaring-sys v2.1.0
[INFO] [stderr]    Compiling num-rational v0.2.4
[INFO] [stderr]    Compiling num-complex v0.2.4
[INFO] [stderr]    Compiling antidote v1.0.0
[INFO] [stderr]    Compiling log-mdc v0.1.0
[INFO] [stderr]    Compiling safemem v0.3.3
[INFO] [stderr]    Compiling native-tls v0.2.12
[INFO] [stderr]    Compiling untrusted v0.7.1
[INFO] [stderr]    Compiling arrayvec v0.7.6
[INFO] [stderr]    Compiling tower-service v0.3.3
[INFO] [stderr]    Compiling static_assertions v0.2.5
[INFO] [stderr]    Compiling opaque-debug v0.2.3
[INFO] [stderr]    Compiling arc-swap v0.3.11
[INFO] [stderr]    Compiling base64ct v1.6.0
[INFO] [stderr]    Compiling gcc v0.3.55
[INFO] [stderr]    Compiling spin v0.5.2
[INFO] [stderr]    Compiling crunchy v0.1.6
[INFO] [stderr]    Compiling fixed-hash v0.3.2
[INFO] [stderr]    Compiling base64 v0.9.3
[INFO] [stderr]    Compiling password-hash v0.2.3
[INFO] [stderr]    Compiling parking_lot v0.6.4
[INFO] [stderr]    Compiling hmac v0.11.0
[INFO] [stderr]    Compiling uint v0.7.1
[INFO] [stderr]    Compiling sha2 v0.9.9
[INFO] [stderr]    Compiling num-iter v0.1.45
[INFO] [stderr]    Compiling addr2line v0.24.2
[INFO] [stderr]    Compiling aho-corasick v1.1.3
[INFO] [stderr]    Compiling fake-simd v0.1.2
[INFO] [stderr]    Compiling regex-syntax v0.8.5
[INFO] [stderr]    Compiling proc-macro2 v0.4.30
[INFO] [stderr]    Compiling liblmdb-sys v0.2.2
[INFO] [stderr]    Compiling rustix v0.38.38
[INFO] [stderr]    Compiling constant_time_eq v0.1.5
[INFO] [stderr]    Compiling blake2-rfc v0.2.18
[INFO] [stderr]    Compiling pbkdf2 v0.8.0
[INFO] [stderr]    Compiling sha2 v0.8.2
[INFO] [stderr]    Compiling ripemd160 v0.9.1
[INFO] [stderr]    Compiling tiny-keccak v1.5.0
[INFO] [stderr]    Compiling crypto-common v0.1.6
[INFO] [stderr]    Compiling num-traits v0.1.43
[INFO] [stderr]    Compiling num_cpus v1.16.0
[INFO] [stderr]    Compiling hashbrown v0.15.0
[INFO] [stderr]    Compiling equivalent v1.0.1
[INFO] [stderr]    Compiling linux-raw-sys v0.4.14
[INFO] [stderr]    Compiling unicode-xid v0.1.0
[INFO] [stderr]    Compiling pin-project-lite v0.1.12
[INFO] [stderr]    Compiling synstructure v0.12.6
[INFO] [stderr]    Compiling num v0.2.1
[INFO] [stderr]    Compiling enum_primitive v0.1.1
[INFO] [stderr]    Compiling bigint v4.4.3
[INFO] [stderr]    Compiling backtrace v0.3.74
[INFO] [stderr]    Compiling indexmap v2.6.0
[INFO] [stderr]    Compiling atty v0.2.14
[INFO] [stderr]    Compiling lru-cache v0.1.2
[INFO] [stderr]    Compiling siphasher v0.2.3
[INFO] [stderr]    Compiling syn v0.15.44
[INFO] [stderr]    Compiling termcolor v1.4.1
[INFO] [stderr]    Compiling bitflags v0.9.1
[INFO] [stderr]    Compiling regex-automata v0.4.8
[INFO] [stderr]    Compiling rustc-serialize v0.3.25
[INFO] [stderr]    Compiling md5 v0.6.1
[INFO] [stderr]    Compiling supercow v0.1.0
[INFO] [stderr]    Compiling quote v0.6.13
[INFO] [stderr]    Compiling http-body v0.4.6
[INFO] [stderr]    Compiling croaring v1.1.0
[INFO] [stderr]    Compiling memmap v0.7.0
[INFO] [stderr]    Compiling unicode-segmentation v1.12.0
[INFO] [stderr]    Compiling httpdate v1.0.3
[INFO] [stderr]    Compiling rustls v0.21.12
[INFO] [stderr]    Compiling form_urlencoded v1.2.1
[INFO] [stderr]    Compiling rand_core v0.5.1
[INFO] [stderr]    Compiling bytes v0.4.12
[INFO] [stderr]    Compiling heck v0.3.3
[INFO] [stderr]    Compiling clear_on_drop v0.2.5
[INFO] [stderr]    Compiling base64 v0.21.7
[INFO] [stderr]    Compiling idna v0.5.0
[INFO] [stderr]    Compiling tokio-macros v0.2.6
[INFO] [stderr]    Compiling tempfile v3.13.0
[INFO] [stderr]    Compiling lmdb-zero v0.4.4
[INFO] [stderr]    Compiling rustls-webpki v0.101.7
[INFO] [stderr]    Compiling num-bigint v0.1.44
[INFO] [stderr]    Compiling failure v0.1.8
[INFO] [stderr]    Compiling sct v0.7.1
[INFO] [stderr]    Compiling num-complex v0.1.43
[INFO] [stderr]    Compiling serde_derive v1.0.214
[INFO] [stderr]    Compiling futures-macro v0.3.31
[INFO] [stderr]    Compiling zeroize_derive v1.4.2
[INFO] [stderr]    Compiling thiserror-impl v1.0.66
[INFO] [stderr]    Compiling zerocopy-derive v0.7.35
[INFO] [stderr]    Compiling tokio-macros v2.4.0
[INFO] [stderr]    Compiling openssl-macros v0.1.1
[INFO] [stderr]    Compiling regex v1.11.1
[INFO] [stderr]    Compiling pin-project-internal v1.1.7
[INFO] [stderr]    Compiling num-rational v0.1.42
[INFO] [stderr]    Compiling rustls-pemfile v1.0.4
[INFO] [stderr]    Compiling bit-vec v0.6.3
[INFO] [stderr]    Compiling futures v0.1.31
[INFO] [stderr]    Compiling zeroize v1.8.1
[INFO] [stderr]    Compiling either v1.13.0
[INFO] [stderr]    Compiling num v0.1.42
[INFO] [stderr]    Compiling rustls-native-certs v0.6.3
[INFO] [stderr]    Compiling tokio v1.41.0
[INFO] [stderr]    Compiling url v2.5.2
[INFO] [stderr]    Compiling webpki v0.21.4
[INFO] [stderr]    Compiling futures-util v0.3.31
[INFO] [stderr]    Compiling rand_pcg v0.2.1
[INFO] [stderr]    Compiling sqlite3-src v0.5.1
[INFO] [stderr]    Compiling proc-macro-hack v0.5.20+deprecated
[INFO] [stderr]    Compiling zerocopy v0.7.35
[INFO] [stderr]    Compiling phf_shared v0.8.0
[INFO] [stderr]    Compiling curve25519-dalek v1.2.6
[INFO] [stderr]    Compiling sct v0.6.1
[INFO] [stderr]    Compiling http-body v0.3.1
[INFO] [stderr]    Compiling thiserror v1.0.66
[INFO] [stderr]    Compiling zip v0.5.13
[INFO] [stderr]    Compiling dirs v1.0.5
[INFO] [stderr]    Compiling socket2 v0.3.19
[INFO] [stderr]    Compiling inout v0.1.3
[INFO] [stderr]    Compiling pin-project v1.1.7
[INFO] [stderr]    Compiling httpdate v0.3.2
[INFO] [stderr]    Compiling base64 v0.12.3
[INFO] [stderr]    Compiling ppv-lite86 v0.2.20
[INFO] [stderr]    Compiling itoa v0.4.8
[INFO] [stderr]    Compiling unicase v2.8.0
[INFO] [stderr]    Compiling cipher v0.4.4
[INFO] [stderr]    Compiling digest v0.10.7
[INFO] [stderr]    Compiling universal-hash v0.5.1
[INFO] [stderr]    Compiling radium v0.7.0
[INFO] [stderr]    Compiling mime_guess v2.0.5
[INFO] [stderr]    Compiling doc-comment v0.3.3
[INFO] [stderr]    Compiling sha1 v0.10.6
[INFO] [stderr]    Compiling poly1305 v0.8.0
[INFO] [stderr]    Compiling rand_chacha v0.2.2
[INFO] [stderr]    Compiling chacha20 v0.9.1
[INFO] [stderr]    Compiling rand_chacha v0.3.1
[INFO] [stderr]    Compiling sqlite3-sys v0.15.2
[INFO] [stderr]    Compiling rand v0.7.3
[INFO] [stderr]    Compiling aead v0.5.2
[INFO] [stderr]    Compiling thread_local v1.1.8
[INFO] [stderr]    Compiling keccak v0.1.5
[INFO] [stderr]    Compiling rand v0.8.5
[INFO] [stderr]    Compiling sysinfo v0.9.6
[INFO] [stderr]    Compiling mime v0.3.17
[INFO] [stderr]    Compiling utf-8 v0.7.6
[INFO] [stderr]    Compiling tap v1.0.1
[INFO] [stderr]    Compiling data-encoding v2.6.0
[INFO] [stderr]    Compiling sha3 v0.8.2
[INFO] [stderr]    Compiling wyz v0.5.1
[INFO] [stderr]    Compiling ed25519-dalek v1.0.0-pre.1
[INFO] [stderr]    Compiling fuzzy-matcher v0.3.7
[INFO] [stderr]    Compiling chacha20poly1305 v0.10.1
[INFO] [stderr]    Compiling sqlite v0.31.1
[INFO] [stderr]    Compiling rayon v1.10.0
[INFO] [stderr]    Compiling curve25519-dalek v2.1.3
[INFO] [stderr]    Compiling phf_generator v0.8.0
[INFO] [stderr]    Compiling webpki-roots v0.20.0
[INFO] [stderr]    Compiling itertools v0.9.0
[INFO] [stderr]    Compiling dirs-sys-next v0.1.2
[INFO] [stderr]    Compiling encoding_rs v0.8.35
[INFO] [stderr]    Compiling ipnet v2.10.1
[INFO] [stderr]    Compiling phf_macros v0.8.0
[INFO] [stderr]    Compiling strum v0.15.0
[INFO] [stderr]    Compiling base64 v0.13.1
[INFO] [stderr]    Compiling funty v2.0.0
[INFO] [stderr]    Compiling dirs-next v2.0.0
[INFO] [stderr]    Compiling futures-executor v0.3.31
[INFO] [stderr]    Compiling x25519-dalek v0.6.0
[INFO] [stderr]    Compiling futures v0.3.31
[INFO] [stderr]    Compiling easy-jsonrpc-proc-macro-mw v0.5.1
[INFO] [stderr]    Compiling strum_macros v0.15.0
[INFO] [stderr]    Compiling csv-core v0.1.11
[INFO] [stderr]    Compiling matches v0.1.10
[INFO] [stderr]    Compiling idna v0.1.5
[INFO] [stderr]    Compiling term v0.7.0
[INFO] [stderr]    Compiling bitvec v1.0.1
[INFO] [stderr]    Compiling is-terminal v0.4.13
[INFO] [stderr]    Compiling percent-encoding v1.0.1
[INFO] [stderr]    Compiling unicode-width v0.1.14
[INFO] [stderr]    Compiling encode_unicode v1.0.0
[INFO] [stderr]    Compiling term v0.5.2
[INFO] [stderr]    Compiling url v1.7.2
[INFO] [stderr]    Compiling phf v0.8.0
[INFO] [stderr]    Compiling emoji v0.2.1
[INFO] [stderr]    Compiling tokio-util v0.7.12
[INFO] [stderr]    Compiling tokio-io-timeout v1.2.0
[INFO] [stderr]    Compiling log v0.4.22
[INFO] [stderr]    Compiling serde_json v1.0.132
[INFO] [stderr]    Compiling chrono v0.4.38
[INFO] [stderr]    Compiling parity-codec v3.5.4
[INFO] [stderr]    Compiling serde-value v0.5.3
[INFO] [stderr]    Compiling serde_yaml v0.8.26
[INFO] [stderr]    Compiling uuid v0.6.5
[INFO] [stderr]    Compiling toml v0.4.10
[INFO] [stderr]    Compiling serde_urlencoded v0.7.1
[INFO] [stderr]    Compiling uuid v0.7.4
[INFO] [stderr]    Compiling csv v1.3.0
[INFO] [stderr]    Compiling tracing v0.1.40
[INFO] [stderr]    Compiling mio v0.6.23
[INFO] [stderr]    Compiling env_logger v0.5.13
[INFO] [stderr]    Compiling rustls v0.18.1
[INFO] [stderr]    Compiling h2 v0.3.26
[INFO] [stderr]    Compiling tokio-native-tls v0.3.1
[INFO] [stderr]    Compiling tracing-futures v0.2.5
[INFO] [stderr]    Compiling impl-codec v0.2.0
[INFO] [stderr]    Compiling tungstenite v0.24.0
[INFO] [stderr]    Compiling primitive-types v0.3.0
[INFO] [stderr]    Compiling prettytable-rs v0.10.0
[INFO] [stderr]    Compiling mio-uds v0.6.8
[INFO] [stderr]    Compiling tokio v0.2.25
[INFO] [stderr]    Compiling jsonrpc-core v10.1.0
[INFO] [stderr]    Compiling log4rs v0.8.3
[INFO] [stderr]    Compiling timer v0.2.0
[INFO] [stderr]    Compiling keccak-hash v0.2.0
[INFO] [stderr]    Compiling easy-jsonrpc-mw v0.5.4
[INFO] [stderr]    Compiling stack_epic_util v3.6.0
[INFO] [stderr]    Compiling tokio-rustls v0.24.1
[INFO] [stderr]    Compiling stack_epic_keychain v3.6.0
[INFO] [stderr]    Compiling stack_epic_core v3.6.0
[INFO] [stderr]    Compiling hyper v0.14.31
[INFO] [stderr]    Compiling tokio-util v0.3.1
[INFO] [stderr]    Compiling tokio-tls v0.3.1
[INFO] [stderr]    Compiling tokio-rustls v0.14.1
[INFO] [stderr]    Compiling tokio-socks v0.3.0
[INFO] [stderr]    Compiling h2 v0.2.7
[INFO] [stderr]    Compiling stack_epic_store v3.6.0
[INFO] [stderr]    Compiling stack_epic_chain v3.6.0
[INFO] [stderr]    Compiling stack_epic_pool v3.6.0
[INFO] [stderr]    Compiling stack_epic_p2p v3.6.0
[INFO] [stderr]    Compiling hyper v0.13.10
[INFO] [stderr]    Compiling hyper-timeout v0.4.1
[INFO] [stderr]    Compiling hyper-rustls v0.24.2
[INFO] [stderr]    Compiling hyper-tls v0.5.0
[INFO] [stderr]    Compiling stack_epic_api v3.6.0
[INFO] [stderr]    Compiling stack_epic_wallet_util v3.6.0
[INFO] [stderr]    Compiling stack_epic_wallet_config v3.6.0
[INFO] [stderr]    Compiling stack_epic_wallet_libwallet v3.6.0
[INFO] [stderr]    Compiling hyper-tls v0.4.3
[INFO] [stderr]    Compiling hyper-rustls v0.21.0
[INFO] [stderr]    Compiling reqwest v0.10.10
[INFO] [stderr]    Compiling stack_epic_wallet_impls v3.6.0
[INFO] [stderr]    Compiling stack_epic_wallet_api v3.6.0
[INFO] [stderr]    Compiling stack_epic_wallet_controller v3.6.0 (/opt/rustwide/workdir)
[INFO] [stderr]     Finished `dev` profile [unoptimized + debuginfo] target(s) in 38.35s
[INFO] [stderr] warning: the following packages contain code that will be rejected by a future version of Rust: bigint v4.4.3, num-bigint v0.1.44, num-complex v0.1.43, num-rational v0.1.42, traitobject v0.1.0, typemap v0.3.3
[INFO] [stderr] note: to see what the problems were, use the option `--future-incompat-report`, or run `cargo report future-incompatibilities --id 1`
[INFO] running `Command { std: "docker" "inspect" "9bc21af3c98ecbca47550f7d22462a6e529efa242fe889d7177fc825ee7e4a5c", kill_on_drop: false }`
[INFO] running `Command { std: "docker" "rm" "-f" "9bc21af3c98ecbca47550f7d22462a6e529efa242fe889d7177fc825ee7e4a5c", kill_on_drop: false }`
[INFO] [stdout] 9bc21af3c98ecbca47550f7d22462a6e529efa242fe889d7177fc825ee7e4a5c
[INFO] running `Command { std: "docker" "create" "-v" "/var/lib/crater-agent-workspace/builds/worker-4-tc2/target:/opt/rustwide/target:rw,Z" "-v" "/var/lib/crater-agent-workspace/builds/worker-4-tc2/source:/opt/rustwide/workdir:ro,Z" "-v" "/var/lib/crater-agent-workspace/cargo-home:/opt/rustwide/cargo-home:ro,Z" "-v" "/var/lib/crater-agent-workspace/rustup-home:/opt/rustwide/rustup-home:ro,Z" "-e" "SOURCE_DIR=/opt/rustwide/workdir" "-e" "CARGO_TARGET_DIR=/opt/rustwide/target" "-e" "CARGO_INCREMENTAL=0" "-e" "RUST_BACKTRACE=full" "-e" "RUSTFLAGS=--cap-lints=forbid -Zrandomize-layout" "-e" "RUSTDOCFLAGS=--cap-lints=forbid" "-e" "CARGO_HOME=/opt/rustwide/cargo-home" "-e" "RUSTUP_HOME=/opt/rustwide/rustup-home" "-w" "/opt/rustwide/workdir" "-m" "1610612736" "--user" "0:0" "--network" "none" "ghcr.io/rust-lang/crates-build-env/linux@sha256:4a844ea9eb2546a2d2c7022eacef16ef2e8229c7fbb2c7d4d55a9ceca922f72d" "/opt/rustwide/cargo-home/bin/cargo" "+nightly-2024-10-28" "test" "--frozen" "--no-run" "--message-format=json", kill_on_drop: false }`
[INFO] [stdout] 78a404707d4a47a3aa01ce019c8f7950c9115e4490cc70417b0751024ae0f869
[INFO] running `Command { std: "docker" "start" "-a" "78a404707d4a47a3aa01ce019c8f7950c9115e4490cc70417b0751024ae0f869", kill_on_drop: false }`
[INFO] [stderr]    Compiling stack_epic_wallet_controller v3.6.0 (/opt/rustwide/workdir)
[INFO] [stdout] error[E0463]: can't find crate for `epic_wallet_controller`
[INFO] [stdout]   --> tests/check.rs:17:1
[INFO] [stdout]    |
[INFO] [stdout] 17 | extern crate epic_wallet_controller as wallet;
[INFO] [stdout]    | ^^^^^^^^^^^^^^^^^^^^^^^^^^^^^^^^^^^^^^^^^^^^^^ can't find crate
[INFO] [stdout] 
[INFO] [stdout] 
[INFO] [stdout] error[E0463]: can't find crate for `epic_wallet_controller`
[INFO] [stdout]   --> tests/file.rs:17:1
[INFO] [stdout]    |
[INFO] [stdout] 17 | extern crate epic_wallet_controller as wallet;
[INFO] [stdout]    | ^^^^^^^^^^^^^^^^^^^^^^^^^^^^^^^^^^^^^^^^^^^^^^ can't find crate
[INFO] [stdout] 
[INFO] [stdout] 
[INFO] [stdout] error[E0463]: can't find crate for `epic_wallet_controller`
[INFO] [stdout]   --> tests/accounts.rs:17:1
[INFO] [stdout]    |
[INFO] [stdout] 17 | extern crate epic_wallet_controller as wallet;
[INFO] [stdout]    | ^^^^^^^^^^^^^^^^^^^^^^^^^^^^^^^^^^^^^^^^^^^^^^ can't find crate
[INFO] [stdout] 
[INFO] [stdout] 
[INFO] [stdout] error[E0463]: can't find crate for `epic_wallet_controller`
[INFO] [stdout]   --> tests/invoice.rs:17:1
[INFO] [stdout]    |
[INFO] [stdout] 17 | extern crate epic_wallet_controller as wallet;
[INFO] [stdout]    | ^^^^^^^^^^^^^^^^^^^^^^^^^^^^^^^^^^^^^^^^^^^^^^ can't find crate
[INFO] [stdout] 
[INFO] [stdout] 
[INFO] [stdout] error[E0463]: can't find crate for `epic_wallet_controller`
[INFO] [stdout]   --> tests/ttl_cutoff.rs:17:1
[INFO] [stdout]    |
[INFO] [stdout] 17 | extern crate epic_wallet_controller as wallet;
[INFO] [stdout]    | ^^^^^^^^^^^^^^^^^^^^^^^^^^^^^^^^^^^^^^^^^^^^^^ can't find crate
[INFO] [stdout] 
[INFO] [stdout] 
[INFO] [stdout] error[E0463]: can't find crate for `epic_wallet_controller`
[INFO] [stdout]   --> tests/payment_proofs.rs:17:1
[INFO] [stdout]    |
[INFO] [stdout] 17 | extern crate epic_wallet_controller as wallet;
[INFO] [stdout]    | ^^^^^^^^^^^^^^^^^^^^^^^^^^^^^^^^^^^^^^^^^^^^^^ can't find crate
[INFO] [stdout] 
[INFO] [stdout] 
[INFO] [stdout] error[E0463]: can't find crate for `epic_wallet_controller`
[INFO] [stdout]   --> tests/no_change.rs:17:1
[INFO] [stdout]    |
[INFO] [stdout] 17 | extern crate epic_wallet_controller as wallet;
[INFO] [stdout]    | ^^^^^^^^^^^^^^^^^^^^^^^^^^^^^^^^^^^^^^^^^^^^^^ can't find crate
[INFO] [stdout] 
[INFO] [stdout] 
[INFO] [stdout] error[E0463]: can't find crate for `epic_wallet_controller`
[INFO] [stdout]   --> tests/repost.rs:17:1
[INFO] [stdout]    |
[INFO] [stdout] 17 | extern crate epic_wallet_controller as wallet;
[INFO] [stdout]    | ^^^^^^^^^^^^^^^^^^^^^^^^^^^^^^^^^^^^^^^^^^^^^^ can't find crate
[INFO] [stdout] 
[INFO] [stdout] 
[INFO] [stdout] error[E0463]: can't find crate for `epic_wallet_controller`
[INFO] [stdout]   --> tests/self_send.rs:17:1
[INFO] [stdout]    |
[INFO] [stdout] 17 | extern crate epic_wallet_controller as wallet;
[INFO] [stdout]    | ^^^^^^^^^^^^^^^^^^^^^^^^^^^^^^^^^^^^^^^^^^^^^^ can't find crate
[INFO] [stdout] 
[INFO] [stdout] 
[INFO] [stdout] error[E0463]: can't find crate for `epic_wallet_controller`
[INFO] [stdout]   --> tests/transaction.rs:17:1
[INFO] [stdout]    |
[INFO] [stdout] 17 | extern crate epic_wallet_controller as wallet;
[INFO] [stdout]    | ^^^^^^^^^^^^^^^^^^^^^^^^^^^^^^^^^^^^^^^^^^^^^^ can't find crate
[INFO] [stdout] 
[INFO] [stdout] 
[INFO] [stdout] error[E0463]: can't find crate for `epic_wallet_controller`
[INFO] [stdout]   --> tests/common/mod.rs:15:1
[INFO] [stdout]    |
[INFO] [stdout] 15 | extern crate epic_wallet_controller as wallet;
[INFO] [stdout]    | ^^^^^^^^^^^^^^^^^^^^^^^^^^^^^^^^^^^^^^^^^^^^^^ can't find crate
[INFO] [stdout] 
[INFO] [stdout] 
[INFO] [stdout] error[E0463]: can't find crate for `epic_wallet_controller`
[INFO] [stdout]   --> tests/common/mod.rs:15:1
[INFO] [stdout]    |
[INFO] [stdout] 15 | extern crate epic_wallet_controller as wallet;
[INFO] [stdout]    | ^^^^^^^^^^^^^^^^^^^^^^^^^^^^^^^^^^^^^^^^^^^^^^ can't find crate
[INFO] [stdout] 
[INFO] [stdout] 
[INFO] [stdout] error[E0463]: can't find crate for `epic_wallet_controller`
[INFO] [stdout]   --> tests/common/mod.rs:15:1
[INFO] [stdout]    |
[INFO] [stdout] 15 | extern crate epic_wallet_controller as wallet;
[INFO] [stdout]    | ^^^^^^^^^^^^^^^^^^^^^^^^^^^^^^^^^^^^^^^^^^^^^^ can't find crate
[INFO] [stdout] 
[INFO] [stdout] 
[INFO] [stdout] error[E0463]: can't find crate for `epic_wallet_controller`
[INFO] [stdout]   --> tests/common/mod.rs:15:1
[INFO] [stdout]    |
[INFO] [stdout] 15 | extern crate epic_wallet_controller as wallet;
[INFO] [stdout]    | ^^^^^^^^^^^^^^^^^^^^^^^^^^^^^^^^^^^^^^^^^^^^^^ can't find crate
[INFO] [stdout] 
[INFO] [stdout] 
[INFO] [stdout] error[E0463]: can't find crate for `epic_wallet_controller`
[INFO] [stdout]   --> tests/common/mod.rs:15:1
[INFO] [stdout]    |
[INFO] [stdout] 15 | extern crate epic_wallet_controller as wallet;
[INFO] [stdout]    | ^^^^^^^^^^^^^^^^^^^^^^^^^^^^^^^^^^^^^^^^^^^^^^ can't find crate
[INFO] [stdout] 
[INFO] [stdout] 
[INFO] [stdout] error[E0463]: can't find crate for `epic_wallet_controller`
[INFO] [stdout]   --> tests/common/mod.rs:15:1
[INFO] [stdout]    |
[INFO] [stdout] 15 | extern crate epic_wallet_controller as wallet;
[INFO] [stdout]    | ^^^^^^^^^^^^^^^^^^^^^^^^^^^^^^^^^^^^^^^^^^^^^^ can't find crate
[INFO] [stdout] 
[INFO] [stdout] 
[INFO] [stdout] error[E0463]: can't find crate for `epic_wallet_controller`
[INFO] [stdout]   --> tests/common/mod.rs:15:1
[INFO] [stdout]    |
[INFO] [stdout] 15 | extern crate epic_wallet_controller as wallet;
[INFO] [stdout]    | ^^^^^^^^^^^^^^^^^^^^^^^^^^^^^^^^^^^^^^^^^^^^^^ can't find crate
[INFO] [stdout] 
[INFO] [stdout] 
[INFO] [stdout] error[E0463]: can't find crate for `epic_wallet_controller`
[INFO] [stdout]   --> tests/common/mod.rs:15:1
[INFO] [stdout]    |
[INFO] [stdout] 15 | extern crate epic_wallet_controller as wallet;
[INFO] [stdout]    | ^^^^^^^^^^^^^^^^^^^^^^^^^^^^^^^^^^^^^^^^^^^^^^ can't find crate
[INFO] [stdout] 
[INFO] [stdout] 
[INFO] [stdout] error[E0463]: can't find crate for `epic_wallet_controller`
[INFO] [stdout]   --> tests/common/mod.rs:15:1
[INFO] [stdout]    |
[INFO] [stdout] 15 | extern crate epic_wallet_controller as wallet;
[INFO] [stdout]    | ^^^^^^^^^^^^^^^^^^^^^^^^^^^^^^^^^^^^^^^^^^^^^^ can't find crate
[INFO] [stdout] 
[INFO] [stdout] 
[INFO] [stdout] error[E0463]: can't find crate for `epic_wallet_controller`
[INFO] [stdout]   --> tests/common/mod.rs:15:1
[INFO] [stdout]    |
[INFO] [stdout] 15 | extern crate epic_wallet_controller as wallet;
[INFO] [stdout]    | ^^^^^^^^^^^^^^^^^^^^^^^^^^^^^^^^^^^^^^^^^^^^^^ can't find crate
[INFO] [stdout] 
[INFO] [stdout] 
[INFO] [stdout] error[E0463]: can't find crate for `epic_wallet_controller`
[INFO] [stdout]   --> tests/updater_thread.rs:18:1
[INFO] [stdout]    |
[INFO] [stdout] 18 | extern crate epic_wallet_controller as wallet;
[INFO] [stdout]    | ^^^^^^^^^^^^^^^^^^^^^^^^^^^^^^^^^^^^^^^^^^^^^^ can't find crate
[INFO] [stdout] 
[INFO] [stdout] 
[INFO] [stdout] error[E0463]: can't find crate for `epic_wallet_controller`
[INFO] [stdout]   --> tests/common/mod.rs:15:1
[INFO] [stdout]    |
[INFO] [stdout] 15 | extern crate epic_wallet_controller as wallet;
[INFO] [stdout]    | ^^^^^^^^^^^^^^^^^^^^^^^^^^^^^^^^^^^^^^^^^^^^^^ can't find crate
[INFO] [stdout] 
[INFO] [stdout] 
[INFO] [stdout] For more information about this error, try `rustc --explain E0463`.
[INFO] [stdout] 
[INFO] [stdout] For more information about this error, try `rustc --explain E0463`.
[INFO] [stdout] 
[INFO] [stdout] For more information about this error, try `rustc --explain E0463`.
[INFO] [stdout] 
[INFO] [stdout] For more information about this error, try `rustc --explain E0463`.
[INFO] [stdout] 
[INFO] [stdout] For more information about this error, try `rustc --explain E0463`.
[INFO] [stdout] 
[INFO] [stderr] error: could not compile `stack_epic_wallet_controller` (test "ttl_cutoff") due to 2 previous errors
[INFO] [stderr] warning: build failed, waiting for other jobs to finish...
[INFO] [stderr] error: could not compile `stack_epic_wallet_controller` (test "no_change") due to 2 previous errors
[INFO] [stderr] error: could not compile `stack_epic_wallet_controller` (test "self_send") due to 2 previous errors
[INFO] [stderr] error: could not compile `stack_epic_wallet_controller` (test "updater_thread") due to 2 previous errors
[INFO] [stdout] For more information about this error, try `rustc --explain E0463`.
[INFO] [stdout] 
[INFO] [stderr] error: could not compile `stack_epic_wallet_controller` (test "invoice") due to 2 previous errors
[INFO] [stderr] error: could not compile `stack_epic_wallet_controller` (test "repost") due to 2 previous errors
[INFO] [stdout] For more information about this error, try `rustc --explain E0463`.
[INFO] [stdout] 
[INFO] [stderr] error: could not compile `stack_epic_wallet_controller` (test "file") due to 2 previous errors
[INFO] [stdout] For more information about this error, try `rustc --explain E0463`.
[INFO] [stdout] 
[INFO] [stderr] error: could not compile `stack_epic_wallet_controller` (test "accounts") due to 2 previous errors
[INFO] [stdout] For more information about this error, try `rustc --explain E0463`.
[INFO] [stdout] 
[INFO] [stderr] error: could not compile `stack_epic_wallet_controller` (test "transaction") due to 2 previous errors
[INFO] [stdout] For more information about this error, try `rustc --explain E0463`.
[INFO] [stdout] 
[INFO] [stderr] error: could not compile `stack_epic_wallet_controller` (test "payment_proofs") due to 2 previous errors
[INFO] [stdout] For more information about this error, try `rustc --explain E0463`.
[INFO] [stdout] 
[INFO] [stderr] error: could not compile `stack_epic_wallet_controller` (test "check") due to 2 previous errors
[INFO] running `Command { std: "docker" "inspect" "78a404707d4a47a3aa01ce019c8f7950c9115e4490cc70417b0751024ae0f869", kill_on_drop: false }`
[INFO] running `Command { std: "docker" "rm" "-f" "78a404707d4a47a3aa01ce019c8f7950c9115e4490cc70417b0751024ae0f869", kill_on_drop: false }`
[INFO] [stdout] 78a404707d4a47a3aa01ce019c8f7950c9115e4490cc70417b0751024ae0f869
