[INFO] fetching crate stack_epic_pool 3.6.0...
[INFO] testing stack_epic_pool-3.6.0 against nightly-2024-10-28+rustflags=-Zrandomize-layout for randomize-layout
[INFO] extracting crate stack_epic_pool 3.6.0 into /workspace/builds/worker-6-tc2/source
[INFO] validating manifest of crates.io crate stack_epic_pool 3.6.0 on toolchain nightly-2024-10-28
[INFO] running `Command { std: CARGO_HOME="/workspace/cargo-home" RUSTUP_HOME="/workspace/rustup-home" "/workspace/cargo-home/bin/cargo" "+nightly-2024-10-28" "metadata" "--manifest-path" "Cargo.toml" "--no-deps", kill_on_drop: false }`
[INFO] started tweaking crates.io crate stack_epic_pool 3.6.0
[INFO] finished tweaking crates.io crate stack_epic_pool 3.6.0
[INFO] tweaked toml for crates.io crate stack_epic_pool 3.6.0 written to /workspace/builds/worker-6-tc2/source/Cargo.toml
[INFO] running `Command { std: CARGO_HOME="/workspace/cargo-home" RUSTUP_HOME="/workspace/rustup-home" "/workspace/cargo-home/bin/cargo" "+nightly-2024-10-28" "generate-lockfile" "--manifest-path" "Cargo.toml", kill_on_drop: false }`
[INFO] [stderr]     Updating crates.io index
[INFO] [stderr]      Locking 202 packages to latest compatible versions
[INFO] [stderr]       Adding rand v0.6.5 (available: v0.8.5)
[INFO] [stderr]       Adding subtle v2.4.1 (available: v2.6.1)
[INFO] running `Command { std: CARGO_HOME="/workspace/cargo-home" RUSTUP_HOME="/workspace/rustup-home" "/workspace/cargo-home/bin/cargo" "+nightly-2024-10-28" "fetch" "--manifest-path" "Cargo.toml", kill_on_drop: false }`
[INFO] running `Command { std: "docker" "create" "-v" "/var/lib/crater-agent-workspace/builds/worker-6-tc2/target:/opt/rustwide/target:rw,Z" "-v" "/var/lib/crater-agent-workspace/builds/worker-6-tc2/source:/opt/rustwide/workdir:ro,Z" "-v" "/var/lib/crater-agent-workspace/cargo-home:/opt/rustwide/cargo-home:ro,Z" "-v" "/var/lib/crater-agent-workspace/rustup-home:/opt/rustwide/rustup-home:ro,Z" "-e" "SOURCE_DIR=/opt/rustwide/workdir" "-e" "CARGO_TARGET_DIR=/opt/rustwide/target" "-e" "CARGO_HOME=/opt/rustwide/cargo-home" "-e" "RUSTUP_HOME=/opt/rustwide/rustup-home" "-w" "/opt/rustwide/workdir" "-m" "1610612736" "--user" "0:0" "--network" "none" "ghcr.io/rust-lang/crates-build-env/linux@sha256:4a844ea9eb2546a2d2c7022eacef16ef2e8229c7fbb2c7d4d55a9ceca922f72d" "/opt/rustwide/cargo-home/bin/cargo" "+nightly-2024-10-28" "metadata" "--no-deps" "--format-version=1", kill_on_drop: false }`
[INFO] [stdout] 0a3b4f05fa7afc444deb040d5a1123c6fffb3fe82ac0dc6fce15ff1e6eb4bfca
[INFO] running `Command { std: "docker" "start" "-a" "0a3b4f05fa7afc444deb040d5a1123c6fffb3fe82ac0dc6fce15ff1e6eb4bfca", kill_on_drop: false }`
[INFO] running `Command { std: "docker" "inspect" "0a3b4f05fa7afc444deb040d5a1123c6fffb3fe82ac0dc6fce15ff1e6eb4bfca", kill_on_drop: false }`
[INFO] running `Command { std: "docker" "rm" "-f" "0a3b4f05fa7afc444deb040d5a1123c6fffb3fe82ac0dc6fce15ff1e6eb4bfca", kill_on_drop: false }`
[INFO] [stdout] 0a3b4f05fa7afc444deb040d5a1123c6fffb3fe82ac0dc6fce15ff1e6eb4bfca
[INFO] running `Command { std: "docker" "create" "-v" "/var/lib/crater-agent-workspace/builds/worker-6-tc2/target:/opt/rustwide/target:rw,Z" "-v" "/var/lib/crater-agent-workspace/builds/worker-6-tc2/source:/opt/rustwide/workdir:ro,Z" "-v" "/var/lib/crater-agent-workspace/cargo-home:/opt/rustwide/cargo-home:ro,Z" "-v" "/var/lib/crater-agent-workspace/rustup-home:/opt/rustwide/rustup-home:ro,Z" "-e" "SOURCE_DIR=/opt/rustwide/workdir" "-e" "CARGO_TARGET_DIR=/opt/rustwide/target" "-e" "CARGO_INCREMENTAL=0" "-e" "RUST_BACKTRACE=full" "-e" "RUSTFLAGS=--cap-lints=forbid -Zrandomize-layout" "-e" "RUSTDOCFLAGS=--cap-lints=forbid" "-e" "CARGO_HOME=/opt/rustwide/cargo-home" "-e" "RUSTUP_HOME=/opt/rustwide/rustup-home" "-w" "/opt/rustwide/workdir" "-m" "1610612736" "--user" "0:0" "--network" "none" "ghcr.io/rust-lang/crates-build-env/linux@sha256:4a844ea9eb2546a2d2c7022eacef16ef2e8229c7fbb2c7d4d55a9ceca922f72d" "/opt/rustwide/cargo-home/bin/cargo" "+nightly-2024-10-28" "build" "--frozen" "--message-format=json", kill_on_drop: false }`
[INFO] [stdout] 5fc4c4193d72454b987a1c150fe4793ee82c8626de31cc995623f08f22f981fe
[INFO] running `Command { std: "docker" "start" "-a" "5fc4c4193d72454b987a1c150fe4793ee82c8626de31cc995623f08f22f981fe", kill_on_drop: false }`
[INFO] [stderr]    Compiling autocfg v1.4.0
[INFO] [stderr]    Compiling proc-macro2 v1.0.89
[INFO] [stderr]    Compiling unicode-ident v1.0.13
[INFO] [stderr]    Compiling libc v0.2.161
[INFO] [stderr]    Compiling rand_core v0.4.2
[INFO] [stderr]    Compiling serde v1.0.214
[INFO] [stderr]    Compiling typenum v1.17.0
[INFO] [stderr]    Compiling memchr v2.7.4
[INFO] [stderr]    Compiling byteorder v1.5.0
[INFO] [stderr]    Compiling version_check v0.9.5
[INFO] [stderr]    Compiling cfg-if v1.0.0
[INFO] [stderr]    Compiling shlex v1.3.0
[INFO] [stderr]    Compiling semver-parser v0.7.0
[INFO] [stderr]    Compiling arrayvec v0.4.12
[INFO] [stderr]    Compiling adler2 v2.0.0
[INFO] [stderr]    Compiling maybe-uninit v2.0.0
[INFO] [stderr]    Compiling nodrop v0.1.14
[INFO] [stderr]    Compiling miniz_oxide v0.8.0
[INFO] [stderr]    Compiling serde_json v1.0.132
[INFO] [stderr]    Compiling ryu v1.0.18
[INFO] [stderr]    Compiling rand_core v0.3.1
[INFO] [stderr]    Compiling cc v1.1.31
[INFO] [stderr]    Compiling autocfg v0.1.8
[INFO] [stderr]    Compiling semver v0.9.0
[INFO] [stderr]    Compiling crunchy v0.2.2
[INFO] [stderr]    Compiling linked-hash-map v0.5.6
[INFO] [stderr]    Compiling crc32fast v1.4.2
[INFO] [stderr]    Compiling quick-error v1.2.3
[INFO] [stderr]    Compiling thiserror v1.0.66
[INFO] [stderr]    Compiling itoa v1.0.11
[INFO] [stderr]    Compiling generic-array v0.14.7
[INFO] [stderr]    Compiling subtle v2.4.1
[INFO] [stderr]    Compiling rustc_version v0.2.3
[INFO] [stderr]    Compiling syn v1.0.109
[INFO] [stderr]    Compiling num-traits v0.2.19
[INFO] [stderr]    Compiling indexmap v1.9.3
[INFO] [stderr]    Compiling rand_pcg v0.1.2
[INFO] [stderr]    Compiling rand_chacha v0.1.1
[INFO] [stderr]    Compiling gimli v0.31.1
[INFO] [stderr]    Compiling stable_deref_trait v1.2.0
[INFO] [stderr]    Compiling hashbrown v0.12.3
[INFO] [stderr]    Compiling traitobject v0.1.0
[INFO] [stderr]    Compiling object v0.36.5
[INFO] [stderr]    Compiling unsafe-any v0.4.2
[INFO] [stderr]    Compiling parking_lot_core v0.3.1
[INFO] [stderr]    Compiling owning_ref v0.4.1
[INFO] [stderr]    Compiling num-bigint v0.2.6
[INFO] [stderr]    Compiling rand v0.6.5
[INFO] [stderr]    Compiling yaml-rust v0.4.5
[INFO] [stderr]    Compiling humantime v1.3.0
[INFO] [stderr]    Compiling smallvec v0.6.14
[INFO] [stderr]    Compiling scopeguard v0.3.3
[INFO] [stderr]    Compiling rustc-demangle v0.1.24
[INFO] [stderr]    Compiling rustc-hex v2.1.0
[INFO] [stderr]    Compiling iana-time-zone v0.1.61
[INFO] [stderr]    Compiling opaque-debug v0.3.1
[INFO] [stderr]    Compiling quote v1.0.37
[INFO] [stderr]    Compiling lock_api v0.1.5
[INFO] [stderr]    Compiling rand v0.5.6
[INFO] [stderr]    Compiling syn v2.0.86
[INFO] [stderr]    Compiling rand_os v0.1.3
[INFO] [stderr]    Compiling thread-id v3.3.0
[INFO] [stderr]    Compiling flate2 v1.0.34
[INFO] [stderr]    Compiling typemap v0.3.3
[INFO] [stderr]    Compiling num-rational v0.2.4
[INFO] [stderr]    Compiling num-complex v0.2.4
[INFO] [stderr]    Compiling rand_xorshift v0.1.1
[INFO] [stderr]    Compiling rand_isaac v0.1.1
[INFO] [stderr]    Compiling rand_hc v0.1.0
[INFO] [stderr]    Compiling generic-array v0.12.4
[INFO] [stderr]    Compiling rand_jitter v0.1.4
[INFO] [stderr]    Compiling gcc v0.3.55
[INFO] [stderr]    Compiling num-integer v0.1.46
[INFO] [stderr]    Compiling ordered-float v1.1.1
[INFO] [stderr]    Compiling safemem v0.3.3
[INFO] [stderr]    Compiling crunchy v0.1.6
[INFO] [stderr]    Compiling byte-tools v0.3.1
[INFO] [stderr]    Compiling rand_core v0.6.4
[INFO] [stderr]    Compiling base64ct v1.6.0
[INFO] [stderr]    Compiling log-mdc v0.1.0
[INFO] [stderr]    Compiling fnv v1.0.7
[INFO] [stderr]    Compiling same-file v1.0.6
[INFO] [stderr]    Compiling arc-swap v0.3.11
[INFO] [stderr]    Compiling failure_derive v0.1.8
[INFO] [stderr]    Compiling unicode-xid v0.2.6
[INFO] [stderr]    Compiling static_assertions v0.2.5
[INFO] [stderr]    Compiling cpufeatures v0.2.14
[INFO] [stderr]    Compiling arrayvec v0.7.6
[INFO] [stderr]    Compiling grin_secp256k1zkp v0.7.14
[INFO] [stderr]    Compiling croaring-sys v2.1.0
[INFO] [stderr]    Compiling antidote v1.0.0
[INFO] [stderr]    Compiling digest v0.9.0
[INFO] [stderr]    Compiling block-buffer v0.9.0
[INFO] [stderr]    Compiling crypto-mac v0.11.1
[INFO] [stderr]    Compiling password-hash v0.2.3
[INFO] [stderr]    Compiling walkdir v2.5.0
[INFO] [stderr]    Compiling liblmdb-sys v0.2.2
[INFO] [stderr]    Compiling hmac v0.11.0
[INFO] [stderr]    Compiling sha2 v0.9.9
[INFO] [stderr]    Compiling block-padding v0.1.5
[INFO] [stderr]    Compiling base64 v0.9.3
[INFO] [stderr]    Compiling rand v0.4.6
[INFO] [stderr]    Compiling fixed-hash v0.3.2
[INFO] [stderr]    Compiling uint v0.7.1
[INFO] [stderr]    Compiling aho-corasick v1.1.3
[INFO] [stderr]    Compiling parking_lot v0.6.4
[INFO] [stderr]    Compiling lazy_static v1.5.0
[INFO] [stderr]    Compiling cfg-if v0.1.10
[INFO] [stderr]    Compiling regex-syntax v0.8.5
[INFO] [stderr]    Compiling rustix v0.38.38
[INFO] [stderr]    Compiling constant_time_eq v0.1.5
[INFO] [stderr]    Compiling pbkdf2 v0.8.0
[INFO] [stderr]    Compiling blake2-rfc v0.2.18
[INFO] [stderr]    Compiling block-buffer v0.7.3
[INFO] [stderr]    Compiling ripemd160 v0.9.1
[INFO] [stderr]    Compiling digest v0.8.1
[INFO] [stderr]    Compiling num-iter v0.1.45
[INFO] [stderr]    Compiling num-traits v0.1.43
[INFO] [stderr]    Compiling tiny-keccak v1.5.0
[INFO] [stderr]    Compiling bitflags v2.6.0
[INFO] [stderr]    Compiling opaque-debug v0.2.3
[INFO] [stderr]    Compiling fake-simd v0.1.2
[INFO] [stderr]    Compiling linux-raw-sys v0.4.14
[INFO] [stderr]    Compiling enum_primitive v0.1.1
[INFO] [stderr]    Compiling sha2 v0.8.2
[INFO] [stderr]    Compiling bigint v4.4.3
[INFO] [stderr]    Compiling addr2line v0.24.2
[INFO] [stderr]    Compiling atty v0.2.14
[INFO] [stderr]    Compiling lru-cache v0.1.2
[INFO] [stderr]    Compiling md5 v0.6.1
[INFO] [stderr]    Compiling num v0.2.1
[INFO] [stderr]    Compiling siphasher v0.2.3
[INFO] [stderr]    Compiling fastrand v2.1.1
[INFO] [stderr]    Compiling bitflags v0.9.1
[INFO] [stderr]    Compiling termcolor v1.4.1
[INFO] [stderr]    Compiling supercow v0.1.0
[INFO] [stderr]    Compiling once_cell v1.20.2
[INFO] [stderr]    Compiling memmap v0.7.0
[INFO] [stderr]    Compiling synstructure v0.12.6
[INFO] [stderr]    Compiling croaring v1.1.0
[INFO] [stderr]    Compiling regex-automata v0.4.8
[INFO] [stderr]    Compiling backtrace v0.3.74
[INFO] [stderr]    Compiling tempfile v3.13.0
[INFO] [stderr]    Compiling failure v0.1.8
[INFO] [stderr]    Compiling lmdb-zero v0.4.4
[INFO] [stderr]    Compiling serde_derive v1.0.214
[INFO] [stderr]    Compiling zeroize_derive v1.4.2
[INFO] [stderr]    Compiling thiserror-impl v1.0.66
[INFO] [stderr]    Compiling zeroize v1.8.1
[INFO] [stderr]    Compiling zip v0.5.13
[INFO] [stderr]    Compiling regex v1.11.1
[INFO] [stderr]    Compiling log v0.4.22
[INFO] [stderr]    Compiling serde_yaml v0.8.26
[INFO] [stderr]    Compiling chrono v0.4.38
[INFO] [stderr]    Compiling serde-value v0.5.3
[INFO] [stderr]    Compiling parity-codec v3.5.4
[INFO] [stderr]    Compiling uuid v0.6.5
[INFO] [stderr]    Compiling env_logger v0.5.13
[INFO] [stderr]    Compiling impl-codec v0.2.0
[INFO] [stderr]    Compiling primitive-types v0.3.0
[INFO] [stderr]    Compiling log4rs v0.8.3
[INFO] [stderr]    Compiling keccak-hash v0.2.0
[INFO] [stderr]    Compiling stack_epic_util v3.6.0
[INFO] [stderr]    Compiling stack_epic_keychain v3.6.0
[INFO] [stderr]    Compiling stack_epic_core v3.6.0
[INFO] [stderr]    Compiling stack_epic_store v3.6.0
[INFO] [stderr]    Compiling stack_epic_pool v3.6.0 (/opt/rustwide/workdir)
[INFO] [stdout] warning: non-local `impl` definition, `impl` blocks should be written at the same level as their item
[INFO] [stdout]    --> src/types.rs:188:17
[INFO] [stdout]     |
[INFO] [stdout] 188 | #[derive(Debug, Fail, PartialEq)]
[INFO] [stdout]     |                 ^---
[INFO] [stdout]     |                 |
[INFO] [stdout]     |                 `Fail` is not local
[INFO] [stdout]     |                 move the `impl` block outside of this constant `_DERIVE_failure_Fail_FOR_PoolError`
[INFO] [stdout] 189 | pub enum PoolError {
[INFO] [stdout]     |          --------- `PoolError` is not local
[INFO] [stdout]     |
[INFO] [stdout]     = note: the derive macro `Fail` defines the non-local `impl`, and may need to be changed
[INFO] [stdout]     = note: the derive macro `Fail` may come from an old version of the `failure_derive` crate, try updating your dependency with `cargo update -p failure_derive`
[INFO] [stdout]     = note: an `impl` is never scoped, even when it is nested inside an item, as it may impact type checking outside of that item, which can be the case if neither the trait or the self type are at the same nesting level as the `impl`
[INFO] [stdout]     = note: items in an anonymous const item (`const _: () = { ... }`) are treated as in the same scope as the anonymous const's declaration for the purpose of this lint
[INFO] [stdout]     = note: `#[warn(non_local_definitions)]` on by default
[INFO] [stdout]     = note: this warning originates in the derive macro `Fail` (in Nightly builds, run with -Z macro-backtrace for more info)
[INFO] [stdout] 
[INFO] [stdout] 
[INFO] [stdout] warning: non-local `impl` definition, `impl` blocks should be written at the same level as their item
[INFO] [stdout]    --> src/types.rs:188:17
[INFO] [stdout]     |
[INFO] [stdout] 188 | #[derive(Debug, Fail, PartialEq)]
[INFO] [stdout]     |                 ^---
[INFO] [stdout]     |                 |
[INFO] [stdout]     |                 `Display` is not local
[INFO] [stdout]     |                 move the `impl` block outside of this constant `_DERIVE_failure_core_fmt_Display_FOR_PoolError`
[INFO] [stdout] 189 | pub enum PoolError {
[INFO] [stdout]     |          --------- `PoolError` is not local
[INFO] [stdout]     |
[INFO] [stdout]     = note: the derive macro `Fail` defines the non-local `impl`, and may need to be changed
[INFO] [stdout]     = note: the derive macro `Fail` may come from an old version of the `failure_derive` crate, try updating your dependency with `cargo update -p failure_derive`
[INFO] [stdout]     = note: an `impl` is never scoped, even when it is nested inside an item, as it may impact type checking outside of that item, which can be the case if neither the trait or the self type are at the same nesting level as the `impl`
[INFO] [stdout]     = note: items in an anonymous const item (`const _: () = { ... }`) are treated as in the same scope as the anonymous const's declaration for the purpose of this lint
[INFO] [stdout]     = note: this warning originates in the derive macro `Fail` (in Nightly builds, run with -Z macro-backtrace for more info)
[INFO] [stdout] 
[INFO] [stdout] 
[INFO] [stderr]     Finished `dev` profile [unoptimized + debuginfo] target(s) in 43.68s
[INFO] [stderr] warning: the following packages contain code that will be rejected by a future version of Rust: bigint v4.4.3, traitobject v0.1.0, typemap v0.3.3
[INFO] [stderr] note: to see what the problems were, use the option `--future-incompat-report`, or run `cargo report future-incompatibilities --id 1`
[INFO] running `Command { std: "docker" "inspect" "5fc4c4193d72454b987a1c150fe4793ee82c8626de31cc995623f08f22f981fe", kill_on_drop: false }`
[INFO] running `Command { std: "docker" "rm" "-f" "5fc4c4193d72454b987a1c150fe4793ee82c8626de31cc995623f08f22f981fe", kill_on_drop: false }`
[INFO] [stdout] 5fc4c4193d72454b987a1c150fe4793ee82c8626de31cc995623f08f22f981fe
[INFO] running `Command { std: "docker" "create" "-v" "/var/lib/crater-agent-workspace/builds/worker-6-tc2/target:/opt/rustwide/target:rw,Z" "-v" "/var/lib/crater-agent-workspace/builds/worker-6-tc2/source:/opt/rustwide/workdir:ro,Z" "-v" "/var/lib/crater-agent-workspace/cargo-home:/opt/rustwide/cargo-home:ro,Z" "-v" "/var/lib/crater-agent-workspace/rustup-home:/opt/rustwide/rustup-home:ro,Z" "-e" "SOURCE_DIR=/opt/rustwide/workdir" "-e" "CARGO_TARGET_DIR=/opt/rustwide/target" "-e" "CARGO_INCREMENTAL=0" "-e" "RUST_BACKTRACE=full" "-e" "RUSTFLAGS=--cap-lints=forbid -Zrandomize-layout" "-e" "RUSTDOCFLAGS=--cap-lints=forbid" "-e" "CARGO_HOME=/opt/rustwide/cargo-home" "-e" "RUSTUP_HOME=/opt/rustwide/rustup-home" "-w" "/opt/rustwide/workdir" "-m" "1610612736" "--user" "0:0" "--network" "none" "ghcr.io/rust-lang/crates-build-env/linux@sha256:4a844ea9eb2546a2d2c7022eacef16ef2e8229c7fbb2c7d4d55a9ceca922f72d" "/opt/rustwide/cargo-home/bin/cargo" "+nightly-2024-10-28" "test" "--frozen" "--no-run" "--message-format=json", kill_on_drop: false }`
[INFO] [stdout] 79c8f3380e76c4e17a062a598da62a67ce9889319e48400dd78c86f634323794
[INFO] running `Command { std: "docker" "start" "-a" "79c8f3380e76c4e17a062a598da62a67ce9889319e48400dd78c86f634323794", kill_on_drop: false }`
[INFO] [stderr]    Compiling bitflags v1.3.2
[INFO] [stderr]    Compiling bit-vec v0.6.3
[INFO] [stdout] warning: non-local `impl` definition, `impl` blocks should be written at the same level as their item
[INFO] [stdout]    --> src/types.rs:188:17
[INFO] [stdout]     |
[INFO] [stdout] 188 | #[derive(Debug, Fail, PartialEq)]
[INFO] [stdout]     |                 ^---
[INFO] [stdout]     |                 |
[INFO] [stdout]     |                 `Fail` is not local
[INFO] [stdout]     |                 move the `impl` block outside of this constant `_DERIVE_failure_Fail_FOR_PoolError`
[INFO] [stdout] 189 | pub enum PoolError {
[INFO] [stdout]     |          --------- `PoolError` is not local
[INFO] [stdout]     |
[INFO] [stdout]     = note: the derive macro `Fail` defines the non-local `impl`, and may need to be changed
[INFO] [stdout]     = note: the derive macro `Fail` may come from an old version of the `failure_derive` crate, try updating your dependency with `cargo update -p failure_derive`
[INFO] [stdout]     = note: an `impl` is never scoped, even when it is nested inside an item, as it may impact type checking outside of that item, which can be the case if neither the trait or the self type are at the same nesting level as the `impl`
[INFO] [stdout]     = note: items in an anonymous const item (`const _: () = { ... }`) are treated as in the same scope as the anonymous const's declaration for the purpose of this lint
[INFO] [stdout]     = note: `#[warn(non_local_definitions)]` on by default
[INFO] [stdout]     = note: this warning originates in the derive macro `Fail` (in Nightly builds, run with -Z macro-backtrace for more info)
[INFO] [stdout] 
[INFO] [stdout] 
[INFO] [stdout] warning: non-local `impl` definition, `impl` blocks should be written at the same level as their item
[INFO] [stdout]    --> src/types.rs:188:17
[INFO] [stdout]     |
[INFO] [stdout] 188 | #[derive(Debug, Fail, PartialEq)]
[INFO] [stdout]     |                 ^---
[INFO] [stdout]     |                 |
[INFO] [stdout]     |                 `Display` is not local
[INFO] [stdout]     |                 move the `impl` block outside of this constant `_DERIVE_failure_core_fmt_Display_FOR_PoolError`
[INFO] [stdout] 189 | pub enum PoolError {
[INFO] [stdout]     |          --------- `PoolError` is not local
[INFO] [stdout]     |
[INFO] [stdout]     = note: the derive macro `Fail` defines the non-local `impl`, and may need to be changed
[INFO] [stdout]     = note: the derive macro `Fail` may come from an old version of the `failure_derive` crate, try updating your dependency with `cargo update -p failure_derive`
[INFO] [stdout]     = note: an `impl` is never scoped, even when it is nested inside an item, as it may impact type checking outside of that item, which can be the case if neither the trait or the self type are at the same nesting level as the `impl`
[INFO] [stdout]     = note: items in an anonymous const item (`const _: () = { ... }`) are treated as in the same scope as the anonymous const's declaration for the purpose of this lint
[INFO] [stdout]     = note: this warning originates in the derive macro `Fail` (in Nightly builds, run with -Z macro-backtrace for more info)
[INFO] [stdout] 
[INFO] [stdout] 
[INFO] [stderr]    Compiling stack_epic_chain v3.6.0
[INFO] [stderr]    Compiling stack_epic_pool v3.6.0 (/opt/rustwide/workdir)
[INFO] [stdout] error[E0433]: failed to resolve: could not find `pool` in `self`
[INFO] [stdout]   --> tests/common.rs:23:11
[INFO] [stdout]    |
[INFO] [stdout] 23 | use self::pool::types::*;
[INFO] [stdout]    |           ^^^^ could not find `pool` in `self`
[INFO] [stdout] 
[INFO] [stdout] 
[INFO] [stdout] error[E0433]: failed to resolve: could not find `pool` in `self`
[INFO] [stdout]   --> tests/common.rs:23:11
[INFO] [stdout]    |
[INFO] [stdout] 23 | use self::pool::types::*;
[INFO] [stdout]    |           ^^^^ could not find `pool` in `self`
[INFO] [stdout] 
[INFO] [stdout] 
[INFO] [stdout] error[E0433]: failed to resolve: could not find `pool` in `self`
[INFO] [stdout]   --> tests/common.rs:23:11
[INFO] [stdout]    |
[INFO] [stdout] 23 | use self::pool::types::*;
[INFO] [stdout]    |           ^^^^ could not find `pool` in `self`
[INFO] [stdout] 
[INFO] [stdout] 
[INFO] [stdout] error[E0432]: unresolved import `self::pool`
[INFO] [stdout]   --> tests/common.rs:24:11
[INFO] [stdout]    |
[INFO] [stdout] 24 | use self::pool::TransactionPool;
[INFO] [stdout]    |           ^^^^ could not find `pool` in `self`
[INFO] [stdout] 
[INFO] [stdout] 
[INFO] [stdout] error[E0432]: unresolved import `epic_pool`
[INFO] [stdout]   --> tests/common.rs:30:5
[INFO] [stdout]    |
[INFO] [stdout] 30 | use epic_pool as pool;
[INFO] [stdout]    |     ^^^^^^^^^^^^^^^^^ no external crate `epic_pool`
[INFO] [stdout] 
[INFO] [stdout] 
[INFO] [stdout] error[E0432]: unresolved import `self::pool`
[INFO] [stdout]   --> tests/common.rs:24:11
[INFO] [stdout]    |
[INFO] [stdout] 24 | use self::pool::TransactionPool;
[INFO] [stdout]    |           ^^^^ could not find `pool` in `self`
[INFO] [stdout] 
[INFO] [stdout] 
[INFO] [stdout] error[E0432]: unresolved import `epic_pool`
[INFO] [stdout]   --> tests/common.rs:30:5
[INFO] [stdout]    |
[INFO] [stdout] 30 | use epic_pool as pool;
[INFO] [stdout]    |     ^^^^^^^^^^^^^^^^^ no external crate `epic_pool`
[INFO] [stdout] 
[INFO] [stdout] 
[INFO] [stdout] error[E0433]: failed to resolve: could not find `pool` in `self`
[INFO] [stdout]   --> tests/common.rs:23:11
[INFO] [stdout]    |
[INFO] [stdout] 23 | use self::pool::types::*;
[INFO] [stdout]    |           ^^^^ could not find `pool` in `self`
[INFO] [stdout] 
[INFO] [stdout] 
[INFO] [stdout] error[E0432]: unresolved import `epic_pool`
[INFO] [stdout]   --> tests/coinbase_maturity.rs:25:5
[INFO] [stdout]    |
[INFO] [stdout] 25 | use epic_pool as pool;
[INFO] [stdout]    |     ^^^^^^^^^^^^^^^^^ no external crate `epic_pool`
[INFO] [stdout] 
[INFO] [stdout] 
[INFO] [stdout] error[E0432]: unresolved import `self::pool`
[INFO] [stdout]   --> tests/common.rs:24:11
[INFO] [stdout]    |
[INFO] [stdout] 24 | use self::pool::TransactionPool;
[INFO] [stdout]    |           ^^^^ could not find `pool` in `self`
[INFO] [stdout] 
[INFO] [stdout] 
[INFO] [stdout] error[E0432]: unresolved import `epic_pool`
[INFO] [stdout]   --> tests/common.rs:30:5
[INFO] [stdout]    |
[INFO] [stdout] 30 | use epic_pool as pool;
[INFO] [stdout]    |     ^^^^^^^^^^^^^^^^^ no external crate `epic_pool`
[INFO] [stdout] 
[INFO] [stdout] 
[INFO] [stdout] error[E0432]: unresolved import `self::pool`
[INFO] [stdout]   --> tests/common.rs:24:11
[INFO] [stdout]    |
[INFO] [stdout] 24 | use self::pool::TransactionPool;
[INFO] [stdout]    |           ^^^^ could not find `pool` in `self`
[INFO] [stdout] 
[INFO] [stdout] 
[INFO] [stdout] error[E0432]: unresolved import `epic_pool`
[INFO] [stdout]   --> tests/common.rs:30:5
[INFO] [stdout]    |
[INFO] [stdout] 30 | use epic_pool as pool;
[INFO] [stdout]    |     ^^^^^^^^^^^^^^^^^ no external crate `epic_pool`
[INFO] [stdout] 
[INFO] [stdout] 
[INFO] [stdout] error[E0433]: failed to resolve: could not find `pool` in `self`
[INFO] [stdout]   --> tests/common.rs:23:11
[INFO] [stdout]    |
[INFO] [stdout] 23 | use self::pool::types::*;
[INFO] [stdout]    |           ^^^^ could not find `pool` in `self`
[INFO] [stdout] 
[INFO] [stdout] 
[INFO] [stdout] error[E0432]: unresolved import `epic_pool`
[INFO] [stdout]   --> tests/transaction_pool.rs:26:5
[INFO] [stdout]    |
[INFO] [stdout] 26 | use epic_pool as pool;
[INFO] [stdout]    |     ^^^^^^^^^^^^^^^^^ no external crate `epic_pool`
[INFO] [stdout] 
[INFO] [stdout] 
[INFO] [stdout] error[E0432]: unresolved import `self::pool`
[INFO] [stdout]   --> tests/common.rs:24:11
[INFO] [stdout]    |
[INFO] [stdout] 24 | use self::pool::TransactionPool;
[INFO] [stdout]    |           ^^^^ could not find `pool` in `self`
[INFO] [stdout] 
[INFO] [stdout] 
[INFO] [stdout] error[E0432]: unresolved import `epic_pool`
[INFO] [stdout]   --> tests/common.rs:30:5
[INFO] [stdout]    |
[INFO] [stdout] 30 | use epic_pool as pool;
[INFO] [stdout]    |     ^^^^^^^^^^^^^^^^^ no external crate `epic_pool`
[INFO] [stdout] 
[INFO] [stdout] 
[INFO] [stdout] error[E0433]: failed to resolve: could not find `pool` in the crate root
[INFO] [stdout]   --> tests/common.rs:23:11
[INFO] [stdout]    |
[INFO] [stdout] 23 | use self::pool::types::*;
[INFO] [stdout]    |           ^^^^ could not find `pool` in the crate root
[INFO] [stdout] 
[INFO] [stdout] 
[INFO] [stdout] error[E0405]: cannot find trait `BlockChain` in this scope
[INFO] [stdout]    --> tests/common.rs:101:6
[INFO] [stdout]     |
[INFO] [stdout] 101 | impl BlockChain for ChainAdapter {
[INFO] [stdout]     |      ^^^^^^^^^^ not found in this scope
[INFO] [stdout]     |
[INFO] [stdout] help: consider importing this trait
[INFO] [stdout]     |
[INFO] [stdout] 17  + use stack_epic_pool::BlockChain;
[INFO] [stdout]     |
[INFO] [stdout] 
[INFO] [stdout] 
[INFO] [stdout] error[E0412]: cannot find type `PoolError` in this scope
[INFO] [stdout]    --> tests/common.rs:102:46
[INFO] [stdout]     |
[INFO] [stdout] 102 |     fn chain_head(&self) -> Result<BlockHeader, PoolError> {
[INFO] [stdout]     |                                                 ^^^^^^^^^ not found in this scope
[INFO] [stdout]     |
[INFO] [stdout] help: consider importing this enum
[INFO] [stdout]     |
[INFO] [stdout] 17  + use stack_epic_pool::PoolError;
[INFO] [stdout]     |
[INFO] [stdout] 
[INFO] [stdout] 
[INFO] [stdout] error[E0433]: failed to resolve: use of undeclared type `PoolError`
[INFO] [stdout]    --> tests/common.rs:105:17
[INFO] [stdout]     |
[INFO] [stdout] 105 |             .map_err(|_| PoolError::Other(format!("failed to get chain head")))
[INFO] [stdout]     |                          ^^^^^^^^^ use of undeclared type `PoolError`
[INFO] [stdout]     |
[INFO] [stdout] help: consider importing this enum
[INFO] [stdout]     |
[INFO] [stdout] 17  + use stack_epic_pool::PoolError;
[INFO] [stdout]     |
[INFO] [stdout] 
[INFO] [stdout] 
[INFO] [stdout] error[E0412]: cannot find type `PoolError` in this scope
[INFO] [stdout]    --> tests/common.rs:108:65
[INFO] [stdout]     |
[INFO] [stdout] 108 |     fn get_block_header(&self, hash: &Hash) -> Result<BlockHeader, PoolError> {
[INFO] [stdout]     |                                                                    ^^^^^^^^^ not found in this scope
[INFO] [stdout]     |
[INFO] [stdout] help: consider importing this enum
[INFO] [stdout]     |
[INFO] [stdout] 17  + use stack_epic_pool::PoolError;
[INFO] [stdout]     |
[INFO] [stdout] 
[INFO] [stdout] 
[INFO] [stdout] error[E0433]: failed to resolve: use of undeclared type `PoolError`
[INFO] [stdout]    --> tests/common.rs:111:17
[INFO] [stdout]     |
[INFO] [stdout] 111 |             .map_err(|_| PoolError::Other(format!("failed to get block header")))
[INFO] [stdout]     |                          ^^^^^^^^^ use of undeclared type `PoolError`
[INFO] [stdout]     |
[INFO] [stdout] help: consider importing this enum
[INFO] [stdout]     |
[INFO] [stdout] 17  + use stack_epic_pool::PoolError;
[INFO] [stdout]     |
[INFO] [stdout] 
[INFO] [stdout] 
[INFO] [stdout] error[E0412]: cannot find type `PoolError` in this scope
[INFO] [stdout]    --> tests/common.rs:114:61
[INFO] [stdout]     |
[INFO] [stdout] 114 |     fn get_block_sums(&self, hash: &Hash) -> Result<BlockSums, PoolError> {
[INFO] [stdout]     |                                                                ^^^^^^^^^ not found in this scope
[INFO] [stdout]     |
[INFO] [stdout] help: consider importing this enum
[INFO] [stdout]     |
[INFO] [stdout] 17  + use stack_epic_pool::PoolError;
[INFO] [stdout]     |
[INFO] [stdout] 
[INFO] [stdout] 
[INFO] [stdout] error[E0433]: failed to resolve: use of undeclared type `PoolError`
[INFO] [stdout]    --> tests/common.rs:117:17
[INFO] [stdout]     |
[INFO] [stdout] 117 |             .map_err(|_| PoolError::Other(format!("failed to get block sums")))
[INFO] [stdout]     |                          ^^^^^^^^^ use of undeclared type `PoolError`
[INFO] [stdout]     |
[INFO] [stdout] help: consider importing this enum
[INFO] [stdout]     |
[INFO] [stdout] 17  + use stack_epic_pool::PoolError;
[INFO] [stdout]     |
[INFO] [stdout] 
[INFO] [stdout] 
[INFO] [stdout] error[E0433]: failed to resolve: use of undeclared type `PoolError`
[INFO] [stdout]    --> tests/common.rs:125:16
[INFO] [stdout]     |
[INFO] [stdout] 125 |                 return Err(PoolError::Other(format!("output commitment not unique")));
[INFO] [stdout]     |                            ^^^^^^^^^ use of undeclared type `PoolError`
[INFO] [stdout]     |
[INFO] [stdout] help: consider importing this enum
[INFO] [stdout]     |
[INFO] [stdout] 17  + use stack_epic_pool::PoolError;
[INFO] [stdout]     |
[INFO] [stdout] 
[INFO] [stdout] 
[INFO] [stdout] error[E0433]: failed to resolve: use of undeclared type `PoolError`
[INFO] [stdout]    --> tests/common.rs:131:16
[INFO] [stdout]     |
[INFO] [stdout] 131 |                 return Err(PoolError::Other(format!("not in utxo set")));
[INFO] [stdout]     |                            ^^^^^^^^^ use of undeclared type `PoolError`
[INFO] [stdout]     |
[INFO] [stdout] help: consider importing this enum
[INFO] [stdout]     |
[INFO] [stdout] 17  + use stack_epic_pool::PoolError;
[INFO] [stdout]     |
[INFO] [stdout] 
[INFO] [stdout] 
[INFO] [stdout] error[E0412]: cannot find type `PoolError` in this scope
[INFO] [stdout]    --> tests/common.rs:140:70
[INFO] [stdout]     |
[INFO] [stdout] 140 |     fn verify_coinbase_maturity(&self, _tx: &Transaction) -> Result<(), PoolError> {
[INFO] [stdout]     |                                                                         ^^^^^^^^^ not found in this scope
[INFO] [stdout]     |
[INFO] [stdout] help: consider importing this enum
[INFO] [stdout]     |
[INFO] [stdout] 17  + use stack_epic_pool::PoolError;
[INFO] [stdout]     |
[INFO] [stdout] 
[INFO] [stdout] 
[INFO] [stdout] error[E0412]: cannot find type `PoolError` in this scope
[INFO] [stdout]    --> tests/common.rs:145:67
[INFO] [stdout]     |
[INFO] [stdout] 145 |     fn verify_tx_lock_height(&self, _tx: &Transaction) -> Result<(), PoolError> {
[INFO] [stdout]     |                                                                      ^^^^^^^^^ not found in this scope
[INFO] [stdout]     |
[INFO] [stdout] help: consider importing this enum
[INFO] [stdout]     |
[INFO] [stdout] 17  + use stack_epic_pool::PoolError;
[INFO] [stdout]     |
[INFO] [stdout] 
[INFO] [stdout] 
[INFO] [stdout] error[E0405]: cannot find trait `BlockChain` in this scope
[INFO] [stdout]    --> tests/common.rs:150:34
[INFO] [stdout]     |
[INFO] [stdout] 150 | pub fn test_setup(chain: Arc<dyn BlockChain>) -> TransactionPool {
[INFO] [stdout]     |                                  ^^^^^^^^^^ not found in this scope
[INFO] [stdout]     |
[INFO] [stdout] help: consider importing this trait
[INFO] [stdout]     |
[INFO] [stdout] 17  + use stack_epic_pool::BlockChain;
[INFO] [stdout]     |
[INFO] [stdout] 
[INFO] [stdout] 
[INFO] [stdout] error[E0422]: cannot find struct, variant or union type `PoolConfig` in this scope
[INFO] [stdout]    --> tests/common.rs:152:3
[INFO] [stdout]     |
[INFO] [stdout] 152 |         PoolConfig {
[INFO] [stdout]     |         ^^^^^^^^^^ not found in this scope
[INFO] [stdout]     |
[INFO] [stdout] help: consider importing this struct
[INFO] [stdout]     |
[INFO] [stdout] 17  + use stack_epic_pool::PoolConfig;
[INFO] [stdout]     |
[INFO] [stdout] 
[INFO] [stdout] 
[INFO] [stdout] error[E0432]: unresolved import `self::pool`
[INFO] [stdout]   --> tests/common.rs:24:11
[INFO] [stdout]    |
[INFO] [stdout] 24 | use self::pool::TransactionPool;
[INFO] [stdout]    |           ^^^^ could not find `pool` in the crate root
[INFO] [stdout] 
[INFO] [stdout] 
[INFO] [stdout] error[E0422]: cannot find struct, variant or union type `NoopAdapter` in this scope
[INFO] [stdout]    --> tests/common.rs:159:12
[INFO] [stdout]     |
[INFO] [stdout] 159 |         Arc::new(NoopAdapter {}),
[INFO] [stdout]     |                  ^^^^^^^^^^^ not found in this scope
[INFO] [stdout]     |
[INFO] [stdout] help: consider importing one of these structs
[INFO] [stdout]     |
[INFO] [stdout] 17  + use crate::common::chain::types::NoopAdapter;
[INFO] [stdout]     |
[INFO] [stdout] 17  + use epic_chain::types::NoopAdapter;
[INFO] [stdout]     |
[INFO] [stdout] 17  + use stack_epic_pool::types::NoopAdapter;
[INFO] [stdout]     |
[INFO] [stdout] 
[INFO] [stdout] 
[INFO] [stdout] error[E0412]: cannot find type `TxSource` in this scope
[INFO] [stdout]    --> tests/common.rs:235:25
[INFO] [stdout]     |
[INFO] [stdout] 235 | pub fn test_source() -> TxSource {
[INFO] [stdout]     |                         ^^^^^^^^ not found in this scope
[INFO] [stdout]     |
[INFO] [stdout] help: consider importing this enum
[INFO] [stdout]     |
[INFO] [stdout] 17  + use stack_epic_pool::TxSource;
[INFO] [stdout]     |
[INFO] [stdout] 
[INFO] [stdout] 
[INFO] [stdout] error[E0433]: failed to resolve: use of undeclared type `TxSource`
[INFO] [stdout]    --> tests/common.rs:236:2
[INFO] [stdout]     |
[INFO] [stdout] 236 |     TxSource::Broadcast
[INFO] [stdout]     |     ^^^^^^^^ use of undeclared type `TxSource`
[INFO] [stdout]     |
[INFO] [stdout] help: consider importing this enum
[INFO] [stdout]     |
[INFO] [stdout] 17  + use stack_epic_pool::TxSource;
[INFO] [stdout]     |
[INFO] [stdout] 
[INFO] [stdout] 
[INFO] [stdout] error[E0432]: unresolved import `epic_pool`
[INFO] [stdout]   --> tests/common.rs:30:5
[INFO] [stdout]    |
[INFO] [stdout] 30 | use epic_pool as pool;
[INFO] [stdout]    |     ^^^^^^^^^^^^^^^^^ no external crate `epic_pool`
[INFO] [stdout] 
[INFO] [stdout] 
[INFO] [stdout] error[E0405]: cannot find trait `BlockChain` in this scope
[INFO] [stdout]    --> tests/common.rs:101:6
[INFO] [stdout]     |
[INFO] [stdout] 101 | impl BlockChain for ChainAdapter {
[INFO] [stdout]     |      ^^^^^^^^^^ not found in this scope
[INFO] [stdout]     |
[INFO] [stdout] help: consider importing this trait
[INFO] [stdout]     |
[INFO] [stdout] 17  + use stack_epic_pool::BlockChain;
[INFO] [stdout]     |
[INFO] [stdout] 
[INFO] [stdout] 
[INFO] [stdout] error[E0412]: cannot find type `PoolError` in this scope
[INFO] [stdout]    --> tests/common.rs:102:46
[INFO] [stdout]     |
[INFO] [stdout] 102 |     fn chain_head(&self) -> Result<BlockHeader, PoolError> {
[INFO] [stdout]     |                                                 ^^^^^^^^^ not found in this scope
[INFO] [stdout]     |
[INFO] [stdout] help: consider importing this enum
[INFO] [stdout]     |
[INFO] [stdout] 17  + use stack_epic_pool::PoolError;
[INFO] [stdout]     |
[INFO] [stdout] 
[INFO] [stdout] 
[INFO] [stdout] error[E0433]: failed to resolve: use of undeclared type `PoolError`
[INFO] [stdout]    --> tests/common.rs:105:17
[INFO] [stdout]     |
[INFO] [stdout] 105 |             .map_err(|_| PoolError::Other(format!("failed to get chain head")))
[INFO] [stdout]     |                          ^^^^^^^^^ use of undeclared type `PoolError`
[INFO] [stdout]     |
[INFO] [stdout] help: consider importing this enum
[INFO] [stdout]     |
[INFO] [stdout] 17  + use stack_epic_pool::PoolError;
[INFO] [stdout]     |
[INFO] [stdout] 
[INFO] [stdout] 
[INFO] [stdout] error[E0412]: cannot find type `PoolError` in this scope
[INFO] [stdout]    --> tests/common.rs:108:65
[INFO] [stdout]     |
[INFO] [stdout] 108 |     fn get_block_header(&self, hash: &Hash) -> Result<BlockHeader, PoolError> {
[INFO] [stdout]     |                                                                    ^^^^^^^^^ not found in this scope
[INFO] [stdout]     |
[INFO] [stdout] help: consider importing this enum
[INFO] [stdout]     |
[INFO] [stdout] 17  + use stack_epic_pool::PoolError;
[INFO] [stdout]     |
[INFO] [stdout] 
[INFO] [stdout] 
[INFO] [stdout] error[E0433]: failed to resolve: use of undeclared type `PoolError`
[INFO] [stdout]    --> tests/common.rs:111:17
[INFO] [stdout]     |
[INFO] [stdout] 111 |             .map_err(|_| PoolError::Other(format!("failed to get block header")))
[INFO] [stdout]     |                          ^^^^^^^^^ use of undeclared type `PoolError`
[INFO] [stdout]     |
[INFO] [stdout] help: consider importing this enum
[INFO] [stdout]     |
[INFO] [stdout] 17  + use stack_epic_pool::PoolError;
[INFO] [stdout]     |
[INFO] [stdout] 
[INFO] [stdout] 
[INFO] [stdout] error[E0412]: cannot find type `PoolError` in this scope
[INFO] [stdout]    --> tests/common.rs:114:61
[INFO] [stdout]     |
[INFO] [stdout] 114 |     fn get_block_sums(&self, hash: &Hash) -> Result<BlockSums, PoolError> {
[INFO] [stdout]     |                                                                ^^^^^^^^^ not found in this scope
[INFO] [stdout]     |
[INFO] [stdout] help: consider importing this enum
[INFO] [stdout]     |
[INFO] [stdout] 17  + use stack_epic_pool::PoolError;
[INFO] [stdout]     |
[INFO] [stdout] 
[INFO] [stdout] 
[INFO] [stdout] Some errors have detailed explanations: E0405, E0412, E0422, E0432, E0433.
[INFO] [stdout] 
[INFO] [stdout] For more information about an error, try `rustc --explain E0405`.
[INFO] [stdout] 
[INFO] [stdout] error[E0433]: failed to resolve: use of undeclared type `PoolError`
[INFO] [stdout]    --> tests/common.rs:117:17
[INFO] [stdout]     |
[INFO] [stdout] 117 |             .map_err(|_| PoolError::Other(format!("failed to get block sums")))
[INFO] [stdout]     |                          ^^^^^^^^^ use of undeclared type `PoolError`
[INFO] [stdout]     |
[INFO] [stdout] help: consider importing this enum
[INFO] [stdout]     |
[INFO] [stdout] 17  + use stack_epic_pool::PoolError;
[INFO] [stdout]     |
[INFO] [stdout] 
[INFO] [stdout] 
[INFO] [stdout] error[E0405]: cannot find trait `BlockChain` in this scope
[INFO] [stdout]    --> tests/common.rs:101:6
[INFO] [stdout]     |
[INFO] [stdout] 101 | impl BlockChain for ChainAdapter {
[INFO] [stdout]     |      ^^^^^^^^^^ not found in this scope
[INFO] [stdout]     |
[INFO] [stdout] help: consider importing this trait
[INFO] [stdout]     |
[INFO] [stdout] 17  + use stack_epic_pool::BlockChain;
[INFO] [stdout]     |
[INFO] [stdout] 
[INFO] [stdout] 
[INFO] [stdout] error[E0433]: failed to resolve: use of undeclared type `PoolError`
[INFO] [stdout]    --> tests/common.rs:125:16
[INFO] [stdout]     |
[INFO] [stdout] 125 |                 return Err(PoolError::Other(format!("output commitment not unique")));
[INFO] [stdout]     |                            ^^^^^^^^^ use of undeclared type `PoolError`
[INFO] [stdout]     |
[INFO] [stdout] help: consider importing this enum
[INFO] [stdout]     |
[INFO] [stdout] 17  + use stack_epic_pool::PoolError;
[INFO] [stdout]     |
[INFO] [stdout] 
[INFO] [stdout] 
[INFO] [stdout] error[E0433]: failed to resolve: use of undeclared type `PoolError`
[INFO] [stdout]    --> tests/common.rs:131:16
[INFO] [stdout]     |
[INFO] [stdout] 131 |                 return Err(PoolError::Other(format!("not in utxo set")));
[INFO] [stdout]     |                            ^^^^^^^^^ use of undeclared type `PoolError`
[INFO] [stdout]     |
[INFO] [stdout] help: consider importing this enum
[INFO] [stdout]     |
[INFO] [stdout] 17  + use stack_epic_pool::PoolError;
[INFO] [stdout]     |
[INFO] [stdout] 
[INFO] [stdout] 
[INFO] [stdout] error[E0412]: cannot find type `PoolError` in this scope
[INFO] [stdout]    --> tests/common.rs:140:70
[INFO] [stdout]     |
[INFO] [stdout] 140 |     fn verify_coinbase_maturity(&self, _tx: &Transaction) -> Result<(), PoolError> {
[INFO] [stdout]     |                                                                         ^^^^^^^^^ not found in this scope
[INFO] [stdout]     |
[INFO] [stdout] help: consider importing this enum
[INFO] [stdout]     |
[INFO] [stdout] 17  + use stack_epic_pool::PoolError;
[INFO] [stdout]     |
[INFO] [stdout] 
[INFO] [stdout] 
[INFO] [stdout] error[E0412]: cannot find type `PoolError` in this scope
[INFO] [stdout]    --> tests/common.rs:102:46
[INFO] [stdout]     |
[INFO] [stdout] 102 |     fn chain_head(&self) -> Result<BlockHeader, PoolError> {
[INFO] [stdout]     |                                                 ^^^^^^^^^ not found in this scope
[INFO] [stdout]     |
[INFO] [stdout] help: consider importing this enum
[INFO] [stdout]     |
[INFO] [stdout] 17  + use stack_epic_pool::PoolError;
[INFO] [stdout]     |
[INFO] [stdout] 
[INFO] [stdout] 
[INFO] [stdout] error[E0412]: cannot find type `PoolError` in this scope
[INFO] [stdout]    --> tests/common.rs:145:67
[INFO] [stdout]     |
[INFO] [stdout] 145 |     fn verify_tx_lock_height(&self, _tx: &Transaction) -> Result<(), PoolError> {
[INFO] [stdout]     |                                                                      ^^^^^^^^^ not found in this scope
[INFO] [stdout]     |
[INFO] [stdout] help: consider importing this enum
[INFO] [stdout]     |
[INFO] [stdout] 17  + use stack_epic_pool::PoolError;
[INFO] [stdout]     |
[INFO] [stdout] 
[INFO] [stdout] 
[INFO] [stdout] error[E0433]: failed to resolve: use of undeclared type `PoolError`
[INFO] [stdout]    --> tests/common.rs:105:17
[INFO] [stdout]     |
[INFO] [stdout] 105 |             .map_err(|_| PoolError::Other(format!("failed to get chain head")))
[INFO] [stdout]     |                          ^^^^^^^^^ use of undeclared type `PoolError`
[INFO] [stdout]     |
[INFO] [stdout] help: consider importing this enum
[INFO] [stdout]     |
[INFO] [stdout] 17  + use stack_epic_pool::PoolError;
[INFO] [stdout]     |
[INFO] [stdout] 
[INFO] [stdout] 
[INFO] [stdout] error[E0405]: cannot find trait `BlockChain` in this scope
[INFO] [stdout]    --> tests/common.rs:150:34
[INFO] [stdout]     |
[INFO] [stdout] 150 | pub fn test_setup(chain: Arc<dyn BlockChain>) -> TransactionPool {
[INFO] [stdout]     |                                  ^^^^^^^^^^ not found in this scope
[INFO] [stdout]     |
[INFO] [stdout] help: consider importing this trait
[INFO] [stdout]     |
[INFO] [stdout] 17  + use stack_epic_pool::BlockChain;
[INFO] [stdout]     |
[INFO] [stdout] 
[INFO] [stdout] 
[INFO] [stdout] error[E0422]: cannot find struct, variant or union type `PoolConfig` in this scope
[INFO] [stdout]    --> tests/common.rs:152:3
[INFO] [stdout]     |
[INFO] [stdout] 152 |         PoolConfig {
[INFO] [stdout]     |         ^^^^^^^^^^ not found in this scope
[INFO] [stdout]     |
[INFO] [stdout] help: consider importing this struct
[INFO] [stdout]     |
[INFO] [stdout] 17  + use stack_epic_pool::PoolConfig;
[INFO] [stdout]     |
[INFO] [stdout] 
[INFO] [stdout] 
[INFO] [stdout] error[E0412]: cannot find type `PoolError` in this scope
[INFO] [stdout]    --> tests/common.rs:108:65
[INFO] [stdout]     |
[INFO] [stdout] 108 |     fn get_block_header(&self, hash: &Hash) -> Result<BlockHeader, PoolError> {
[INFO] [stdout]     |                                                                    ^^^^^^^^^ not found in this scope
[INFO] [stdout]     |
[INFO] [stdout] help: consider importing this enum
[INFO] [stdout]     |
[INFO] [stdout] 17  + use stack_epic_pool::PoolError;
[INFO] [stdout]     |
[INFO] [stdout] 
[INFO] [stdout] 
[INFO] [stdout] error[E0422]: cannot find struct, variant or union type `NoopAdapter` in this scope
[INFO] [stdout]    --> tests/common.rs:159:12
[INFO] [stdout]     |
[INFO] [stdout] 159 |         Arc::new(NoopAdapter {}),
[INFO] [stdout]     |                  ^^^^^^^^^^^ not found in this scope
[INFO] [stdout]     |
[INFO] [stdout] help: consider importing one of these structs
[INFO] [stdout]     |
[INFO] [stdout] 17  + use crate::common::chain::types::NoopAdapter;
[INFO] [stdout]     |
[INFO] [stdout] 17  + use epic_chain::types::NoopAdapter;
[INFO] [stdout]     |
[INFO] [stdout] 17  + use stack_epic_pool::types::NoopAdapter;
[INFO] [stdout]     |
[INFO] [stdout] 
[INFO] [stdout] 
[INFO] [stdout] error[E0412]: cannot find type `TxSource` in this scope
[INFO] [stdout]    --> tests/common.rs:235:25
[INFO] [stdout]     |
[INFO] [stdout] 235 | pub fn test_source() -> TxSource {
[INFO] [stdout]     |                         ^^^^^^^^ not found in this scope
[INFO] [stdout]     |
[INFO] [stdout] help: consider importing this enum
[INFO] [stdout]     |
[INFO] [stdout] 17  + use stack_epic_pool::TxSource;
[INFO] [stdout]     |
[INFO] [stdout] 
[INFO] [stdout] 
[INFO] [stdout] error[E0433]: failed to resolve: use of undeclared type `PoolError`
[INFO] [stdout]    --> tests/common.rs:111:17
[INFO] [stdout]     |
[INFO] [stdout] 111 |             .map_err(|_| PoolError::Other(format!("failed to get block header")))
[INFO] [stdout]     |                          ^^^^^^^^^ use of undeclared type `PoolError`
[INFO] [stdout]     |
[INFO] [stdout] help: consider importing this enum
[INFO] [stdout]     |
[INFO] [stdout] 17  + use stack_epic_pool::PoolError;
[INFO] [stdout]     |
[INFO] [stdout] 
[INFO] [stdout] 
[INFO] [stdout] error[E0433]: failed to resolve: use of undeclared type `TxSource`
[INFO] [stdout]    --> tests/common.rs:236:2
[INFO] [stdout]     |
[INFO] [stdout] 236 |     TxSource::Broadcast
[INFO] [stdout]     |     ^^^^^^^^ use of undeclared type `TxSource`
[INFO] [stdout]     |
[INFO] [stdout] help: consider importing this enum
[INFO] [stdout]     |
[INFO] [stdout] 17  + use stack_epic_pool::TxSource;
[INFO] [stdout]     |
[INFO] [stdout] 
[INFO] [stdout] 
[INFO] [stdout] error[E0412]: cannot find type `PoolError` in this scope
[INFO] [stdout]    --> tests/common.rs:114:61
[INFO] [stdout]     |
[INFO] [stdout] 114 |     fn get_block_sums(&self, hash: &Hash) -> Result<BlockSums, PoolError> {
[INFO] [stdout]     |                                                                ^^^^^^^^^ not found in this scope
[INFO] [stdout]     |
[INFO] [stdout] help: consider importing this enum
[INFO] [stdout]     |
[INFO] [stdout] 17  + use stack_epic_pool::PoolError;
[INFO] [stdout]     |
[INFO] [stdout] 
[INFO] [stdout] 
[INFO] [stdout] error[E0433]: failed to resolve: use of undeclared type `PoolError`
[INFO] [stdout]    --> tests/common.rs:117:17
[INFO] [stdout]     |
[INFO] [stdout] 117 |             .map_err(|_| PoolError::Other(format!("failed to get block sums")))
[INFO] [stdout]     |                          ^^^^^^^^^ use of undeclared type `PoolError`
[INFO] [stdout]     |
[INFO] [stdout] help: consider importing this enum
[INFO] [stdout]     |
[INFO] [stdout] 17  + use stack_epic_pool::PoolError;
[INFO] [stdout]     |
[INFO] [stdout] 
[INFO] [stdout] 
[INFO] [stdout] error[E0433]: failed to resolve: use of undeclared type `PoolError`
[INFO] [stdout]    --> tests/common.rs:125:16
[INFO] [stdout]     |
[INFO] [stdout] 125 |                 return Err(PoolError::Other(format!("output commitment not unique")));
[INFO] [stdout]     |                            ^^^^^^^^^ use of undeclared type `PoolError`
[INFO] [stdout]     |
[INFO] [stdout] help: consider importing this enum
[INFO] [stdout]     |
[INFO] [stdout] 17  + use stack_epic_pool::PoolError;
[INFO] [stdout]     |
[INFO] [stdout] 
[INFO] [stdout] 
[INFO] [stdout] error[E0433]: failed to resolve: use of undeclared type `PoolError`
[INFO] [stdout]    --> tests/common.rs:131:16
[INFO] [stdout]     |
[INFO] [stdout] 131 |                 return Err(PoolError::Other(format!("not in utxo set")));
[INFO] [stdout]     |                            ^^^^^^^^^ use of undeclared type `PoolError`
[INFO] [stdout]     |
[INFO] [stdout] help: consider importing this enum
[INFO] [stdout]     |
[INFO] [stdout] 17  + use stack_epic_pool::PoolError;
[INFO] [stdout]     |
[INFO] [stdout] 
[INFO] [stdout] 
[INFO] [stdout] error[E0412]: cannot find type `PoolError` in this scope
[INFO] [stdout]    --> tests/common.rs:140:70
[INFO] [stdout]     |
[INFO] [stdout] 140 |     fn verify_coinbase_maturity(&self, _tx: &Transaction) -> Result<(), PoolError> {
[INFO] [stdout]     |                                                                         ^^^^^^^^^ not found in this scope
[INFO] [stdout]     |
[INFO] [stdout] help: consider importing this enum
[INFO] [stdout]     |
[INFO] [stdout] 17  + use stack_epic_pool::PoolError;
[INFO] [stdout]     |
[INFO] [stdout] 
[INFO] [stdout] 
[INFO] [stdout] error[E0412]: cannot find type `PoolError` in this scope
[INFO] [stdout]    --> tests/common.rs:145:67
[INFO] [stdout]     |
[INFO] [stdout] 145 |     fn verify_tx_lock_height(&self, _tx: &Transaction) -> Result<(), PoolError> {
[INFO] [stdout]     |                                                                      ^^^^^^^^^ not found in this scope
[INFO] [stdout]     |
[INFO] [stdout] help: consider importing this enum
[INFO] [stdout]     |
[INFO] [stdout] 17  + use stack_epic_pool::PoolError;
[INFO] [stdout]     |
[INFO] [stdout] 
[INFO] [stdout] 
[INFO] [stdout] error[E0405]: cannot find trait `BlockChain` in this scope
[INFO] [stdout]    --> tests/common.rs:150:34
[INFO] [stdout]     |
[INFO] [stdout] 150 | pub fn test_setup(chain: Arc<dyn BlockChain>) -> TransactionPool {
[INFO] [stdout]     |                                  ^^^^^^^^^^ not found in this scope
[INFO] [stdout]     |
[INFO] [stdout] help: consider importing this trait
[INFO] [stdout]     |
[INFO] [stdout] 17  + use stack_epic_pool::BlockChain;
[INFO] [stdout]     |
[INFO] [stdout] 
[INFO] [stdout] 
[INFO] [stdout] error[E0422]: cannot find struct, variant or union type `PoolConfig` in this scope
[INFO] [stdout]    --> tests/common.rs:152:3
[INFO] [stdout]     |
[INFO] [stdout] 152 |         PoolConfig {
[INFO] [stdout]     |         ^^^^^^^^^^ not found in this scope
[INFO] [stdout]     |
[INFO] [stdout] help: consider importing this struct
[INFO] [stdout]     |
[INFO] [stdout] 17  + use stack_epic_pool::PoolConfig;
[INFO] [stdout]     |
[INFO] [stdout] 
[INFO] [stdout] 
[INFO] [stdout] error[E0422]: cannot find struct, variant or union type `NoopAdapter` in this scope
[INFO] [stdout]    --> tests/common.rs:159:12
[INFO] [stdout]     |
[INFO] [stdout] 159 |         Arc::new(NoopAdapter {}),
[INFO] [stdout]     |                  ^^^^^^^^^^^ not found in this scope
[INFO] [stdout]     |
[INFO] [stdout] help: consider importing one of these structs
[INFO] [stdout]     |
[INFO] [stdout] 17  + use crate::common::chain::types::NoopAdapter;
[INFO] [stdout]     |
[INFO] [stdout] 17  + use epic_chain::types::NoopAdapter;
[INFO] [stdout]     |
[INFO] [stdout] 17  + use stack_epic_pool::types::NoopAdapter;
[INFO] [stdout]     |
[INFO] [stdout] 
[INFO] [stdout] 
[INFO] [stdout] error[E0412]: cannot find type `TxSource` in this scope
[INFO] [stdout]    --> tests/common.rs:235:25
[INFO] [stdout]     |
[INFO] [stdout] 235 | pub fn test_source() -> TxSource {
[INFO] [stdout]     |                         ^^^^^^^^ not found in this scope
[INFO] [stdout]     |
[INFO] [stdout] help: consider importing this enum
[INFO] [stdout]     |
[INFO] [stdout] 17  + use stack_epic_pool::TxSource;
[INFO] [stdout]     |
[INFO] [stdout] 
[INFO] [stdout] 
[INFO] [stdout] error[E0433]: failed to resolve: use of undeclared type `TxSource`
[INFO] [stdout]    --> tests/common.rs:236:2
[INFO] [stdout]     |
[INFO] [stdout] 236 |     TxSource::Broadcast
[INFO] [stdout]     |     ^^^^^^^^ use of undeclared type `TxSource`
[INFO] [stdout]     |
[INFO] [stdout] help: consider importing this enum
[INFO] [stdout]     |
[INFO] [stdout] 17  + use stack_epic_pool::TxSource;
[INFO] [stdout]     |
[INFO] [stdout] 
[INFO] [stdout] 
[INFO] [stderr] error: could not compile `stack_epic_pool` (test "block_reconciliation") due to 19 previous errors
[INFO] [stderr] warning: build failed, waiting for other jobs to finish...
[INFO] [stdout] error[E0405]: cannot find trait `BlockChain` in this scope
[INFO] [stdout]    --> tests/common.rs:101:6
[INFO] [stdout]     |
[INFO] [stdout] 101 | impl BlockChain for ChainAdapter {
[INFO] [stdout]     |      ^^^^^^^^^^ not found in this scope
[INFO] [stdout]     |
[INFO] [stdout] help: consider importing this trait
[INFO] [stdout]     |
[INFO] [stdout] 17  + use stack_epic_pool::BlockChain;
[INFO] [stdout]     |
[INFO] [stdout] 
[INFO] [stdout] 
[INFO] [stdout] error[E0412]: cannot find type `PoolError` in this scope
[INFO] [stdout]    --> tests/common.rs:102:46
[INFO] [stdout]     |
[INFO] [stdout] 102 |     fn chain_head(&self) -> Result<BlockHeader, PoolError> {
[INFO] [stdout]     |                                                 ^^^^^^^^^ not found in this scope
[INFO] [stdout]     |
[INFO] [stdout] help: consider importing this enum
[INFO] [stdout]     |
[INFO] [stdout] 17  + use stack_epic_pool::PoolError;
[INFO] [stdout]     |
[INFO] [stdout] 
[INFO] [stdout] 
[INFO] [stdout] error[E0433]: failed to resolve: use of undeclared type `PoolError`
[INFO] [stdout]    --> tests/common.rs:105:17
[INFO] [stdout]     |
[INFO] [stdout] 105 |             .map_err(|_| PoolError::Other(format!("failed to get chain head")))
[INFO] [stdout]     |                          ^^^^^^^^^ use of undeclared type `PoolError`
[INFO] [stdout]     |
[INFO] [stdout] help: consider importing this enum
[INFO] [stdout]     |
[INFO] [stdout] 17  + use stack_epic_pool::PoolError;
[INFO] [stdout]     |
[INFO] [stdout] 
[INFO] [stdout] 
[INFO] [stdout] error[E0412]: cannot find type `PoolError` in this scope
[INFO] [stdout]    --> tests/common.rs:108:65
[INFO] [stdout]     |
[INFO] [stdout] 108 |     fn get_block_header(&self, hash: &Hash) -> Result<BlockHeader, PoolError> {
[INFO] [stdout]     |                                                                    ^^^^^^^^^ not found in this scope
[INFO] [stdout]     |
[INFO] [stdout] help: consider importing this enum
[INFO] [stdout]     |
[INFO] [stdout] 17  + use stack_epic_pool::PoolError;
[INFO] [stdout]     |
[INFO] [stdout] 
[INFO] [stdout] 
[INFO] [stdout] error[E0433]: failed to resolve: use of undeclared type `PoolError`
[INFO] [stdout]    --> tests/common.rs:111:17
[INFO] [stdout]     |
[INFO] [stdout] 111 |             .map_err(|_| PoolError::Other(format!("failed to get block header")))
[INFO] [stdout]     |                          ^^^^^^^^^ use of undeclared type `PoolError`
[INFO] [stdout]     |
[INFO] [stdout] help: consider importing this enum
[INFO] [stdout]     |
[INFO] [stdout] 17  + use stack_epic_pool::PoolError;
[INFO] [stdout]     |
[INFO] [stdout] 
[INFO] [stdout] 
[INFO] [stdout] error[E0412]: cannot find type `PoolError` in this scope
[INFO] [stdout]    --> tests/common.rs:114:61
[INFO] [stdout]     |
[INFO] [stdout] 114 |     fn get_block_sums(&self, hash: &Hash) -> Result<BlockSums, PoolError> {
[INFO] [stdout]     |                                                                ^^^^^^^^^ not found in this scope
[INFO] [stdout]     |
[INFO] [stdout] help: consider importing this enum
[INFO] [stdout]     |
[INFO] [stdout] 17  + use stack_epic_pool::PoolError;
[INFO] [stdout]     |
[INFO] [stdout] 
[INFO] [stdout] 
[INFO] [stdout] error[E0433]: failed to resolve: use of undeclared type `PoolError`
[INFO] [stdout]    --> tests/common.rs:117:17
[INFO] [stdout]     |
[INFO] [stdout] 117 |             .map_err(|_| PoolError::Other(format!("failed to get block sums")))
[INFO] [stdout]     |                          ^^^^^^^^^ use of undeclared type `PoolError`
[INFO] [stdout]     |
[INFO] [stdout] help: consider importing this enum
[INFO] [stdout]     |
[INFO] [stdout] 17  + use stack_epic_pool::PoolError;
[INFO] [stdout]     |
[INFO] [stdout] 
[INFO] [stdout] 
[INFO] [stdout] error[E0433]: failed to resolve: use of undeclared type `PoolError`
[INFO] [stdout]    --> tests/common.rs:125:16
[INFO] [stdout]     |
[INFO] [stdout] 125 |                 return Err(PoolError::Other(format!("output commitment not unique")));
[INFO] [stdout]     |                            ^^^^^^^^^ use of undeclared type `PoolError`
[INFO] [stdout]     |
[INFO] [stdout] help: consider importing this enum
[INFO] [stdout]     |
[INFO] [stdout] 17  + use stack_epic_pool::PoolError;
[INFO] [stdout]     |
[INFO] [stdout] 
[INFO] [stdout] 
[INFO] [stdout] error[E0433]: failed to resolve: use of undeclared type `PoolError`
[INFO] [stdout]    --> tests/common.rs:131:16
[INFO] [stdout]     |
[INFO] [stdout] 131 |                 return Err(PoolError::Other(format!("not in utxo set")));
[INFO] [stdout]     |                            ^^^^^^^^^ use of undeclared type `PoolError`
[INFO] [stdout]     |
[INFO] [stdout] help: consider importing this enum
[INFO] [stdout]     |
[INFO] [stdout] 17  + use stack_epic_pool::PoolError;
[INFO] [stdout]     |
[INFO] [stdout] 
[INFO] [stdout] 
[INFO] [stdout] error[E0412]: cannot find type `PoolError` in this scope
[INFO] [stdout]    --> tests/common.rs:140:70
[INFO] [stdout]     |
[INFO] [stdout] 140 |     fn verify_coinbase_maturity(&self, _tx: &Transaction) -> Result<(), PoolError> {
[INFO] [stdout]     |                                                                         ^^^^^^^^^ not found in this scope
[INFO] [stdout]     |
[INFO] [stdout] help: consider importing this enum
[INFO] [stdout]     |
[INFO] [stdout] 17  + use stack_epic_pool::PoolError;
[INFO] [stdout]     |
[INFO] [stdout] 
[INFO] [stdout] 
[INFO] [stdout] error[E0405]: cannot find trait `BlockChain` in this scope
[INFO] [stdout]    --> tests/common.rs:101:6
[INFO] [stdout]     |
[INFO] [stdout] 101 | impl BlockChain for ChainAdapter {
[INFO] [stdout]     |      ^^^^^^^^^^ not found in this scope
[INFO] [stdout]     |
[INFO] [stdout] help: consider importing this trait
[INFO] [stdout]     |
[INFO] [stdout] 17  + use stack_epic_pool::BlockChain;
[INFO] [stdout]     |
[INFO] [stdout] 
[INFO] [stdout] 
[INFO] [stdout] error[E0412]: cannot find type `PoolError` in this scope
[INFO] [stdout]    --> tests/common.rs:102:46
[INFO] [stdout]     |
[INFO] [stdout] 102 |     fn chain_head(&self) -> Result<BlockHeader, PoolError> {
[INFO] [stdout]     |                                                 ^^^^^^^^^ not found in this scope
[INFO] [stdout]     |
[INFO] [stdout] help: consider importing this enum
[INFO] [stdout]     |
[INFO] [stdout] 17  + use stack_epic_pool::PoolError;
[INFO] [stdout]     |
[INFO] [stdout] 
[INFO] [stdout] 
[INFO] [stdout] error[E0433]: failed to resolve: use of undeclared type `PoolError`
[INFO] [stdout]    --> tests/common.rs:105:17
[INFO] [stdout]     |
[INFO] [stdout] 105 |             .map_err(|_| PoolError::Other(format!("failed to get chain head")))
[INFO] [stdout]     |                          ^^^^^^^^^ use of undeclared type `PoolError`
[INFO] [stdout]     |
[INFO] [stdout] help: consider importing this enum
[INFO] [stdout]     |
[INFO] [stdout] 17  + use stack_epic_pool::PoolError;
[INFO] [stdout]     |
[INFO] [stdout] 
[INFO] [stdout] 
[INFO] [stdout] error[E0412]: cannot find type `PoolError` in this scope
[INFO] [stdout]    --> tests/common.rs:108:65
[INFO] [stdout]     |
[INFO] [stdout] 108 |     fn get_block_header(&self, hash: &Hash) -> Result<BlockHeader, PoolError> {
[INFO] [stdout]     |                                                                    ^^^^^^^^^ not found in this scope
[INFO] [stdout]     |
[INFO] [stdout] help: consider importing this enum
[INFO] [stdout]     |
[INFO] [stdout] 17  + use stack_epic_pool::PoolError;
[INFO] [stdout]     |
[INFO] [stdout] 
[INFO] [stdout] 
[INFO] [stdout] error[E0433]: failed to resolve: use of undeclared type `PoolError`
[INFO] [stdout]    --> tests/common.rs:111:17
[INFO] [stdout]     |
[INFO] [stdout] 111 |             .map_err(|_| PoolError::Other(format!("failed to get block header")))
[INFO] [stdout]     |                          ^^^^^^^^^ use of undeclared type `PoolError`
[INFO] [stdout]     |
[INFO] [stdout] help: consider importing this enum
[INFO] [stdout]     |
[INFO] [stdout] 17  + use stack_epic_pool::PoolError;
[INFO] [stdout]     |
[INFO] [stdout] 
[INFO] [stdout] 
[INFO] [stdout] error[E0412]: cannot find type `PoolError` in this scope
[INFO] [stdout]    --> tests/common.rs:114:61
[INFO] [stdout]     |
[INFO] [stdout] 114 |     fn get_block_sums(&self, hash: &Hash) -> Result<BlockSums, PoolError> {
[INFO] [stdout]     |                                                                ^^^^^^^^^ not found in this scope
[INFO] [stdout]     |
[INFO] [stdout] help: consider importing this enum
[INFO] [stdout]     |
[INFO] [stdout] 17  + use stack_epic_pool::PoolError;
[INFO] [stdout]     |
[INFO] [stdout] 
[INFO] [stdout] 
[INFO] [stdout] error[E0433]: failed to resolve: use of undeclared type `PoolError`
[INFO] [stdout]    --> tests/common.rs:117:17
[INFO] [stdout]     |
[INFO] [stdout] 117 |             .map_err(|_| PoolError::Other(format!("failed to get block sums")))
[INFO] [stdout]     |                          ^^^^^^^^^ use of undeclared type `PoolError`
[INFO] [stdout]     |
[INFO] [stdout] help: consider importing this enum
[INFO] [stdout]     |
[INFO] [stdout] 17  + use stack_epic_pool::PoolError;
[INFO] [stdout]     |
[INFO] [stdout] 
[INFO] [stdout] 
[INFO] [stdout] error[E0433]: failed to resolve: use of undeclared type `PoolError`
[INFO] [stdout]    --> tests/common.rs:125:16
[INFO] [stdout]     |
[INFO] [stdout] 125 |                 return Err(PoolError::Other(format!("output commitment not unique")));
[INFO] [stdout]     |                            ^^^^^^^^^ use of undeclared type `PoolError`
[INFO] [stdout]     |
[INFO] [stdout] help: consider importing this enum
[INFO] [stdout]     |
[INFO] [stdout] 17  + use stack_epic_pool::PoolError;
[INFO] [stdout]     |
[INFO] [stdout] 
[INFO] [stdout] 
[INFO] [stdout] error[E0433]: failed to resolve: use of undeclared type `PoolError`
[INFO] [stdout]    --> tests/common.rs:131:16
[INFO] [stdout]     |
[INFO] [stdout] 131 |                 return Err(PoolError::Other(format!("not in utxo set")));
[INFO] [stdout]     |                            ^^^^^^^^^ use of undeclared type `PoolError`
[INFO] [stdout]     |
[INFO] [stdout] help: consider importing this enum
[INFO] [stdout]     |
[INFO] [stdout] 17  + use stack_epic_pool::PoolError;
[INFO] [stdout]     |
[INFO] [stdout] 
[INFO] [stdout] 
[INFO] [stdout] error[E0412]: cannot find type `PoolError` in this scope
[INFO] [stdout]    --> tests/common.rs:140:70
[INFO] [stdout]     |
[INFO] [stdout] 140 |     fn verify_coinbase_maturity(&self, _tx: &Transaction) -> Result<(), PoolError> {
[INFO] [stdout]     |                                                                         ^^^^^^^^^ not found in this scope
[INFO] [stdout]     |
[INFO] [stdout] help: consider importing this enum
[INFO] [stdout]     |
[INFO] [stdout] 17  + use stack_epic_pool::PoolError;
[INFO] [stdout]     |
[INFO] [stdout] 
[INFO] [stdout] 
[INFO] [stdout] error[E0412]: cannot find type `PoolError` in this scope
[INFO] [stdout]    --> tests/common.rs:145:67
[INFO] [stdout]     |
[INFO] [stdout] 145 |     fn verify_tx_lock_height(&self, _tx: &Transaction) -> Result<(), PoolError> {
[INFO] [stdout]     |                                                                      ^^^^^^^^^ not found in this scope
[INFO] [stdout]     |
[INFO] [stdout] help: consider importing this enum
[INFO] [stdout]     |
[INFO] [stdout] 17  + use stack_epic_pool::PoolError;
[INFO] [stdout]     |
[INFO] [stdout] 
[INFO] [stdout] 
[INFO] [stdout] error[E0405]: cannot find trait `BlockChain` in this scope
[INFO] [stdout]    --> tests/common.rs:150:34
[INFO] [stdout]     |
[INFO] [stdout] 150 | pub fn test_setup(chain: Arc<dyn BlockChain>) -> TransactionPool {
[INFO] [stdout]     |                                  ^^^^^^^^^^ not found in this scope
[INFO] [stdout]     |
[INFO] [stdout] help: consider importing this trait
[INFO] [stdout]     |
[INFO] [stdout] 17  + use stack_epic_pool::BlockChain;
[INFO] [stdout]     |
[INFO] [stdout] 
[INFO] [stdout] 
[INFO] [stdout] error[E0422]: cannot find struct, variant or union type `PoolConfig` in this scope
[INFO] [stdout]    --> tests/common.rs:152:3
[INFO] [stdout]     |
[INFO] [stdout] 152 |         PoolConfig {
[INFO] [stdout]     |         ^^^^^^^^^^ not found in this scope
[INFO] [stdout]     |
[INFO] [stdout] help: consider importing this struct
[INFO] [stdout]     |
[INFO] [stdout] 17  + use stack_epic_pool::PoolConfig;
[INFO] [stdout]     |
[INFO] [stdout] 
[INFO] [stdout] 
[INFO] [stdout] error[E0422]: cannot find struct, variant or union type `NoopAdapter` in this scope
[INFO] [stdout]    --> tests/common.rs:159:12
[INFO] [stdout]     |
[INFO] [stdout] 159 |         Arc::new(NoopAdapter {}),
[INFO] [stdout]     |                  ^^^^^^^^^^^ not found in this scope
[INFO] [stdout]     |
[INFO] [stdout] help: consider importing one of these structs
[INFO] [stdout]     |
[INFO] [stdout] 17  + use crate::common::chain::types::NoopAdapter;
[INFO] [stdout]     |
[INFO] [stdout] 17  + use epic_chain::types::NoopAdapter;
[INFO] [stdout]     |
[INFO] [stdout] 17  + use stack_epic_pool::types::NoopAdapter;
[INFO] [stdout]     |
[INFO] [stdout] 
[INFO] [stdout] 
[INFO] [stdout] error[E0412]: cannot find type `TxSource` in this scope
[INFO] [stdout]    --> tests/common.rs:235:25
[INFO] [stdout]     |
[INFO] [stdout] 235 | pub fn test_source() -> TxSource {
[INFO] [stdout]     |                         ^^^^^^^^ not found in this scope
[INFO] [stdout]     |
[INFO] [stdout] help: consider importing this enum
[INFO] [stdout]     |
[INFO] [stdout] 17  + use stack_epic_pool::TxSource;
[INFO] [stdout]     |
[INFO] [stdout] 
[INFO] [stdout] 
[INFO] [stdout] Some errors have detailed explanations: E0405, E0412, E0422, E0432, E0433.
[INFO] [stdout] 
[INFO] [stdout] error[E0433]: failed to resolve: use of undeclared type `TxSource`
[INFO] [stdout]    --> tests/common.rs:236:2
[INFO] [stdout]     |
[INFO] [stdout] 236 |     TxSource::Broadcast
[INFO] [stdout]     |     ^^^^^^^^ use of undeclared type `TxSource`
[INFO] [stdout]     |
[INFO] [stdout] help: consider importing this enum
[INFO] [stdout]     |
[INFO] [stdout] 17  + use stack_epic_pool::TxSource;
[INFO] [stdout]     |
[INFO] [stdout] 
[INFO] [stdout] 
[INFO] [stdout] For more information about an error, try `rustc --explain E0405`.
[INFO] [stdout] 
[INFO] [stdout] error[E0412]: cannot find type `PoolError` in this scope
[INFO] [stdout]    --> tests/common.rs:145:67
[INFO] [stdout]     |
[INFO] [stdout] 145 |     fn verify_tx_lock_height(&self, _tx: &Transaction) -> Result<(), PoolError> {
[INFO] [stdout]     |                                                                      ^^^^^^^^^ not found in this scope
[INFO] [stdout]     |
[INFO] [stdout] help: consider importing this enum
[INFO] [stdout]     |
[INFO] [stdout] 17  + use stack_epic_pool::PoolError;
[INFO] [stdout]     |
[INFO] [stdout] 
[INFO] [stdout] 
[INFO] [stdout] error[E0405]: cannot find trait `BlockChain` in this scope
[INFO] [stdout]    --> tests/common.rs:150:34
[INFO] [stdout]     |
[INFO] [stdout] 150 | pub fn test_setup(chain: Arc<dyn BlockChain>) -> TransactionPool {
[INFO] [stdout]     |                                  ^^^^^^^^^^ not found in this scope
[INFO] [stdout]     |
[INFO] [stdout] help: consider importing this trait
[INFO] [stdout]     |
[INFO] [stdout] 17  + use stack_epic_pool::BlockChain;
[INFO] [stdout]     |
[INFO] [stdout] 
[INFO] [stdout] 
[INFO] [stdout] error[E0422]: cannot find struct, variant or union type `PoolConfig` in this scope
[INFO] [stdout]    --> tests/common.rs:152:3
[INFO] [stdout]     |
[INFO] [stdout] 152 |         PoolConfig {
[INFO] [stdout]     |         ^^^^^^^^^^ not found in this scope
[INFO] [stdout]     |
[INFO] [stdout] help: consider importing this struct
[INFO] [stdout]     |
[INFO] [stdout] 17  + use stack_epic_pool::PoolConfig;
[INFO] [stdout]     |
[INFO] [stdout] 
[INFO] [stdout] 
[INFO] [stdout] error[E0422]: cannot find struct, variant or union type `NoopAdapter` in this scope
[INFO] [stdout]    --> tests/common.rs:159:12
[INFO] [stdout]     |
[INFO] [stdout] 159 |         Arc::new(NoopAdapter {}),
[INFO] [stdout]     |                  ^^^^^^^^^^^ not found in this scope
[INFO] [stdout]     |
[INFO] [stdout] help: consider importing one of these structs
[INFO] [stdout]     |
[INFO] [stdout] 17  + use crate::common::chain::types::NoopAdapter;
[INFO] [stdout]     |
[INFO] [stdout] 17  + use epic_chain::types::NoopAdapter;
[INFO] [stdout]     |
[INFO] [stdout] 17  + use stack_epic_pool::types::NoopAdapter;
[INFO] [stdout]     |
[INFO] [stdout] 
[INFO] [stdout] 
[INFO] [stdout] error[E0412]: cannot find type `TxSource` in this scope
[INFO] [stdout]    --> tests/common.rs:235:25
[INFO] [stdout]     |
[INFO] [stdout] 235 | pub fn test_source() -> TxSource {
[INFO] [stdout]     |                         ^^^^^^^^ not found in this scope
[INFO] [stdout]     |
[INFO] [stdout] help: consider importing this enum
[INFO] [stdout]     |
[INFO] [stdout] 17  + use stack_epic_pool::TxSource;
[INFO] [stdout]     |
[INFO] [stdout] 
[INFO] [stdout] 
[INFO] [stdout] error[E0433]: failed to resolve: use of undeclared type `TxSource`
[INFO] [stdout]    --> tests/common.rs:236:2
[INFO] [stdout]     |
[INFO] [stdout] 236 |     TxSource::Broadcast
[INFO] [stdout]     |     ^^^^^^^^ use of undeclared type `TxSource`
[INFO] [stdout]     |
[INFO] [stdout] help: consider importing this enum
[INFO] [stdout]     |
[INFO] [stdout] 17  + use stack_epic_pool::TxSource;
[INFO] [stdout]     |
[INFO] [stdout] 
[INFO] [stdout] 
[INFO] [stdout] Some errors have detailed explanations: E0405, E0412, E0422, E0432, E0433.
[INFO] [stdout] 
[INFO] [stdout] For more information about an error, try `rustc --explain E0405`.
[INFO] [stdout] 
[INFO] [stderr] error: could not compile `stack_epic_pool` (test "coinbase_maturity") due to 20 previous errors
[INFO] [stderr] error: could not compile `stack_epic_pool` (test "block_max_weight") due to 19 previous errors
[INFO] [stdout] error[E0405]: cannot find trait `BlockChain` in this scope
[INFO] [stdout]    --> tests/common.rs:101:6
[INFO] [stdout]     |
[INFO] [stdout] 101 | impl BlockChain for ChainAdapter {
[INFO] [stdout]     |      ^^^^^^^^^^ not found in this scope
[INFO] [stdout]     |
[INFO] [stdout] help: consider importing this trait
[INFO] [stdout]     |
[INFO] [stdout] 17  + use stack_epic_pool::BlockChain;
[INFO] [stdout]     |
[INFO] [stdout] 
[INFO] [stdout] 
[INFO] [stdout] error[E0412]: cannot find type `PoolError` in this scope
[INFO] [stdout]    --> tests/common.rs:102:46
[INFO] [stdout]     |
[INFO] [stdout] 102 |     fn chain_head(&self) -> Result<BlockHeader, PoolError> {
[INFO] [stdout]     |                                                 ^^^^^^^^^ not found in this scope
[INFO] [stdout]     |
[INFO] [stdout] help: consider importing this enum
[INFO] [stdout]     |
[INFO] [stdout] 17  + use stack_epic_pool::PoolError;
[INFO] [stdout]     |
[INFO] [stdout] 
[INFO] [stdout] 
[INFO] [stdout] Some errors have detailed explanations: E0405, E0412, E0422, E0432, E0433.
[INFO] [stdout] 
[INFO] [stdout] For more information about an error, try `rustc --explain E0405`.
[INFO] [stdout] 
[INFO] [stdout] error[E0433]: failed to resolve: use of undeclared type `PoolError`
[INFO] [stdout]    --> tests/common.rs:105:17
[INFO] [stdout]     |
[INFO] [stdout] 105 |             .map_err(|_| PoolError::Other(format!("failed to get chain head")))
[INFO] [stdout]     |                          ^^^^^^^^^ use of undeclared type `PoolError`
[INFO] [stdout]     |
[INFO] [stdout] help: consider importing this enum
[INFO] [stdout]     |
[INFO] [stdout] 17  + use stack_epic_pool::PoolError;
[INFO] [stdout]     |
[INFO] [stdout] 
[INFO] [stdout] 
[INFO] [stdout] error[E0412]: cannot find type `PoolError` in this scope
[INFO] [stdout]    --> tests/common.rs:108:65
[INFO] [stdout]     |
[INFO] [stdout] 108 |     fn get_block_header(&self, hash: &Hash) -> Result<BlockHeader, PoolError> {
[INFO] [stdout]     |                                                                    ^^^^^^^^^ not found in this scope
[INFO] [stdout]     |
[INFO] [stdout] help: consider importing this enum
[INFO] [stdout]     |
[INFO] [stdout] 17  + use stack_epic_pool::PoolError;
[INFO] [stdout]     |
[INFO] [stdout] 
[INFO] [stdout] 
[INFO] [stdout] error[E0433]: failed to resolve: use of undeclared type `PoolError`
[INFO] [stdout]    --> tests/common.rs:111:17
[INFO] [stdout]     |
[INFO] [stdout] 111 |             .map_err(|_| PoolError::Other(format!("failed to get block header")))
[INFO] [stdout]     |                          ^^^^^^^^^ use of undeclared type `PoolError`
[INFO] [stdout]     |
[INFO] [stdout] help: consider importing this enum
[INFO] [stdout]     |
[INFO] [stdout] 17  + use stack_epic_pool::PoolError;
[INFO] [stdout]     |
[INFO] [stdout] 
[INFO] [stdout] 
[INFO] [stdout] error[E0412]: cannot find type `PoolError` in this scope
[INFO] [stdout]    --> tests/common.rs:114:61
[INFO] [stdout]     |
[INFO] [stdout] 114 |     fn get_block_sums(&self, hash: &Hash) -> Result<BlockSums, PoolError> {
[INFO] [stdout]     |                                                                ^^^^^^^^^ not found in this scope
[INFO] [stdout]     |
[INFO] [stdout] help: consider importing this enum
[INFO] [stdout]     |
[INFO] [stdout] 17  + use stack_epic_pool::PoolError;
[INFO] [stdout]     |
[INFO] [stdout] 
[INFO] [stdout] 
[INFO] [stdout] error[E0433]: failed to resolve: use of undeclared type `PoolError`
[INFO] [stdout]    --> tests/common.rs:117:17
[INFO] [stdout]     |
[INFO] [stdout] 117 |             .map_err(|_| PoolError::Other(format!("failed to get block sums")))
[INFO] [stdout]     |                          ^^^^^^^^^ use of undeclared type `PoolError`
[INFO] [stdout]     |
[INFO] [stdout] help: consider importing this enum
[INFO] [stdout]     |
[INFO] [stdout] 17  + use stack_epic_pool::PoolError;
[INFO] [stdout]     |
[INFO] [stdout] 
[INFO] [stdout] 
[INFO] [stdout] error[E0433]: failed to resolve: use of undeclared type `PoolError`
[INFO] [stdout]    --> tests/common.rs:125:16
[INFO] [stdout]     |
[INFO] [stdout] 125 |                 return Err(PoolError::Other(format!("output commitment not unique")));
[INFO] [stdout]     |                            ^^^^^^^^^ use of undeclared type `PoolError`
[INFO] [stdout]     |
[INFO] [stdout] help: consider importing this enum
[INFO] [stdout]     |
[INFO] [stdout] 17  + use stack_epic_pool::PoolError;
[INFO] [stdout]     |
[INFO] [stdout] 
[INFO] [stdout] 
[INFO] [stdout] error[E0433]: failed to resolve: use of undeclared type `PoolError`
[INFO] [stdout]    --> tests/common.rs:131:16
[INFO] [stdout]     |
[INFO] [stdout] 131 |                 return Err(PoolError::Other(format!("not in utxo set")));
[INFO] [stdout]     |                            ^^^^^^^^^ use of undeclared type `PoolError`
[INFO] [stdout]     |
[INFO] [stdout] help: consider importing this enum
[INFO] [stdout]     |
[INFO] [stdout] 17  + use stack_epic_pool::PoolError;
[INFO] [stdout]     |
[INFO] [stdout] 
[INFO] [stdout] 
[INFO] [stdout] error[E0412]: cannot find type `PoolError` in this scope
[INFO] [stdout]    --> tests/common.rs:140:70
[INFO] [stdout]     |
[INFO] [stdout] 140 |     fn verify_coinbase_maturity(&self, _tx: &Transaction) -> Result<(), PoolError> {
[INFO] [stdout]     |                                                                         ^^^^^^^^^ not found in this scope
[INFO] [stdout]     |
[INFO] [stdout] help: consider importing this enum
[INFO] [stdout]     |
[INFO] [stdout] 17  + use stack_epic_pool::PoolError;
[INFO] [stdout]     |
[INFO] [stdout] 
[INFO] [stdout] 
[INFO] [stdout] error[E0412]: cannot find type `PoolError` in this scope
[INFO] [stdout]    --> tests/common.rs:145:67
[INFO] [stdout]     |
[INFO] [stdout] 145 |     fn verify_tx_lock_height(&self, _tx: &Transaction) -> Result<(), PoolError> {
[INFO] [stdout]     |                                                                      ^^^^^^^^^ not found in this scope
[INFO] [stdout]     |
[INFO] [stdout] help: consider importing this enum
[INFO] [stdout]     |
[INFO] [stdout] 17  + use stack_epic_pool::PoolError;
[INFO] [stdout]     |
[INFO] [stdout] 
[INFO] [stdout] 
[INFO] [stdout] error[E0405]: cannot find trait `BlockChain` in this scope
[INFO] [stdout]    --> tests/common.rs:150:34
[INFO] [stdout]     |
[INFO] [stdout] 150 | pub fn test_setup(chain: Arc<dyn BlockChain>) -> TransactionPool {
[INFO] [stdout]     |                                  ^^^^^^^^^^ not found in this scope
[INFO] [stdout]     |
[INFO] [stdout] help: consider importing this trait
[INFO] [stdout]     |
[INFO] [stdout] 17  + use stack_epic_pool::BlockChain;
[INFO] [stdout]     |
[INFO] [stdout] 
[INFO] [stdout] 
[INFO] [stdout] error[E0422]: cannot find struct, variant or union type `PoolConfig` in this scope
[INFO] [stdout]    --> tests/common.rs:152:3
[INFO] [stdout]     |
[INFO] [stdout] 152 |         PoolConfig {
[INFO] [stdout]     |         ^^^^^^^^^^ not found in this scope
[INFO] [stdout]     |
[INFO] [stdout] help: consider importing this struct
[INFO] [stdout]     |
[INFO] [stdout] 17  + use stack_epic_pool::PoolConfig;
[INFO] [stdout]     |
[INFO] [stdout] 
[INFO] [stdout] 
[INFO] [stdout] error[E0422]: cannot find struct, variant or union type `NoopAdapter` in this scope
[INFO] [stdout]    --> tests/common.rs:159:12
[INFO] [stdout]     |
[INFO] [stdout] 159 |         Arc::new(NoopAdapter {}),
[INFO] [stdout]     |                  ^^^^^^^^^^^ not found in this scope
[INFO] [stdout]     |
[INFO] [stdout] help: consider importing one of these structs
[INFO] [stdout]     |
[INFO] [stdout] 17  + use crate::chain::types::NoopAdapter;
[INFO] [stdout]     |
[INFO] [stdout] 17  + use epic_chain::types::NoopAdapter;
[INFO] [stdout]     |
[INFO] [stdout] 17  + use stack_epic_pool::types::NoopAdapter;
[INFO] [stdout]     |
[INFO] [stdout] 
[INFO] [stdout] 
[INFO] [stdout] error[E0412]: cannot find type `TxSource` in this scope
[INFO] [stdout]    --> tests/common.rs:235:25
[INFO] [stdout]     |
[INFO] [stdout] 235 | pub fn test_source() -> TxSource {
[INFO] [stdout]     |                         ^^^^^^^^ not found in this scope
[INFO] [stdout]     |
[INFO] [stdout] help: consider importing this enum
[INFO] [stdout]     |
[INFO] [stdout] 17  + use stack_epic_pool::TxSource;
[INFO] [stdout]     |
[INFO] [stdout] 
[INFO] [stdout] 
[INFO] [stdout] error[E0433]: failed to resolve: use of undeclared type `TxSource`
[INFO] [stdout]    --> tests/common.rs:236:2
[INFO] [stdout]     |
[INFO] [stdout] 236 |     TxSource::Broadcast
[INFO] [stdout]     |     ^^^^^^^^ use of undeclared type `TxSource`
[INFO] [stdout]     |
[INFO] [stdout] help: consider importing this enum
[INFO] [stdout]     |
[INFO] [stdout] 17  + use stack_epic_pool::TxSource;
[INFO] [stdout]     |
[INFO] [stdout] 
[INFO] [stdout] 
[INFO] [stderr] error: could not compile `stack_epic_pool` (test "transaction_pool") due to 20 previous errors
[INFO] [stdout] Some errors have detailed explanations: E0405, E0412, E0422, E0432, E0433.
[INFO] [stdout] 
[INFO] [stdout] For more information about an error, try `rustc --explain E0405`.
[INFO] [stdout] 
[INFO] [stdout] Some errors have detailed explanations: E0405, E0412, E0422, E0432, E0433.
[INFO] [stdout] 
[INFO] [stdout] For more information about an error, try `rustc --explain E0405`.
[INFO] [stdout] 
[INFO] [stderr] error: could not compile `stack_epic_pool` (test "block_building") due to 19 previous errors
[INFO] [stderr] error: could not compile `stack_epic_pool` (test "common") due to 19 previous errors
[INFO] [stdout] warning: non-local `impl` definition, `impl` blocks should be written at the same level as their item
[INFO] [stdout]    --> src/types.rs:188:17
[INFO] [stdout]     |
[INFO] [stdout] 188 | #[derive(Debug, Fail, PartialEq)]
[INFO] [stdout]     |                 ^---
[INFO] [stdout]     |                 |
[INFO] [stdout]     |                 `Fail` is not local
[INFO] [stdout]     |                 move the `impl` block outside of this constant `_DERIVE_failure_Fail_FOR_PoolError`
[INFO] [stdout] 189 | pub enum PoolError {
[INFO] [stdout]     |          --------- `PoolError` is not local
[INFO] [stdout]     |
[INFO] [stdout]     = note: the derive macro `Fail` defines the non-local `impl`, and may need to be changed
[INFO] [stdout]     = note: the derive macro `Fail` may come from an old version of the `failure_derive` crate, try updating your dependency with `cargo update -p failure_derive`
[INFO] [stdout]     = note: an `impl` is never scoped, even when it is nested inside an item, as it may impact type checking outside of that item, which can be the case if neither the trait or the self type are at the same nesting level as the `impl`
[INFO] [stdout]     = note: items in an anonymous const item (`const _: () = { ... }`) are treated as in the same scope as the anonymous const's declaration for the purpose of this lint
[INFO] [stdout]     = note: `#[warn(non_local_definitions)]` on by default
[INFO] [stdout]     = note: this warning originates in the derive macro `Fail` (in Nightly builds, run with -Z macro-backtrace for more info)
[INFO] [stdout] 
[INFO] [stdout] 
[INFO] [stdout] warning: non-local `impl` definition, `impl` blocks should be written at the same level as their item
[INFO] [stdout]    --> src/types.rs:188:17
[INFO] [stdout]     |
[INFO] [stdout] 188 | #[derive(Debug, Fail, PartialEq)]
[INFO] [stdout]     |                 ^---
[INFO] [stdout]     |                 |
[INFO] [stdout]     |                 `Display` is not local
[INFO] [stdout]     |                 move the `impl` block outside of this constant `_DERIVE_failure_core_fmt_Display_FOR_PoolError`
[INFO] [stdout] 189 | pub enum PoolError {
[INFO] [stdout]     |          --------- `PoolError` is not local
[INFO] [stdout]     |
[INFO] [stdout]     = note: the derive macro `Fail` defines the non-local `impl`, and may need to be changed
[INFO] [stdout]     = note: the derive macro `Fail` may come from an old version of the `failure_derive` crate, try updating your dependency with `cargo update -p failure_derive`
[INFO] [stdout]     = note: an `impl` is never scoped, even when it is nested inside an item, as it may impact type checking outside of that item, which can be the case if neither the trait or the self type are at the same nesting level as the `impl`
[INFO] [stdout]     = note: items in an anonymous const item (`const _: () = { ... }`) are treated as in the same scope as the anonymous const's declaration for the purpose of this lint
[INFO] [stdout]     = note: this warning originates in the derive macro `Fail` (in Nightly builds, run with -Z macro-backtrace for more info)
[INFO] [stdout] 
[INFO] [stdout] 
[INFO] running `Command { std: "docker" "inspect" "79c8f3380e76c4e17a062a598da62a67ce9889319e48400dd78c86f634323794", kill_on_drop: false }`
[INFO] running `Command { std: "docker" "rm" "-f" "79c8f3380e76c4e17a062a598da62a67ce9889319e48400dd78c86f634323794", kill_on_drop: false }`
[INFO] [stdout] 79c8f3380e76c4e17a062a598da62a67ce9889319e48400dd78c86f634323794
