[INFO] fetching crate ssql 0.2.0...
[INFO] testing ssql-0.2.0 against nightly-2024-10-28 for randomize-layout
[INFO] extracting crate ssql 0.2.0 into /workspace/builds/worker-1-tc1/source
[INFO] validating manifest of crates.io crate ssql 0.2.0 on toolchain nightly-2024-10-28
[INFO] running `Command { std: CARGO_HOME="/workspace/cargo-home" RUSTUP_HOME="/workspace/rustup-home" "/workspace/cargo-home/bin/cargo" "+nightly-2024-10-28" "metadata" "--manifest-path" "Cargo.toml" "--no-deps", kill_on_drop: false }`
[INFO] started tweaking crates.io crate ssql 0.2.0
[INFO] finished tweaking crates.io crate ssql 0.2.0
[INFO] tweaked toml for crates.io crate ssql 0.2.0 written to /workspace/builds/worker-1-tc1/source/Cargo.toml
[INFO] running `Command { std: CARGO_HOME="/workspace/cargo-home" RUSTUP_HOME="/workspace/rustup-home" "/workspace/cargo-home/bin/cargo" "+nightly-2024-10-28" "generate-lockfile" "--manifest-path" "Cargo.toml", kill_on_drop: false }`
[INFO] [stderr]     Updating crates.io index
[INFO] [stderr]      Locking 247 packages to latest compatible versions
[INFO] [stderr]       Adding polars v0.39.2 (available: v0.44.2)
[INFO] running `Command { std: CARGO_HOME="/workspace/cargo-home" RUSTUP_HOME="/workspace/rustup-home" "/workspace/cargo-home/bin/cargo" "+nightly-2024-10-28" "fetch" "--manifest-path" "Cargo.toml", kill_on_drop: false }`
[INFO] [stderr]  Downloading crates ...
[INFO] [stderr]   Downloaded polars v0.39.2
[INFO] [stderr]   Downloaded deadpool-tiberius v0.1.8
[INFO] [stderr]   Downloaded polars-utils v0.39.2
[INFO] [stderr]   Downloaded polars-row v0.39.2
[INFO] [stderr]   Downloaded connection-string v0.2.0
[INFO] [stderr]   Downloaded winauth v0.0.4
[INFO] [stderr]   Downloaded polars-error v0.39.2
[INFO] [stderr]   Downloaded polars-sql v0.39.2
[INFO] [stderr]   Downloaded polars-compute v0.39.2
[INFO] [stderr]   Downloaded polars-time v0.39.2
[INFO] [stderr]   Downloaded ssql-macro v0.2.0
[INFO] [stderr]   Downloaded polars-pipe v0.39.2
[INFO] [stderr]   Downloaded polars-io v0.39.2
[INFO] [stderr]   Downloaded polars-lazy v0.39.2
[INFO] [stderr]   Downloaded polars-parquet v0.39.2
[INFO] [stderr]   Downloaded polars-ops v0.39.2
[INFO] [stderr]   Downloaded polars-plan v0.39.2
[INFO] [stderr]   Downloaded tiberius v0.12.3
[INFO] [stderr]   Downloaded polars-arrow v0.39.2
[INFO] [stderr]   Downloaded polars-core v0.39.2
[INFO] running `Command { std: "docker" "create" "-v" "/var/lib/crater-agent-workspace/builds/worker-1-tc1/target:/opt/rustwide/target:rw,Z" "-v" "/var/lib/crater-agent-workspace/builds/worker-1-tc1/source:/opt/rustwide/workdir:ro,Z" "-v" "/var/lib/crater-agent-workspace/cargo-home:/opt/rustwide/cargo-home:ro,Z" "-v" "/var/lib/crater-agent-workspace/rustup-home:/opt/rustwide/rustup-home:ro,Z" "-e" "SOURCE_DIR=/opt/rustwide/workdir" "-e" "CARGO_TARGET_DIR=/opt/rustwide/target" "-e" "CARGO_HOME=/opt/rustwide/cargo-home" "-e" "RUSTUP_HOME=/opt/rustwide/rustup-home" "-w" "/opt/rustwide/workdir" "-m" "1610612736" "--user" "0:0" "--network" "none" "ghcr.io/rust-lang/crates-build-env/linux@sha256:4a844ea9eb2546a2d2c7022eacef16ef2e8229c7fbb2c7d4d55a9ceca922f72d" "/opt/rustwide/cargo-home/bin/cargo" "+nightly-2024-10-28" "metadata" "--no-deps" "--format-version=1", kill_on_drop: false }`
[INFO] [stdout] 061030cd7272b0e49711b7f104f6d5ea4752a6267ba1c50f622385eadbfa0b89
[INFO] running `Command { std: "docker" "start" "-a" "061030cd7272b0e49711b7f104f6d5ea4752a6267ba1c50f622385eadbfa0b89", kill_on_drop: false }`
[INFO] running `Command { std: "docker" "inspect" "061030cd7272b0e49711b7f104f6d5ea4752a6267ba1c50f622385eadbfa0b89", kill_on_drop: false }`
[INFO] running `Command { std: "docker" "rm" "-f" "061030cd7272b0e49711b7f104f6d5ea4752a6267ba1c50f622385eadbfa0b89", kill_on_drop: false }`
[INFO] [stdout] 061030cd7272b0e49711b7f104f6d5ea4752a6267ba1c50f622385eadbfa0b89
[INFO] running `Command { std: "docker" "create" "-v" "/var/lib/crater-agent-workspace/builds/worker-1-tc1/target:/opt/rustwide/target:rw,Z" "-v" "/var/lib/crater-agent-workspace/builds/worker-1-tc1/source:/opt/rustwide/workdir:ro,Z" "-v" "/var/lib/crater-agent-workspace/cargo-home:/opt/rustwide/cargo-home:ro,Z" "-v" "/var/lib/crater-agent-workspace/rustup-home:/opt/rustwide/rustup-home:ro,Z" "-e" "SOURCE_DIR=/opt/rustwide/workdir" "-e" "CARGO_TARGET_DIR=/opt/rustwide/target" "-e" "CARGO_INCREMENTAL=0" "-e" "RUST_BACKTRACE=full" "-e" "RUSTFLAGS=--cap-lints=forbid" "-e" "RUSTDOCFLAGS=--cap-lints=forbid" "-e" "CARGO_HOME=/opt/rustwide/cargo-home" "-e" "RUSTUP_HOME=/opt/rustwide/rustup-home" "-w" "/opt/rustwide/workdir" "-m" "1610612736" "--user" "0:0" "--network" "none" "ghcr.io/rust-lang/crates-build-env/linux@sha256:4a844ea9eb2546a2d2c7022eacef16ef2e8229c7fbb2c7d4d55a9ceca922f72d" "/opt/rustwide/cargo-home/bin/cargo" "+nightly-2024-10-28" "build" "--frozen" "--message-format=json", kill_on_drop: false }`
[INFO] [stdout] 2ea35dcb6894fe1f506dd982c281503ba8d355d66b5e07a4b64c247566872411
[INFO] running `Command { std: "docker" "start" "-a" "2ea35dcb6894fe1f506dd982c281503ba8d355d66b5e07a4b64c247566872411", kill_on_drop: false }`
[INFO] [stderr]    Compiling proc-macro2 v1.0.89
[INFO] [stderr]    Compiling unicode-ident v1.0.13
[INFO] [stderr]    Compiling libc v0.2.161
[INFO] [stderr]    Compiling shlex v1.3.0
[INFO] [stderr]    Compiling autocfg v1.4.0
[INFO] [stderr]    Compiling vcpkg v0.2.15
[INFO] [stderr]    Compiling pkg-config v0.3.31
[INFO] [stderr]    Compiling pin-project-lite v0.2.15
[INFO] [stderr]    Compiling tinyvec_macros v0.1.1
[INFO] [stderr]    Compiling futures-io v0.3.31
[INFO] [stderr]    Compiling futures-core v0.3.31
[INFO] [stderr]    Compiling once_cell v1.20.2
[INFO] [stderr]    Compiling cfg-if v1.0.0
[INFO] [stderr]    Compiling futures-sink v0.3.31
[INFO] [stderr]    Compiling foreign-types-shared v0.1.1
[INFO] [stderr]    Compiling openssl v0.10.68
[INFO] [stderr]    Compiling tinyvec v1.8.0
[INFO] [stderr]    Compiling futures-task v0.3.31
[INFO] [stderr]    Compiling foreign-types v0.3.2
[INFO] [stderr]    Compiling native-tls v0.2.12
[INFO] [stderr]    Compiling percent-encoding v2.3.1
[INFO] [stderr]    Compiling bitflags v2.6.0
[INFO] [stderr]    Compiling cc v1.1.31
[INFO] [stderr]    Compiling unicode-bidi v0.3.17
[INFO] [stderr]    Compiling log v0.4.22
[INFO] [stderr]    Compiling thiserror v1.0.66
[INFO] [stderr]    Compiling pin-utils v0.1.0
[INFO] [stderr]    Compiling memchr v2.7.4
[INFO] [stderr]    Compiling form_urlencoded v1.2.1
[INFO] [stderr]    Compiling bytes v1.8.0
[INFO] [stderr]    Compiling openssl-probe v0.1.5
[INFO] [stderr]    Compiling tracing-core v0.1.32
[INFO] [stderr]    Compiling encoding_rs v0.8.35
[INFO] [stderr]    Compiling uuid v1.11.0
[INFO] [stderr]    Compiling pretty-hex v0.3.0
[INFO] [stderr]    Compiling connection-string v0.2.0
[INFO] [stderr]    Compiling fastrand v2.1.1
[INFO] [stderr]    Compiling slab v0.4.9
[INFO] [stderr]    Compiling num-traits v0.2.19
[INFO] [stderr]    Compiling parking v2.2.1
[INFO] [stderr]    Compiling byteorder v1.5.0
[INFO] [stderr]    Compiling futures-lite v2.4.0
[INFO] [stderr]    Compiling unicode-normalization v0.1.24
[INFO] [stderr]    Compiling quote v1.0.37
[INFO] [stderr]    Compiling syn v2.0.86
[INFO] [stderr]    Compiling socket2 v0.5.7
[INFO] [stderr]    Compiling mio v1.0.2
[INFO] [stderr]    Compiling openssl-sys v0.9.104
[INFO] [stderr]    Compiling idna v0.5.0
[INFO] [stderr]    Compiling tokio v1.41.0
[INFO] [stderr]    Compiling url v2.5.2
[INFO] [stderr]    Compiling tokio-util v0.7.12
[INFO] [stderr]    Compiling openssl-macros v0.1.1
[INFO] [stderr]    Compiling futures-macro v0.3.31
[INFO] [stderr]    Compiling thiserror-impl v1.0.66
[INFO] [stderr]    Compiling enumflags2_derive v0.7.10
[INFO] [stderr]    Compiling tracing-attributes v0.1.27
[INFO] [stderr]    Compiling async-trait v0.1.83
[INFO] [stderr]    Compiling ssql-macro v0.2.0
[INFO] [stderr]    Compiling enumflags2 v0.7.10
[INFO] [stderr]    Compiling futures-util v0.3.31
[INFO] [stderr]    Compiling tracing v0.1.40
[INFO] [stderr]    Compiling asynchronous-codec v0.6.2
[INFO] [stderr]    Compiling async-native-tls v0.4.0
[INFO] [stderr]    Compiling tiberius v0.12.3
[INFO] [stderr]    Compiling ssql v0.2.0 (/opt/rustwide/workdir)
[INFO] [stderr]     Finished `dev` profile [unoptimized + debuginfo] target(s) in 10.89s
[INFO] running `Command { std: "docker" "inspect" "2ea35dcb6894fe1f506dd982c281503ba8d355d66b5e07a4b64c247566872411", kill_on_drop: false }`
[INFO] running `Command { std: "docker" "rm" "-f" "2ea35dcb6894fe1f506dd982c281503ba8d355d66b5e07a4b64c247566872411", kill_on_drop: false }`
[INFO] [stdout] 2ea35dcb6894fe1f506dd982c281503ba8d355d66b5e07a4b64c247566872411
[INFO] running `Command { std: "docker" "create" "-v" "/var/lib/crater-agent-workspace/builds/worker-1-tc1/target:/opt/rustwide/target:rw,Z" "-v" "/var/lib/crater-agent-workspace/builds/worker-1-tc1/source:/opt/rustwide/workdir:ro,Z" "-v" "/var/lib/crater-agent-workspace/cargo-home:/opt/rustwide/cargo-home:ro,Z" "-v" "/var/lib/crater-agent-workspace/rustup-home:/opt/rustwide/rustup-home:ro,Z" "-e" "SOURCE_DIR=/opt/rustwide/workdir" "-e" "CARGO_TARGET_DIR=/opt/rustwide/target" "-e" "CARGO_INCREMENTAL=0" "-e" "RUST_BACKTRACE=full" "-e" "RUSTFLAGS=--cap-lints=forbid" "-e" "RUSTDOCFLAGS=--cap-lints=forbid" "-e" "CARGO_HOME=/opt/rustwide/cargo-home" "-e" "RUSTUP_HOME=/opt/rustwide/rustup-home" "-w" "/opt/rustwide/workdir" "-m" "1610612736" "--user" "0:0" "--network" "none" "ghcr.io/rust-lang/crates-build-env/linux@sha256:4a844ea9eb2546a2d2c7022eacef16ef2e8229c7fbb2c7d4d55a9ceca922f72d" "/opt/rustwide/cargo-home/bin/cargo" "+nightly-2024-10-28" "test" "--frozen" "--no-run" "--message-format=json", kill_on_drop: false }`
[INFO] [stdout] dd67b74fa8936ec3cd11682997e2245badce0c9b4de733fe94e18ed3e2af6edc
[INFO] running `Command { std: "docker" "start" "-a" "dd67b74fa8936ec3cd11682997e2245badce0c9b4de733fe94e18ed3e2af6edc", kill_on_drop: false }`
[INFO] [stderr]    Compiling serde v1.0.214
[INFO] [stderr]    Compiling iana-time-zone v0.1.61
[INFO] [stderr]    Compiling num_cpus v1.16.0
[INFO] [stderr]    Compiling tokio-macros v2.4.0
[INFO] [stderr]    Compiling serde_derive v1.0.214
[INFO] [stderr]    Compiling tokio v1.41.0
[INFO] [stderr]    Compiling tokio-util v0.7.12
[INFO] [stderr]    Compiling deadpool-runtime v0.1.4
[INFO] [stderr]    Compiling deadpool v0.10.0
[INFO] [stderr]    Compiling chrono v0.4.38
[INFO] [stderr]    Compiling tiberius v0.12.3
[INFO] [stderr]    Compiling deadpool-tiberius v0.1.8
[INFO] [stderr]    Compiling ssql v0.2.0 (/opt/rustwide/workdir)
[INFO] [stdout] error: cannot find attribute `async_trait` in this scope
[INFO] [stdout]   --> tests/debugger.rs:49:3
[INFO] [stdout]    |
[INFO] [stdout] 49 | #[async_trait]
[INFO] [stdout]    |   ^^^^^^^^^^^
[INFO] [stdout] 
[INFO] [stdout] 
[INFO] [stdout] error[E0407]: method `row_to_json` is not a member of trait `SsqlMarker`
[INFO] [stdout]   --> tests/debugger.rs:57:5
[INFO] [stdout]    |
[INFO] [stdout] 57 | /     fn row_to_json(row: &Row) -> Map<String, Value> {
[INFO] [stdout] 58 | |         let mut map = Map::new();
[INFO] [stdout] 59 | |         map.insert("id".to_string(), row.get::<i32, &str>("Person.id").into());
[INFO] [stdout] 60 | |         map.insert(
[INFO] [stdout] ...  |
[INFO] [stdout] 64 | |         map
[INFO] [stdout] 65 | |     }
[INFO] [stdout]    | |_____^ not a member of trait `SsqlMarker`
[INFO] [stdout] 
[INFO] [stdout] 
[INFO] [stdout] error[E0412]: cannot find type `Map` in this scope
[INFO] [stdout]   --> tests/debugger.rs:57:34
[INFO] [stdout]    |
[INFO] [stdout] 57 |     fn row_to_json(row: &Row) -> Map<String, Value> {
[INFO] [stdout]    |                                  ^^^ not found in this scope
[INFO] [stdout]    |
[INFO] [stdout] help: consider importing one of these structs
[INFO] [stdout]    |
[INFO] [stdout] 34 + use std::iter::Map;
[INFO] [stdout]    |
[INFO] [stdout] 34 + use futures_lite::stream::Map;
[INFO] [stdout]    |
[INFO] [stdout] 
[INFO] [stdout] 
[INFO] [stdout] error[E0412]: cannot find type `Value` in this scope
[INFO] [stdout]   --> tests/debugger.rs:57:46
[INFO] [stdout]    |
[INFO] [stdout] 57 |     fn row_to_json(row: &Row) -> Map<String, Value> {
[INFO] [stdout]    |                                              ^^^^^ not found in this scope
[INFO] [stdout]    |
[INFO] [stdout] help: you might be missing a type parameter
[INFO] [stdout]    |
[INFO] [stdout] 50 | impl<Value> SsqlMarker for Person {
[INFO] [stdout]    |     +++++++
[INFO] [stdout] 
[INFO] [stdout] 
[INFO] [stdout] error[E0433]: failed to resolve: use of undeclared type `Map`
[INFO] [stdout]   --> tests/debugger.rs:58:23
[INFO] [stdout]    |
[INFO] [stdout] 58 |         let mut map = Map::new();
[INFO] [stdout]    |                       ^^^ use of undeclared type `Map`
[INFO] [stdout]    |
[INFO] [stdout] help: consider importing one of these structs
[INFO] [stdout]    |
[INFO] [stdout] 34 + use std::iter::Map;
[INFO] [stdout]    |
[INFO] [stdout] 34 + use futures_lite::stream::Map;
[INFO] [stdout]    |
[INFO] [stdout] 
[INFO] [stdout] 
[INFO] [stdout] error[E0412]: cannot find type `QueryBuilder` in this scope
[INFO] [stdout]    --> tests/debugger.rs:72:23
[INFO] [stdout]     |
[INFO] [stdout] 72  |     fn query<'a>() -> QueryBuilder<'a, Person> {
[INFO] [stdout]     |                       ^^^^^^^^^^^^ help: a struct with a similar name exists: `QueryBuilderI`
[INFO] [stdout]     |
[INFO] [stdout]    ::: /opt/rustwide/workdir/src/structs/query_builder.rs:210:1
[INFO] [stdout]     |
[INFO] [stdout] 210 | pub struct QueryBuilderI<'a, Ta>
[INFO] [stdout]     | -------------------------------- similarly named struct `QueryBuilderI` defined here
[INFO] [stdout] 
[INFO] [stdout] 
[INFO] [stdout] error[E0195]: lifetime parameters or bounds on method `insert` do not match the trait declaration
[INFO] [stdout]    --> tests/debugger.rs:146:14
[INFO] [stdout]     |
[INFO] [stdout] 146 |     fn insert<'life0, 'async_trait>(
[INFO] [stdout]     |              ^^^^^^^^^^^^^^^^^^^^^^ lifetimes do not match method in trait
[INFO] [stdout] 
[INFO] [stdout] 
[INFO] [stdout] error[E0195]: lifetime parameters or bounds on method `insert_ignore_pk` do not match the trait declaration
[INFO] [stdout]    --> tests/debugger.rs:185:24
[INFO] [stdout]     |
[INFO] [stdout] 185 |     fn insert_ignore_pk<'life0, 'async_trait>(
[INFO] [stdout]     |                        ^^^^^^^^^^^^^^^^^^^^^^ lifetimes do not match method in trait
[INFO] [stdout] 
[INFO] [stdout] 
[INFO] [stdout] error[E0195]: lifetime parameters or bounds on method `delete` do not match the trait declaration
[INFO] [stdout]    --> tests/debugger.rs:224:14
[INFO] [stdout]     |
[INFO] [stdout] 224 |     fn delete<'life0, 'async_trait>(
[INFO] [stdout]     |              ^^^^^^^^^^^^^^^^^^^^^^ lifetimes do not match method in trait
[INFO] [stdout] 
[INFO] [stdout] 
[INFO] [stdout] error[E0195]: lifetime parameters or bounds on method `update` do not match the trait declaration
[INFO] [stdout]    --> tests/debugger.rs:263:14
[INFO] [stdout]     |
[INFO] [stdout] 263 |     fn update<'life0, 'life1, 'async_trait>(
[INFO] [stdout]     |              ^^^^^^^^^^^^^^^^^^^^^^^^^^^^^^ lifetimes do not match method in trait
[INFO] [stdout] 
[INFO] [stdout] 
[INFO] [stdout] error[E0046]: not all trait items implemented, missing: `relationship`, `primary_key`
[INFO] [stdout]   --> tests/debugger.rs:50:1
[INFO] [stdout]    |
[INFO] [stdout] 50 | impl SsqlMarker for Person {
[INFO] [stdout]    | ^^^^^^^^^^^^^^^^^^^^^^^^^^ missing `relationship`, `primary_key` in implementation
[INFO] [stdout]    |
[INFO] [stdout]    = help: implement the missing item: `fn relationship<Self>(_: &str) -> &'static str { todo!() }`
[INFO] [stdout]    = help: implement the missing item: `fn primary_key(&self) -> (&'static str, &dyn tiberius::ToSql) { todo!() }`
[INFO] [stdout] 
[INFO] [stdout] 
[INFO] [stdout] error[E0433]: failed to resolve: use of undeclared type `QueryBuilder`
[INFO] [stdout]   --> tests/debugger.rs:73:9
[INFO] [stdout]    |
[INFO] [stdout] 73 |         QueryBuilder::<Person>::new(("Person", Person::fields()), Person::relationship)
[INFO] [stdout]    |         ^^^^^^^^^^^^
[INFO] [stdout]    |         |
[INFO] [stdout]    |         use of undeclared type `QueryBuilder`
[INFO] [stdout]    |         help: a struct with a similar name exists: `QueryBuilderI`
[INFO] [stdout] 
[INFO] [stdout] 
[INFO] [stdout] Some errors have detailed explanations: E0046, E0195, E0407, E0412, E0433.
[INFO] [stdout] 
[INFO] [stdout] For more information about an error, try `rustc --explain E0046`.
[INFO] [stdout] 
[INFO] [stderr] error: could not compile `ssql` (test "debugger") due to 12 previous errors
[INFO] [stderr] warning: build failed, waiting for other jobs to finish...
[INFO] running `Command { std: "docker" "inspect" "dd67b74fa8936ec3cd11682997e2245badce0c9b4de733fe94e18ed3e2af6edc", kill_on_drop: false }`
[INFO] running `Command { std: "docker" "rm" "-f" "dd67b74fa8936ec3cd11682997e2245badce0c9b4de733fe94e18ed3e2af6edc", kill_on_drop: false }`
[INFO] [stdout] dd67b74fa8936ec3cd11682997e2245badce0c9b4de733fe94e18ed3e2af6edc
