[INFO] fetching crate srt-rs 0.2.3...
[INFO] testing srt-rs-0.2.3 against nightly-2024-10-28 for randomize-layout
[INFO] extracting crate srt-rs 0.2.3 into /workspace/builds/worker-6-tc1/source
[INFO] validating manifest of crates.io crate srt-rs 0.2.3 on toolchain nightly-2024-10-28
[INFO] running `Command { std: CARGO_HOME="/workspace/cargo-home" RUSTUP_HOME="/workspace/rustup-home" "/workspace/cargo-home/bin/cargo" "+nightly-2024-10-28" "metadata" "--manifest-path" "Cargo.toml" "--no-deps", kill_on_drop: false }`
[INFO] started tweaking crates.io crate srt-rs 0.2.3
[INFO] finished tweaking crates.io crate srt-rs 0.2.3
[INFO] tweaked toml for crates.io crate srt-rs 0.2.3 written to /workspace/builds/worker-6-tc1/source/Cargo.toml
[INFO] running `Command { std: CARGO_HOME="/workspace/cargo-home" RUSTUP_HOME="/workspace/rustup-home" "/workspace/cargo-home/bin/cargo" "+nightly-2024-10-28" "generate-lockfile" "--manifest-path" "Cargo.toml", kill_on_drop: false }`
[INFO] [stderr]     Updating crates.io index
[INFO] [stderr]      Locking 111 packages to latest compatible versions
[INFO] running `Command { std: CARGO_HOME="/workspace/cargo-home" RUSTUP_HOME="/workspace/rustup-home" "/workspace/cargo-home/bin/cargo" "+nightly-2024-10-28" "fetch" "--manifest-path" "Cargo.toml", kill_on_drop: false }`
[INFO] [stderr]  Downloading crates ...
[INFO] [stderr]   Downloaded libsrt-sys v1.4.13
[INFO] running `Command { std: "docker" "create" "-v" "/var/lib/crater-agent-workspace/builds/worker-6-tc1/target:/opt/rustwide/target:rw,Z" "-v" "/var/lib/crater-agent-workspace/builds/worker-6-tc1/source:/opt/rustwide/workdir:ro,Z" "-v" "/var/lib/crater-agent-workspace/cargo-home:/opt/rustwide/cargo-home:ro,Z" "-v" "/var/lib/crater-agent-workspace/rustup-home:/opt/rustwide/rustup-home:ro,Z" "-e" "SOURCE_DIR=/opt/rustwide/workdir" "-e" "CARGO_TARGET_DIR=/opt/rustwide/target" "-e" "CARGO_HOME=/opt/rustwide/cargo-home" "-e" "RUSTUP_HOME=/opt/rustwide/rustup-home" "-w" "/opt/rustwide/workdir" "-m" "1610612736" "--user" "0:0" "--network" "none" "ghcr.io/rust-lang/crates-build-env/linux@sha256:4a844ea9eb2546a2d2c7022eacef16ef2e8229c7fbb2c7d4d55a9ceca922f72d" "/opt/rustwide/cargo-home/bin/cargo" "+nightly-2024-10-28" "metadata" "--no-deps" "--format-version=1", kill_on_drop: false }`
[INFO] [stdout] 5c549855a44fdd45f4e3838a4ece9eb7c529d9bbffa66fd6b7d360947f73e27e
[INFO] running `Command { std: "docker" "start" "-a" "5c549855a44fdd45f4e3838a4ece9eb7c529d9bbffa66fd6b7d360947f73e27e", kill_on_drop: false }`
[INFO] running `Command { std: "docker" "inspect" "5c549855a44fdd45f4e3838a4ece9eb7c529d9bbffa66fd6b7d360947f73e27e", kill_on_drop: false }`
[INFO] running `Command { std: "docker" "rm" "-f" "5c549855a44fdd45f4e3838a4ece9eb7c529d9bbffa66fd6b7d360947f73e27e", kill_on_drop: false }`
[INFO] [stdout] 5c549855a44fdd45f4e3838a4ece9eb7c529d9bbffa66fd6b7d360947f73e27e
[INFO] running `Command { std: "docker" "create" "-v" "/var/lib/crater-agent-workspace/builds/worker-6-tc1/target:/opt/rustwide/target:rw,Z" "-v" "/var/lib/crater-agent-workspace/builds/worker-6-tc1/source:/opt/rustwide/workdir:ro,Z" "-v" "/var/lib/crater-agent-workspace/cargo-home:/opt/rustwide/cargo-home:ro,Z" "-v" "/var/lib/crater-agent-workspace/rustup-home:/opt/rustwide/rustup-home:ro,Z" "-e" "SOURCE_DIR=/opt/rustwide/workdir" "-e" "CARGO_TARGET_DIR=/opt/rustwide/target" "-e" "CARGO_INCREMENTAL=0" "-e" "RUST_BACKTRACE=full" "-e" "RUSTFLAGS=--cap-lints=forbid" "-e" "RUSTDOCFLAGS=--cap-lints=forbid" "-e" "CARGO_HOME=/opt/rustwide/cargo-home" "-e" "RUSTUP_HOME=/opt/rustwide/rustup-home" "-w" "/opt/rustwide/workdir" "-m" "1610612736" "--user" "0:0" "--network" "none" "ghcr.io/rust-lang/crates-build-env/linux@sha256:4a844ea9eb2546a2d2c7022eacef16ef2e8229c7fbb2c7d4d55a9ceca922f72d" "/opt/rustwide/cargo-home/bin/cargo" "+nightly-2024-10-28" "build" "--frozen" "--message-format=json", kill_on_drop: false }`
[INFO] [stdout] bb80e7dbfb51301f1039bf79c13c1c5b04eb4d19b0fc3fa3b2ba75719de727cd
[INFO] running `Command { std: "docker" "start" "-a" "bb80e7dbfb51301f1039bf79c13c1c5b04eb4d19b0fc3fa3b2ba75719de727cd", kill_on_drop: false }`
[INFO] [stderr]    Compiling memchr v2.7.4
[INFO] [stderr]    Compiling crossbeam-utils v0.8.20
[INFO] [stderr]    Compiling libc v0.2.161
[INFO] [stderr]    Compiling parking v2.2.1
[INFO] [stderr]    Compiling futures-io v0.3.31
[INFO] [stderr]    Compiling slab v0.4.9
[INFO] [stderr]    Compiling value-bag v1.10.0
[INFO] [stderr]    Compiling glob v0.3.1
[INFO] [stderr]    Compiling nom v5.1.3
[INFO] [stderr]    Compiling regex-syntax v0.8.5
[INFO] [stderr]    Compiling log v0.4.22
[INFO] [stderr]    Compiling fastrand v2.1.1
[INFO] [stderr]    Compiling rustix v0.38.38
[INFO] [stderr]    Compiling clang-sys v1.8.1
[INFO] [stderr]    Compiling aho-corasick v1.1.3
[INFO] [stderr]    Compiling concurrent-queue v2.5.0
[INFO] [stderr]    Compiling unicode-width v0.1.14
[INFO] [stderr]    Compiling futures-lite v2.4.0
[INFO] [stderr]    Compiling event-listener v5.3.1
[INFO] [stderr]    Compiling textwrap v0.11.0
[INFO] [stderr]    Compiling libloading v0.8.5
[INFO] [stderr]    Compiling event-listener-strategy v0.5.2
[INFO] [stderr]    Compiling bitflags v2.6.0
[INFO] [stderr]    Compiling strsim v0.8.0
[INFO] [stderr]    Compiling linux-raw-sys v0.4.14
[INFO] [stderr]    Compiling bitflags v1.3.2
[INFO] [stderr]    Compiling ansi_term v0.12.1
[INFO] [stderr]    Compiling vec_map v0.8.2
[INFO] [stderr]    Compiling termcolor v1.4.1
[INFO] [stderr]    Compiling humantime v2.1.0
[INFO] [stderr]    Compiling atty v0.2.14
[INFO] [stderr]    Compiling bindgen v0.56.0
[INFO] [stderr]    Compiling tracing-core v0.1.32
[INFO] [stderr]    Compiling clap v2.34.0
[INFO] [stderr]    Compiling which v3.1.1
[INFO] [stderr]    Compiling regex-automata v0.4.8
[INFO] [stderr]    Compiling tracing v0.1.40
[INFO] [stderr]    Compiling cexpr v0.4.0
[INFO] [stderr]    Compiling syn v2.0.86
[INFO] [stderr]    Compiling lazycell v1.3.0
[INFO] [stderr]    Compiling atomic-waker v1.1.2
[INFO] [stderr]    Compiling rustc-hash v1.1.0
[INFO] [stderr]    Compiling syn v1.0.109
[INFO] [stderr]    Compiling shlex v0.1.1
[INFO] [stderr]    Compiling futures-sink v0.3.31
[INFO] [stderr]    Compiling lazy_static v1.5.0
[INFO] [stderr]    Compiling peeking_take_while v0.1.2
[INFO] [stderr]    Compiling async-task v4.7.1
[INFO] [stderr]    Compiling futures-channel v0.3.31
[INFO] [stderr]    Compiling piper v0.2.4
[INFO] [stderr]    Compiling cmake v0.1.51
[INFO] [stderr]    Compiling async-channel v2.3.1
[INFO] [stderr]    Compiling async-lock v3.4.0
[INFO] [stderr]    Compiling futures-task v0.3.31
[INFO] [stderr]    Compiling blocking v1.6.1
[INFO] [stderr]    Compiling async-executor v1.13.1
[INFO] [stderr]    Compiling regex v1.11.1
[INFO] [stderr]    Compiling async-channel v1.9.0
[INFO] [stderr]    Compiling kv-log-macro v1.0.7
[INFO] [stderr]    Compiling env_logger v0.8.4
[INFO] [stderr]    Compiling polling v3.7.3
[INFO] [stderr]    Compiling async-io v2.3.4
[INFO] [stderr]    Compiling futures-macro v0.3.31
[INFO] [stderr]    Compiling async-global-executor v2.4.1
[INFO] [stderr]    Compiling async-attributes v1.1.2
[INFO] [stderr]    Compiling futures-util v0.3.31
[INFO] [stderr]    Compiling async-std v1.13.0
[INFO] [stderr]    Compiling libsrt-sys v1.4.13
[INFO] [stderr]    Compiling futures-executor v0.3.31
[INFO] [stderr]    Compiling futures v0.3.31
[INFO] [stderr] error: failed to run custom build command for `libsrt-sys v1.4.13`
[INFO] [stderr] note: To improve backtraces for build dependencies, set the CARGO_PROFILE_DEV_BUILD_OVERRIDE_DEBUG=true environment variable to enable debug information generation.
[INFO] [stderr] 
[INFO] [stderr] Caused by:
[INFO] [stderr]   process didn't exit successfully: `/opt/rustwide/target/debug/build/libsrt-sys-f965a0b5fcec19ce/build-script-build` (exit status: 101)
[INFO] [stderr]   --- stdout
[INFO] [stderr]   CMAKE_TOOLCHAIN_FILE_x86_64-unknown-linux-gnu = None
[INFO] [stderr]   CMAKE_TOOLCHAIN_FILE_x86_64_unknown_linux_gnu = None
[INFO] [stderr]   HOST_CMAKE_TOOLCHAIN_FILE = None
[INFO] [stderr]   CMAKE_TOOLCHAIN_FILE = None
[INFO] [stderr]   CMAKE_GENERATOR_x86_64-unknown-linux-gnu = None
[INFO] [stderr]   CMAKE_GENERATOR_x86_64_unknown_linux_gnu = None
[INFO] [stderr]   HOST_CMAKE_GENERATOR = None
[INFO] [stderr]   CMAKE_GENERATOR = None
[INFO] [stderr]   CMAKE_PREFIX_PATH_x86_64-unknown-linux-gnu = None
[INFO] [stderr]   CMAKE_PREFIX_PATH_x86_64_unknown_linux_gnu = None
[INFO] [stderr]   HOST_CMAKE_PREFIX_PATH = None
[INFO] [stderr]   CMAKE_PREFIX_PATH = None
[INFO] [stderr]   CMAKE_x86_64-unknown-linux-gnu = None
[INFO] [stderr]   CMAKE_x86_64_unknown_linux_gnu = None
[INFO] [stderr]   HOST_CMAKE = None
[INFO] [stderr]   CMAKE = None
[INFO] [stderr]   running: cd "/opt/rustwide/target/debug/build/libsrt-sys-c3bae199fece04b1/out/build" && CMAKE_PREFIX_PATH="" "cmake" "/opt/rustwide/cargo-home/registry/src/index.crates.io-6f17d22bba15001f/libsrt-sys-1.4.13/libsrt" "-DENABLE_APPS=OFF" "-DCMAKE_INSTALL_PREFIX=/opt/rustwide/target/debug/build/libsrt-sys-c3bae199fece04b1/out" "-DCMAKE_C_FLAGS= -ffunction-sections -fdata-sections -fPIC -m64" "-DCMAKE_C_COMPILER=/usr/bin/cc" "-DCMAKE_CXX_FLAGS= -ffunction-sections -fdata-sections -fPIC -m64" "-DCMAKE_CXX_COMPILER=/usr/bin/c++" "-DCMAKE_ASM_FLAGS= -ffunction-sections -fdata-sections -fPIC -m64" "-DCMAKE_ASM_COMPILER=/usr/bin/cc" "-DCMAKE_BUILD_TYPE=Debug"
[INFO] [stderr]   -- The C compiler identification is GNU 11.4.0
[INFO] [stderr]   -- The CXX compiler identification is GNU 11.4.0
[INFO] [stderr]   -- Detecting C compiler ABI info
[INFO] [stderr]   -- Detecting C compiler ABI info - done
[INFO] [stderr]   -- Check for working C compiler: /usr/bin/cc - skipped
[INFO] [stderr]   -- Detecting C compile features
[INFO] [stderr]   -- Detecting C compile features - done
[INFO] [stderr]   -- Detecting CXX compiler ABI info
[INFO] [stderr]   -- Detecting CXX compiler ABI info - done
[INFO] [stderr]   -- Check for working CXX compiler: /usr/bin/c++ - skipped
[INFO] [stderr]   -- Detecting CXX compile features
[INFO] [stderr]   -- Detecting CXX compile features - done
[INFO] [stderr]   -- Found PkgConfig: /usr/bin/pkg-config (found version "0.29.2") 
[INFO] [stderr]   -- Looking for pthread.h
[INFO] [stderr]   -- Looking for pthread.h - found
[INFO] [stderr]   -- Performing Test CMAKE_HAVE_LIBC_PTHREAD
[INFO] [stderr]   -- Performing Test CMAKE_HAVE_LIBC_PTHREAD - Success
[INFO] [stderr]   -- Found Threads: TRUE  
[INFO] [stderr]   -- BUILD TYPE: Debug
[INFO] [stderr]   -- LOGGING: HEAVY
[INFO] [stderr]   -- USE_BUSY_WAITING: OFF (default)
[INFO] [stderr]   -- No WITH_COMPILER_PREFIX - using C++ compiler /usr/bin/c++
[INFO] [stderr]   -- Looking for inet_pton
[INFO] [stderr]   -- Looking for inet_pton - found
[INFO] [stderr]   -- Checking for module 'openssl libcrypto'
[INFO] [stderr]   --   Found openssl libcrypto, version 3.0.2;3.0.2
[INFO] [stderr]   -- SSL via pkg-config: -L /usr/lib/x86_64-linux-gnu -I  -l;ssl;crypto
[INFO] [stderr]   -- ENCRYPTION: ENABLED, using: openssl libcrypto
[INFO] [stderr]   -- SSL libraries: ssl;crypto
[INFO] [stderr]   -- COMPILER: GNU (/usr/bin/c++) - GNU compat
[INFO] [stderr]   -- NOTE: GNU 11.4.0 - assuming default C++11.
[INFO] [stderr]   -- STDCXX_SYNC: OFF
[INFO] [stderr]   -- DETECTED SYSTEM: LINUX;  LINUX=1
[INFO] [stderr]   -- SRT Sources: /opt/rustwide/cargo-home/registry/src/index.crates.io-6f17d22bba15001f/libsrt-sys-1.4.13/libsrt/srtcore/api.cpp;/opt/rustwide/cargo-home/registry/src/index.crates.io-6f17d22bba15001f/libsrt-sys-1.4.13/libsrt/srtcore/buffer.cpp;/opt/rustwide/cargo-home/registry/src/index.crates.io-6f17d22bba15001f/libsrt-sys-1.4.13/libsrt/srtcore/cache.cpp;/opt/rustwide/cargo-home/registry/src/index.crates.io-6f17d22bba15001f/libsrt-sys-1.4.13/libsrt/srtcore/channel.cpp;/opt/rustwide/cargo-home/registry/src/index.crates.io-6f17d22bba15001f/libsrt-sys-1.4.13/libsrt/srtcore/common.cpp;/opt/rustwide/cargo-home/registry/src/index.crates.io-6f17d22bba15001f/libsrt-sys-1.4.13/libsrt/srtcore/core.cpp;/opt/rustwide/cargo-home/registry/src/index.crates.io-6f17d22bba15001f/libsrt-sys-1.4.13/libsrt/srtcore/crypto.cpp;/opt/rustwide/cargo-home/registry/src/index.crates.io-6f17d22bba15001f/libsrt-sys-1.4.13/libsrt/srtcore/epoll.cpp;/opt/rustwide/cargo-home/registry/src/index.crates.io-6f17d22bba15001f/libsrt-sys-1.4.13/libsrt/srtcore/fec.cpp;/opt/rustwide/cargo-home/registry/src/index.crates.io-6f17d22bba15001f/libsrt-sys-1.4.13/libsrt/srtcore/handshake.cpp;/opt/rustwide/cargo-home/registry/src/index.crates.io-6f17d22bba15001f/libsrt-sys-1.4.13/libsrt/srtcore/list.cpp;/opt/rustwide/cargo-home/registry/src/index.crates.io-6f17d22bba15001f/libsrt-sys-1.4.13/libsrt/srtcore/logger_default.cpp;/opt/rustwide/cargo-home/registry/src/index.crates.io-6f17d22bba15001f/libsrt-sys-1.4.13/libsrt/srtcore/logger_defs.cpp;/opt/rustwide/cargo-home/registry/src/index.crates.io-6f17d22bba15001f/libsrt-sys-1.4.13/libsrt/srtcore/md5.cpp;/opt/rustwide/cargo-home/registry/src/index.crates.io-6f17d22bba15001f/libsrt-sys-1.4.13/libsrt/srtcore/packet.cpp;/opt/rustwide/cargo-home/registry/src/index.crates.io-6f17d22bba15001f/libsrt-sys-1.4.13/libsrt/srtcore/packetfilter.cpp;/opt/rustwide/cargo-home/registry/src/index.crates.io-6f17d22bba15001f/libsrt-sys-1.4.13/libsrt/srtcore/queue.cpp;/opt/rustwide/cargo-home/registry/src/index.crates.io-6f17d22bba15001f/libsrt-sys-1.4.13/libsrt/srtcore/congctl.cpp;/opt/rustwide/cargo-home/registry/src/index.crates.io-6f17d22bba15001f/libsrt-sys-1.4.13/libsrt/srtcore/srt_c_api.cpp;/opt/rustwide/cargo-home/registry/src/index.crates.io-6f17d22bba15001f/libsrt-sys-1.4.13/libsrt/srtcore/window.cpp;/opt/rustwide/cargo-home/registry/src/index.crates.io-6f17d22bba15001f/libsrt-sys-1.4.13/libsrt/srtcore/srt_compat.c;/opt/rustwide/cargo-home/registry/src/index.crates.io-6f17d22bba15001f/libsrt-sys-1.4.13/libsrt/srtcore/sync.cpp;/opt/rustwide/cargo-home/registry/src/index.crates.io-6f17d22bba15001f/libsrt-sys-1.4.13/libsrt/srtcore/sync_posix.cpp
[INFO] [stderr]   -- APP: srt_virtual: using default C++ standard
[INFO] [stderr]   -- ADDING TRANSITIVE LINK DEP to:srt_shared :  
[INFO] [stderr]   -- ADDING TRANSITIVE LINK DEP to:srt_static :  
[INFO] [stderr]   -- INSTALL DIRS: bin=bin lib=lib shlib=lib include=include
[INFO] [stderr]   -- APPS: DISABLED
[INFO] [stderr]   -- Configuring done
[INFO] [stderr]   -- Generating done
[INFO] [stderr]   -- Build files have been written to: /opt/rustwide/target/debug/build/libsrt-sys-c3bae199fece04b1/out/build
[INFO] [stderr]   running: cd "/opt/rustwide/target/debug/build/libsrt-sys-c3bae199fece04b1/out/build" && MAKEFLAGS="-j --jobserver-fds=8,9 --jobserver-auth=8,9" "cmake" "--build" "." "--target" "install" "--config" "Debug"
[INFO] [stderr]   [  2%] Building CXX object CMakeFiles/srt_virtual.dir/srtcore/buffer.cpp.o
[INFO] [stderr]   [  5%] Building CXX object CMakeFiles/srt_virtual.dir/srtcore/cache.cpp.o
[INFO] [stderr]   [  8%] Building CXX object CMakeFiles/srt_virtual.dir/srtcore/channel.cpp.o
[INFO] [stderr]   [ 10%] Building CXX object CMakeFiles/srt_virtual.dir/srtcore/common.cpp.o
[INFO] [stderr]   [ 13%] Building CXX object CMakeFiles/srt_virtual.dir/srtcore/api.cpp.o
[INFO] [stderr]   [ 16%] Building CXX object CMakeFiles/srt_virtual.dir/srtcore/crypto.cpp.o
[INFO] [stderr]   [ 18%] Building CXX object CMakeFiles/srt_virtual.dir/srtcore/epoll.cpp.o
[INFO] [stderr]   [ 21%] Building CXX object CMakeFiles/srt_virtual.dir/srtcore/core.cpp.o
[INFO] [stderr] 
[INFO] [stderr]   --- stderr
[INFO] [stderr]   CMake Warning:
[INFO] [stderr]     Manually-specified variables were not used by the project:
[INFO] [stderr] 
[INFO] [stderr]       CMAKE_ASM_COMPILER
[INFO] [stderr]       CMAKE_ASM_FLAGS
[INFO] [stderr] 
[INFO] [stderr] 
[INFO] [stderr]   In file included from /opt/rustwide/cargo-home/registry/src/index.crates.io-6f17d22bba15001f/libsrt-sys-1.4.13/libsrt/srtcore/common.h:70,
[INFO] [stderr]                    from /opt/rustwide/cargo-home/registry/src/index.crates.io-6f17d22bba15001f/libsrt-sys-1.4.13/libsrt/srtcore/epoll.cpp:61:
[INFO] [stderr]   /opt/rustwide/cargo-home/registry/src/index.crates.io-6f17d22bba15001f/libsrt-sys-1.4.13/libsrt/srtcore/sync.h: In static member function 'static constexpr srt::sync::TimePoint<Clock> srt::sync::TimePoint<Clock>::min()':
[INFO] [stderr]   /opt/rustwide/cargo-home/registry/src/index.crates.io-6f17d22bba15001f/libsrt-sys-1.4.13/libsrt/srtcore/sync.h:182:68: error: 'numeric_limits' was not declared in this scope
[INFO] [stderr]     182 |     static inline ATR_CONSTEXPR TimePoint min() { return TimePoint(numeric_limits<uint64_t>::min()); }
[INFO] [stderr]         |                                                                    ^~~~~~~~~~~~~~
[INFO] [stderr]   In file included from /opt/rustwide/cargo-home/registry/src/index.crates.io-6f17d22bba15001f/libsrt-sys-1.4.13/libsrt/srtcore/cache.h:47,
[INFO] [stderr]                    from /opt/rustwide/cargo-home/registry/src/index.crates.io-6f17d22bba15001f/libsrt-sys-1.4.13/libsrt/srtcore/cache.cpp:45:
[INFO] [stderr]   /opt/rustwide/cargo-home/registry/src/index.crates.io-6f17d22bba15001f/libsrt-sys-1.4.13/libsrt/srtcore/sync.h: In static member function 'static constexpr srt::sync::TimePoint<Clock> srt::sync::TimePoint<Clock>::min()':
[INFO] [stderr]   /opt/rustwide/cargo-home/registry/src/index.crates.io-6f17d22bba15001f/libsrt-sys-1.4.13/libsrt/srtcore/sync.h:182:68: error: 'numeric_limits' was not declared in this scope
[INFO] [stderr]     182 |     static inline ATR_CONSTEXPR TimePoint min() { return TimePoint(numeric_limits<uint64_t>::min()); }
[INFO] [stderr]         |                                                                    ^~~~~~~~~~~~~~
[INFO] [stderr]   /opt/rustwide/cargo-home/registry/src/index.crates.io-6f17d22bba15001f/libsrt-sys-1.4.13/libsrt/srtcore/sync.h:182:94: error: '::min' has not been declared; did you mean 'std::min'?
[INFO] [stderr]     182 |     static inline ATR_CONSTEXPR TimePoint min() { return TimePoint(numeric_limits<uint64_t>::min()); }
[INFO] [stderr]         |                                                                                              ^~~
[INFO] [stderr]         |                                                                                              std::min
[INFO] [stderr]   /opt/rustwide/cargo-home/registry/src/index.crates.io-6f17d22bba15001f/libsrt-sys-1.4.13/libsrt/srtcore/sync.h:182:94: error: '::min' has not been declared; did you mean 'std::min'?
[INFO] [stderr]     182 |     static inline ATR_CONSTEXPR TimePoint min() { return TimePoint(numeric_limits<uint64_t>::min()); }
[INFO] [stderr]         |                                                                                              ^~~
[INFO] [stderr]         |                                                                                              std::min
[INFO] [stderr]   In file included from /usr/include/c++/11/algorithm:62,
[INFO] [stderr]                    from /opt/rustwide/cargo-home/registry/src/index.crates.io-6f17d22bba15001f/libsrt-sys-1.4.13/libsrt/srtcore/epoll.cpp:56:
[INFO] [stderr]   /usr/include/c++/11/bits/stl_algo.h:3455:5: note: 'std::min' declared here
[INFO] [stderr]    3455 |     min(initializer_list<_Tp> __l, _Compare __comp)
[INFO] [stderr]         |     ^~~
[INFO] [stderr]   In file included from /opt/rustwide/cargo-home/registry/src/index.crates.io-6f17d22bba15001f/libsrt-sys-1.4.13/libsrt/srtcore/common.h:70,
[INFO] [stderr]                    from /opt/rustwide/cargo-home/registry/src/index.crates.io-6f17d22bba15001f/libsrt-sys-1.4.13/libsrt/srtcore/epoll.cpp:61:
[INFO] [stderr]   /opt/rustwide/cargo-home/registry/src/index.crates.io-6f17d22bba15001f/libsrt-sys-1.4.13/libsrt/srtcore/sync.h:182:67: error: expected primary-expression before '(' token
[INFO] [stderr]     182 |     static inline ATR_CONSTEXPR TimePoint min() { return TimePoint(numeric_limits<uint64_t>::min()); }
[INFO] [stderr]         |                                                                   ^
[INFO] [stderr]   /opt/rustwide/cargo-home/registry/src/index.crates.io-6f17d22bba15001f/libsrt-sys-1.4.13/libsrt/srtcore/sync.h:182:91: error: expected primary-expression before '>' token
[INFO] [stderr]     182 |     static inline ATR_CONSTEXPR TimePoint min() { return TimePoint(numeric_limits<uint64_t>::min()); }
[INFO] [stderr]         |                                                                                           ^
[INFO] [stderr]   In file included from /usr/include/c++/11/algorithm:62,
[INFO] [stderr]                    from /opt/rustwide/cargo-home/registry/src/index.crates.io-6f17d22bba15001f/libsrt-sys-1.4.13/libsrt/srtcore/utilities.h:103,
[INFO] [stderr]                    from /opt/rustwide/cargo-home/registry/src/index.crates.io-6f17d22bba15001f/libsrt-sys-1.4.13/libsrt/srtcore/sync.h:26,
[INFO] [stderr]                    from /opt/rustwide/cargo-home/registry/src/index.crates.io-6f17d22bba15001f/libsrt-sys-1.4.13/libsrt/srtcore/cache.h:47,
[INFO] [stderr]                    from /opt/rustwide/cargo-home/registry/src/index.crates.io-6f17d22bba15001f/libsrt-sys-1.4.13/libsrt/srtcore/cache.cpp:45:
[INFO] [stderr]   /usr/include/c++/11/bits/stl_algo.h:3455:5: note: 'std::min' declared here
[INFO] [stderr]    3455 |     min(initializer_list<_Tp> __l, _Compare __comp)
[INFO] [stderr]         |     ^~~
[INFO] [stderr]   In file included from /opt/rustwide/cargo-home/registry/src/index.crates.io-6f17d22bba15001f/libsrt-sys-1.4.13/libsrt/srtcore/cache.h:47,
[INFO] [stderr]                    from /opt/rustwide/cargo-home/registry/src/index.crates.io-6f17d22bba15001f/libsrt-sys-1.4.13/libsrt/srtcore/cache.cpp:45:
[INFO] [stderr]   /opt/rustwide/cargo-home/registry/src/index.crates.io-6f17d22bba15001f/libsrt-sys-1.4.13/libsrt/srtcore/sync.h:182:67: error: expected primary-expression before '(' token
[INFO] [stderr]     182 |     static inline ATR_CONSTEXPR TimePoint min() { return TimePoint(numeric_limits<uint64_t>::min()); }
[INFO] [stderr]         |                                                                   ^
[INFO] [stderr]   /opt/rustwide/cargo-home/registry/src/index.crates.io-6f17d22bba15001f/libsrt-sys-1.4.13/libsrt/srtcore/sync.h:182:91: error: expected primary-expression before '>' token
[INFO] [stderr]     182 |     static inline ATR_CONSTEXPR TimePoint min() { return TimePoint(numeric_limits<uint64_t>::min()); }
[INFO] [stderr]         |                                                                                           ^
[INFO] [stderr]   /opt/rustwide/cargo-home/registry/src/index.crates.io-6f17d22bba15001f/libsrt-sys-1.4.13/libsrt/srtcore/sync.h:182:94: error: '::min' has not been declared; did you mean 'std::min'?
[INFO] [stderr]     182 |     static inline ATR_CONSTEXPR TimePoint min() { return TimePoint(numeric_limits<uint64_t>::min()); }
[INFO] [stderr]         |                                                                                              ^~~
[INFO] [stderr]         |                                                                                              std::min
[INFO] [stderr]   In file included from /usr/include/c++/11/algorithm:62,
[INFO] [stderr]                    from /opt/rustwide/cargo-home/registry/src/index.crates.io-6f17d22bba15001f/libsrt-sys-1.4.13/libsrt/srtcore/epoll.cpp:56:
[INFO] [stderr]   /usr/include/c++/11/bits/stl_algo.h:3455:5: note: 'std::min' declared here
[INFO] [stderr]    3455 |     min(initializer_list<_Tp> __l, _Compare __comp)
[INFO] [stderr]         |     ^~~
[INFO] [stderr]   /opt/rustwide/cargo-home/registry/src/index.crates.io-6f17d22bba15001f/libsrt-sys-1.4.13/libsrt/srtcore/sync.h:182:94: error: '::min' has not been declared; did you mean 'std::min'?
[INFO] [stderr]     182 |     static inline ATR_CONSTEXPR TimePoint min() { return TimePoint(numeric_limits<uint64_t>::min()); }
[INFO] [stderr]         |                                                                                              ^~~
[INFO] [stderr]         |                                                                                              std::min
[INFO] [stderr]   In file included from /usr/include/c++/11/algorithm:62,
[INFO] [stderr]                    from /opt/rustwide/cargo-home/registry/src/index.crates.io-6f17d22bba15001f/libsrt-sys-1.4.13/libsrt/srtcore/utilities.h:103,
[INFO] [stderr]                    from /opt/rustwide/cargo-home/registry/src/index.crates.io-6f17d22bba15001f/libsrt-sys-1.4.13/libsrt/srtcore/sync.h:26,
[INFO] [stderr]                    from /opt/rustwide/cargo-home/registry/src/index.crates.io-6f17d22bba15001f/libsrt-sys-1.4.13/libsrt/srtcore/cache.h:47,
[INFO] [stderr]                    from /opt/rustwide/cargo-home/registry/src/index.crates.io-6f17d22bba15001f/libsrt-sys-1.4.13/libsrt/srtcore/cache.cpp:45:
[INFO] [stderr]   /usr/include/c++/11/bits/stl_algo.h:3455:5: note: 'std::min' declared here
[INFO] [stderr]    3455 |     min(initializer_list<_Tp> __l, _Compare __comp)
[INFO] [stderr]         |     ^~~
[INFO] [stderr]   In file included from /opt/rustwide/cargo-home/registry/src/index.crates.io-6f17d22bba15001f/libsrt-sys-1.4.13/libsrt/srtcore/cache.h:47,
[INFO] [stderr]                    from /opt/rustwide/cargo-home/registry/src/index.crates.io-6f17d22bba15001f/libsrt-sys-1.4.13/libsrt/srtcore/cache.cpp:45:
[INFO] [stderr]   /opt/rustwide/cargo-home/registry/src/index.crates.io-6f17d22bba15001f/libsrt-sys-1.4.13/libsrt/srtcore/sync.h: In static member function 'static constexpr srt::sync::TimePoint<Clock> srt::sync::TimePoint<Clock>::max()':
[INFO] [stderr]   /opt/rustwide/cargo-home/registry/src/index.crates.io-6f17d22bba15001f/libsrt-sys-1.4.13/libsrt/srtcore/sync.h:183:68: error: 'numeric_limits' was not declared in this scope
[INFO] [stderr]     183 |     static inline ATR_CONSTEXPR TimePoint max() { return TimePoint(numeric_limits<uint64_t>::max()); }
[INFO] [stderr]         |                                                                    ^~~~~~~~~~~~~~
[INFO] [stderr]   /opt/rustwide/cargo-home/registry/src/index.crates.io-6f17d22bba15001f/libsrt-sys-1.4.13/libsrt/srtcore/sync.h:183:94: error: '::max' has not been declared; did you mean 'std::max'?
[INFO] [stderr]     183 |     static inline ATR_CONSTEXPR TimePoint max() { return TimePoint(numeric_limits<uint64_t>::max()); }
[INFO] [stderr]         |                                                                                              ^~~
[INFO] [stderr]         |                                                                                              std::max
[INFO] [stderr]   In file included from /usr/include/c++/11/algorithm:62,
[INFO] [stderr]                    from /opt/rustwide/cargo-home/registry/src/index.crates.io-6f17d22bba15001f/libsrt-sys-1.4.13/libsrt/srtcore/utilities.h:103,
[INFO] [stderr]                    from /opt/rustwide/cargo-home/registry/src/index.crates.io-6f17d22bba15001f/libsrt-sys-1.4.13/libsrt/srtcore/sync.h:26,
[INFO] [stderr]                    from /opt/rustwide/cargo-home/registry/src/index.crates.io-6f17d22bba15001f/libsrt-sys-1.4.13/libsrt/srtcore/cache.h:47,
[INFO] [stderr]                    from /opt/rustwide/cargo-home/registry/src/index.crates.io-6f17d22bba15001f/libsrt-sys-1.4.13/libsrt/srtcore/cache.cpp:45:
[INFO] [stderr]   /usr/include/c++/11/bits/stl_algo.h:3467:5: note: 'std::max' declared here
[INFO] [stderr]    3467 |     max(initializer_list<_Tp> __l, _Compare __comp)
[INFO] [stderr]         |     ^~~
[INFO] [stderr]   In file included from /opt/rustwide/cargo-home/registry/src/index.crates.io-6f17d22bba15001f/libsrt-sys-1.4.13/libsrt/srtcore/cache.h:47,
[INFO] [stderr]                    from /opt/rustwide/cargo-home/registry/src/index.crates.io-6f17d22bba15001f/libsrt-sys-1.4.13/libsrt/srtcore/cache.cpp:45:
[INFO] [stderr]   /opt/rustwide/cargo-home/registry/src/index.crates.io-6f17d22bba15001f/libsrt-sys-1.4.13/libsrt/srtcore/sync.h:183:67: error: expected primary-expression before '(' token
[INFO] [stderr]     183 |     static inline ATR_CONSTEXPR TimePoint max() { return TimePoint(numeric_limits<uint64_t>::max()); }
[INFO] [stderr]         |                                                                   ^
[INFO] [stderr]   /opt/rustwide/cargo-home/registry/src/index.crates.io-6f17d22bba15001f/libsrt-sys-1.4.13/libsrt/srtcore/sync.h:183:91: error: expected primary-expression before '>' token
[INFO] [stderr]     183 |     static inline ATR_CONSTEXPR TimePoint max() { return TimePoint(numeric_limits<uint64_t>::max()); }
[INFO] [stderr]         |                                                                                           ^
[INFO] [stderr]   /opt/rustwide/cargo-home/registry/src/index.crates.io-6f17d22bba15001f/libsrt-sys-1.4.13/libsrt/srtcore/sync.h:183:94: error: '::max' has not been declared; did you mean 'std::max'?
[INFO] [stderr]     183 |     static inline ATR_CONSTEXPR TimePoint max() { return TimePoint(numeric_limits<uint64_t>::max()); }
[INFO] [stderr]         |                                                                                              ^~~
[INFO] [stderr]         |                                                                                              std::max
[INFO] [stderr]   In file included from /usr/include/c++/11/algorithm:62,
[INFO] [stderr]                    from /opt/rustwide/cargo-home/registry/src/index.crates.io-6f17d22bba15001f/libsrt-sys-1.4.13/libsrt/srtcore/utilities.h:103,
[INFO] [stderr]                    from /opt/rustwide/cargo-home/registry/src/index.crates.io-6f17d22bba15001f/libsrt-sys-1.4.13/libsrt/srtcore/sync.h:26,
[INFO] [stderr]                    from /opt/rustwide/cargo-home/registry/src/index.crates.io-6f17d22bba15001f/libsrt-sys-1.4.13/libsrt/srtcore/cache.h:47,
[INFO] [stderr]                    from /opt/rustwide/cargo-home/registry/src/index.crates.io-6f17d22bba15001f/libsrt-sys-1.4.13/libsrt/srtcore/cache.cpp:45:
[INFO] [stderr]   /usr/include/c++/11/bits/stl_algo.h:3467:5: note: 'std::max' declared here
[INFO] [stderr]    3467 |     max(initializer_list<_Tp> __l, _Compare __comp)
[INFO] [stderr]         |     ^~~
[INFO] [stderr]   In file included from /opt/rustwide/cargo-home/registry/src/index.crates.io-6f17d22bba15001f/libsrt-sys-1.4.13/libsrt/srtcore/common.h:70,
[INFO] [stderr]                    from /opt/rustwide/cargo-home/registry/src/index.crates.io-6f17d22bba15001f/libsrt-sys-1.4.13/libsrt/srtcore/epoll.cpp:61:
[INFO] [stderr]   /opt/rustwide/cargo-home/registry/src/index.crates.io-6f17d22bba15001f/libsrt-sys-1.4.13/libsrt/srtcore/sync.h: In static member function 'static constexpr srt::sync::TimePoint<Clock> srt::sync::TimePoint<Clock>::max()':
[INFO] [stderr]   /opt/rustwide/cargo-home/registry/src/index.crates.io-6f17d22bba15001f/libsrt-sys-1.4.13/libsrt/srtcore/sync.h:183:68: error: 'numeric_limits' was not declared in this scope
[INFO] [stderr]     183 |     static inline ATR_CONSTEXPR TimePoint max() { return TimePoint(numeric_limits<uint64_t>::max()); }
[INFO] [stderr]         |                                                                    ^~~~~~~~~~~~~~
[INFO] [stderr]   /opt/rustwide/cargo-home/registry/src/index.crates.io-6f17d22bba15001f/libsrt-sys-1.4.13/libsrt/srtcore/sync.h:183:94: error: '::max' has not been declared; did you mean 'std::max'?
[INFO] [stderr]     183 |     static inline ATR_CONSTEXPR TimePoint max() { return TimePoint(numeric_limits<uint64_t>::max()); }
[INFO] [stderr]         |                                                                                              ^~~
[INFO] [stderr]         |                                                                                              std::max
[INFO] [stderr]   In file included from /usr/include/c++/11/algorithm:62,
[INFO] [stderr]                    from /opt/rustwide/cargo-home/registry/src/index.crates.io-6f17d22bba15001f/libsrt-sys-1.4.13/libsrt/srtcore/epoll.cpp:56:
[INFO] [stderr]   /usr/include/c++/11/bits/stl_algo.h:3467:5: note: 'std::max' declared here
[INFO] [stderr]    3467 |     max(initializer_list<_Tp> __l, _Compare __comp)
[INFO] [stderr]         |     ^~~
[INFO] [stderr]   In file included from /opt/rustwide/cargo-home/registry/src/index.crates.io-6f17d22bba15001f/libsrt-sys-1.4.13/libsrt/srtcore/common.h:70,
[INFO] [stderr]                    from /opt/rustwide/cargo-home/registry/src/index.crates.io-6f17d22bba15001f/libsrt-sys-1.4.13/libsrt/srtcore/epoll.cpp:61:
[INFO] [stderr]   /opt/rustwide/cargo-home/registry/src/index.crates.io-6f17d22bba15001f/libsrt-sys-1.4.13/libsrt/srtcore/sync.h:183:67: error: expected primary-expression before '(' token
[INFO] [stderr]     183 |     static inline ATR_CONSTEXPR TimePoint max() { return TimePoint(numeric_limits<uint64_t>::max()); }
[INFO] [stderr]         |                                                                   ^
[INFO] [stderr]   /opt/rustwide/cargo-home/registry/src/index.crates.io-6f17d22bba15001f/libsrt-sys-1.4.13/libsrt/srtcore/sync.h:183:91: error: expected primary-expression before '>' token
[INFO] [stderr]     183 |     static inline ATR_CONSTEXPR TimePoint max() { return TimePoint(numeric_limits<uint64_t>::max()); }
[INFO] [stderr]         |                                                                                           ^
[INFO] [stderr]   /opt/rustwide/cargo-home/registry/src/index.crates.io-6f17d22bba15001f/libsrt-sys-1.4.13/libsrt/srtcore/sync.h:183:94: error: '::max' has not been declared; did you mean 'std::max'?
[INFO] [stderr]     183 |     static inline ATR_CONSTEXPR TimePoint max() { return TimePoint(numeric_limits<uint64_t>::max()); }
[INFO] [stderr]         |                                                                                              ^~~
[INFO] [stderr]         |                                                                                              std::max
[INFO] [stderr]   In file included from /usr/include/c++/11/algorithm:62,
[INFO] [stderr]                    from /opt/rustwide/cargo-home/registry/src/index.crates.io-6f17d22bba15001f/libsrt-sys-1.4.13/libsrt/srtcore/epoll.cpp:56:
[INFO] [stderr]   /usr/include/c++/11/bits/stl_algo.h:3467:5: note: 'std::max' declared here
[INFO] [stderr]    3467 |     max(initializer_list<_Tp> __l, _Compare __comp)
[INFO] [stderr]         |     ^~~
[INFO] [stderr]   In file included from /opt/rustwide/cargo-home/registry/src/index.crates.io-6f17d22bba15001f/libsrt-sys-1.4.13/libsrt/srtcore/common.h:70,
[INFO] [stderr]                    from /opt/rustwide/cargo-home/registry/src/index.crates.io-6f17d22bba15001f/libsrt-sys-1.4.13/libsrt/srtcore/packet.h:57,
[INFO] [stderr]                    from /opt/rustwide/cargo-home/registry/src/index.crates.io-6f17d22bba15001f/libsrt-sys-1.4.13/libsrt/srtcore/crypto.h:24,
[INFO] [stderr]                    from /opt/rustwide/cargo-home/registry/src/index.crates.io-6f17d22bba15001f/libsrt-sys-1.4.13/libsrt/srtcore/crypto.cpp:26:
[INFO] [stderr]   /opt/rustwide/cargo-home/registry/src/index.crates.io-6f17d22bba15001f/libsrt-sys-1.4.13/libsrt/srtcore/sync.h: In static member function 'static constexpr srt::sync::TimePoint<Clock> srt::sync::TimePoint<Clock>::min()':
[INFO] [stderr]   /opt/rustwide/cargo-home/registry/src/index.crates.io-6f17d22bba15001f/libsrt-sys-1.4.13/libsrt/srtcore/sync.h:182:68: error: 'numeric_limits' was not declared in this scope
[INFO] [stderr]     182 |     static inline ATR_CONSTEXPR TimePoint min() { return TimePoint(numeric_limits<uint64_t>::min()); }
[INFO] [stderr]         |                                                                    ^~~~~~~~~~~~~~
[INFO] [stderr]   /opt/rustwide/cargo-home/registry/src/index.crates.io-6f17d22bba15001f/libsrt-sys-1.4.13/libsrt/srtcore/sync.h:182:94: error: '::min' has not been declared; did you mean 'std::min'?
[INFO] [stderr]     182 |     static inline ATR_CONSTEXPR TimePoint min() { return TimePoint(numeric_limits<uint64_t>::min()); }
[INFO] [stderr]         |                                                                                              ^~~
[INFO] [stderr]         |                                                                                              std::min
[INFO] [stderr]   In file included from /usr/include/c++/11/algorithm:62,
[INFO] [stderr]                    from /opt/rustwide/cargo-home/registry/src/index.crates.io-6f17d22bba15001f/libsrt-sys-1.4.13/libsrt/srtcore/utilities.h:103,
[INFO] [stderr]                    from /opt/rustwide/cargo-home/registry/src/index.crates.io-6f17d22bba15001f/libsrt-sys-1.4.13/libsrt/srtcore/crypto.cpp:24:
[INFO] [stderr]   /usr/include/c++/11/bits/stl_algo.h:3455:5: note: 'std::min' declared here
[INFO] [stderr]    3455 |     min(initializer_list<_Tp> __l, _Compare __comp)
[INFO] [stderr]         |     ^~~
[INFO] [stderr]   In file included from /opt/rustwide/cargo-home/registry/src/index.crates.io-6f17d22bba15001f/libsrt-sys-1.4.13/libsrt/srtcore/common.h:70,
[INFO] [stderr]                    from /opt/rustwide/cargo-home/registry/src/index.crates.io-6f17d22bba15001f/libsrt-sys-1.4.13/libsrt/srtcore/packet.h:57,
[INFO] [stderr]                    from /opt/rustwide/cargo-home/registry/src/index.crates.io-6f17d22bba15001f/libsrt-sys-1.4.13/libsrt/srtcore/crypto.h:24,
[INFO] [stderr]                    from /opt/rustwide/cargo-home/registry/src/index.crates.io-6f17d22bba15001f/libsrt-sys-1.4.13/libsrt/srtcore/crypto.cpp:26:
[INFO] [stderr]   /opt/rustwide/cargo-home/registry/src/index.crates.io-6f17d22bba15001f/libsrt-sys-1.4.13/libsrt/srtcore/sync.h:182:67: error: expected primary-expression before '(' token
[INFO] [stderr]     182 |     static inline ATR_CONSTEXPR TimePoint min() { return TimePoint(numeric_limits<uint64_t>::min()); }
[INFO] [stderr]         |                                                                   ^
[INFO] [stderr]   /opt/rustwide/cargo-home/registry/src/index.crates.io-6f17d22bba15001f/libsrt-sys-1.4.13/libsrt/srtcore/sync.h:182:91: error: expected primary-expression before '>' token
[INFO] [stderr]     182 |     static inline ATR_CONSTEXPR TimePoint min() { return TimePoint(numeric_limits<uint64_t>::min()); }
[INFO] [stderr]         |                                                                                           ^
[INFO] [stderr]   /opt/rustwide/cargo-home/registry/src/index.crates.io-6f17d22bba15001f/libsrt-sys-1.4.13/libsrt/srtcore/sync.h:182:94: error: '::min' has not been declared; did you mean 'std::min'?
[INFO] [stderr]     182 |     static inline ATR_CONSTEXPR TimePoint min() { return TimePoint(numeric_limits<uint64_t>::min()); }
[INFO] [stderr]         |                                                                                              ^~~
[INFO] [stderr]         |                                                                                              std::min
[INFO] [stderr]   In file included from /usr/include/c++/11/algorithm:62,
[INFO] [stderr]                    from /opt/rustwide/cargo-home/registry/src/index.crates.io-6f17d22bba15001f/libsrt-sys-1.4.13/libsrt/srtcore/utilities.h:103,
[INFO] [stderr]                    from /opt/rustwide/cargo-home/registry/src/index.crates.io-6f17d22bba15001f/libsrt-sys-1.4.13/libsrt/srtcore/crypto.cpp:24:
[INFO] [stderr]   /usr/include/c++/11/bits/stl_algo.h:3455:5: note: 'std::min' declared here
[INFO] [stderr]    3455 |     min(initializer_list<_Tp> __l, _Compare __comp)
[INFO] [stderr]         |     ^~~
[INFO] [stderr]   In file included from /opt/rustwide/cargo-home/registry/src/index.crates.io-6f17d22bba15001f/libsrt-sys-1.4.13/libsrt/srtcore/common.h:70,
[INFO] [stderr]                    from /opt/rustwide/cargo-home/registry/src/index.crates.io-6f17d22bba15001f/libsrt-sys-1.4.13/libsrt/srtcore/packet.h:57,
[INFO] [stderr]                    from /opt/rustwide/cargo-home/registry/src/index.crates.io-6f17d22bba15001f/libsrt-sys-1.4.13/libsrt/srtcore/channel.h:58,
[INFO] [stderr]                    from /opt/rustwide/cargo-home/registry/src/index.crates.io-6f17d22bba15001f/libsrt-sys-1.4.13/libsrt/srtcore/channel.cpp:60:
[INFO] [stderr]   /opt/rustwide/cargo-home/registry/src/index.crates.io-6f17d22bba15001f/libsrt-sys-1.4.13/libsrt/srtcore/sync.h: In static member function 'static constexpr srt::sync::TimePoint<Clock> srt::sync::TimePoint<Clock>::min()':
[INFO] [stderr]   /opt/rustwide/cargo-home/registry/src/index.crates.io-6f17d22bba15001f/libsrt-sys-1.4.13/libsrt/srtcore/sync.h:182:68: error: 'numeric_limits' was not declared in this scope
[INFO] [stderr]     182 |     static inline ATR_CONSTEXPR TimePoint min() { return TimePoint(numeric_limits<uint64_t>::min()); }
[INFO] [stderr]         |                                                                    ^~~~~~~~~~~~~~
[INFO] [stderr]   /opt/rustwide/cargo-home/registry/src/index.crates.io-6f17d22bba15001f/libsrt-sys-1.4.13/libsrt/srtcore/sync.h:182:94: error: '::min' has not been declared; did you mean 'std::min'?
[INFO] [stderr]     182 |     static inline ATR_CONSTEXPR TimePoint min() { return TimePoint(numeric_limits<uint64_t>::min()); }
[INFO] [stderr]         |                                                                                              ^~~
[INFO] [stderr]         |                                                                                              std::min
[INFO] [stderr]   In file included from /usr/include/c++/11/algorithm:62,
[INFO] [stderr]                    from /opt/rustwide/cargo-home/registry/src/index.crates.io-6f17d22bba15001f/libsrt-sys-1.4.13/libsrt/srtcore/utilities.h:103,
[INFO] [stderr]                    from /opt/rustwide/cargo-home/registry/src/index.crates.io-6f17d22bba15001f/libsrt-sys-1.4.13/libsrt/srtcore/common.h:69,
[INFO] [stderr]                    from /opt/rustwide/cargo-home/registry/src/index.crates.io-6f17d22bba15001f/libsrt-sys-1.4.13/libsrt/srtcore/packet.h:57,
[INFO] [stderr]                    from /opt/rustwide/cargo-home/registry/src/index.crates.io-6f17d22bba15001f/libsrt-sys-1.4.13/libsrt/srtcore/channel.h:58,
[INFO] [stderr]                    from /opt/rustwide/cargo-home/registry/src/index.crates.io-6f17d22bba15001f/libsrt-sys-1.4.13/libsrt/srtcore/channel.cpp:60:
[INFO] [stderr]   /usr/include/c++/11/bits/stl_algo.h:3455:5: note: 'std::min' declared here
[INFO] [stderr]    3455 |     min(initializer_list<_Tp> __l, _Compare __comp)
[INFO] [stderr]         |     ^~~
[INFO] [stderr]   In file included from /opt/rustwide/cargo-home/registry/src/index.crates.io-6f17d22bba15001f/libsrt-sys-1.4.13/libsrt/srtcore/common.h:70,
[INFO] [stderr]                    from /opt/rustwide/cargo-home/registry/src/index.crates.io-6f17d22bba15001f/libsrt-sys-1.4.13/libsrt/srtcore/packet.h:57,
[INFO] [stderr]                    from /opt/rustwide/cargo-home/registry/src/index.crates.io-6f17d22bba15001f/libsrt-sys-1.4.13/libsrt/srtcore/channel.h:58,
[INFO] [stderr]                    from /opt/rustwide/cargo-home/registry/src/index.crates.io-6f17d22bba15001f/libsrt-sys-1.4.13/libsrt/srtcore/channel.cpp:60:
[INFO] [stderr]   /opt/rustwide/cargo-home/registry/src/index.crates.io-6f17d22bba15001f/libsrt-sys-1.4.13/libsrt/srtcore/sync.h:182:67: error: expected primary-expression before '(' token
[INFO] [stderr]     182 |     static inline ATR_CONSTEXPR TimePoint min() { return TimePoint(numeric_limits<uint64_t>::min()); }
[INFO] [stderr]         |                                                                   ^
[INFO] [stderr]   /opt/rustwide/cargo-home/registry/src/index.crates.io-6f17d22bba15001f/libsrt-sys-1.4.13/libsrt/srtcore/sync.h:182:91: error: expected primary-expression before '>' token
[INFO] [stderr]     182 |     static inline ATR_CONSTEXPR TimePoint min() { return TimePoint(numeric_limits<uint64_t>::min()); }
[INFO] [stderr]         |                                                                                           ^
[INFO] [stderr]   /opt/rustwide/cargo-home/registry/src/index.crates.io-6f17d22bba15001f/libsrt-sys-1.4.13/libsrt/srtcore/sync.h:182:94: error: '::min' has not been declared; did you mean 'std::min'?
[INFO] [stderr]     182 |     static inline ATR_CONSTEXPR TimePoint min() { return TimePoint(numeric_limits<uint64_t>::min()); }
[INFO] [stderr]         |                                                                                              ^~~
[INFO] [stderr]         |                                                                                              std::min
[INFO] [stderr]   In file included from /usr/include/c++/11/algorithm:62,
[INFO] [stderr]                    from /opt/rustwide/cargo-home/registry/src/index.crates.io-6f17d22bba15001f/libsrt-sys-1.4.13/libsrt/srtcore/utilities.h:103,
[INFO] [stderr]                    from /opt/rustwide/cargo-home/registry/src/index.crates.io-6f17d22bba15001f/libsrt-sys-1.4.13/libsrt/srtcore/common.h:69,
[INFO] [stderr]                    from /opt/rustwide/cargo-home/registry/src/index.crates.io-6f17d22bba15001f/libsrt-sys-1.4.13/libsrt/srtcore/packet.h:57,
[INFO] [stderr]                    from /opt/rustwide/cargo-home/registry/src/index.crates.io-6f17d22bba15001f/libsrt-sys-1.4.13/libsrt/srtcore/channel.h:58,
[INFO] [stderr]                    from /opt/rustwide/cargo-home/registry/src/index.crates.io-6f17d22bba15001f/libsrt-sys-1.4.13/libsrt/srtcore/channel.cpp:60:
[INFO] [stderr]   /usr/include/c++/11/bits/stl_algo.h:3455:5: note: 'std::min' declared here
[INFO] [stderr]    3455 |     min(initializer_list<_Tp> __l, _Compare __comp)
[INFO] [stderr]         |     ^~~
[INFO] [stderr]   In file included from /opt/rustwide/cargo-home/registry/src/index.crates.io-6f17d22bba15001f/libsrt-sys-1.4.13/libsrt/srtcore/common.h:70,
[INFO] [stderr]                    from /opt/rustwide/cargo-home/registry/src/index.crates.io-6f17d22bba15001f/libsrt-sys-1.4.13/libsrt/srtcore/packet.h:57,
[INFO] [stderr]                    from /opt/rustwide/cargo-home/registry/src/index.crates.io-6f17d22bba15001f/libsrt-sys-1.4.13/libsrt/srtcore/crypto.h:24,
[INFO] [stderr]                    from /opt/rustwide/cargo-home/registry/src/index.crates.io-6f17d22bba15001f/libsrt-sys-1.4.13/libsrt/srtcore/crypto.cpp:26:
[INFO] [stderr]   /opt/rustwide/cargo-home/registry/src/index.crates.io-6f17d22bba15001f/libsrt-sys-1.4.13/libsrt/srtcore/sync.h: In static member function 'static constexpr srt::sync::TimePoint<Clock> srt::sync::TimePoint<Clock>::max()':
[INFO] [stderr]   /opt/rustwide/cargo-home/registry/src/index.crates.io-6f17d22bba15001f/libsrt-sys-1.4.13/libsrt/srtcore/sync.h:183:68: error: 'numeric_limits' was not declared in this scope
[INFO] [stderr]     183 |     static inline ATR_CONSTEXPR TimePoint max() { return TimePoint(numeric_limits<uint64_t>::max()); }
[INFO] [stderr]         |                                                                    ^~~~~~~~~~~~~~
[INFO] [stderr]   /opt/rustwide/cargo-home/registry/src/index.crates.io-6f17d22bba15001f/libsrt-sys-1.4.13/libsrt/srtcore/sync.h:183:94: error: '::max' has not been declared; did you mean 'std::max'?
[INFO] [stderr]     183 |     static inline ATR_CONSTEXPR TimePoint max() { return TimePoint(numeric_limits<uint64_t>::max()); }
[INFO] [stderr]         |                                                                                              ^~~
[INFO] [stderr]         |                                                                                              std::max
[INFO] [stderr]   In file included from /usr/include/c++/11/algorithm:62,
[INFO] [stderr]                    from /opt/rustwide/cargo-home/registry/src/index.crates.io-6f17d22bba15001f/libsrt-sys-1.4.13/libsrt/srtcore/utilities.h:103,
[INFO] [stderr]                    from /opt/rustwide/cargo-home/registry/src/index.crates.io-6f17d22bba15001f/libsrt-sys-1.4.13/libsrt/srtcore/crypto.cpp:24:
[INFO] [stderr]   /usr/include/c++/11/bits/stl_algo.h:3467:5: note: 'std::max' declared here
[INFO] [stderr]    3467 |     max(initializer_list<_Tp> __l, _Compare __comp)
[INFO] [stderr]         |     ^~~
[INFO] [stderr]   In file included from /opt/rustwide/cargo-home/registry/src/index.crates.io-6f17d22bba15001f/libsrt-sys-1.4.13/libsrt/srtcore/common.h:70,
[INFO] [stderr]                    from /opt/rustwide/cargo-home/registry/src/index.crates.io-6f17d22bba15001f/libsrt-sys-1.4.13/libsrt/srtcore/packet.h:57,
[INFO] [stderr]                    from /opt/rustwide/cargo-home/registry/src/index.crates.io-6f17d22bba15001f/libsrt-sys-1.4.13/libsrt/srtcore/crypto.h:24,
[INFO] [stderr]                    from /opt/rustwide/cargo-home/registry/src/index.crates.io-6f17d22bba15001f/libsrt-sys-1.4.13/libsrt/srtcore/crypto.cpp:26:
[INFO] [stderr]   /opt/rustwide/cargo-home/registry/src/index.crates.io-6f17d22bba15001f/libsrt-sys-1.4.13/libsrt/srtcore/sync.h:183:67: error: expected primary-expression before '(' token
[INFO] [stderr]     183 |     static inline ATR_CONSTEXPR TimePoint max() { return TimePoint(numeric_limits<uint64_t>::max()); }
[INFO] [stderr]         |                                                                   ^
[INFO] [stderr]   /opt/rustwide/cargo-home/registry/src/index.crates.io-6f17d22bba15001f/libsrt-sys-1.4.13/libsrt/srtcore/sync.h:183:91: error: expected primary-expression before '>' token
[INFO] [stderr]     183 |     static inline ATR_CONSTEXPR TimePoint max() { return TimePoint(numeric_limits<uint64_t>::max()); }
[INFO] [stderr]         |                                                                                           ^
[INFO] [stderr]   /opt/rustwide/cargo-home/registry/src/index.crates.io-6f17d22bba15001f/libsrt-sys-1.4.13/libsrt/srtcore/sync.h:183:94: error: '::max' has not been declared; did you mean 'std::max'?
[INFO] [stderr]     183 |     static inline ATR_CONSTEXPR TimePoint max() { return TimePoint(numeric_limits<uint64_t>::max()); }
[INFO] [stderr]         |                                                                                              ^~~
[INFO] [stderr]         |                                                                                              std::max
[INFO] [stderr]   In file included from /usr/include/c++/11/algorithm:62,
[INFO] [stderr]                    from /opt/rustwide/cargo-home/registry/src/index.crates.io-6f17d22bba15001f/libsrt-sys-1.4.13/libsrt/srtcore/utilities.h:103,
[INFO] [stderr]                    from /opt/rustwide/cargo-home/registry/src/index.crates.io-6f17d22bba15001f/libsrt-sys-1.4.13/libsrt/srtcore/crypto.cpp:24:
[INFO] [stderr]   /usr/include/c++/11/bits/stl_algo.h:3467:5: note: 'std::max' declared here
[INFO] [stderr]    3467 |     max(initializer_list<_Tp> __l, _Compare __comp)
[INFO] [stderr]         |     ^~~
[INFO] [stderr]   In file included from /opt/rustwide/cargo-home/registry/src/index.crates.io-6f17d22bba15001f/libsrt-sys-1.4.13/libsrt/srtcore/common.h:70,
[INFO] [stderr]                    from /opt/rustwide/cargo-home/registry/src/index.crates.io-6f17d22bba15001f/libsrt-sys-1.4.13/libsrt/srtcore/packet.h:57,
[INFO] [stderr]                    from /opt/rustwide/cargo-home/registry/src/index.crates.io-6f17d22bba15001f/libsrt-sys-1.4.13/libsrt/srtcore/channel.h:58,
[INFO] [stderr]                    from /opt/rustwide/cargo-home/registry/src/index.crates.io-6f17d22bba15001f/libsrt-sys-1.4.13/libsrt/srtcore/channel.cpp:60:
[INFO] [stderr]   /opt/rustwide/cargo-home/registry/src/index.crates.io-6f17d22bba15001f/libsrt-sys-1.4.13/libsrt/srtcore/sync.h: In static member function 'static constexpr srt::sync::TimePoint<Clock> srt::sync::TimePoint<Clock>::max()':
[INFO] [stderr]   /opt/rustwide/cargo-home/registry/src/index.crates.io-6f17d22bba15001f/libsrt-sys-1.4.13/libsrt/srtcore/sync.h:183:68: error: 'numeric_limits' was not declared in this scope
[INFO] [stderr]     183 |     static inline ATR_CONSTEXPR TimePoint max() { return TimePoint(numeric_limits<uint64_t>::max()); }
[INFO] [stderr]         |                                                                    ^~~~~~~~~~~~~~
[INFO] [stderr]   /opt/rustwide/cargo-home/registry/src/index.crates.io-6f17d22bba15001f/libsrt-sys-1.4.13/libsrt/srtcore/sync.h:183:94: error: '::max' has not been declared; did you mean 'std::max'?
[INFO] [stderr]     183 |     static inline ATR_CONSTEXPR TimePoint max() { return TimePoint(numeric_limits<uint64_t>::max()); }
[INFO] [stderr]         |                                                                                              ^~~
[INFO] [stderr]         |                                                                                              std::max
[INFO] [stderr]   In file included from /usr/include/c++/11/algorithm:62,
[INFO] [stderr]                    from /opt/rustwide/cargo-home/registry/src/index.crates.io-6f17d22bba15001f/libsrt-sys-1.4.13/libsrt/srtcore/utilities.h:103,
[INFO] [stderr]                    from /opt/rustwide/cargo-home/registry/src/index.crates.io-6f17d22bba15001f/libsrt-sys-1.4.13/libsrt/srtcore/common.h:69,
[INFO] [stderr]                    from /opt/rustwide/cargo-home/registry/src/index.crates.io-6f17d22bba15001f/libsrt-sys-1.4.13/libsrt/srtcore/packet.h:57,
[INFO] [stderr]                    from /opt/rustwide/cargo-home/registry/src/index.crates.io-6f17d22bba15001f/libsrt-sys-1.4.13/libsrt/srtcore/channel.h:58,
[INFO] [stderr]                    from /opt/rustwide/cargo-home/registry/src/index.crates.io-6f17d22bba15001f/libsrt-sys-1.4.13/libsrt/srtcore/channel.cpp:60:
[INFO] [stderr]   /usr/include/c++/11/bits/stl_algo.h:3467:5: note: 'std::max' declared here
[INFO] [stderr]    3467 |     max(initializer_list<_Tp> __l, _Compare __comp)
[INFO] [stderr]         |     ^~~
[INFO] [stderr]   In file included from /opt/rustwide/cargo-home/registry/src/index.crates.io-6f17d22bba15001f/libsrt-sys-1.4.13/libsrt/srtcore/common.h:70,
[INFO] [stderr]                    from /opt/rustwide/cargo-home/registry/src/index.crates.io-6f17d22bba15001f/libsrt-sys-1.4.13/libsrt/srtcore/packet.h:57,
[INFO] [stderr]                    from /opt/rustwide/cargo-home/registry/src/index.crates.io-6f17d22bba15001f/libsrt-sys-1.4.13/libsrt/srtcore/channel.h:58,
[INFO] [stderr]                    from /opt/rustwide/cargo-home/registry/src/index.crates.io-6f17d22bba15001f/libsrt-sys-1.4.13/libsrt/srtcore/channel.cpp:60:
[INFO] [stderr]   /opt/rustwide/cargo-home/registry/src/index.crates.io-6f17d22bba15001f/libsrt-sys-1.4.13/libsrt/srtcore/sync.h:183:67: error: expected primary-expression before '(' token
[INFO] [stderr]     183 |     static inline ATR_CONSTEXPR TimePoint max() { return TimePoint(numeric_limits<uint64_t>::max()); }
[INFO] [stderr]         |                                                                   ^
[INFO] [stderr]   /opt/rustwide/cargo-home/registry/src/index.crates.io-6f17d22bba15001f/libsrt-sys-1.4.13/libsrt/srtcore/sync.h:183:91: error: expected primary-expression before '>' token
[INFO] [stderr]     183 |     static inline ATR_CONSTEXPR TimePoint max() { return TimePoint(numeric_limits<uint64_t>::max()); }
[INFO] [stderr]         |                                                                                           ^
[INFO] [stderr]   /opt/rustwide/cargo-home/registry/src/index.crates.io-6f17d22bba15001f/libsrt-sys-1.4.13/libsrt/srtcore/sync.h:183:94: error: '::max' has not been declared; did you mean 'std::max'?
[INFO] [stderr]     183 |     static inline ATR_CONSTEXPR TimePoint max() { return TimePoint(numeric_limits<uint64_t>::max()); }
[INFO] [stderr]         |                                                                                              ^~~
[INFO] [stderr]         |                                                                                              std::max
[INFO] [stderr]   In file included from /usr/include/c++/11/algorithm:62,
[INFO] [stderr]                    from /opt/rustwide/cargo-home/registry/src/index.crates.io-6f17d22bba15001f/libsrt-sys-1.4.13/libsrt/srtcore/utilities.h:103,
[INFO] [stderr]                    from /opt/rustwide/cargo-home/registry/src/index.crates.io-6f17d22bba15001f/libsrt-sys-1.4.13/libsrt/srtcore/common.h:69,
[INFO] [stderr]                    from /opt/rustwide/cargo-home/registry/src/index.crates.io-6f17d22bba15001f/libsrt-sys-1.4.13/libsrt/srtcore/packet.h:57,
[INFO] [stderr]                    from /opt/rustwide/cargo-home/registry/src/index.crates.io-6f17d22bba15001f/libsrt-sys-1.4.13/libsrt/srtcore/channel.h:58,
[INFO] [stderr]                    from /opt/rustwide/cargo-home/registry/src/index.crates.io-6f17d22bba15001f/libsrt-sys-1.4.13/libsrt/srtcore/channel.cpp:60:
[INFO] [stderr]   /usr/include/c++/11/bits/stl_algo.h:3467:5: note: 'std::max' declared here
[INFO] [stderr]    3467 |     max(initializer_list<_Tp> __l, _Compare __comp)
[INFO] [stderr]         |     ^~~
[INFO] [stderr]   In file included from /opt/rustwide/cargo-home/registry/src/index.crates.io-6f17d22bba15001f/libsrt-sys-1.4.13/libsrt/srtcore/common.h:70,
[INFO] [stderr]                    from /opt/rustwide/cargo-home/registry/src/index.crates.io-6f17d22bba15001f/libsrt-sys-1.4.13/libsrt/srtcore/packet.h:57,
[INFO] [stderr]                    from /opt/rustwide/cargo-home/registry/src/index.crates.io-6f17d22bba15001f/libsrt-sys-1.4.13/libsrt/srtcore/api.h:62,
[INFO] [stderr]                    from /opt/rustwide/cargo-home/registry/src/index.crates.io-6f17d22bba15001f/libsrt-sys-1.4.13/libsrt/srtcore/api.cpp:64:
[INFO] [stderr]   /opt/rustwide/cargo-home/registry/src/index.crates.io-6f17d22bba15001f/libsrt-sys-1.4.13/libsrt/srtcore/sync.h: In static member function 'static constexpr srt::sync::TimePoint<Clock> srt::sync::TimePoint<Clock>::min()':
[INFO] [stderr]   /opt/rustwide/cargo-home/registry/src/index.crates.io-6f17d22bba15001f/libsrt-sys-1.4.13/libsrt/srtcore/sync.h:182:68: error: 'numeric_limits' was not declared in this scope
[INFO] [stderr]     182 |     static inline ATR_CONSTEXPR TimePoint min() { return TimePoint(numeric_limits<uint64_t>::min()); }
[INFO] [stderr]         |                                                                    ^~~~~~~~~~~~~~
[INFO] [stderr]   /opt/rustwide/cargo-home/registry/src/index.crates.io-6f17d22bba15001f/libsrt-sys-1.4.13/libsrt/srtcore/sync.h:182:94: error: '::min' has not been declared; did you mean 'std::min'?
[INFO] [stderr]     182 |     static inline ATR_CONSTEXPR TimePoint min() { return TimePoint(numeric_limits<uint64_t>::min()); }
[INFO] [stderr]         |                                                                                              ^~~
[INFO] [stderr]         |                                                                                              std::min
[INFO] [stderr]   In file included from /usr/include/c++/11/algorithm:62,
[INFO] [stderr]                    from /opt/rustwide/cargo-home/registry/src/index.crates.io-6f17d22bba15001f/libsrt-sys-1.4.13/libsrt/srtcore/utilities.h:103,
[INFO] [stderr]                    from /opt/rustwide/cargo-home/registry/src/index.crates.io-6f17d22bba15001f/libsrt-sys-1.4.13/libsrt/srtcore/api.cpp:62:
[INFO] [stderr]   /usr/include/c++/11/bits/stl_algo.h:3455:5: note: 'std::min' declared here
[INFO] [stderr]    3455 |     min(initializer_list<_Tp> __l, _Compare __comp)
[INFO] [stderr]         |     ^~~
[INFO] [stderr]   In file included from /opt/rustwide/cargo-home/registry/src/index.crates.io-6f17d22bba15001f/libsrt-sys-1.4.13/libsrt/srtcore/common.h:70,
[INFO] [stderr]                    from /opt/rustwide/cargo-home/registry/src/index.crates.io-6f17d22bba15001f/libsrt-sys-1.4.13/libsrt/srtcore/packet.h:57,
[INFO] [stderr]                    from /opt/rustwide/cargo-home/registry/src/index.crates.io-6f17d22bba15001f/libsrt-sys-1.4.13/libsrt/srtcore/api.h:62,
[INFO] [stderr]                    from /opt/rustwide/cargo-home/registry/src/index.crates.io-6f17d22bba15001f/libsrt-sys-1.4.13/libsrt/srtcore/api.cpp:64:
[INFO] [stderr]   /opt/rustwide/cargo-home/registry/src/index.crates.io-6f17d22bba15001f/libsrt-sys-1.4.13/libsrt/srtcore/sync.h:182:67: error: expected primary-expression before '(' token
[INFO] [stderr]     182 |     static inline ATR_CONSTEXPR TimePoint min() { return TimePoint(numeric_limits<uint64_t>::min()); }
[INFO] [stderr]         |                                                                   ^
[INFO] [stderr]   /opt/rustwide/cargo-home/registry/src/index.crates.io-6f17d22bba15001f/libsrt-sys-1.4.13/libsrt/srtcore/sync.h:182:91: error: expected primary-expression before '>' token
[INFO] [stderr]     182 |     static inline ATR_CONSTEXPR TimePoint min() { return TimePoint(numeric_limits<uint64_t>::min()); }
[INFO] [stderr]         |                                                                                           ^
[INFO] [stderr]   /opt/rustwide/cargo-home/registry/src/index.crates.io-6f17d22bba15001f/libsrt-sys-1.4.13/libsrt/srtcore/sync.h:182:94: error: '::min' has not been declared; did you mean 'std::min'?
[INFO] [stderr]     182 |     static inline ATR_CONSTEXPR TimePoint min() { return TimePoint(numeric_limits<uint64_t>::min()); }
[INFO] [stderr]         |                                                                                              ^~~
[INFO] [stderr]         |                                                                                              std::min
[INFO] [stderr]   In file included from /usr/include/c++/11/algorithm:62,
[INFO] [stderr]                    from /opt/rustwide/cargo-home/registry/src/index.crates.io-6f17d22bba15001f/libsrt-sys-1.4.13/libsrt/srtcore/utilities.h:103,
[INFO] [stderr]                    from /opt/rustwide/cargo-home/registry/src/index.crates.io-6f17d22bba15001f/libsrt-sys-1.4.13/libsrt/srtcore/api.cpp:62:
[INFO] [stderr]   /usr/include/c++/11/bits/stl_algo.h:3455:5: note: 'std::min' declared here
[INFO] [stderr]    3455 |     min(initializer_list<_Tp> __l, _Compare __comp)
[INFO] [stderr]         |     ^~~
[INFO] [stderr]   In file included from /opt/rustwide/cargo-home/registry/src/index.crates.io-6f17d22bba15001f/libsrt-sys-1.4.13/libsrt/srtcore/common.h:70,
[INFO] [stderr]                    from /opt/rustwide/cargo-home/registry/src/index.crates.io-6f17d22bba15001f/libsrt-sys-1.4.13/libsrt/srtcore/packet.h:57,
[INFO] [stderr]                    from /opt/rustwide/cargo-home/registry/src/index.crates.io-6f17d22bba15001f/libsrt-sys-1.4.13/libsrt/srtcore/api.h:62,
[INFO] [stderr]                    from /opt/rustwide/cargo-home/registry/src/index.crates.io-6f17d22bba15001f/libsrt-sys-1.4.13/libsrt/srtcore/api.cpp:64:
[INFO] [stderr]   /opt/rustwide/cargo-home/registry/src/index.crates.io-6f17d22bba15001f/libsrt-sys-1.4.13/libsrt/srtcore/sync.h: In static member function 'static constexpr srt::sync::TimePoint<Clock> srt::sync::TimePoint<Clock>::max()':
[INFO] [stderr]   /opt/rustwide/cargo-home/registry/src/index.crates.io-6f17d22bba15001f/libsrt-sys-1.4.13/libsrt/srtcore/sync.h:183:68: error: 'numeric_limits' was not declared in this scope
[INFO] [stderr]     183 |     static inline ATR_CONSTEXPR TimePoint max() { return TimePoint(numeric_limits<uint64_t>::max()); }
[INFO] [stderr]         |                                                                    ^~~~~~~~~~~~~~
[INFO] [stderr]   /opt/rustwide/cargo-home/registry/src/index.crates.io-6f17d22bba15001f/libsrt-sys-1.4.13/libsrt/srtcore/sync.h:183:94: error: '::max' has not been declared; did you mean 'std::max'?
[INFO] [stderr]     183 |     static inline ATR_CONSTEXPR TimePoint max() { return TimePoint(numeric_limits<uint64_t>::max()); }
[INFO] [stderr]         |                                                                                              ^~~
[INFO] [stderr]         |                                                                                              std::max
[INFO] [stderr]   In file included from /usr/include/c++/11/algorithm:62,
[INFO] [stderr]                    from /opt/rustwide/cargo-home/registry/src/index.crates.io-6f17d22bba15001f/libsrt-sys-1.4.13/libsrt/srtcore/utilities.h:103,
[INFO] [stderr]                    from /opt/rustwide/cargo-home/registry/src/index.crates.io-6f17d22bba15001f/libsrt-sys-1.4.13/libsrt/srtcore/api.cpp:62:
[INFO] [stderr]   /usr/include/c++/11/bits/stl_algo.h:3467:5: note: 'std::max' declared here
[INFO] [stderr]    3467 |     max(initializer_list<_Tp> __l, _Compare __comp)
[INFO] [stderr]         |     ^~~
[INFO] [stderr]   In file included from /opt/rustwide/cargo-home/registry/src/index.crates.io-6f17d22bba15001f/libsrt-sys-1.4.13/libsrt/srtcore/common.h:70,
[INFO] [stderr]                    from /opt/rustwide/cargo-home/registry/src/index.crates.io-6f17d22bba15001f/libsrt-sys-1.4.13/libsrt/srtcore/packet.h:57,
[INFO] [stderr]                    from /opt/rustwide/cargo-home/registry/src/index.crates.io-6f17d22bba15001f/libsrt-sys-1.4.13/libsrt/srtcore/api.h:62,
[INFO] [stderr]                    from /opt/rustwide/cargo-home/registry/src/index.crates.io-6f17d22bba15001f/libsrt-sys-1.4.13/libsrt/srtcore/api.cpp:64:
[INFO] [stderr]   /opt/rustwide/cargo-home/registry/src/index.crates.io-6f17d22bba15001f/libsrt-sys-1.4.13/libsrt/srtcore/sync.h:183:67: error: expected primary-expression before '(' token
[INFO] [stderr]     183 |     static inline ATR_CONSTEXPR TimePoint max() { return TimePoint(numeric_limits<uint64_t>::max()); }
[INFO] [stderr]         |                                                                   ^
[INFO] [stderr]   /opt/rustwide/cargo-home/registry/src/index.crates.io-6f17d22bba15001f/libsrt-sys-1.4.13/libsrt/srtcore/sync.h:183:91: error: expected primary-expression before '>' token
[INFO] [stderr]     183 |     static inline ATR_CONSTEXPR TimePoint max() { return TimePoint(numeric_limits<uint64_t>::max()); }
[INFO] [stderr]         |                                                                                           ^
[INFO] [stderr]   /opt/rustwide/cargo-home/registry/src/index.crates.io-6f17d22bba15001f/libsrt-sys-1.4.13/libsrt/srtcore/sync.h:183:94: error: '::max' has not been declared; did you mean 'std::max'?
[INFO] [stderr]     183 |     static inline ATR_CONSTEXPR TimePoint max() { return TimePoint(numeric_limits<uint64_t>::max()); }
[INFO] [stderr]         |                                                                                              ^~~
[INFO] [stderr]         |                                                                                              std::max
[INFO] [stderr]   In file included from /usr/include/c++/11/algorithm:62,
[INFO] [stderr]                    from /opt/rustwide/cargo-home/registry/src/index.crates.io-6f17d22bba15001f/libsrt-sys-1.4.13/libsrt/srtcore/utilities.h:103,
[INFO] [stderr]                    from /opt/rustwide/cargo-home/registry/src/index.crates.io-6f17d22bba15001f/libsrt-sys-1.4.13/libsrt/srtcore/api.cpp:62:
[INFO] [stderr]   /usr/include/c++/11/bits/stl_algo.h:3467:5: note: 'std::max' declared here
[INFO] [stderr]    3467 |     max(initializer_list<_Tp> __l, _Compare __comp)
[INFO] [stderr]         |     ^~~
[INFO] [stderr]   gmake[2]: *** [CMakeFiles/srt_virtual.dir/build.make:104: CMakeFiles/srt_virtual.dir/srtcore/cache.cpp.o] Error 1
[INFO] [stderr]   gmake[2]: *** Waiting for unfinished jobs....
[INFO] [stderr]   gmake[2]: *** [CMakeFiles/srt_virtual.dir/build.make:118: CMakeFiles/srt_virtual.dir/srtcore/channel.cpp.o] Error 1
[INFO] [stderr]   gmake[2]: *** [CMakeFiles/srt_virtual.dir/build.make:160: CMakeFiles/srt_virtual.dir/srtcore/crypto.cpp.o] Error 1
[INFO] [stderr]   gmake[2]: *** [CMakeFiles/srt_virtual.dir/build.make:174: CMakeFiles/srt_virtual.dir/srtcore/epoll.cpp.o] Error 1
[INFO] [stderr]   gmake[2]: *** [CMakeFiles/srt_virtual.dir/build.make:76: CMakeFiles/srt_virtual.dir/srtcore/api.cpp.o] Error 1
[INFO] [stderr]   gmake[1]: *** [CMakeFiles/Makefile2:87: CMakeFiles/srt_virtual.dir/all] Error 2
[INFO] [stderr]   gmake: *** [Makefile:136: all] Error 2
[INFO] [stderr]   thread 'main' panicked at /opt/rustwide/cargo-home/registry/src/index.crates.io-6f17d22bba15001f/cmake-0.1.51/src/lib.rs:1100:5:
[INFO] [stderr] 
[INFO] [stderr]   command did not execute successfully, got: exit status: 2
[INFO] [stderr] 
[INFO] [stderr]   build script failed, must exit now
[INFO] [stderr]   stack backtrace:
[INFO] [stderr]      0:     0x648ffb4b700a - std::backtrace_rs::backtrace::libunwind::trace::h207520d6e9873551
[INFO] [stderr]                                  at /rustc/df4ca44d3fbc9301ee17f30f4d474e6ae4b05252/library/std/src/../../backtrace/src/backtrace/libunwind.rs:116:5
[INFO] [stderr]      1:     0x648ffb4b700a - std::backtrace_rs::backtrace::trace_unsynchronized::h2ed7433f370e3eca
[INFO] [stderr]                                  at /rustc/df4ca44d3fbc9301ee17f30f4d474e6ae4b05252/library/std/src/../../backtrace/src/backtrace/mod.rs:66:5
[INFO] [stderr]      2:     0x648ffb4b700a - std::sys::backtrace::_print_fmt::h916fac51166b18d7
[INFO] [stderr]                                  at /rustc/df4ca44d3fbc9301ee17f30f4d474e6ae4b05252/library/std/src/sys/backtrace.rs:66:9
[INFO] [stderr]      3:     0x648ffb4b700a - <std::sys::backtrace::BacktraceLock::print::DisplayBacktrace as core::fmt::Display>::fmt::ha0a4c9b8ce3802e6
[INFO] [stderr]                                  at /rustc/df4ca44d3fbc9301ee17f30f4d474e6ae4b05252/library/std/src/sys/backtrace.rs:39:26
[INFO] [stderr]      4:     0x648ffb4e0823 - core::fmt::rt::Argument::fmt::h4cfc8587d52b3eb5
[INFO] [stderr]                                  at /rustc/df4ca44d3fbc9301ee17f30f4d474e6ae4b05252/library/core/src/fmt/rt.rs:177:76
[INFO] [stderr]      5:     0x648ffb4e0823 - core::fmt::write::h522cc39e5b36ae9f
[INFO] [stderr]                                  at /rustc/df4ca44d3fbc9301ee17f30f4d474e6ae4b05252/library/core/src/fmt/mod.rs:1190:21
[INFO] [stderr]      6:     0x648ffb4b3883 - std::io::Write::write_fmt::hf1c1dcc8cc1287f0
[INFO] [stderr]                                  at /rustc/df4ca44d3fbc9301ee17f30f4d474e6ae4b05252/library/std/src/io/mod.rs:1839:15
[INFO] [stderr]      7:     0x648ffb4b6e52 - std::sys::backtrace::BacktraceLock::print::h4b9e00b29e9c0942
[INFO] [stderr]                                  at /rustc/df4ca44d3fbc9301ee17f30f4d474e6ae4b05252/library/std/src/sys/backtrace.rs:42:9
[INFO] [stderr]      8:     0x648ffb4b804c - std::panicking::default_hook::{{closure}}::hb59b88280d0324d9
[INFO] [stderr]                                  at /rustc/df4ca44d3fbc9301ee17f30f4d474e6ae4b05252/library/std/src/panicking.rs:268:22
[INFO] [stderr]      9:     0x648ffb4b7e92 - std::panicking::default_hook::he1dd496665be4a29
[INFO] [stderr]                                  at /rustc/df4ca44d3fbc9301ee17f30f4d474e6ae4b05252/library/std/src/panicking.rs:295:9
[INFO] [stderr]     10:     0x648ffb4b8687 - std::panicking::rust_panic_with_hook::h2ff17fe8f26dfcf8
[INFO] [stderr]                                  at /rustc/df4ca44d3fbc9301ee17f30f4d474e6ae4b05252/library/std/src/panicking.rs:801:13
[INFO] [stderr]     11:     0x648ffb4b851a - std::panicking::begin_panic_handler::{{closure}}::h4fad77951c07e101
[INFO] [stderr]                                  at /rustc/df4ca44d3fbc9301ee17f30f4d474e6ae4b05252/library/std/src/panicking.rs:674:13
[INFO] [stderr]     12:     0x648ffb4b74e9 - std::sys::backtrace::__rust_end_short_backtrace::hb1a25b3da5d0ea08
[INFO] [stderr]                                  at /rustc/df4ca44d3fbc9301ee17f30f4d474e6ae4b05252/library/std/src/sys/backtrace.rs:170:18
[INFO] [stderr]     13:     0x648ffb4b81ac - rust_begin_unwind
[INFO] [stderr]                                  at /rustc/df4ca44d3fbc9301ee17f30f4d474e6ae4b05252/library/std/src/panicking.rs:665:5
[INFO] [stderr]     14:     0x648ffb4deb70 - core::panicking::panic_fmt::ha9db07b529f9b256
[INFO] [stderr]                                  at /rustc/df4ca44d3fbc9301ee17f30f4d474e6ae4b05252/library/core/src/panicking.rs:75:14
[INFO] [stderr]     15:     0x648ffaf7c102 - cmake::fail::he59086db93cdb6d9
[INFO] [stderr]     16:     0x648ffaf7b8d9 - cmake::run::h4c7f681d6e25b67d
[INFO] [stderr]     17:     0x648ffaf782cf - cmake::Config::build::hb94199b1acfc6129
[INFO] [stderr]     18:     0x648ffaf6c10e - build_script_build::main::ha4ef5dfec4246574
[INFO] [stderr]     19:     0x648ffaf69573 - core::ops::function::FnOnce::call_once::h1b1847452c35d272
[INFO] [stderr]     20:     0x648ffaf694f6 - std::sys::backtrace::__rust_begin_short_backtrace::hed53a9615258470b
[INFO] [stderr]     21:     0x648ffaf69459 - std::rt::lang_start::{{closure}}::h12ec8ffb6b55aa20
[INFO] [stderr]     22:     0x648ffb4af377 - core::ops::function::impls::<impl core::ops::function::FnOnce<A> for &F>::call_once::hd87d66b906e0ccaf
[INFO] [stderr]                                  at /rustc/df4ca44d3fbc9301ee17f30f4d474e6ae4b05252/library/core/src/ops/function.rs:284:13
[INFO] [stderr]     23:     0x648ffb4af377 - std::panicking::try::do_call::hae3703de71fc9e3a
[INFO] [stderr]                                  at /rustc/df4ca44d3fbc9301ee17f30f4d474e6ae4b05252/library/std/src/panicking.rs:557:40
[INFO] [stderr]     24:     0x648ffb4af377 - std::panicking::try::h1178330e9a2b2645
[INFO] [stderr]                                  at /rustc/df4ca44d3fbc9301ee17f30f4d474e6ae4b05252/library/std/src/panicking.rs:520:19
[INFO] [stderr]     25:     0x648ffb4af377 - std::panic::catch_unwind::h0acf49d2305d32ad
[INFO] [stderr]                                  at /rustc/df4ca44d3fbc9301ee17f30f4d474e6ae4b05252/library/std/src/panic.rs:358:14
[INFO] [stderr]     26:     0x648ffb4af377 - std::rt::lang_start_internal::{{closure}}::h2d95182d798177be
[INFO] [stderr]                                  at /rustc/df4ca44d3fbc9301ee17f30f4d474e6ae4b05252/library/std/src/rt.rs:174:48
[INFO] [stderr]     27:     0x648ffb4af377 - std::panicking::try::do_call::hb506f5bfe11fd30c
[INFO] [stderr]                                  at /rustc/df4ca44d3fbc9301ee17f30f4d474e6ae4b05252/library/std/src/panicking.rs:557:40
[INFO] [stderr]     28:     0x648ffb4af377 - std::panicking::try::h54d825c46bd0fa95
[INFO] [stderr]                                  at /rustc/df4ca44d3fbc9301ee17f30f4d474e6ae4b05252/library/std/src/panicking.rs:520:19
[INFO] [stderr]     29:     0x648ffb4af377 - std::panic::catch_unwind::hffbb0ad20c4e9fac
[INFO] [stderr]                                  at /rustc/df4ca44d3fbc9301ee17f30f4d474e6ae4b05252/library/std/src/panic.rs:358:14
[INFO] [stderr]     30:     0x648ffb4af377 - std::rt::lang_start_internal::h52c291ef1962c925
[INFO] [stderr]                                  at /rustc/df4ca44d3fbc9301ee17f30f4d474e6ae4b05252/library/std/src/rt.rs:174:20
[INFO] [stderr]     31:     0x648ffaf69437 - std::rt::lang_start::he68d1353b45db072
[INFO] [stderr]     32:     0x648ffaf6cb05 - main
[INFO] [stderr]     33:     0x7abaf806bd90 - <unknown>
[INFO] [stderr]     34:     0x7abaf806be40 - __libc_start_main
[INFO] [stderr]     35:     0x648ffaf68da5 - _start
[INFO] [stderr]     36:                0x0 - <unknown>
[INFO] running `Command { std: "docker" "inspect" "bb80e7dbfb51301f1039bf79c13c1c5b04eb4d19b0fc3fa3b2ba75719de727cd", kill_on_drop: false }`
[INFO] running `Command { std: "docker" "rm" "-f" "bb80e7dbfb51301f1039bf79c13c1c5b04eb4d19b0fc3fa3b2ba75719de727cd", kill_on_drop: false }`
[INFO] [stdout] bb80e7dbfb51301f1039bf79c13c1c5b04eb4d19b0fc3fa3b2ba75719de727cd
