[INFO] fetching crate square-ox-derive 0.1.0...
[INFO] testing square-ox-derive-0.1.0 against nightly-2024-10-28 for randomize-layout
[INFO] extracting crate square-ox-derive 0.1.0 into /workspace/builds/worker-5-tc1/source
[INFO] validating manifest of crates.io crate square-ox-derive 0.1.0 on toolchain nightly-2024-10-28
[INFO] running `Command { std: CARGO_HOME="/workspace/cargo-home" RUSTUP_HOME="/workspace/rustup-home" "/workspace/cargo-home/bin/cargo" "+nightly-2024-10-28" "metadata" "--manifest-path" "Cargo.toml" "--no-deps", kill_on_drop: false }`
[INFO] started tweaking crates.io crate square-ox-derive 0.1.0
[INFO] finished tweaking crates.io crate square-ox-derive 0.1.0
[INFO] tweaked toml for crates.io crate square-ox-derive 0.1.0 written to /workspace/builds/worker-5-tc1/source/Cargo.toml
[INFO] running `Command { std: CARGO_HOME="/workspace/cargo-home" RUSTUP_HOME="/workspace/rustup-home" "/workspace/cargo-home/bin/cargo" "+nightly-2024-10-28" "generate-lockfile" "--manifest-path" "Cargo.toml", kill_on_drop: false }`
[INFO] [stderr]     Updating crates.io index
[INFO] [stderr]      Locking 130 packages to latest compatible versions
[INFO] [stderr]       Adding square-ox v0.1.2 (available: v0.2.0)
[INFO] [stderr]       Adding syn v1.0.109 (available: v2.0.86)
[INFO] running `Command { std: CARGO_HOME="/workspace/cargo-home" RUSTUP_HOME="/workspace/rustup-home" "/workspace/cargo-home/bin/cargo" "+nightly-2024-10-28" "fetch" "--manifest-path" "Cargo.toml", kill_on_drop: false }`
[INFO] [stderr]  Downloading crates ...
[INFO] [stderr]   Downloaded square-ox v0.1.2
[INFO] running `Command { std: "docker" "create" "-v" "/var/lib/crater-agent-workspace/builds/worker-5-tc1/target:/opt/rustwide/target:rw,Z" "-v" "/var/lib/crater-agent-workspace/builds/worker-5-tc1/source:/opt/rustwide/workdir:ro,Z" "-v" "/var/lib/crater-agent-workspace/cargo-home:/opt/rustwide/cargo-home:ro,Z" "-v" "/var/lib/crater-agent-workspace/rustup-home:/opt/rustwide/rustup-home:ro,Z" "-e" "SOURCE_DIR=/opt/rustwide/workdir" "-e" "CARGO_TARGET_DIR=/opt/rustwide/target" "-e" "CARGO_HOME=/opt/rustwide/cargo-home" "-e" "RUSTUP_HOME=/opt/rustwide/rustup-home" "-w" "/opt/rustwide/workdir" "-m" "1610612736" "--user" "0:0" "--network" "none" "ghcr.io/rust-lang/crates-build-env/linux@sha256:4a844ea9eb2546a2d2c7022eacef16ef2e8229c7fbb2c7d4d55a9ceca922f72d" "/opt/rustwide/cargo-home/bin/cargo" "+nightly-2024-10-28" "metadata" "--no-deps" "--format-version=1", kill_on_drop: false }`
[INFO] [stdout] 4d3b8beae880ef7a508f8a84eac8c0a7c497ab321a2c1031b405b4d471e5dc2a
[INFO] running `Command { std: "docker" "start" "-a" "4d3b8beae880ef7a508f8a84eac8c0a7c497ab321a2c1031b405b4d471e5dc2a", kill_on_drop: false }`
[INFO] running `Command { std: "docker" "inspect" "4d3b8beae880ef7a508f8a84eac8c0a7c497ab321a2c1031b405b4d471e5dc2a", kill_on_drop: false }`
[INFO] running `Command { std: "docker" "rm" "-f" "4d3b8beae880ef7a508f8a84eac8c0a7c497ab321a2c1031b405b4d471e5dc2a", kill_on_drop: false }`
[INFO] [stdout] 4d3b8beae880ef7a508f8a84eac8c0a7c497ab321a2c1031b405b4d471e5dc2a
[INFO] running `Command { std: "docker" "create" "-v" "/var/lib/crater-agent-workspace/builds/worker-5-tc1/target:/opt/rustwide/target:rw,Z" "-v" "/var/lib/crater-agent-workspace/builds/worker-5-tc1/source:/opt/rustwide/workdir:ro,Z" "-v" "/var/lib/crater-agent-workspace/cargo-home:/opt/rustwide/cargo-home:ro,Z" "-v" "/var/lib/crater-agent-workspace/rustup-home:/opt/rustwide/rustup-home:ro,Z" "-e" "SOURCE_DIR=/opt/rustwide/workdir" "-e" "CARGO_TARGET_DIR=/opt/rustwide/target" "-e" "CARGO_INCREMENTAL=0" "-e" "RUST_BACKTRACE=full" "-e" "RUSTFLAGS=--cap-lints=forbid" "-e" "RUSTDOCFLAGS=--cap-lints=forbid" "-e" "CARGO_HOME=/opt/rustwide/cargo-home" "-e" "RUSTUP_HOME=/opt/rustwide/rustup-home" "-w" "/opt/rustwide/workdir" "-m" "1610612736" "--user" "0:0" "--network" "none" "ghcr.io/rust-lang/crates-build-env/linux@sha256:4a844ea9eb2546a2d2c7022eacef16ef2e8229c7fbb2c7d4d55a9ceca922f72d" "/opt/rustwide/cargo-home/bin/cargo" "+nightly-2024-10-28" "build" "--frozen" "--message-format=json", kill_on_drop: false }`
[INFO] [stdout] 8fb15f71cc36dd55306823f31344a2514850f031dcb337f94c960a611961cb8f
[INFO] running `Command { std: "docker" "start" "-a" "8fb15f71cc36dd55306823f31344a2514850f031dcb337f94c960a611961cb8f", kill_on_drop: false }`
[INFO] [stderr]    Compiling proc-macro2 v1.0.89
[INFO] [stderr]    Compiling unicode-ident v1.0.13
[INFO] [stderr]    Compiling syn v1.0.109
[INFO] [stderr]    Compiling quote v1.0.37
[INFO] [stderr]    Compiling square-ox-derive v0.1.0 (/opt/rustwide/workdir)
[INFO] [stdout] warning: unused imports: `DataStruct`, `Data`, and `Fields`
[INFO] [stdout]  --> src/lib.rs:3:43
[INFO] [stdout]   |
[INFO] [stdout] 3 | use syn::{parse_macro_input, DeriveInput, Data, Fields, Ident, Type, Field, LitStr, DataStruct, PathArguments, GenericArgument};
[INFO] [stdout]   |                                           ^^^^  ^^^^^^                              ^^^^^^^^^^
[INFO] [stdout]   |
[INFO] [stdout]   = note: `#[warn(unused_imports)]` on by default
[INFO] [stdout] 
[INFO] [stdout] 
[INFO] [stdout] warning: unused import: `str`
[INFO] [stdout]  --> src/lib.rs:4:22
[INFO] [stdout]   |
[INFO] [stdout] 4 | use syn::__private::{str, TokenStream2};
[INFO] [stdout]   |                      ^^^
[INFO] [stdout] 
[INFO] [stdout] 
[INFO] [stdout] warning: unused import: `syn::parse::ParseStream`
[INFO] [stdout]  --> src/lib.rs:5:5
[INFO] [stdout]   |
[INFO] [stdout] 5 | use syn::parse::ParseStream;
[INFO] [stdout]   |     ^^^^^^^^^^^^^^^^^^^^^^^
[INFO] [stdout] 
[INFO] [stdout] 
[INFO] [stderr]     Finished `dev` profile [unoptimized + debuginfo] target(s) in 4.38s
[INFO] running `Command { std: "docker" "inspect" "8fb15f71cc36dd55306823f31344a2514850f031dcb337f94c960a611961cb8f", kill_on_drop: false }`
[INFO] running `Command { std: "docker" "rm" "-f" "8fb15f71cc36dd55306823f31344a2514850f031dcb337f94c960a611961cb8f", kill_on_drop: false }`
[INFO] [stdout] 8fb15f71cc36dd55306823f31344a2514850f031dcb337f94c960a611961cb8f
[INFO] running `Command { std: "docker" "create" "-v" "/var/lib/crater-agent-workspace/builds/worker-5-tc1/target:/opt/rustwide/target:rw,Z" "-v" "/var/lib/crater-agent-workspace/builds/worker-5-tc1/source:/opt/rustwide/workdir:ro,Z" "-v" "/var/lib/crater-agent-workspace/cargo-home:/opt/rustwide/cargo-home:ro,Z" "-v" "/var/lib/crater-agent-workspace/rustup-home:/opt/rustwide/rustup-home:ro,Z" "-e" "SOURCE_DIR=/opt/rustwide/workdir" "-e" "CARGO_TARGET_DIR=/opt/rustwide/target" "-e" "CARGO_INCREMENTAL=0" "-e" "RUST_BACKTRACE=full" "-e" "RUSTFLAGS=--cap-lints=forbid" "-e" "RUSTDOCFLAGS=--cap-lints=forbid" "-e" "CARGO_HOME=/opt/rustwide/cargo-home" "-e" "RUSTUP_HOME=/opt/rustwide/rustup-home" "-w" "/opt/rustwide/workdir" "-m" "1610612736" "--user" "0:0" "--network" "none" "ghcr.io/rust-lang/crates-build-env/linux@sha256:4a844ea9eb2546a2d2c7022eacef16ef2e8229c7fbb2c7d4d55a9ceca922f72d" "/opt/rustwide/cargo-home/bin/cargo" "+nightly-2024-10-28" "test" "--frozen" "--no-run" "--message-format=json", kill_on_drop: false }`
[INFO] [stdout] 203e61fd2206317648b45794e4793b78fd261699ce68b80d24cbd2fb3005ef92
[INFO] running `Command { std: "docker" "start" "-a" "203e61fd2206317648b45794e4793b78fd261699ce68b80d24cbd2fb3005ef92", kill_on_drop: false }`
[INFO] [stderr]    Compiling unicode-ident v1.0.13
[INFO] [stderr]    Compiling proc-macro2 v1.0.89
[INFO] [stderr]    Compiling libc v0.2.161
[INFO] [stderr]    Compiling shlex v1.3.0
[INFO] [stderr]    Compiling pin-project-lite v0.2.15
[INFO] [stderr]    Compiling vcpkg v0.2.15
[INFO] [stderr]    Compiling pkg-config v0.3.31
[INFO] [stderr]    Compiling once_cell v1.20.2
[INFO] [stderr]    Compiling bytes v1.8.0
[INFO] [stderr]    Compiling itoa v1.0.11
[INFO] [stderr]    Compiling autocfg v1.4.0
[INFO] [stderr]    Compiling cfg-if v1.0.0
[INFO] [stderr]    Compiling futures-core v0.3.31
[INFO] [stderr]    Compiling fnv v1.0.7
[INFO] [stderr]    Compiling openssl v0.10.68
[INFO] [stderr]    Compiling memchr v2.7.4
[INFO] [stderr]    Compiling foreign-types-shared v0.1.1
[INFO] [stderr]    Compiling bitflags v2.6.0
[INFO] [stderr]    Compiling hashbrown v0.15.0
[INFO] [stderr]    Compiling futures-task v0.3.31
[INFO] [stderr]    Compiling foreign-types v0.3.2
[INFO] [stderr]    Compiling equivalent v1.0.1
[INFO] [stderr]    Compiling cc v1.1.31
[INFO] [stderr]    Compiling tinyvec_macros v0.1.1
[INFO] [stderr]    Compiling tracing-core v0.1.32
[INFO] [stderr]    Compiling futures-io v0.3.31
[INFO] [stderr]    Compiling httparse v1.9.5
[INFO] [stderr]    Compiling pin-utils v0.1.0
[INFO] [stderr]    Compiling futures-sink v0.3.31
[INFO] [stderr]    Compiling serde v1.0.214
[INFO] [stderr]    Compiling native-tls v0.2.12
[INFO] [stderr]    Compiling tinyvec v1.8.0
[INFO] [stderr]    Compiling try-lock v0.2.5
[INFO] [stderr]    Compiling log v0.4.22
[INFO] [stderr]    Compiling openssl-probe v0.1.5
[INFO] [stderr]    Compiling http v0.2.12
[INFO] [stderr]    Compiling percent-encoding v2.3.1
[INFO] [stderr]    Compiling want v0.3.1
[INFO] [stderr]    Compiling futures-channel v0.3.31
[INFO] [stderr]    Compiling slab v0.4.9
[INFO] [stderr]    Compiling tracing v0.1.40
[INFO] [stderr]    Compiling unicode-bidi v0.3.17
[INFO] [stderr]    Compiling httpdate v1.0.3
[INFO] [stderr]    Compiling form_urlencoded v1.2.1
[INFO] [stderr]    Compiling tower-service v0.3.3
[INFO] [stderr]    Compiling serde_json v1.0.132
[INFO] [stderr]    Compiling ryu v1.0.18
[INFO] [stderr]    Compiling syn v1.0.109
[INFO] [stderr]    Compiling indexmap v2.6.0
[INFO] [stderr]    Compiling base64 v0.21.7
[INFO] [stderr]    Compiling quote v1.0.37
[INFO] [stderr]    Compiling encoding_rs v0.8.35
[INFO] [stderr]    Compiling sync_wrapper v0.1.2
[INFO] [stderr]    Compiling mime v0.3.17
[INFO] [stderr]    Compiling ipnet v2.10.1
[INFO] [stderr]    Compiling futures-util v0.3.31
[INFO] [stderr]    Compiling rustls-pemfile v1.0.4
[INFO] [stderr]    Compiling mio v1.0.2
[INFO] [stderr]    Compiling socket2 v0.5.7
[INFO] [stderr]    Compiling getrandom v0.2.15
[INFO] [stderr]    Compiling syn v2.0.86
[INFO] [stderr]    Compiling openssl-sys v0.9.104
[INFO] [stderr]    Compiling http-body v0.4.6
[INFO] [stderr]    Compiling uuid v0.8.2
[INFO] [stderr]    Compiling unicode-normalization v0.1.24
[INFO] [stderr]    Compiling tokio v1.41.0
[INFO] [stderr]    Compiling idna v0.5.0
[INFO] [stderr]    Compiling url v2.5.2
[INFO] [stderr]    Compiling square-ox-derive v0.1.0 (/opt/rustwide/workdir)
[INFO] [stdout] warning: unused imports: `DataStruct`, `Data`, and `Fields`
[INFO] [stdout]  --> src/lib.rs:3:43
[INFO] [stdout]   |
[INFO] [stdout] 3 | use syn::{parse_macro_input, DeriveInput, Data, Fields, Ident, Type, Field, LitStr, DataStruct, PathArguments, GenericArgument};
[INFO] [stdout]   |                                           ^^^^  ^^^^^^                              ^^^^^^^^^^
[INFO] [stdout]   |
[INFO] [stdout]   = note: `#[warn(unused_imports)]` on by default
[INFO] [stdout] 
[INFO] [stdout] 
[INFO] [stdout] warning: unused import: `str`
[INFO] [stdout]  --> src/lib.rs:4:22
[INFO] [stdout]   |
[INFO] [stdout] 4 | use syn::__private::{str, TokenStream2};
[INFO] [stdout]   |                      ^^^
[INFO] [stdout] 
[INFO] [stdout] 
[INFO] [stdout] warning: unused import: `syn::parse::ParseStream`
[INFO] [stdout]  --> src/lib.rs:5:5
[INFO] [stdout]   |
[INFO] [stdout] 5 | use syn::parse::ParseStream;
[INFO] [stdout]   |     ^^^^^^^^^^^^^^^^^^^^^^^
[INFO] [stdout] 
[INFO] [stdout] 
[INFO] [stderr]    Compiling openssl-macros v0.1.1
[INFO] [stderr]    Compiling serde_derive v1.0.214
[INFO] [stderr]    Compiling tokio-util v0.7.12
[INFO] [stderr]    Compiling h2 v0.3.26
[INFO] [stderr]    Compiling tokio-native-tls v0.3.1
[INFO] [stderr]    Compiling hyper v0.14.31
[INFO] [stderr]    Compiling serde_urlencoded v0.7.1
[INFO] [stderr]    Compiling hyper-tls v0.5.0
[INFO] [stderr]    Compiling reqwest v0.11.27
[INFO] [stderr]    Compiling square-ox v0.1.2
[INFO] [stdout] warning: unused imports: `DataStruct`, `Data`, and `Fields`
[INFO] [stdout]  --> src/lib.rs:3:43
[INFO] [stdout]   |
[INFO] [stdout] 3 | use syn::{parse_macro_input, DeriveInput, Data, Fields, Ident, Type, Field, LitStr, DataStruct, PathArguments, GenericArgument};
[INFO] [stdout]   |                                           ^^^^  ^^^^^^                              ^^^^^^^^^^
[INFO] [stdout]   |
[INFO] [stdout]   = note: `#[warn(unused_imports)]` on by default
[INFO] [stdout] 
[INFO] [stdout] 
[INFO] [stdout] warning: unused import: `str`
[INFO] [stdout]  --> src/lib.rs:4:22
[INFO] [stdout]   |
[INFO] [stdout] 4 | use syn::__private::{str, TokenStream2};
[INFO] [stdout]   |                      ^^^
[INFO] [stdout] 
[INFO] [stdout] 
[INFO] [stdout] warning: unused import: `syn::parse::ParseStream`
[INFO] [stdout]  --> src/lib.rs:5:5
[INFO] [stdout]   |
[INFO] [stdout] 5 | use syn::parse::ParseStream;
[INFO] [stdout]   |     ^^^^^^^^^^^^^^^^^^^^^^^
[INFO] [stdout] 
[INFO] [stdout] 
[INFO] [stdout] error[E0433]: failed to resolve: unresolved import
[INFO] [stdout]   --> tests/integration.rs:22:37
[INFO] [stdout]    |
[INFO] [stdout] 22 | pub trait BackIntoBuilder<T: crate::builder::Validate, U: ParentBuilder + BackIntoBuilder<T, U>> {
[INFO] [stdout]    |                                     ^^^^^^^ unresolved import
[INFO] [stdout]    |
[INFO] [stdout] help: a struct with a similar name exists
[INFO] [stdout]    |
[INFO] [stdout] 22 | pub trait BackIntoBuilder<T: crate::Builder::Validate, U: ParentBuilder + BackIntoBuilder<T, U>> {
[INFO] [stdout]    |                                     ~~~~~~~
[INFO] [stdout] help: a similar path exists
[INFO] [stdout]    |
[INFO] [stdout] 22 | pub trait BackIntoBuilder<T: crate::square_ox::builder::Validate, U: ParentBuilder + BackIntoBuilder<T, U>> {
[INFO] [stdout]    |                                     ~~~~~~~~~~~~~~~~~~
[INFO] [stdout] help: consider importing this module
[INFO] [stdout]    |
[INFO] [stdout] 1  + use square_ox::builder;
[INFO] [stdout]    |
[INFO] [stdout] help: if you import `builder`, refer to it directly
[INFO] [stdout]    |
[INFO] [stdout] 22 - pub trait BackIntoBuilder<T: crate::builder::Validate, U: ParentBuilder + BackIntoBuilder<T, U>> {
[INFO] [stdout] 22 + pub trait BackIntoBuilder<T: builder::Validate, U: ParentBuilder + BackIntoBuilder<T, U>> {
[INFO] [stdout]    |
[INFO] [stdout] 
[INFO] [stdout] 
[INFO] [stdout] error[E0433]: failed to resolve: unresolved import
[INFO] [stdout]    --> tests/integration.rs:102:14
[INFO] [stdout]     |
[INFO] [stdout] 102 |     #[derive(Builder)]
[INFO] [stdout]     |              ^^^^^^^ unresolved import
[INFO] [stdout]     |
[INFO] [stdout]     = note: this error originates in the derive macro `Builder` (in Nightly builds, run with -Z macro-backtrace for more info)
[INFO] [stdout] help: consider importing this module
[INFO] [stdout]     |
[INFO] [stdout] 1   + use square_ox::builder;
[INFO] [stdout]     |
[INFO] [stdout] 
[INFO] [stdout] 
[INFO] [stdout] error[E0433]: failed to resolve: unresolved import
[INFO] [stdout]    --> tests/integration.rs:102:14
[INFO] [stdout]     |
[INFO] [stdout] 102 |     #[derive(Builder)]
[INFO] [stdout]     |              ^^^^^^^ unresolved import
[INFO] [stdout]     |
[INFO] [stdout]     = note: this error originates in the derive macro `Builder` (in Nightly builds, run with -Z macro-backtrace for more info)
[INFO] [stdout] help: consider importing this module
[INFO] [stdout]     |
[INFO] [stdout] 1   + use square_ox::errors;
[INFO] [stdout]     |
[INFO] [stdout] 
[INFO] [stdout] 
[INFO] [stdout] error[E0433]: failed to resolve: unresolved import
[INFO] [stdout]    --> tests/integration.rs:102:14
[INFO] [stdout]     |
[INFO] [stdout] 102 |     #[derive(Builder)]
[INFO] [stdout]     |              ^^^^^^^ unresolved import
[INFO] [stdout]     |
[INFO] [stdout]     = note: this error originates in the derive macro `Builder` (in Nightly builds, run with -Z macro-backtrace for more info)
[INFO] [stdout] help: consider importing this module
[INFO] [stdout]     |
[INFO] [stdout] 1   + use square_ox::builder;
[INFO] [stdout]     |
[INFO] [stdout] 
[INFO] [stdout] 
[INFO] [stdout] For more information about this error, try `rustc --explain E0433`.
[INFO] [stdout] 
[INFO] [stderr] error: could not compile `square-ox-derive` (test "integration") due to 4 previous errors
[INFO] [stderr] warning: build failed, waiting for other jobs to finish...
[INFO] running `Command { std: "docker" "inspect" "203e61fd2206317648b45794e4793b78fd261699ce68b80d24cbd2fb3005ef92", kill_on_drop: false }`
[INFO] running `Command { std: "docker" "rm" "-f" "203e61fd2206317648b45794e4793b78fd261699ce68b80d24cbd2fb3005ef92", kill_on_drop: false }`
[INFO] [stdout] 203e61fd2206317648b45794e4793b78fd261699ce68b80d24cbd2fb3005ef92
