[INFO] fetching crate sqruff-lib 0.19.1...
[INFO] testing sqruff-lib-0.19.1 against nightly-2024-10-28+rustflags=-Zrandomize-layout for randomize-layout
[INFO] extracting crate sqruff-lib 0.19.1 into /workspace/builds/worker-3-tc2/source
[INFO] validating manifest of crates.io crate sqruff-lib 0.19.1 on toolchain nightly-2024-10-28
[INFO] running `Command { std: CARGO_HOME="/workspace/cargo-home" RUSTUP_HOME="/workspace/rustup-home" "/workspace/cargo-home/bin/cargo" "+nightly-2024-10-28" "metadata" "--manifest-path" "Cargo.toml" "--no-deps", kill_on_drop: false }`
[INFO] started tweaking crates.io crate sqruff-lib 0.19.1
[INFO] removed 0 missing tests
[INFO] finished tweaking crates.io crate sqruff-lib 0.19.1
[INFO] tweaked toml for crates.io crate sqruff-lib 0.19.1 written to /workspace/builds/worker-3-tc2/source/Cargo.toml
[INFO] running `Command { std: CARGO_HOME="/workspace/cargo-home" RUSTUP_HOME="/workspace/rustup-home" "/workspace/cargo-home/bin/cargo" "+nightly-2024-10-28" "generate-lockfile" "--manifest-path" "Cargo.toml", kill_on_drop: false }`
[INFO] [stderr]     Updating crates.io index
[INFO] [stderr]      Locking 204 packages to latest compatible versions
[INFO] [stderr]       Adding fancy-regex v0.13.0 (available: v0.14.0)
[INFO] [stderr]       Adding sqruff-lib-core v0.19.1 (available: v0.20.1)
[INFO] [stderr]       Adding sqruff-lib-dialects v0.19.1 (available: v0.20.1)
[INFO] running `Command { std: CARGO_HOME="/workspace/cargo-home" RUSTUP_HOME="/workspace/rustup-home" "/workspace/cargo-home/bin/cargo" "+nightly-2024-10-28" "fetch" "--manifest-path" "Cargo.toml", kill_on_drop: false }`
[INFO] running `Command { std: "docker" "create" "-v" "/var/lib/crater-agent-workspace/builds/worker-3-tc2/target:/opt/rustwide/target:rw,Z" "-v" "/var/lib/crater-agent-workspace/builds/worker-3-tc2/source:/opt/rustwide/workdir:ro,Z" "-v" "/var/lib/crater-agent-workspace/cargo-home:/opt/rustwide/cargo-home:ro,Z" "-v" "/var/lib/crater-agent-workspace/rustup-home:/opt/rustwide/rustup-home:ro,Z" "-e" "SOURCE_DIR=/opt/rustwide/workdir" "-e" "CARGO_TARGET_DIR=/opt/rustwide/target" "-e" "CARGO_HOME=/opt/rustwide/cargo-home" "-e" "RUSTUP_HOME=/opt/rustwide/rustup-home" "-w" "/opt/rustwide/workdir" "-m" "1610612736" "--user" "0:0" "--network" "none" "ghcr.io/rust-lang/crates-build-env/linux@sha256:4a844ea9eb2546a2d2c7022eacef16ef2e8229c7fbb2c7d4d55a9ceca922f72d" "/opt/rustwide/cargo-home/bin/cargo" "+nightly-2024-10-28" "metadata" "--no-deps" "--format-version=1", kill_on_drop: false }`
[INFO] [stdout] aebd61f59e92328b7bb309708a834167e22a7e75349eb834cb351e0f1633e667
[INFO] running `Command { std: "docker" "start" "-a" "aebd61f59e92328b7bb309708a834167e22a7e75349eb834cb351e0f1633e667", kill_on_drop: false }`
[INFO] running `Command { std: "docker" "inspect" "aebd61f59e92328b7bb309708a834167e22a7e75349eb834cb351e0f1633e667", kill_on_drop: false }`
[INFO] running `Command { std: "docker" "rm" "-f" "aebd61f59e92328b7bb309708a834167e22a7e75349eb834cb351e0f1633e667", kill_on_drop: false }`
[INFO] [stdout] aebd61f59e92328b7bb309708a834167e22a7e75349eb834cb351e0f1633e667
[INFO] running `Command { std: "docker" "create" "-v" "/var/lib/crater-agent-workspace/builds/worker-3-tc2/target:/opt/rustwide/target:rw,Z" "-v" "/var/lib/crater-agent-workspace/builds/worker-3-tc2/source:/opt/rustwide/workdir:ro,Z" "-v" "/var/lib/crater-agent-workspace/cargo-home:/opt/rustwide/cargo-home:ro,Z" "-v" "/var/lib/crater-agent-workspace/rustup-home:/opt/rustwide/rustup-home:ro,Z" "-e" "SOURCE_DIR=/opt/rustwide/workdir" "-e" "CARGO_TARGET_DIR=/opt/rustwide/target" "-e" "CARGO_INCREMENTAL=0" "-e" "RUST_BACKTRACE=full" "-e" "RUSTFLAGS=--cap-lints=forbid -Zrandomize-layout" "-e" "RUSTDOCFLAGS=--cap-lints=forbid" "-e" "CARGO_HOME=/opt/rustwide/cargo-home" "-e" "RUSTUP_HOME=/opt/rustwide/rustup-home" "-w" "/opt/rustwide/workdir" "-m" "1610612736" "--user" "0:0" "--network" "none" "ghcr.io/rust-lang/crates-build-env/linux@sha256:4a844ea9eb2546a2d2c7022eacef16ef2e8229c7fbb2c7d4d55a9ceca922f72d" "/opt/rustwide/cargo-home/bin/cargo" "+nightly-2024-10-28" "build" "--frozen" "--message-format=json", kill_on_drop: false }`
[INFO] [stdout] 6dcf10089b764602d698cae75a2404b14913669915df3d0cb3ed438179edfdc1
[INFO] running `Command { std: "docker" "start" "-a" "6dcf10089b764602d698cae75a2404b14913669915df3d0cb3ed438179edfdc1", kill_on_drop: false }`
[INFO] [stderr]    Compiling memchr v2.7.4
[INFO] [stderr]    Compiling libc v0.2.161
[INFO] [stderr]    Compiling once_cell v1.20.2
[INFO] [stderr]    Compiling regex-syntax v0.8.5
[INFO] [stderr]    Compiling crunchy v0.2.2
[INFO] [stderr]    Compiling tiny-keccak v2.0.2
[INFO] [stderr]    Compiling serde v1.0.214
[INFO] [stderr]    Compiling crossbeam-utils v0.8.20
[INFO] [stderr]    Compiling siphasher v0.3.11
[INFO] [stderr]    Compiling unicase v2.8.0
[INFO] [stderr]    Compiling rustversion v1.0.18
[INFO] [stderr]    Compiling ahash v0.8.11
[INFO] [stderr]    Compiling hashbrown v0.15.0
[INFO] [stderr]    Compiling either v1.13.0
[INFO] [stderr]    Compiling syn v2.0.86
[INFO] [stderr]    Compiling bit-vec v0.6.3
[INFO] [stderr]    Compiling rand_core v0.6.4
[INFO] [stderr]    Compiling tikv-jemalloc-sys v0.6.0+5.3.0-1-ge13ca993e8ccb9ba9847cc330696e02839f328f7
[INFO] [stderr]    Compiling bit-set v0.5.3
[INFO] [stderr]    Compiling zerocopy v0.7.35
[INFO] [stderr]    Compiling yansi v1.0.1
[INFO] [stderr]    Compiling phf_shared v0.11.2
[INFO] [stderr]    Compiling rand v0.8.5
[INFO] [stderr]    Compiling rayon-core v1.12.1
[INFO] [stderr]    Compiling diff v0.1.13
[INFO] [stderr]    Compiling heck v0.5.0
[INFO] [stderr]    Compiling itertools v0.13.0
[INFO] [stderr]    Compiling slyce v0.3.1
[INFO] [stderr]    Compiling rustc-hash v2.0.0
[INFO] [stderr]    Compiling smol_str v0.3.2
[INFO] [stderr]    Compiling unsafe-libyaml v0.2.11
[INFO] [stderr]    Compiling crossbeam-epoch v0.9.18
[INFO] [stderr]    Compiling phf_generator v0.11.2
[INFO] [stderr]    Compiling nohash-hasher v0.2.0
[INFO] [stderr]    Compiling indexmap v2.6.0
[INFO] [stderr]    Compiling crossbeam-deque v0.8.5
[INFO] [stderr]    Compiling pretty_assertions v1.4.1
[INFO] [stderr]    Compiling sptr v0.3.2
[INFO] [stderr]    Compiling strum v0.26.3
[INFO] [stderr]    Compiling tracing-core v0.1.32
[INFO] [stderr]    Compiling same-file v1.0.6
[INFO] [stderr]    Compiling anstyle v1.0.10
[INFO] [stderr]    Compiling walkdir v2.5.0
[INFO] [stderr]    Compiling append-only-vec v0.1.7
[INFO] [stderr]    Compiling common-path v1.0.0
[INFO] [stderr]    Compiling configparser v3.1.0
[INFO] [stderr]    Compiling dyn-clone v1.0.17
[INFO] [stderr]    Compiling getrandom v0.2.15
[INFO] [stderr]    Compiling aho-corasick v1.1.3
[INFO] [stderr]    Compiling rayon v1.10.0
[INFO] [stderr]    Compiling const-random-macro v0.1.16
[INFO] [stderr]    Compiling const-random v0.1.18
[INFO] [stderr]    Compiling regex-automata v0.4.8
[INFO] [stderr]    Compiling serde_yaml v0.9.34+deprecated
[INFO] [stderr]    Compiling enum_dispatch v0.3.13
[INFO] [stderr]    Compiling strum_macros v0.26.4
[INFO] [stderr]    Compiling phf_macros v0.11.2
[INFO] [stderr]    Compiling tracing-attributes v0.1.27
[INFO] [stderr]    Compiling regex v1.11.1
[INFO] [stderr]    Compiling phf v0.11.2
[INFO] [stderr]    Compiling lazy-regex-proc_macros v3.3.0
[INFO] [stderr]    Compiling tracing v0.1.40
[INFO] [stderr]    Compiling fancy-regex v0.13.0
[INFO] [stderr]    Compiling lazy-regex v3.3.0
[INFO] [stderr]    Compiling sqruff-lib-core v0.19.1
[INFO] [stderr]    Compiling sqruff-lib-dialects v0.19.1
[INFO] [stderr]    Compiling tikv-jemallocator v0.6.0
[INFO] [stderr]    Compiling sqruff-lib v0.19.1 (/opt/rustwide/workdir)
[INFO] [stdout] warning: elided lifetime has a name
[INFO] [stdout]   --> src/utils/functional/context.rs:10:45
[INFO] [stdout]    |
[INFO] [stdout] 9  | impl<'a> FunctionalContext<'a> {
[INFO] [stdout]    |      -- lifetime `'a` declared here
[INFO] [stdout] 10 |     pub fn new(context: RuleContext<'a>) -> FunctionalContext {
[INFO] [stdout]    |                                             ^^^^^^^^^^^^^^^^^ this elided lifetime gets resolved as `'a`
[INFO] [stdout]    |
[INFO] [stdout]    = note: `#[warn(elided_named_lifetimes)]` on by default
[INFO] [stdout] 
[INFO] [stdout] 
[INFO] [stderr]     Finished `dev` profile [unoptimized + debuginfo] target(s) in 1m 06s
[INFO] running `Command { std: "docker" "inspect" "6dcf10089b764602d698cae75a2404b14913669915df3d0cb3ed438179edfdc1", kill_on_drop: false }`
[INFO] running `Command { std: "docker" "rm" "-f" "6dcf10089b764602d698cae75a2404b14913669915df3d0cb3ed438179edfdc1", kill_on_drop: false }`
[INFO] [stdout] 6dcf10089b764602d698cae75a2404b14913669915df3d0cb3ed438179edfdc1
[INFO] running `Command { std: "docker" "create" "-v" "/var/lib/crater-agent-workspace/builds/worker-3-tc2/target:/opt/rustwide/target:rw,Z" "-v" "/var/lib/crater-agent-workspace/builds/worker-3-tc2/source:/opt/rustwide/workdir:ro,Z" "-v" "/var/lib/crater-agent-workspace/cargo-home:/opt/rustwide/cargo-home:ro,Z" "-v" "/var/lib/crater-agent-workspace/rustup-home:/opt/rustwide/rustup-home:ro,Z" "-e" "SOURCE_DIR=/opt/rustwide/workdir" "-e" "CARGO_TARGET_DIR=/opt/rustwide/target" "-e" "CARGO_INCREMENTAL=0" "-e" "RUST_BACKTRACE=full" "-e" "RUSTFLAGS=--cap-lints=forbid -Zrandomize-layout" "-e" "RUSTDOCFLAGS=--cap-lints=forbid" "-e" "CARGO_HOME=/opt/rustwide/cargo-home" "-e" "RUSTUP_HOME=/opt/rustwide/rustup-home" "-w" "/opt/rustwide/workdir" "-m" "1610612736" "--user" "0:0" "--network" "none" "ghcr.io/rust-lang/crates-build-env/linux@sha256:4a844ea9eb2546a2d2c7022eacef16ef2e8229c7fbb2c7d4d55a9ceca922f72d" "/opt/rustwide/cargo-home/bin/cargo" "+nightly-2024-10-28" "test" "--frozen" "--no-run" "--message-format=json", kill_on_drop: false }`
[INFO] [stdout] 09fe620600821a9ef2679014d9f5bc5cc753bb4a1feb6fce0acc7fa93567df20
[INFO] running `Command { std: "docker" "start" "-a" "09fe620600821a9ef2679014d9f5bc5cc753bb4a1feb6fce0acc7fa93567df20", kill_on_drop: false }`
[INFO] [stderr]    Compiling libc v0.2.161
[INFO] [stderr]    Compiling serde v1.0.214
[INFO] [stderr]    Compiling aho-corasick v1.1.3
[INFO] [stderr]    Compiling memchr v2.7.4
[INFO] [stderr]    Compiling num-traits v0.2.19
[INFO] [stderr]    Compiling ident_case v1.0.1
[INFO] [stderr]    Compiling strsim v0.11.1
[INFO] [stderr]    Compiling serde_derive v1.0.214
[INFO] [stderr]    Compiling serde_json v1.0.132
[INFO] [stderr]    Compiling fnv v1.0.7
[INFO] [stderr]    Compiling half v2.4.1
[INFO] [stderr]    Compiling lock_api v0.4.12
[INFO] [stderr]    Compiling uuid v1.11.0
[INFO] [stderr]    Compiling clap_lex v0.7.2
[INFO] [stderr]    Compiling plotters-backend v0.3.7
[INFO] [stderr]    Compiling rustix v0.38.38
[INFO] [stderr]    Compiling cpp_demangle v0.4.4
[INFO] [stderr]    Compiling parking_lot_core v0.9.10
[INFO] [stderr]    Compiling darling_core v0.20.10
[INFO] [stderr]    Compiling ciborium-io v0.2.2
[INFO] [stderr]    Compiling debugid v0.8.0
[INFO] [stderr]    Compiling plotters-svg v0.3.7
[INFO] [stderr]    Compiling ciborium-ll v0.2.2
[INFO] [stderr]    Compiling clap_builder v4.5.20
[INFO] [stderr]    Compiling findshlibs v0.10.2
[INFO] [stderr]    Compiling itertools v0.10.5
[INFO] [stderr]    Compiling cast v0.3.0
[INFO] [stderr]    Compiling bitflags v2.6.0
[INFO] [stderr]    Compiling symbolic-demangle v12.12.0
[INFO] [stderr]    Compiling stable_deref_trait v1.2.0
[INFO] [stderr]    Compiling adler2 v2.0.0
[INFO] [stderr]    Compiling gimli v0.31.1
[INFO] [stderr]    Compiling getrandom v0.2.15
[INFO] [stderr]    Compiling bytemuck v1.19.0
[INFO] [stderr]    Compiling arrayvec v0.7.6
[INFO] [stderr]    Compiling miniz_oxide v0.8.0
[INFO] [stderr]    Compiling const-random-macro v0.1.16
[INFO] [stderr]    Compiling rgb v0.8.50
[INFO] [stderr]    Compiling num-format v0.4.4
[INFO] [stderr]    Compiling thiserror-impl v1.0.66
[INFO] [stderr]    Compiling regex-automata v0.4.8
[INFO] [stderr]    Compiling const-random v0.1.18
[INFO] [stderr]    Compiling plotters v0.3.7
[INFO] [stderr]    Compiling object v0.36.5
[INFO] [stderr]    Compiling quick-xml v0.26.0
[INFO] [stderr]    Compiling is-terminal v0.4.13
[INFO] [stderr]    Compiling memmap2 v0.9.5
[INFO] [stderr]    Compiling criterion-plot v0.5.0
[INFO] [stderr]    Compiling clap v4.5.20
[INFO] [stderr]    Compiling symbolic-common v12.12.0
[INFO] [stderr]    Compiling tikv-jemalloc-sys v0.6.0+5.3.0-1-ge13ca993e8ccb9ba9847cc330696e02839f328f7
[INFO] [stderr]    Compiling oorandom v11.1.4
[INFO] [stderr]    Compiling str_stack v0.1.0
[INFO] [stderr]    Compiling pprof v0.13.0
[INFO] [stderr]    Compiling fastrand v2.1.1
[INFO] [stderr]    Compiling anes v0.1.6
[INFO] [stderr]    Compiling nix v0.26.4
[INFO] [stderr]    Compiling parking_lot v0.12.3
[INFO] [stderr]    Compiling tikv-jemallocator v0.6.0
[INFO] [stderr]    Compiling tempfile v3.13.0
[INFO] [stderr]    Compiling darling_macro v0.20.10
[INFO] [stderr]    Compiling thiserror v1.0.66
[INFO] [stderr]    Compiling rand v0.4.6
[INFO] [stderr]    Compiling addr2line v0.24.2
[INFO] [stderr]    Compiling remove_dir_all v0.5.3
[INFO] [stderr]    Compiling dissimilar v1.0.9
[INFO] [stderr]    Compiling glob v0.3.1
[INFO] [stderr]    Compiling darling v0.20.10
[INFO] [stderr]    Compiling serde_with_macros v3.11.0
[INFO] [stderr]    Compiling expect-test v1.5.0
[INFO] [stderr]    Compiling tempdir v0.3.7
[INFO] [stderr]    Compiling regex v1.11.1
[INFO] [stderr]    Compiling fancy-regex v0.13.0
[INFO] [stderr]    Compiling lazy-regex-proc_macros v3.3.0
[INFO] [stderr]    Compiling lazy-regex v3.3.0
[INFO] [stderr]    Compiling backtrace v0.3.74
[INFO] [stderr]    Compiling ahash v0.8.11
[INFO] [stderr]    Compiling ciborium v0.2.2
[INFO] [stderr]    Compiling serde_yaml v0.9.34+deprecated
[INFO] [stderr]    Compiling serde_with v3.11.0
[INFO] [stderr]    Compiling inferno v0.11.21
[INFO] [stderr]    Compiling sqruff-lib-core v0.19.1
[INFO] [stderr]    Compiling tinytemplate v1.2.1
[INFO] [stderr]    Compiling criterion v0.5.1
[INFO] [stderr]    Compiling sqruff-lib-dialects v0.19.1
[INFO] [stderr]    Compiling sqruff-lib v0.19.1 (/opt/rustwide/workdir)
[INFO] [stdout] error[E0433]: failed to resolve: use of undeclared crate or module `sqruff_lib`
[INFO] [stdout]  --> src/ansi.rs:4:9
[INFO] [stdout]   |
[INFO] [stdout] 4 |     use sqruff_lib::core::config::FluffConfig;
[INFO] [stdout]   |         ^^^^^^^^^^ use of undeclared crate or module `sqruff_lib`
[INFO] [stdout] 
[INFO] [stdout] 
[INFO] [stdout] error[E0433]: failed to resolve: use of undeclared crate or module `sqruff_lib`
[INFO] [stdout]  --> src/ansi.rs:5:9
[INFO] [stdout]   |
[INFO] [stdout] 5 |     use sqruff_lib::core::linter::core::Linter;
[INFO] [stdout]   |         ^^^^^^^^^^ use of undeclared crate or module `sqruff_lib`
[INFO] [stdout] 
[INFO] [stdout] 
[INFO] [stdout] error[E0433]: failed to resolve: use of undeclared crate or module `sqruff_lib`
[INFO] [stdout]  --> src/ansi.rs:6:9
[INFO] [stdout]   |
[INFO] [stdout] 6 |     use sqruff_lib::core::test_functions::fresh_ansi_dialect;
[INFO] [stdout]   |         ^^^^^^^^^^ use of undeclared crate or module `sqruff_lib`
[INFO] [stdout] 
[INFO] [stdout] 
[INFO] [stdout] error[E0433]: failed to resolve: use of undeclared crate or module `sqruff_lib`
[INFO] [stdout]    --> src/utils/reflow/rebreak.rs:555:9
[INFO] [stdout]     |
[INFO] [stdout] 555 |     use sqruff_lib::core::test_functions::parse_ansi_string;
[INFO] [stdout]     |         ^^^^^^^^^^ use of undeclared crate or module `sqruff_lib`
[INFO] [stdout] 
[INFO] [stdout] 
[INFO] [stdout] error[E0433]: failed to resolve: use of undeclared crate or module `sqruff_lib`
[INFO] [stdout]     --> src/utils/reflow/reindent.rs:1542:9
[INFO] [stdout]      |
[INFO] [stdout] 1542 |     use sqruff_lib::core::test_functions::parse_ansi_string;
[INFO] [stdout]      |         ^^^^^^^^^^ use of undeclared crate or module `sqruff_lib`
[INFO] [stdout] 
[INFO] [stdout] 
[INFO] [stdout] error[E0433]: failed to resolve: use of undeclared crate or module `sqruff_lib`
[INFO] [stdout]    --> src/utils/reflow/respace.rs:587:9
[INFO] [stdout]     |
[INFO] [stdout] 587 |     use sqruff_lib::core::test_functions::parse_ansi_string;
[INFO] [stdout]     |         ^^^^^^^^^^ use of undeclared crate or module `sqruff_lib`
[INFO] [stdout] 
[INFO] [stdout] 
[INFO] [stdout] error[E0433]: failed to resolve: use of undeclared crate or module `serde`
[INFO] [stdout]    --> src/core/config.rs:462:49
[INFO] [stdout]     |
[INFO] [stdout] 462 | #[cfg_attr(any(test, feature = "serde"), derive(serde::Deserialize))]
[INFO] [stdout]     |                                                 ^^^^^ use of undeclared crate or module `serde`
[INFO] [stdout] 
[INFO] [stdout] 
[INFO] [stdout] warning: elided lifetime has a name
[INFO] [stdout]   --> src/utils/functional/context.rs:10:45
[INFO] [stdout]    |
[INFO] [stdout] 9  | impl<'a> FunctionalContext<'a> {
[INFO] [stdout]    |      -- lifetime `'a` declared here
[INFO] [stdout] 10 |     pub fn new(context: RuleContext<'a>) -> FunctionalContext {
[INFO] [stdout]    |                                             ^^^^^^^^^^^^^^^^^ this elided lifetime gets resolved as `'a`
[INFO] [stdout]    |
[INFO] [stdout]    = note: `#[warn(elided_named_lifetimes)]` on by default
[INFO] [stdout] 
[INFO] [stdout] 
[INFO] [stdout] error: cannot find attribute `serde` in this scope
[INFO] [stdout]    --> src/core/config.rs:463:42
[INFO] [stdout]     |
[INFO] [stdout] 463 | #[cfg_attr(any(test, feature = "serde"), serde(untagged))]
[INFO] [stdout]     |                                          ^^^^^
[INFO] [stdout] 
[INFO] [stdout] 
[INFO] [stdout] warning: elided lifetime has a name
[INFO] [stdout]   --> src/utils/functional/context.rs:10:45
[INFO] [stdout]    |
[INFO] [stdout] 9  | impl<'a> FunctionalContext<'a> {
[INFO] [stdout]    |      -- lifetime `'a` declared here
[INFO] [stdout] 10 |     pub fn new(context: RuleContext<'a>) -> FunctionalContext {
[INFO] [stdout]    |                                             ^^^^^^^^^^^^^^^^^ this elided lifetime gets resolved as `'a`
[INFO] [stdout]    |
[INFO] [stdout]    = note: `#[warn(elided_named_lifetimes)]` on by default
[INFO] [stdout] 
[INFO] [stdout] 
[INFO] [stdout] For more information about this error, try `rustc --explain E0433`.
[INFO] [stdout] 
[INFO] [stderr] error: could not compile `sqruff-lib` (lib test) due to 8 previous errors; 1 warning emitted
[INFO] [stderr] warning: build failed, waiting for other jobs to finish...
[INFO] running `Command { std: "docker" "inspect" "09fe620600821a9ef2679014d9f5bc5cc753bb4a1feb6fce0acc7fa93567df20", kill_on_drop: false }`
[INFO] running `Command { std: "docker" "rm" "-f" "09fe620600821a9ef2679014d9f5bc5cc753bb4a1feb6fce0acc7fa93567df20", kill_on_drop: false }`
[INFO] [stdout] 09fe620600821a9ef2679014d9f5bc5cc753bb4a1feb6fce0acc7fa93567df20
