[INFO] fetching crate sqlx-sqlite-cipher 0.7.8...
[INFO] testing sqlx-sqlite-cipher-0.7.8 against nightly-2024-10-28+rustflags=-Zrandomize-layout for randomize-layout
[INFO] extracting crate sqlx-sqlite-cipher 0.7.8 into /workspace/builds/worker-4-tc2/source
[INFO] validating manifest of crates.io crate sqlx-sqlite-cipher 0.7.8 on toolchain nightly-2024-10-28
[INFO] running `Command { std: CARGO_HOME="/workspace/cargo-home" RUSTUP_HOME="/workspace/rustup-home" "/workspace/cargo-home/bin/cargo" "+nightly-2024-10-28" "metadata" "--manifest-path" "Cargo.toml" "--no-deps", kill_on_drop: false }`
[INFO] started tweaking crates.io crate sqlx-sqlite-cipher 0.7.8
[INFO] finished tweaking crates.io crate sqlx-sqlite-cipher 0.7.8
[INFO] tweaked toml for crates.io crate sqlx-sqlite-cipher 0.7.8 written to /workspace/builds/worker-4-tc2/source/Cargo.toml
[INFO] running `Command { std: CARGO_HOME="/workspace/cargo-home" RUSTUP_HOME="/workspace/rustup-home" "/workspace/cargo-home/bin/cargo" "+nightly-2024-10-28" "generate-lockfile" "--manifest-path" "Cargo.toml", kill_on_drop: false }`
[INFO] [stderr]     Updating crates.io index
[INFO] [stderr]      Locking 169 packages to latest compatible versions
[INFO] [stderr]       Adding dashmap v5.5.3 (available: v6.1.0)
[INFO] [stderr]       Adding libsqlite3-sys v0.27.0 (available: v0.30.1)
[INFO] [stderr]       Adding sqlx v0.7.4 (available: v0.8.2)
[INFO] [stderr]       Adding sqlx-core v0.7.4 (available: v0.8.2)
[INFO] running `Command { std: CARGO_HOME="/workspace/cargo-home" RUSTUP_HOME="/workspace/rustup-home" "/workspace/cargo-home/bin/cargo" "+nightly-2024-10-28" "fetch" "--manifest-path" "Cargo.toml", kill_on_drop: false }`
[INFO] running `Command { std: "docker" "create" "-v" "/var/lib/crater-agent-workspace/builds/worker-4-tc2/target:/opt/rustwide/target:rw,Z" "-v" "/var/lib/crater-agent-workspace/builds/worker-4-tc2/source:/opt/rustwide/workdir:ro,Z" "-v" "/var/lib/crater-agent-workspace/cargo-home:/opt/rustwide/cargo-home:ro,Z" "-v" "/var/lib/crater-agent-workspace/rustup-home:/opt/rustwide/rustup-home:ro,Z" "-e" "SOURCE_DIR=/opt/rustwide/workdir" "-e" "CARGO_TARGET_DIR=/opt/rustwide/target" "-e" "CARGO_HOME=/opt/rustwide/cargo-home" "-e" "RUSTUP_HOME=/opt/rustwide/rustup-home" "-w" "/opt/rustwide/workdir" "-m" "1610612736" "--user" "0:0" "--network" "none" "ghcr.io/rust-lang/crates-build-env/linux@sha256:4a844ea9eb2546a2d2c7022eacef16ef2e8229c7fbb2c7d4d55a9ceca922f72d" "/opt/rustwide/cargo-home/bin/cargo" "+nightly-2024-10-28" "metadata" "--no-deps" "--format-version=1", kill_on_drop: false }`
[INFO] [stdout] 2890637d0b20b962e9e06dac5739db6b25fccd366ab5a0b3539b7f6c893adee4
[INFO] running `Command { std: "docker" "start" "-a" "2890637d0b20b962e9e06dac5739db6b25fccd366ab5a0b3539b7f6c893adee4", kill_on_drop: false }`
[INFO] running `Command { std: "docker" "inspect" "2890637d0b20b962e9e06dac5739db6b25fccd366ab5a0b3539b7f6c893adee4", kill_on_drop: false }`
[INFO] running `Command { std: "docker" "rm" "-f" "2890637d0b20b962e9e06dac5739db6b25fccd366ab5a0b3539b7f6c893adee4", kill_on_drop: false }`
[INFO] [stdout] 2890637d0b20b962e9e06dac5739db6b25fccd366ab5a0b3539b7f6c893adee4
[INFO] running `Command { std: "docker" "create" "-v" "/var/lib/crater-agent-workspace/builds/worker-4-tc2/target:/opt/rustwide/target:rw,Z" "-v" "/var/lib/crater-agent-workspace/builds/worker-4-tc2/source:/opt/rustwide/workdir:ro,Z" "-v" "/var/lib/crater-agent-workspace/cargo-home:/opt/rustwide/cargo-home:ro,Z" "-v" "/var/lib/crater-agent-workspace/rustup-home:/opt/rustwide/rustup-home:ro,Z" "-e" "SOURCE_DIR=/opt/rustwide/workdir" "-e" "CARGO_TARGET_DIR=/opt/rustwide/target" "-e" "CARGO_INCREMENTAL=0" "-e" "RUST_BACKTRACE=full" "-e" "RUSTFLAGS=--cap-lints=forbid -Zrandomize-layout" "-e" "RUSTDOCFLAGS=--cap-lints=forbid" "-e" "CARGO_HOME=/opt/rustwide/cargo-home" "-e" "RUSTUP_HOME=/opt/rustwide/rustup-home" "-w" "/opt/rustwide/workdir" "-m" "1610612736" "--user" "0:0" "--network" "none" "ghcr.io/rust-lang/crates-build-env/linux@sha256:4a844ea9eb2546a2d2c7022eacef16ef2e8229c7fbb2c7d4d55a9ceca922f72d" "/opt/rustwide/cargo-home/bin/cargo" "+nightly-2024-10-28" "build" "--frozen" "--message-format=json", kill_on_drop: false }`
[INFO] [stdout] 9d2f08ffafae96561b36e756022a29fe00243e1eed07b5bfbc15b166077cb44d
[INFO] running `Command { std: "docker" "start" "-a" "9d2f08ffafae96561b36e756022a29fe00243e1eed07b5bfbc15b166077cb44d", kill_on_drop: false }`
[INFO] [stderr]    Compiling autocfg v1.4.0
[INFO] [stderr]    Compiling version_check v0.9.5
[INFO] [stderr]    Compiling proc-macro2 v1.0.89
[INFO] [stderr]    Compiling libc v0.2.161
[INFO] [stderr]    Compiling unicode-ident v1.0.13
[INFO] [stderr]    Compiling cfg-if v1.0.0
[INFO] [stderr]    Compiling typenum v1.17.0
[INFO] [stderr]    Compiling scopeguard v1.2.0
[INFO] [stderr]    Compiling once_cell v1.20.2
[INFO] [stderr]    Compiling futures-core v0.3.31
[INFO] [stderr]    Compiling parking_lot_core v0.9.10
[INFO] [stderr]    Compiling memchr v2.7.4
[INFO] [stderr]    Compiling futures-sink v0.3.31
[INFO] [stderr]    Compiling tinyvec_macros v0.1.1
[INFO] [stderr]    Compiling smallvec v1.13.2
[INFO] [stderr]    Compiling zerocopy v0.7.35
[INFO] [stderr]    Compiling crossbeam-utils v0.8.20
[INFO] [stderr]    Compiling tinyvec v1.8.0
[INFO] [stderr]    Compiling pin-project-lite v0.2.15
[INFO] [stderr]    Compiling shlex v1.3.0
[INFO] [stderr]    Compiling allocator-api2 v0.2.18
[INFO] [stderr]    Compiling vcpkg v0.2.15
[INFO] [stderr]    Compiling unicode-bidi v0.3.17
[INFO] [stderr]    Compiling futures-task v0.3.31
[INFO] [stderr]    Compiling futures-io v0.3.31
[INFO] [stderr]    Compiling pkg-config v0.3.31
[INFO] [stderr]    Compiling percent-encoding v2.3.1
[INFO] [stderr]    Compiling generic-array v0.14.7
[INFO] [stderr]    Compiling ahash v0.8.11
[INFO] [stderr]    Compiling paste v1.0.15
[INFO] [stderr]    Compiling cc v1.1.31
[INFO] [stderr]    Compiling thiserror v1.0.66
[INFO] [stderr]    Compiling minimal-lexical v0.2.1
[INFO] [stderr]    Compiling pin-utils v0.1.0
[INFO] [stderr]    Compiling serde v1.0.214
[INFO] [stderr]    Compiling form_urlencoded v1.2.1
[INFO] [stderr]    Compiling lock_api v0.4.12
[INFO] [stderr]    Compiling num-traits v0.2.19
[INFO] [stderr]    Compiling quote v1.0.37
[INFO] [stderr]    Compiling slab v0.4.9
[INFO] [stderr]    Compiling unicode-normalization v0.1.24
[INFO] [stderr]    Compiling tracing-core v0.1.32
[INFO] [stderr]    Compiling hashbrown v0.15.0
[INFO] [stderr]    Compiling syn v2.0.86
[INFO] [stderr]    Compiling nom v7.1.3
[INFO] [stderr]    Compiling getrandom v0.2.15
[INFO] [stderr]    Compiling futures-util v0.3.31
[INFO] [stderr]    Compiling log v0.4.22
[INFO] [stderr]    Compiling unicode_categories v0.1.1
[INFO] [stderr]    Compiling cpufeatures v0.2.14
[INFO] [stderr]    Compiling equivalent v1.0.1
[INFO] [stderr]    Compiling crc-catalog v2.4.0
[INFO] [stderr]    Compiling parking_lot v0.12.3
[INFO] [stderr]    Compiling spin v0.9.8
[INFO] [stderr]    Compiling idna v0.5.0
[INFO] [stderr]    Compiling crc v3.2.1
[INFO] [stderr]    Compiling crossbeam-queue v0.3.11
[INFO] [stderr]    Compiling futures-channel v0.3.31
[INFO] [stderr]    Compiling hashbrown v0.14.5
[INFO] [stderr]    Compiling indexmap v2.6.0
[INFO] [stderr]    Compiling futures-intrusive v0.5.0
[INFO] [stderr]    Compiling event-listener v2.5.3
[INFO] [stderr]    Compiling byteorder v1.5.0
[INFO] [stderr]    Compiling hex v0.4.3
[INFO] [stderr]    Compiling bytes v1.8.0
[INFO] [stderr]    Compiling either v1.13.0
[INFO] [stderr]    Compiling url v2.5.2
[INFO] [stderr]    Compiling flume v0.11.1
[INFO] [stderr]    Compiling hashlink v0.8.4
[INFO] [stderr]    Compiling dashmap v5.5.3
[INFO] [stderr]    Compiling state v0.6.0
[INFO] [stderr]    Compiling urlencoding v2.1.3
[INFO] [stderr]    Compiling libsqlite3-sys v0.27.0
[INFO] [stderr]    Compiling crypto-common v0.1.6
[INFO] [stderr]    Compiling block-buffer v0.10.4
[INFO] [stderr]    Compiling atoi v2.0.0
[INFO] [stderr]    Compiling chrono v0.4.38
[INFO] [stderr]    Compiling digest v0.10.7
[INFO] [stderr]    Compiling sha2 v0.10.8
[INFO] [stderr]    Compiling sqlformat v0.2.6
[INFO] [stderr]    Compiling futures-executor v0.3.31
[INFO] [stderr]    Compiling thiserror-impl v1.0.66
[INFO] [stderr]    Compiling serde_derive v1.0.214
[INFO] [stderr]    Compiling tracing-attributes v0.1.27
[INFO] [stderr]    Compiling tracing v0.1.40
[INFO] [stderr]    Compiling sqlx-core v0.7.4
[INFO] [stderr]    Compiling rxqlite-notification v0.1.1
[INFO] [stderr]    Compiling sqlx-sqlite-cipher v0.7.8 (/opt/rustwide/workdir)
[INFO] [stdout] error[E0432]: unresolved import `chrono::Local`
[INFO] [stdout]    --> src/types/chrono.rs:14:15
[INFO] [stdout]     |
[INFO] [stdout] 14  |     DateTime, Local, NaiveDate, NaiveDateTime, NaiveTime, Offset, SecondsFormat, TimeZone, Utc,
[INFO] [stdout]     |               ^^^^^ no `Local` in the root
[INFO] [stdout]     |
[INFO] [stdout] note: found an item that was configured out
[INFO] [stdout]    --> /opt/rustwide/cargo-home/registry/src/index.crates.io-6f17d22bba15001f/chrono-0.4.38/src/lib.rs:569:17
[INFO] [stdout]     |
[INFO] [stdout] 569 | pub use offset::Local;
[INFO] [stdout]     |                 ^^^^^
[INFO] [stdout] note: the item is gated behind the `clock` feature
[INFO] [stdout]    --> /opt/rustwide/cargo-home/registry/src/index.crates.io-6f17d22bba15001f/chrono-0.4.38/src/lib.rs:567:7
[INFO] [stdout]     |
[INFO] [stdout] 567 | #[cfg(feature = "clock")]
[INFO] [stdout]     |       ^^^^^^^^^^^^^^^^^
[INFO] [stdout] 
[INFO] [stdout] 
[INFO] [stdout] warning: unused import: `libsqlite3_sys as ffi`
[INFO] [stdout]  --> src/notifications.rs:6:5
[INFO] [stdout]   |
[INFO] [stdout] 6 | use libsqlite3_sys as ffi;
[INFO] [stdout]   |     ^^^^^^^^^^^^^^^^^^^^^
[INFO] [stdout]   |
[INFO] [stdout]   = note: `#[warn(unused_imports)]` on by default
[INFO] [stdout] 
[INFO] [stdout] 
[INFO] [stdout] error[E0599]: no method named `to_rfc3339_opts` found for reference `&DateTime<Tz>` in the current scope
[INFO] [stdout]   --> src/types/chrono.rs:65:39
[INFO] [stdout]    |
[INFO] [stdout] 65 |         Encode::<Sqlite>::encode(self.to_rfc3339_opts(SecondsFormat::AutoSi, false), buf)
[INFO] [stdout]    |                                       ^^^^^^^^^^^^^^^ method not found in `&DateTime<Tz>`
[INFO] [stdout] 
[INFO] [stdout] 
[INFO] [stdout] error[E0599]: no method named `format` found for reference `&NaiveDateTime` in the current scope
[INFO] [stdout]   --> src/types/chrono.rs:71:39
[INFO] [stdout]    |
[INFO] [stdout] 71 |         Encode::<Sqlite>::encode(self.format("%F %T%.f").to_string(), buf)
[INFO] [stdout]    |                                       ^^^^^^ method not found in `&NaiveDateTime`
[INFO] [stdout] 
[INFO] [stdout] 
[INFO] [stdout] error[E0599]: no method named `format` found for reference `&NaiveDate` in the current scope
[INFO] [stdout]   --> src/types/chrono.rs:77:39
[INFO] [stdout]    |
[INFO] [stdout] 77 |         Encode::<Sqlite>::encode(self.format("%F").to_string(), buf)
[INFO] [stdout]    |                                       ^^^^^^ method not found in `&NaiveDate`
[INFO] [stdout] 
[INFO] [stdout] 
[INFO] [stdout] error[E0599]: no method named `format` found for reference `&NaiveTime` in the current scope
[INFO] [stdout]   --> src/types/chrono.rs:83:39
[INFO] [stdout]    |
[INFO] [stdout] 83 |         Encode::<Sqlite>::encode(self.format("%T%.f").to_string(), buf)
[INFO] [stdout]    |                                       ^^^^^^ method not found in `&NaiveTime`
[INFO] [stdout] 
[INFO] [stdout] 
[INFO] [stdout] error[E0277]: the trait bound `chrono::ParseError: std::error::Error` is not satisfied
[INFO] [stdout]    --> src/types/chrono.rs:180:58
[INFO] [stdout]     |
[INFO] [stdout] 180 |         Ok(NaiveDate::parse_from_str(value.text()?, "%F")?)
[INFO] [stdout]     |                                                          ^ the trait `std::error::Error` is not implemented for `chrono::ParseError`, which is required by `std::result::Result<NaiveDate, Box<dyn std::error::Error + std::marker::Send + Sync>>: FromResidual<std::result::Result<Infallible, chrono::ParseError>>`
[INFO] [stdout]     |
[INFO] [stdout]     = help: the trait `FromResidual<std::result::Result<Infallible, E>>` is implemented for `std::result::Result<T, F>`
[INFO] [stdout]     = note: required for `Box<dyn std::error::Error + std::marker::Send + Sync>` to implement `From<chrono::ParseError>`
[INFO] [stdout]     = note: required for `std::result::Result<NaiveDate, Box<dyn std::error::Error + std::marker::Send + Sync>>` to implement `FromResidual<std::result::Result<Infallible, chrono::ParseError>>`
[INFO] [stdout] 
[INFO] [stdout] 
[INFO] [stdout] Some errors have detailed explanations: E0277, E0432, E0599.
[INFO] [stdout] 
[INFO] [stdout] For more information about an error, try `rustc --explain E0277`.
[INFO] [stdout] 
[INFO] [stderr] error: could not compile `sqlx-sqlite-cipher` (lib) due to 6 previous errors; 1 warning emitted
[INFO] running `Command { std: "docker" "inspect" "9d2f08ffafae96561b36e756022a29fe00243e1eed07b5bfbc15b166077cb44d", kill_on_drop: false }`
[INFO] running `Command { std: "docker" "rm" "-f" "9d2f08ffafae96561b36e756022a29fe00243e1eed07b5bfbc15b166077cb44d", kill_on_drop: false }`
[INFO] [stdout] 9d2f08ffafae96561b36e756022a29fe00243e1eed07b5bfbc15b166077cb44d
