[INFO] fetching crate sqlx-build-trust 0.7.9...
[INFO] testing sqlx-build-trust-0.7.9 against nightly-2024-10-28 for randomize-layout
[INFO] extracting crate sqlx-build-trust 0.7.9 into /workspace/builds/worker-3-tc1/source
[INFO] validating manifest of crates.io crate sqlx-build-trust 0.7.9 on toolchain nightly-2024-10-28
[INFO] running `Command { std: CARGO_HOME="/workspace/cargo-home" RUSTUP_HOME="/workspace/rustup-home" "/workspace/cargo-home/bin/cargo" "+nightly-2024-10-28" "metadata" "--manifest-path" "Cargo.toml" "--no-deps", kill_on_drop: false }`
[INFO] started tweaking crates.io crate sqlx-build-trust 0.7.9
[INFO] removed 0 missing tests
[INFO] finished tweaking crates.io crate sqlx-build-trust 0.7.9
[INFO] tweaked toml for crates.io crate sqlx-build-trust 0.7.9 written to /workspace/builds/worker-3-tc1/source/Cargo.toml
[INFO] running `Command { std: CARGO_HOME="/workspace/cargo-home" RUSTUP_HOME="/workspace/rustup-home" "/workspace/cargo-home/bin/cargo" "+nightly-2024-10-28" "generate-lockfile" "--manifest-path" "Cargo.toml", kill_on_drop: false }`
[INFO] [stderr]     Updating crates.io index
[INFO] [stderr]      Locking 342 packages to latest compatible versions
[INFO] [stderr]       Adding libsqlite3-sys v0.27.0 (available: v0.30.1)
[INFO] [stderr]       Adding sqlx-macros v0.7.4 (available: v0.8.2)
[INFO] running `Command { std: CARGO_HOME="/workspace/cargo-home" RUSTUP_HOME="/workspace/rustup-home" "/workspace/cargo-home/bin/cargo" "+nightly-2024-10-28" "fetch" "--manifest-path" "Cargo.toml", kill_on_drop: false }`
[INFO] [stderr]  Downloading crates ...
[INFO] [stderr]   Downloaded sqlx-build-trust-sqlite v0.7.9
[INFO] [stderr]   Downloaded sqlx-build-trust-core v0.7.9
[INFO] [stderr]   Downloaded sqlx-build-trust-postgres v0.7.9
[INFO] running `Command { std: "docker" "create" "-v" "/var/lib/crater-agent-workspace/builds/worker-3-tc1/target:/opt/rustwide/target:rw,Z" "-v" "/var/lib/crater-agent-workspace/builds/worker-3-tc1/source:/opt/rustwide/workdir:ro,Z" "-v" "/var/lib/crater-agent-workspace/cargo-home:/opt/rustwide/cargo-home:ro,Z" "-v" "/var/lib/crater-agent-workspace/rustup-home:/opt/rustwide/rustup-home:ro,Z" "-e" "SOURCE_DIR=/opt/rustwide/workdir" "-e" "CARGO_TARGET_DIR=/opt/rustwide/target" "-e" "CARGO_HOME=/opt/rustwide/cargo-home" "-e" "RUSTUP_HOME=/opt/rustwide/rustup-home" "-w" "/opt/rustwide/workdir" "-m" "1610612736" "--user" "0:0" "--network" "none" "ghcr.io/rust-lang/crates-build-env/linux@sha256:4a844ea9eb2546a2d2c7022eacef16ef2e8229c7fbb2c7d4d55a9ceca922f72d" "/opt/rustwide/cargo-home/bin/cargo" "+nightly-2024-10-28" "metadata" "--no-deps" "--format-version=1", kill_on_drop: false }`
[INFO] [stdout] 577bab8da6d9c638bd3d710173c49644d6d8b56fadf7ba330f5ab703e9adda71
[INFO] running `Command { std: "docker" "start" "-a" "577bab8da6d9c638bd3d710173c49644d6d8b56fadf7ba330f5ab703e9adda71", kill_on_drop: false }`
[INFO] running `Command { std: "docker" "inspect" "577bab8da6d9c638bd3d710173c49644d6d8b56fadf7ba330f5ab703e9adda71", kill_on_drop: false }`
[INFO] running `Command { std: "docker" "rm" "-f" "577bab8da6d9c638bd3d710173c49644d6d8b56fadf7ba330f5ab703e9adda71", kill_on_drop: false }`
[INFO] [stdout] 577bab8da6d9c638bd3d710173c49644d6d8b56fadf7ba330f5ab703e9adda71
[INFO] running `Command { std: "docker" "create" "-v" "/var/lib/crater-agent-workspace/builds/worker-3-tc1/target:/opt/rustwide/target:rw,Z" "-v" "/var/lib/crater-agent-workspace/builds/worker-3-tc1/source:/opt/rustwide/workdir:ro,Z" "-v" "/var/lib/crater-agent-workspace/cargo-home:/opt/rustwide/cargo-home:ro,Z" "-v" "/var/lib/crater-agent-workspace/rustup-home:/opt/rustwide/rustup-home:ro,Z" "-e" "SOURCE_DIR=/opt/rustwide/workdir" "-e" "CARGO_TARGET_DIR=/opt/rustwide/target" "-e" "CARGO_INCREMENTAL=0" "-e" "RUST_BACKTRACE=full" "-e" "RUSTFLAGS=--cap-lints=forbid" "-e" "RUSTDOCFLAGS=--cap-lints=forbid" "-e" "CARGO_HOME=/opt/rustwide/cargo-home" "-e" "RUSTUP_HOME=/opt/rustwide/rustup-home" "-w" "/opt/rustwide/workdir" "-m" "1610612736" "--user" "0:0" "--network" "none" "ghcr.io/rust-lang/crates-build-env/linux@sha256:4a844ea9eb2546a2d2c7022eacef16ef2e8229c7fbb2c7d4d55a9ceca922f72d" "/opt/rustwide/cargo-home/bin/cargo" "+nightly-2024-10-28" "build" "--frozen" "--message-format=json", kill_on_drop: false }`
[INFO] [stdout] 39599f0d09faea445846a93ba6d15b83c31a56ac09109d1cd05a2ac8ada643e7
[INFO] running `Command { std: "docker" "start" "-a" "39599f0d09faea445846a93ba6d15b83c31a56ac09109d1cd05a2ac8ada643e7", kill_on_drop: false }`
[INFO] [stderr]    Compiling version_check v0.9.5
[INFO] [stderr]    Compiling autocfg v1.4.0
[INFO] [stderr]    Compiling proc-macro2 v1.0.89
[INFO] [stderr]    Compiling unicode-ident v1.0.13
[INFO] [stderr]    Compiling typenum v1.17.0
[INFO] [stderr]    Compiling cfg-if v1.0.0
[INFO] [stderr]    Compiling libc v0.2.161
[INFO] [stderr]    Compiling once_cell v1.20.2
[INFO] [stderr]    Compiling serde v1.0.214
[INFO] [stderr]    Compiling tinyvec_macros v0.1.1
[INFO] [stderr]    Compiling parking_lot_core v0.9.10
[INFO] [stderr]    Compiling memchr v2.7.4
[INFO] [stderr]    Compiling tinyvec v1.8.0
[INFO] [stderr]    Compiling smallvec v1.13.2
[INFO] [stderr]    Compiling generic-array v0.14.7
[INFO] [stderr]    Compiling lock_api v0.4.12
[INFO] [stderr]    Compiling ahash v0.8.11
[INFO] [stderr]    Compiling slab v0.4.9
[INFO] [stderr]    Compiling num-traits v0.2.19
[INFO] [stderr]    Compiling zerocopy v0.7.35
[INFO] [stderr]    Compiling quote v1.0.37
[INFO] [stderr]    Compiling futures-core v0.3.31
[INFO] [stderr]    Compiling scopeguard v1.2.0
[INFO] [stderr]    Compiling syn v2.0.86
[INFO] [stderr]    Compiling crossbeam-utils v0.8.20
[INFO] [stderr]    Compiling getrandom v0.2.15
[INFO] [stderr]    Compiling unicode-normalization v0.1.24
[INFO] [stderr]    Compiling minimal-lexical v0.2.1
[INFO] [stderr]    Compiling thiserror v1.0.66
[INFO] [stderr]    Compiling paste v1.0.15
[INFO] [stderr]    Compiling pin-project-lite v0.2.15
[INFO] [stderr]    Compiling cpufeatures v0.2.14
[INFO] [stderr]    Compiling futures-sink v0.3.31
[INFO] [stderr]    Compiling block-buffer v0.10.4
[INFO] [stderr]    Compiling unicode-bidi v0.3.17
[INFO] [stderr]    Compiling allocator-api2 v0.2.18
[INFO] [stderr]    Compiling percent-encoding v2.3.1
[INFO] [stderr]    Compiling crypto-common v0.1.6
[INFO] [stderr]    Compiling form_urlencoded v1.2.1
[INFO] [stderr]    Compiling nom v7.1.3
[INFO] [stderr]    Compiling parking_lot v0.12.3
[INFO] [stderr]    Compiling tracing-core v0.1.32
[INFO] [stderr]    Compiling hashbrown v0.14.5
[INFO] [stderr]    Compiling idna v0.5.0
[INFO] [stderr]    Compiling log v0.4.22
[INFO] [stderr]    Compiling futures-io v0.3.31
[INFO] [stderr]    Compiling equivalent v1.0.1
[INFO] [stderr]    Compiling hashbrown v0.15.0
[INFO] [stderr]    Compiling rustix v0.38.38
[INFO] [stderr]    Compiling unicode_categories v0.1.1
[INFO] [stderr]    Compiling crc-catalog v2.4.0
[INFO] [stderr]    Compiling serde_json v1.0.132
[INFO] [stderr]    Compiling futures-task v0.3.31
[INFO] [stderr]    Compiling pin-utils v0.1.0
[INFO] [stderr]    Compiling crc v3.2.1
[INFO] [stderr]    Compiling futures-util v0.3.31
[INFO] [stderr]    Compiling hashlink v0.8.4
[INFO] [stderr]    Compiling url v2.5.2
[INFO] [stderr]    Compiling atoi v2.0.0
[INFO] [stderr]    Compiling crossbeam-queue v0.3.11
[INFO] [stderr]    Compiling indexmap v2.6.0
[INFO] [stderr]    Compiling futures-intrusive v0.5.0
[INFO] [stderr]    Compiling digest v0.10.7
[INFO] [stderr]    Compiling futures-channel v0.3.31
[INFO] [stderr]    Compiling sqlformat v0.2.6
[INFO] [stderr]    Compiling syn v1.0.109
[INFO] [stderr]    Compiling bitflags v2.6.0
[INFO] [stderr]    Compiling event-listener v2.5.3
[INFO] [stderr]    Compiling bytes v1.8.0
[INFO] [stderr]    Compiling linux-raw-sys v0.4.14
[INFO] [stderr]    Compiling hex v0.4.3
[INFO] [stderr]    Compiling ryu v1.0.18
[INFO] [stderr]    Compiling byteorder v1.5.0
[INFO] [stderr]    Compiling itoa v1.0.11
[INFO] [stderr]    Compiling sha2 v0.10.8
[INFO] [stderr]    Compiling unicode-segmentation v1.12.0
[INFO] [stderr]    Compiling fastrand v2.1.1
[INFO] [stderr]    Compiling dotenvy v0.15.7
[INFO] [stderr]    Compiling heck v0.4.1
[INFO] [stderr]    Compiling tempfile v3.13.0
[INFO] [stderr]    Compiling serde_derive v1.0.214
[INFO] [stderr]    Compiling tracing-attributes v0.1.27
[INFO] [stderr]    Compiling thiserror-impl v1.0.66
[INFO] [stderr]    Compiling tracing v0.1.40
[INFO] [stderr]    Compiling either v1.13.0
[INFO] [stderr]    Compiling sqlx-build-trust-core v0.7.9
[INFO] [stderr]    Compiling sqlx-core v0.7.4
[INFO] [stderr]    Compiling sqlx-macros-core v0.7.4
[INFO] [stderr]    Compiling sqlx-macros v0.7.4
[INFO] [stderr]    Compiling sqlx-build-trust v0.7.9 (/opt/rustwide/workdir)
[INFO] [stderr]     Finished `dev` profile [unoptimized + debuginfo] target(s) in 33.43s
[INFO] running `Command { std: "docker" "inspect" "39599f0d09faea445846a93ba6d15b83c31a56ac09109d1cd05a2ac8ada643e7", kill_on_drop: false }`
[INFO] running `Command { std: "docker" "rm" "-f" "39599f0d09faea445846a93ba6d15b83c31a56ac09109d1cd05a2ac8ada643e7", kill_on_drop: false }`
[INFO] [stdout] 39599f0d09faea445846a93ba6d15b83c31a56ac09109d1cd05a2ac8ada643e7
[INFO] running `Command { std: "docker" "create" "-v" "/var/lib/crater-agent-workspace/builds/worker-3-tc1/target:/opt/rustwide/target:rw,Z" "-v" "/var/lib/crater-agent-workspace/builds/worker-3-tc1/source:/opt/rustwide/workdir:ro,Z" "-v" "/var/lib/crater-agent-workspace/cargo-home:/opt/rustwide/cargo-home:ro,Z" "-v" "/var/lib/crater-agent-workspace/rustup-home:/opt/rustwide/rustup-home:ro,Z" "-e" "SOURCE_DIR=/opt/rustwide/workdir" "-e" "CARGO_TARGET_DIR=/opt/rustwide/target" "-e" "CARGO_INCREMENTAL=0" "-e" "RUST_BACKTRACE=full" "-e" "RUSTFLAGS=--cap-lints=forbid" "-e" "RUSTDOCFLAGS=--cap-lints=forbid" "-e" "CARGO_HOME=/opt/rustwide/cargo-home" "-e" "RUSTUP_HOME=/opt/rustwide/rustup-home" "-w" "/opt/rustwide/workdir" "-m" "1610612736" "--user" "0:0" "--network" "none" "ghcr.io/rust-lang/crates-build-env/linux@sha256:4a844ea9eb2546a2d2c7022eacef16ef2e8229c7fbb2c7d4d55a9ceca922f72d" "/opt/rustwide/cargo-home/bin/cargo" "+nightly-2024-10-28" "test" "--frozen" "--no-run" "--message-format=json", kill_on_drop: false }`
[INFO] [stdout] 53c20307c471c161f43b1e181e71781656362c847928b787851f43bc1c772a99
[INFO] running `Command { std: "docker" "start" "-a" "53c20307c471c161f43b1e181e71781656362c847928b787851f43bc1c772a99", kill_on_drop: false }`
[INFO] [stderr]    Compiling crossbeam-utils v0.8.20
[INFO] [stderr]    Compiling serde v1.0.214
[INFO] [stderr]    Compiling futures-core v0.3.31
[INFO] [stderr]    Compiling fastrand v2.1.1
[INFO] [stderr]    Compiling bitflags v2.6.0
[INFO] [stderr]    Compiling value-bag v1.10.0
[INFO] [stderr]    Compiling parking v2.2.1
[INFO] [stderr]    Compiling zerocopy-derive v0.7.35
[INFO] [stderr]    Compiling getrandom v0.2.15
[INFO] [stderr]    Compiling ryu v1.0.18
[INFO] [stderr]    Compiling itoa v1.0.11
[INFO] [stderr]    Compiling log v0.4.22
[INFO] [stderr]    Compiling num-traits v0.2.19
[INFO] [stderr]    Compiling rustix v0.38.38
[INFO] [stderr]    Compiling futures-sink v0.3.31
[INFO] [stderr]    Compiling zerocopy v0.7.35
[INFO] [stderr]    Compiling syn v1.0.109
[INFO] [stderr]    Compiling futures-channel v0.3.31
[INFO] [stderr]    Compiling tracing v0.1.40
[INFO] [stderr]    Compiling concurrent-queue v2.5.0
[INFO] [stderr]    Compiling ahash v0.8.11
[INFO] [stderr]    Compiling futures-macro v0.3.31
[INFO] [stderr]    Compiling event-listener v5.3.1
[INFO] [stderr]    Compiling linux-raw-sys v0.4.14
[INFO] [stderr]    Compiling hashbrown v0.14.5
[INFO] [stderr]    Compiling event-listener-strategy v0.5.2
[INFO] [stderr]    Compiling futures-util v0.3.31
[INFO] [stderr]    Compiling futures-lite v2.4.0
[INFO] [stderr]    Compiling aho-corasick v1.1.3
[INFO] [stderr]    Compiling regex-syntax v0.8.5
[INFO] [stderr]    Compiling anstyle v1.0.10
[INFO] [stderr]    Compiling either v1.13.0
[INFO] [stderr]    Compiling serde_json v1.0.132
[INFO] [stderr]    Compiling regex-automata v0.4.8
[INFO] [stderr]    Compiling crossbeam-queue v0.3.11
[INFO] [stderr]    Compiling atoi v2.0.0
[INFO] [stderr]    Compiling hashlink v0.8.4
[INFO] [stderr]    Compiling crossbeam-epoch v0.9.18
[INFO] [stderr]    Compiling futures-intrusive v0.5.0
[INFO] [stderr]    Compiling url v2.5.2
[INFO] [stderr]    Compiling atomic-waker v1.1.2
[INFO] [stderr]    Compiling async-task v4.7.1
[INFO] [stderr]    Compiling rayon-core v1.12.1
[INFO] [stderr]    Compiling polling v3.7.3
[INFO] [stderr]    Compiling crossbeam-deque v0.8.5
[INFO] [stderr]    Compiling piper v0.2.4
[INFO] [stderr]    Compiling regex v1.11.1
[INFO] [stderr]    Compiling tempfile v3.13.0
[INFO] [stderr]    Compiling serde_spanned v0.6.8
[INFO] [stderr]    Compiling toml_datetime v0.6.8
[INFO] [stderr]    Compiling async-channel v2.3.1
[INFO] [stderr]    Compiling async-lock v3.4.0
[INFO] [stderr]    Compiling rand_core v0.6.4
[INFO] [stderr]    Compiling half v2.4.1
[INFO] [stderr]    Compiling target-triple v0.1.3
[INFO] [stderr]    Compiling winnow v0.6.20
[INFO] [stderr]    Compiling utf8parse v0.2.2
[INFO] [stderr]    Compiling clap_lex v0.7.2
[INFO] [stderr]    Compiling ciborium-io v0.2.2
[INFO] [stderr]    Compiling dotenvy v0.15.7
[INFO] [stderr]    Compiling plotters-backend v0.3.7
[INFO] [stderr]    Compiling clap_builder v4.5.20
[INFO] [stderr]    Compiling async-io v2.3.4
[INFO] [stderr]    Compiling ciborium-ll v0.2.2
[INFO] [stderr]    Compiling plotters-svg v0.3.7
[INFO] [stderr]    Compiling anstyle-parse v0.2.6
[INFO] [stderr]    Compiling blocking v1.6.1
[INFO] [stderr]    Compiling sqlx-core v0.7.4
[INFO] [stderr]    Compiling async-executor v1.13.1
[INFO] [stderr]    Compiling futures-executor v0.3.31
[INFO] [stderr]    Compiling itertools v0.10.5
[INFO] [stderr]    Compiling ppv-lite86 v0.2.20
[INFO] [stderr]    Compiling toml_edit v0.22.22
[INFO] [stderr]    Compiling tokio-macros v2.4.0
[INFO] [stderr]    Compiling mio v1.0.2
[INFO] [stderr]    Compiling signal-hook-registry v1.4.2
[INFO] [stderr]    Compiling socket2 v0.5.7
[INFO] [stderr]    Compiling cast v0.3.0
[INFO] [stderr]    Compiling anstyle-query v1.1.2
[INFO] [stderr]    Compiling colorchoice v1.0.3
[INFO] [stderr]    Compiling is_terminal_polyfill v1.70.1
[INFO] [stderr]    Compiling same-file v1.0.6
[INFO] [stderr]    Compiling powerfmt v0.2.0
[INFO] [stderr]    Compiling anyhow v1.0.92
[INFO] [stderr]    Compiling walkdir v2.5.0
[INFO] [stderr]    Compiling tokio v1.41.0
[INFO] [stderr]    Compiling deranged v0.3.11
[INFO] [stderr]    Compiling anstream v0.6.17
[INFO] [stderr]    Compiling criterion-plot v0.5.0
[INFO] [stderr]    Compiling sqlx-macros-core v0.7.4
[INFO] [stderr]    Compiling sqlx-build-trust-core v0.7.9
[INFO] [stderr]    Compiling toml v0.8.19
[INFO] [stderr]    Compiling clap v4.5.20
[INFO] [stderr]    Compiling rand_chacha v0.3.1
[INFO] [stderr]    Compiling rayon v1.10.0
[INFO] [stderr]    Compiling async-global-executor v2.4.1
[INFO] [stderr]    Compiling futures v0.3.31
[INFO] [stderr]    Compiling plotters v0.3.7
[INFO] [stderr]    Compiling ciborium v0.2.2
[INFO] [stderr]    Compiling sqlx-macros v0.7.4
[INFO] [stderr]    Compiling tinytemplate v1.2.1
[INFO] [stderr]    Compiling env_filter v0.1.2
[INFO] [stderr]    Compiling async-attributes v1.1.2
[INFO] [stderr]    Compiling async-channel v1.9.0
[INFO] [stderr]    Compiling kv-log-macro v1.0.7
[INFO] [stderr]    Compiling is-terminal v0.4.13
[INFO] [stderr]    Compiling glob v0.3.1
[INFO] [stderr]    Compiling humantime v2.1.0
[INFO] [stderr]    Compiling termcolor v1.4.1
[INFO] [stderr]    Compiling time-core v0.1.2
[INFO] [stderr]    Compiling oorandom v11.1.4
[INFO] [stderr]    Compiling num-conv v0.1.0
[INFO] [stderr]    Compiling anes v0.1.6
[INFO] [stderr]    Compiling time v0.3.36
[INFO] [stderr]    Compiling trybuild v1.0.101
[INFO] [stderr]    Compiling env_logger v0.11.5
[INFO] [stderr]    Compiling async-std v1.13.0
[INFO] [stderr]    Compiling rand v0.8.5
[INFO] [stderr]    Compiling rand_xoshiro v0.6.0
[INFO] [stderr]    Compiling sqlx-build-trust v0.7.9 (/opt/rustwide/workdir)
[INFO] [stderr]    Compiling criterion v0.5.1
[INFO] [stdout] error[E0433]: failed to resolve: use of undeclared crate or module `sqlx`
[INFO] [stdout]  --> tests/migrate/macro.rs:1:5
[INFO] [stdout]   |
[INFO] [stdout] 1 | use sqlx::migrate::Migrator;
[INFO] [stdout]   |     ^^^^ use of undeclared crate or module `sqlx`
[INFO] [stdout] 
[INFO] [stdout] 
[INFO] [stdout] error[E0433]: failed to resolve: use of undeclared crate or module `sqlx`
[INFO] [stdout]  --> tests/any/pool.rs:1:5
[INFO] [stdout]   |
[INFO] [stdout] 1 | use sqlx::any::{AnyConnectOptions, AnyPoolOptions};
[INFO] [stdout]   |     ^^^^ use of undeclared crate or module `sqlx`
[INFO] [stdout] 
[INFO] [stdout] 
[INFO] [stdout] error[E0433]: failed to resolve: use of undeclared crate or module `sqlx`
[INFO] [stdout]  --> tests/migrate/macro.rs:6:37
[INFO] [stdout]   |
[INFO] [stdout] 6 | static EMBEDDED_SYMLINK: Migrator = sqlx::migrate!("tests/migrate/migrations_symlink");
[INFO] [stdout]   |                                     ^^^^ use of undeclared crate or module `sqlx`
[INFO] [stdout] 
[INFO] [stdout] 
[INFO] [stdout] error[E0433]: failed to resolve: use of undeclared crate or module `sqlx`
[INFO] [stdout]  --> tests/migrate/macro.rs:5:40
[INFO] [stdout]   |
[INFO] [stdout] 5 | static EMBEDDED_REVERSIBLE: Migrator = sqlx::migrate!("tests/migrate/migrations_reversible");
[INFO] [stdout]   |                                        ^^^^ use of undeclared crate or module `sqlx`
[INFO] [stdout] 
[INFO] [stdout] 
[INFO] [stdout] error[E0433]: failed to resolve: use of undeclared crate or module `sqlx`
[INFO] [stdout]  --> tests/migrate/macro.rs:4:36
[INFO] [stdout]   |
[INFO] [stdout] 4 | static EMBEDDED_SIMPLE: Migrator = sqlx::migrate!("tests/migrate/migrations_simple");
[INFO] [stdout]   |                                    ^^^^ use of undeclared crate or module `sqlx`
[INFO] [stdout] 
[INFO] [stdout] 
[INFO] [stdout] error[E0433]: failed to resolve: use of undeclared crate or module `sqlx`
[INFO] [stdout]  --> tests/any/any.rs:1:5
[INFO] [stdout]   |
[INFO] [stdout] 1 | use sqlx::any::AnyRow;
[INFO] [stdout]   |     ^^^^ use of undeclared crate or module `sqlx`
[INFO] [stdout] 
[INFO] [stdout] 
[INFO] [stdout] error[E0432]: unresolved import `sqlx`
[INFO] [stdout]  --> tests/any/pool.rs:2:5
[INFO] [stdout]   |
[INFO] [stdout] 2 | use sqlx::Executor;
[INFO] [stdout]   |     ^^^^ use of undeclared crate or module `sqlx`
[INFO] [stdout] 
[INFO] [stdout] 
[INFO] [stdout] error[E0433]: failed to resolve: use of undeclared crate or module `sqlx`
[INFO] [stdout]   --> tests/any/pool.rs:77:14
[INFO] [stdout]    |
[INFO] [stdout] 77 |     #[derive(sqlx::FromRow, Debug, PartialEq, Eq)]
[INFO] [stdout]    |              ^^^^ use of undeclared crate or module `sqlx`
[INFO] [stdout] 
[INFO] [stdout] 
[INFO] [stdout] error[E0432]: unresolved import `sqlx`
[INFO] [stdout]  --> tests/any/any.rs:2:5
[INFO] [stdout]   |
[INFO] [stdout] 2 | use sqlx::{Any, Connection, Executor, Row};
[INFO] [stdout]   |     ^^^^ use of undeclared crate or module `sqlx`
[INFO] [stdout] 
[INFO] [stdout] 
[INFO] [stdout] error[E0432]: unresolved import `sqlx_test`
[INFO] [stdout]  --> tests/any/any.rs:3:5
[INFO] [stdout]   |
[INFO] [stdout] 3 | use sqlx_test::new;
[INFO] [stdout]   |     ^^^^^^^^^ use of undeclared crate or module `sqlx_test`
[INFO] [stdout] 
[INFO] [stdout] 
[INFO] [stdout] error[E0433]: failed to resolve: could not find `sqlx` in the list of imported crates
[INFO] [stdout]  --> tests/migrate/macro.rs:8:1
[INFO] [stdout]   |
[INFO] [stdout] 8 | #[sqlx_macros::test]
[INFO] [stdout]   | ^^^^^^^^^^^^^^^^^^^^ could not find `sqlx` in the list of imported crates
[INFO] [stdout]   |
[INFO] [stdout]   = note: this error originates in the attribute macro `sqlx_macros::test` (in Nightly builds, run with -Z macro-backtrace for more info)
[INFO] [stdout] 
[INFO] [stdout] 
[INFO] [stdout] error[E0433]: failed to resolve: could not find `sqlx` in the list of imported crates
[INFO] [stdout]  --> tests/any/pool.rs:9:1
[INFO] [stdout]   |
[INFO] [stdout] 9 | #[sqlx_macros::test]
[INFO] [stdout]   | ^^^^^^^^^^^^^^^^^^^^ could not find `sqlx` in the list of imported crates
[INFO] [stdout]   |
[INFO] [stdout]   = note: this error originates in the attribute macro `sqlx_macros::test` (in Nightly builds, run with -Z macro-backtrace for more info)
[INFO] [stdout] 
[INFO] [stdout] 
[INFO] [stdout] error[E0433]: failed to resolve: could not find `sqlx` in the list of imported crates
[INFO] [stdout]  --> tests/any/any.rs:5:1
[INFO] [stdout]   |
[INFO] [stdout] 5 | #[sqlx_macros::test]
[INFO] [stdout]   | ^^^^^^^^^^^^^^^^^^^^ could not find `sqlx` in the list of imported crates
[INFO] [stdout]   |
[INFO] [stdout]   = note: this error originates in the attribute macro `sqlx_macros::test` (in Nightly builds, run with -Z macro-backtrace for more info)
[INFO] [stdout] 
[INFO] [stdout] 
[INFO] [stdout] error[E0433]: failed to resolve: could not find `sqlx` in the list of imported crates
[INFO] [stdout]   --> tests/any/pool.rs:43:1
[INFO] [stdout]    |
[INFO] [stdout] 43 | #[sqlx_macros::test]
[INFO] [stdout]    | ^^^^^^^^^^^^^^^^^^^^ could not find `sqlx` in the list of imported crates
[INFO] [stdout]    |
[INFO] [stdout]    = note: this error originates in the attribute macro `sqlx_macros::test` (in Nightly builds, run with -Z macro-backtrace for more info)
[INFO] [stdout] 
[INFO] [stdout] 
[INFO] [stdout] error[E0433]: failed to resolve: could not find `sqlx` in the list of imported crates
[INFO] [stdout]   --> tests/any/any.rs:23:1
[INFO] [stdout]    |
[INFO] [stdout] 23 | #[sqlx_macros::test]
[INFO] [stdout]    | ^^^^^^^^^^^^^^^^^^^^ could not find `sqlx` in the list of imported crates
[INFO] [stdout]    |
[INFO] [stdout]    = note: this error originates in the attribute macro `sqlx_macros::test` (in Nightly builds, run with -Z macro-backtrace for more info)
[INFO] [stdout] 
[INFO] [stdout] 
[INFO] [stdout] For more information about this error, try `rustc --explain E0433`.
[INFO] [stdout] 
[INFO] [stderr] error: could not compile `sqlx-build-trust` (test "migrate-macro") due to 5 previous errors
[INFO] [stderr] warning: build failed, waiting for other jobs to finish...
[INFO] [stdout] error[E0433]: failed to resolve: could not find `sqlx` in the list of imported crates
[INFO] [stdout]   --> tests/any/any.rs:34:1
[INFO] [stdout]    |
[INFO] [stdout] 34 | #[sqlx_macros::test]
[INFO] [stdout]    | ^^^^^^^^^^^^^^^^^^^^ could not find `sqlx` in the list of imported crates
[INFO] [stdout]    |
[INFO] [stdout]    = note: this error originates in the attribute macro `sqlx_macros::test` (in Nightly builds, run with -Z macro-backtrace for more info)
[INFO] [stdout] 
[INFO] [stdout] 
[INFO] [stdout] error[E0433]: failed to resolve: could not find `sqlx` in the list of imported crates
[INFO] [stdout]   --> tests/any/pool.rs:73:1
[INFO] [stdout]    |
[INFO] [stdout] 73 | #[sqlx_macros::test]
[INFO] [stdout]    | ^^^^^^^^^^^^^^^^^^^^ could not find `sqlx` in the list of imported crates
[INFO] [stdout]    |
[INFO] [stdout]    = note: this error originates in the attribute macro `sqlx_macros::test` (in Nightly builds, run with -Z macro-backtrace for more info)
[INFO] [stdout] 
[INFO] [stdout] 
[INFO] [stdout] error[E0433]: failed to resolve: could not find `sqlx` in the list of imported crates
[INFO] [stdout]   --> tests/any/any.rs:47:1
[INFO] [stdout]    |
[INFO] [stdout] 47 | #[sqlx_macros::test]
[INFO] [stdout]    | ^^^^^^^^^^^^^^^^^^^^ could not find `sqlx` in the list of imported crates
[INFO] [stdout]    |
[INFO] [stdout]    = note: this error originates in the attribute macro `sqlx_macros::test` (in Nightly builds, run with -Z macro-backtrace for more info)
[INFO] [stdout] 
[INFO] [stdout] 
[INFO] [stdout] error[E0433]: failed to resolve: could not find `sqlx` in the list of imported crates
[INFO] [stdout]   --> tests/any/any.rs:79:1
[INFO] [stdout]    |
[INFO] [stdout] 79 | #[sqlx_macros::test]
[INFO] [stdout]    | ^^^^^^^^^^^^^^^^^^^^ could not find `sqlx` in the list of imported crates
[INFO] [stdout]    |
[INFO] [stdout]    = note: this error originates in the attribute macro `sqlx_macros::test` (in Nightly builds, run with -Z macro-backtrace for more info)
[INFO] [stdout] 
[INFO] [stdout] 
[INFO] [stdout] error[E0433]: failed to resolve: could not find `sqlx` in the list of imported crates
[INFO] [stdout]    --> tests/any/pool.rs:219:1
[INFO] [stdout]     |
[INFO] [stdout] 219 | #[sqlx_macros::test]
[INFO] [stdout]     | ^^^^^^^^^^^^^^^^^^^^ could not find `sqlx` in the list of imported crates
[INFO] [stdout]     |
[INFO] [stdout]     = note: this error originates in the attribute macro `sqlx_macros::test` (in Nightly builds, run with -Z macro-backtrace for more info)
[INFO] [stdout] 
[INFO] [stdout] 
[INFO] [stdout] error[E0433]: failed to resolve: could not find `sqlx` in the list of imported crates
[INFO] [stdout]   --> tests/any/any.rs:93:1
[INFO] [stdout]    |
[INFO] [stdout] 93 | #[sqlx_macros::test]
[INFO] [stdout]    | ^^^^^^^^^^^^^^^^^^^^ could not find `sqlx` in the list of imported crates
[INFO] [stdout]    |
[INFO] [stdout]    = note: this error originates in the attribute macro `sqlx_macros::test` (in Nightly builds, run with -Z macro-backtrace for more info)
[INFO] [stdout] 
[INFO] [stdout] 
[INFO] [stdout] error[E0433]: failed to resolve: use of undeclared crate or module `sqlx`
[INFO] [stdout]   --> tests/any/pool.rs:11:5
[INFO] [stdout]    |
[INFO] [stdout] 11 |     sqlx::any::install_default_drivers();
[INFO] [stdout]    |     ^^^^ use of undeclared crate or module `sqlx`
[INFO] [stdout]    |
[INFO] [stdout] help: consider importing this module
[INFO] [stdout]    |
[INFO] [stdout] 1  + use sqlx_build_trust::any;
[INFO] [stdout]    |
[INFO] [stdout] help: if you import `any`, refer to it directly
[INFO] [stdout]    |
[INFO] [stdout] 11 -     sqlx::any::install_default_drivers();
[INFO] [stdout] 11 +     any::install_default_drivers();
[INFO] [stdout]    |
[INFO] [stdout] 
[INFO] [stdout] 
[INFO] [stdout] error[E0433]: failed to resolve: use of undeclared crate or module `sqlx`
[INFO] [stdout]   --> tests/any/pool.rs:45:5
[INFO] [stdout]    |
[INFO] [stdout] 45 |     sqlx::any::install_default_drivers();
[INFO] [stdout]    |     ^^^^ use of undeclared crate or module `sqlx`
[INFO] [stdout]    |
[INFO] [stdout] help: consider importing this module
[INFO] [stdout]    |
[INFO] [stdout] 1  + use sqlx_build_trust::any;
[INFO] [stdout]    |
[INFO] [stdout] help: if you import `any`, refer to it directly
[INFO] [stdout]    |
[INFO] [stdout] 45 -     sqlx::any::install_default_drivers();
[INFO] [stdout] 45 +     any::install_default_drivers();
[INFO] [stdout]    |
[INFO] [stdout] 
[INFO] [stdout] 
[INFO] [stdout] error[E0433]: failed to resolve: use of undeclared crate or module `sqlx`
[INFO] [stdout]   --> tests/any/pool.rs:75:5
[INFO] [stdout]    |
[INFO] [stdout] 75 |     sqlx::any::install_default_drivers();
[INFO] [stdout]    |     ^^^^ use of undeclared crate or module `sqlx`
[INFO] [stdout]    |
[INFO] [stdout] help: consider importing this module
[INFO] [stdout]    |
[INFO] [stdout] 1  + use sqlx_build_trust::any;
[INFO] [stdout]    |
[INFO] [stdout] help: if you import `any`, refer to it directly
[INFO] [stdout]    |
[INFO] [stdout] 75 -     sqlx::any::install_default_drivers();
[INFO] [stdout] 75 +     any::install_default_drivers();
[INFO] [stdout]    |
[INFO] [stdout] 
[INFO] [stdout] 
[INFO] [stdout] error[E0433]: failed to resolve: use of undeclared crate or module `sqlx`
[INFO] [stdout]    --> tests/any/pool.rs:221:5
[INFO] [stdout]     |
[INFO] [stdout] 221 |     sqlx::any::install_default_drivers();
[INFO] [stdout]     |     ^^^^ use of undeclared crate or module `sqlx`
[INFO] [stdout]     |
[INFO] [stdout] help: consider importing this module
[INFO] [stdout]     |
[INFO] [stdout] 1   + use sqlx_build_trust::any;
[INFO] [stdout]     |
[INFO] [stdout] help: if you import `any`, refer to it directly
[INFO] [stdout]     |
[INFO] [stdout] 221 -     sqlx::any::install_default_drivers();
[INFO] [stdout] 221 +     any::install_default_drivers();
[INFO] [stdout]     |
[INFO] [stdout] 
[INFO] [stdout] 
[INFO] [stdout] error[E0433]: failed to resolve: use of undeclared crate or module `sqlx_core`
[INFO] [stdout]    --> tests/any/pool.rs:254:5
[INFO] [stdout]     |
[INFO] [stdout] 254 |     sqlx_core::rt::sleep(Duration::from_secs(1)).await;
[INFO] [stdout]     |     ^^^^^^^^^ use of undeclared crate or module `sqlx_core`
[INFO] [stdout]     |
[INFO] [stdout] help: consider importing this module
[INFO] [stdout]     |
[INFO] [stdout] 1   + use sqlx_build_trust_core::rt;
[INFO] [stdout]     |
[INFO] [stdout] help: if you import `rt`, refer to it directly
[INFO] [stdout]     |
[INFO] [stdout] 254 -     sqlx_core::rt::sleep(Duration::from_secs(1)).await;
[INFO] [stdout] 254 +     rt::sleep(Duration::from_secs(1)).await;
[INFO] [stdout]     |
[INFO] [stdout] 
[INFO] [stdout] 
[INFO] [stdout] error[E0433]: failed to resolve: could not find `sqlx` in the list of imported crates
[INFO] [stdout]    --> tests/any/any.rs:119:1
[INFO] [stdout]     |
[INFO] [stdout] 119 | #[sqlx_macros::test]
[INFO] [stdout]     | ^^^^^^^^^^^^^^^^^^^^ could not find `sqlx` in the list of imported crates
[INFO] [stdout]     |
[INFO] [stdout]     = note: this error originates in the attribute macro `sqlx_macros::test` (in Nightly builds, run with -Z macro-backtrace for more info)
[INFO] [stdout] 
[INFO] [stdout] 
[INFO] [stdout] warning: unexpected `cfg` condition value: `mssql`
[INFO] [stdout]   --> tests/any/pool.rs:88:11
[INFO] [stdout]    |
[INFO] [stdout] 88 |     #[cfg(feature = "mssql")]
[INFO] [stdout]    |           ^^^^^^^^^^-------
[INFO] [stdout]    |                     |
[INFO] [stdout]    |                     help: there is a expected value with a similar name: `"mysql"`
[INFO] [stdout]    |
[INFO] [stdout]    = note: expected values for `feature` are: `_rt-async-std`, `_rt-tokio`, `_unstable-all-types`, `all-databases`, `any`, `bigdecimal`, `bit-vec`, `chrono`, `default`, `ipnetwork`, `json`, `mac_address`, `macros`, `migrate`, `mysql`, `postgres`, `regexp`, `runtime-async-std`, `runtime-async-std-native-tls`, `runtime-async-std-rustls`, `runtime-tokio`, `runtime-tokio-native-tls`, `runtime-tokio-rustls`, `rust_decimal`, `sqlite`, `sqlx-build-trust-postgres`, `sqlx-build-trust-sqlite`, `sqlx-macros`, `sqlx-mysql`, `time`, `tls-native-tls`, `tls-none`, `tls-rustls`, and `uuid`
[INFO] [stdout]    = help: consider adding `mssql` as a feature in `Cargo.toml`
[INFO] [stdout]    = note: see <https://doc.rust-lang.org/nightly/rustc/check-cfg/cargo-specifics.html> for more information about checking conditional configuration
[INFO] [stdout]    = note: `#[warn(unexpected_cfgs)]` on by default
[INFO] [stdout] 
[INFO] [stdout] 
[INFO] [stdout] error[E0433]: failed to resolve: use of undeclared crate or module `sqlx`
[INFO] [stdout]  --> tests/any/any.rs:7:5
[INFO] [stdout]   |
[INFO] [stdout] 7 |     sqlx::any::install_default_drivers();
[INFO] [stdout]   |     ^^^^ use of undeclared crate or module `sqlx`
[INFO] [stdout]   |
[INFO] [stdout] help: consider importing this module
[INFO] [stdout]   |
[INFO] [stdout] 1 + use sqlx_build_trust::any;
[INFO] [stdout]   |
[INFO] [stdout] help: if you import `any`, refer to it directly
[INFO] [stdout]   |
[INFO] [stdout] 7 -     sqlx::any::install_default_drivers();
[INFO] [stdout] 7 +     any::install_default_drivers();
[INFO] [stdout]   |
[INFO] [stdout] 
[INFO] [stdout] 
[INFO] [stdout] error[E0433]: failed to resolve: use of undeclared crate or module `sqlx`
[INFO] [stdout]   --> tests/any/any.rs:25:5
[INFO] [stdout]    |
[INFO] [stdout] 25 |     sqlx::any::install_default_drivers();
[INFO] [stdout]    |     ^^^^ use of undeclared crate or module `sqlx`
[INFO] [stdout]    |
[INFO] [stdout] help: consider importing this module
[INFO] [stdout]    |
[INFO] [stdout] 1  + use sqlx_build_trust::any;
[INFO] [stdout]    |
[INFO] [stdout] help: if you import `any`, refer to it directly
[INFO] [stdout]    |
[INFO] [stdout] 25 -     sqlx::any::install_default_drivers();
[INFO] [stdout] 25 +     any::install_default_drivers();
[INFO] [stdout]    |
[INFO] [stdout] 
[INFO] [stdout] 
[INFO] [stdout] error[E0433]: failed to resolve: use of undeclared crate or module `sqlx`
[INFO] [stdout]   --> tests/any/any.rs:36:5
[INFO] [stdout]    |
[INFO] [stdout] 36 |     sqlx::any::install_default_drivers();
[INFO] [stdout]    |     ^^^^ use of undeclared crate or module `sqlx`
[INFO] [stdout]    |
[INFO] [stdout] help: consider importing this module
[INFO] [stdout]    |
[INFO] [stdout] 1  + use sqlx_build_trust::any;
[INFO] [stdout]    |
[INFO] [stdout] help: if you import `any`, refer to it directly
[INFO] [stdout]    |
[INFO] [stdout] 36 -     sqlx::any::install_default_drivers();
[INFO] [stdout] 36 +     any::install_default_drivers();
[INFO] [stdout]    |
[INFO] [stdout] 
[INFO] [stdout] 
[INFO] [stdout] error[E0433]: failed to resolve: use of undeclared crate or module `sqlx`
[INFO] [stdout]   --> tests/any/any.rs:51:5
[INFO] [stdout]    |
[INFO] [stdout] 51 |     sqlx::any::install_default_drivers();
[INFO] [stdout]    |     ^^^^ use of undeclared crate or module `sqlx`
[INFO] [stdout]    |
[INFO] [stdout] help: consider importing this module
[INFO] [stdout]    |
[INFO] [stdout] 1  + use sqlx_build_trust::any;
[INFO] [stdout]    |
[INFO] [stdout] help: if you import `any`, refer to it directly
[INFO] [stdout]    |
[INFO] [stdout] 51 -     sqlx::any::install_default_drivers();
[INFO] [stdout] 51 +     any::install_default_drivers();
[INFO] [stdout]    |
[INFO] [stdout] 
[INFO] [stdout] 
[INFO] [stdout] error[E0433]: failed to resolve: use of undeclared crate or module `sqlx`
[INFO] [stdout]   --> tests/any/any.rs:62:21
[INFO] [stdout]    |
[INFO] [stdout] 62 |                 Err(sqlx::Error::RowNotFound)
[INFO] [stdout]    |                     ^^^^ use of undeclared crate or module `sqlx`
[INFO] [stdout]    |
[INFO] [stdout] help: consider importing one of these items
[INFO] [stdout]    |
[INFO] [stdout] 1  + use std::error::Error;
[INFO] [stdout]    |
[INFO] [stdout] 1  + use std::fmt::Error;
[INFO] [stdout]    |
[INFO] [stdout] 1  + use std::io::Error;
[INFO] [stdout]    |
[INFO] [stdout] 1  + use core::error::Error;
[INFO] [stdout]    |
[INFO] [stdout]      and 15 other candidates
[INFO] [stdout] help: if you import `Error`, refer to it directly
[INFO] [stdout]    |
[INFO] [stdout] 62 -                 Err(sqlx::Error::RowNotFound)
[INFO] [stdout] 62 +                 Err(Error::RowNotFound)
[INFO] [stdout]    |
[INFO] [stdout] 
[INFO] [stdout] 
[INFO] [stdout] error[E0433]: failed to resolve: use of undeclared crate or module `sqlx`
[INFO] [stdout]   --> tests/any/any.rs:81:5
[INFO] [stdout]    |
[INFO] [stdout] 81 |     sqlx::any::install_default_drivers();
[INFO] [stdout]    |     ^^^^ use of undeclared crate or module `sqlx`
[INFO] [stdout]    |
[INFO] [stdout] help: consider importing this module
[INFO] [stdout]    |
[INFO] [stdout] 1  + use sqlx_build_trust::any;
[INFO] [stdout]    |
[INFO] [stdout] help: if you import `any`, refer to it directly
[INFO] [stdout]    |
[INFO] [stdout] 81 -     sqlx::any::install_default_drivers();
[INFO] [stdout] 81 +     any::install_default_drivers();
[INFO] [stdout]    |
[INFO] [stdout] 
[INFO] [stdout] 
[INFO] [stdout] error[E0433]: failed to resolve: use of undeclared crate or module `sqlx`
[INFO] [stdout]   --> tests/any/any.rs:95:5
[INFO] [stdout]    |
[INFO] [stdout] 95 |     sqlx::any::install_default_drivers();
[INFO] [stdout]    |     ^^^^ use of undeclared crate or module `sqlx`
[INFO] [stdout]    |
[INFO] [stdout] help: consider importing this module
[INFO] [stdout]    |
[INFO] [stdout] 1  + use sqlx_build_trust::any;
[INFO] [stdout]    |
[INFO] [stdout] help: if you import `any`, refer to it directly
[INFO] [stdout]    |
[INFO] [stdout] 95 -     sqlx::any::install_default_drivers();
[INFO] [stdout] 95 +     any::install_default_drivers();
[INFO] [stdout]    |
[INFO] [stdout] 
[INFO] [stdout] 
[INFO] [stdout] error[E0433]: failed to resolve: use of undeclared crate or module `sqlx`
[INFO] [stdout]    --> tests/any/any.rs:121:5
[INFO] [stdout]     |
[INFO] [stdout] 121 |     sqlx::any::install_default_drivers();
[INFO] [stdout]     |     ^^^^ use of undeclared crate or module `sqlx`
[INFO] [stdout]     |
[INFO] [stdout] help: consider importing this module
[INFO] [stdout]     |
[INFO] [stdout] 1   + use sqlx_build_trust::any;
[INFO] [stdout]     |
[INFO] [stdout] help: if you import `any`, refer to it directly
[INFO] [stdout]     |
[INFO] [stdout] 121 -     sqlx::any::install_default_drivers();
[INFO] [stdout] 121 +     any::install_default_drivers();
[INFO] [stdout]     |
[INFO] [stdout] 
[INFO] [stdout] 
[INFO] [stdout] error[E0433]: failed to resolve: use of undeclared crate or module `sqlx`
[INFO] [stdout]   --> tests/any/any.rs:11:17
[INFO] [stdout]    |
[INFO] [stdout] 11 |     let value = sqlx::query("select 1 + 5")
[INFO] [stdout]    |                 ^^^^ use of undeclared crate or module `sqlx`
[INFO] [stdout] 
[INFO] [stdout] 
[INFO] [stdout] error[E0433]: failed to resolve: use of undeclared crate or module `sqlx_test`
[INFO] [stdout]   --> tests/any/any.rs:38:16
[INFO] [stdout]    |
[INFO] [stdout] 38 |     let pool = sqlx_test::pool::<Any>().await?;
[INFO] [stdout]    |                ^^^^^^^^^ use of undeclared crate or module `sqlx_test`
[INFO] [stdout] 
[INFO] [stdout] 
[INFO] [stdout] error[E0433]: failed to resolve: use of undeclared crate or module `sqlx_test`
[INFO] [stdout]   --> tests/any/any.rs:54:16
[INFO] [stdout]    |
[INFO] [stdout] 54 |     let pool = sqlx_test::pool::<Any>().await?;
[INFO] [stdout]    |                ^^^^^^^^^ use of undeclared crate or module `sqlx_test`
[INFO] [stdout] 
[INFO] [stdout] 
[INFO] [stdout] error[E0433]: failed to resolve: use of undeclared crate or module `sqlx`
[INFO] [stdout]   --> tests/any/any.rs:58:14
[INFO] [stdout]    |
[INFO] [stdout] 58 |     impl<'a> sqlx::FromRow<'a, AnyRow> for MyType {
[INFO] [stdout]    |              ^^^^ use of undeclared crate or module `sqlx`
[INFO] [stdout] 
[INFO] [stdout] 
[INFO] [stdout] error[E0433]: failed to resolve: use of undeclared crate or module `sqlx`
[INFO] [stdout]   --> tests/any/any.rs:59:41
[INFO] [stdout]    |
[INFO] [stdout] 59 |         fn from_row(row: &'a AnyRow) -> sqlx::Result<Self> {
[INFO] [stdout]    |                                         ^^^^ use of undeclared crate or module `sqlx`
[INFO] [stdout] 
[INFO] [stdout] 
[INFO] [stdout] error[E0433]: failed to resolve: use of undeclared crate or module `sqlx`
[INFO] [stdout]   --> tests/any/any.rs:69:16
[INFO] [stdout]    |
[INFO] [stdout] 69 |     let rows = sqlx::query_as("SELECT 0 UNION ALL SELECT 1 UNION ALL SELECT 2")
[INFO] [stdout]    |                ^^^^ use of undeclared crate or module `sqlx`
[INFO] [stdout] 
[INFO] [stdout] 
[INFO] [stdout] error[E0433]: failed to resolve: use of undeclared crate or module `sqlx_test`
[INFO] [stdout]    --> tests/any/any.rs:123:16
[INFO] [stdout]     |
[INFO] [stdout] 123 |     let pool = sqlx_test::pool::<Any>().await?;
[INFO] [stdout]     |                ^^^^^^^^^ use of undeclared crate or module `sqlx_test`
[INFO] [stdout] 
[INFO] [stdout] 
[INFO] [stdout] Some errors have detailed explanations: E0432, E0433.
[INFO] [stdout] 
[INFO] [stdout] For more information about an error, try `rustc --explain E0432`.
[INFO] [stdout] 
[INFO] [stdout] error[E0433]: failed to resolve: use of undeclared crate or module `sqlx`
[INFO] [stdout]   --> tests/any/pool.rs:56:15
[INFO] [stdout]    |
[INFO] [stdout] 56 |     let res = sqlx::query(query).execute(&mut *tx).await;
[INFO] [stdout]    |               ^^^^ use of undeclared crate or module `sqlx`
[INFO] [stdout] 
[INFO] [stdout] 
[INFO] [stdout] error[E0433]: failed to resolve: use of undeclared crate or module `sqlx`
[INFO] [stdout]   --> tests/any/pool.rs:61:15
[INFO] [stdout]    |
[INFO] [stdout] 61 |     let res = sqlx::query(query).execute(&mut *tx).await;
[INFO] [stdout]    |               ^^^^ use of undeclared crate or module `sqlx`
[INFO] [stdout] 
[INFO] [stdout] 
[INFO] [stdout] error[E0433]: failed to resolve: use of undeclared crate or module `sqlx`
[INFO] [stdout]   --> tests/any/pool.rs:66:15
[INFO] [stdout]    |
[INFO] [stdout] 66 |     let res = sqlx::query(query).execute(&mut *tx).await;
[INFO] [stdout]    |               ^^^^ use of undeclared crate or module `sqlx`
[INFO] [stdout] 
[INFO] [stdout] 
[INFO] [stdout] error[E0433]: failed to resolve: use of undeclared crate or module `sqlx_test`
[INFO] [stdout]   --> tests/any/pool.rs:84:5
[INFO] [stdout]    |
[INFO] [stdout] 84 |     sqlx_test::setup_if_needed();
[INFO] [stdout]    |     ^^^^^^^^^ use of undeclared crate or module `sqlx_test`
[INFO] [stdout] 
[INFO] [stdout] 
[INFO] [stderr] error: could not compile `sqlx-build-trust` (test "any") due to 25 previous errors
[INFO] [stdout] error[E0433]: failed to resolve: use of undeclared crate or module `sqlx`
[INFO] [stdout]    --> tests/any/pool.rs:137:17
[INFO] [stdout]     |
[INFO] [stdout] 137 |                 sqlx::query(
[INFO] [stdout]     |                 ^^^^ use of undeclared crate or module `sqlx`
[INFO] [stdout] 
[INFO] [stdout] 
[INFO] [stdout] error[E0433]: failed to resolve: use of undeclared crate or module `sqlx`
[INFO] [stdout]    --> tests/any/pool.rs:146:40
[INFO] [stdout]     |
[INFO] [stdout] 146 |                 let stats: ConnStats = sqlx::query_as("SELECT * FROM conn_stats")
[INFO] [stdout]     |                                        ^^^^ use of undeclared crate or module `sqlx`
[INFO] [stdout] 
[INFO] [stdout] 
[INFO] [stdout] error[E0433]: failed to resolve: use of undeclared crate or module `sqlx`
[INFO] [stdout]    --> tests/any/pool.rs:161:17
[INFO] [stdout]     |
[INFO] [stdout] 161 |                 sqlx::query(
[INFO] [stdout]     |                 ^^^^ use of undeclared crate or module `sqlx`
[INFO] [stdout] 
[INFO] [stdout] 
[INFO] [stdout] error[E0433]: failed to resolve: use of undeclared crate or module `sqlx`
[INFO] [stdout]    --> tests/any/pool.rs:170:40
[INFO] [stdout]     |
[INFO] [stdout] 170 |                 let stats: ConnStats = sqlx::query_as("SELECT * FROM conn_stats")
[INFO] [stdout]     |                                        ^^^^ use of undeclared crate or module `sqlx`
[INFO] [stdout] 
[INFO] [stdout] 
[INFO] [stdout] error[E0433]: failed to resolve: use of undeclared crate or module `sqlx`
[INFO] [stdout]    --> tests/any/pool.rs:200:37
[INFO] [stdout]     |
[INFO] [stdout] 200 |         let conn_stats: ConnStats = sqlx::query_as("SELECT * FROM conn_stats")
[INFO] [stdout]     |                                     ^^^^ use of undeclared crate or module `sqlx`
[INFO] [stdout] 
[INFO] [stdout] 
[INFO] [stdout] error[E0433]: failed to resolve: use of undeclared crate or module `sqlx_test`
[INFO] [stdout]    --> tests/any/pool.rs:222:5
[INFO] [stdout]     |
[INFO] [stdout] 222 |     sqlx_test::setup_if_needed();
[INFO] [stdout]     |     ^^^^^^^^^ use of undeclared crate or module `sqlx_test`
[INFO] [stdout] 
[INFO] [stdout] 
[INFO] [stdout] Some errors have detailed explanations: E0432, E0433.
[INFO] [stdout] 
[INFO] [stdout] For more information about an error, try `rustc --explain E0432`.
[INFO] [stdout] 
[INFO] [stderr] error: could not compile `sqlx-build-trust` (test "any-pool") due to 22 previous errors; 1 warning emitted
[INFO] running `Command { std: "docker" "inspect" "53c20307c471c161f43b1e181e71781656362c847928b787851f43bc1c772a99", kill_on_drop: false }`
[INFO] running `Command { std: "docker" "rm" "-f" "53c20307c471c161f43b1e181e71781656362c847928b787851f43bc1c772a99", kill_on_drop: false }`
[INFO] [stdout] 53c20307c471c161f43b1e181e71781656362c847928b787851f43bc1c772a99
