[INFO] fetching crate sqlite-vec 0.1.4-alpha.2...
[INFO] testing sqlite-vec-0.1.4-alpha.2 against nightly-2024-10-28 for randomize-layout
[INFO] extracting crate sqlite-vec 0.1.4-alpha.2 into /workspace/builds/worker-3-tc1/source
[INFO] validating manifest of crates.io crate sqlite-vec 0.1.4-alpha.2 on toolchain nightly-2024-10-28
[INFO] running `Command { std: CARGO_HOME="/workspace/cargo-home" RUSTUP_HOME="/workspace/rustup-home" "/workspace/cargo-home/bin/cargo" "+nightly-2024-10-28" "metadata" "--manifest-path" "Cargo.toml" "--no-deps", kill_on_drop: false }`
[INFO] started tweaking crates.io crate sqlite-vec 0.1.4-alpha.2
[INFO] finished tweaking crates.io crate sqlite-vec 0.1.4-alpha.2
[INFO] tweaked toml for crates.io crate sqlite-vec 0.1.4-alpha.2 written to /workspace/builds/worker-3-tc1/source/Cargo.toml
[INFO] running `Command { std: CARGO_HOME="/workspace/cargo-home" RUSTUP_HOME="/workspace/rustup-home" "/workspace/cargo-home/bin/cargo" "+nightly-2024-10-28" "generate-lockfile" "--manifest-path" "Cargo.toml", kill_on_drop: false }`
[INFO] [stderr]     Updating crates.io index
[INFO] [stderr]      Locking 22 packages to latest compatible versions
[INFO] [stderr]       Adding rusqlite v0.31.0 (available: v0.32.1)
[INFO] running `Command { std: CARGO_HOME="/workspace/cargo-home" RUSTUP_HOME="/workspace/rustup-home" "/workspace/cargo-home/bin/cargo" "+nightly-2024-10-28" "fetch" "--manifest-path" "Cargo.toml", kill_on_drop: false }`
[INFO] running `Command { std: "docker" "create" "-v" "/var/lib/crater-agent-workspace/builds/worker-3-tc1/target:/opt/rustwide/target:rw,Z" "-v" "/var/lib/crater-agent-workspace/builds/worker-3-tc1/source:/opt/rustwide/workdir:ro,Z" "-v" "/var/lib/crater-agent-workspace/cargo-home:/opt/rustwide/cargo-home:ro,Z" "-v" "/var/lib/crater-agent-workspace/rustup-home:/opt/rustwide/rustup-home:ro,Z" "-e" "SOURCE_DIR=/opt/rustwide/workdir" "-e" "CARGO_TARGET_DIR=/opt/rustwide/target" "-e" "CARGO_HOME=/opt/rustwide/cargo-home" "-e" "RUSTUP_HOME=/opt/rustwide/rustup-home" "-w" "/opt/rustwide/workdir" "-m" "1610612736" "--user" "0:0" "--network" "none" "ghcr.io/rust-lang/crates-build-env/linux@sha256:4a844ea9eb2546a2d2c7022eacef16ef2e8229c7fbb2c7d4d55a9ceca922f72d" "/opt/rustwide/cargo-home/bin/cargo" "+nightly-2024-10-28" "metadata" "--no-deps" "--format-version=1", kill_on_drop: false }`
[INFO] [stdout] 9177cd78be2cecb4a43123d38ceb0900c1164fc030fe833085c0b3dc3fbb0af3
[INFO] running `Command { std: "docker" "start" "-a" "9177cd78be2cecb4a43123d38ceb0900c1164fc030fe833085c0b3dc3fbb0af3", kill_on_drop: false }`
[INFO] running `Command { std: "docker" "inspect" "9177cd78be2cecb4a43123d38ceb0900c1164fc030fe833085c0b3dc3fbb0af3", kill_on_drop: false }`
[INFO] running `Command { std: "docker" "rm" "-f" "9177cd78be2cecb4a43123d38ceb0900c1164fc030fe833085c0b3dc3fbb0af3", kill_on_drop: false }`
[INFO] [stdout] 9177cd78be2cecb4a43123d38ceb0900c1164fc030fe833085c0b3dc3fbb0af3
[INFO] running `Command { std: "docker" "create" "-v" "/var/lib/crater-agent-workspace/builds/worker-3-tc1/target:/opt/rustwide/target:rw,Z" "-v" "/var/lib/crater-agent-workspace/builds/worker-3-tc1/source:/opt/rustwide/workdir:ro,Z" "-v" "/var/lib/crater-agent-workspace/cargo-home:/opt/rustwide/cargo-home:ro,Z" "-v" "/var/lib/crater-agent-workspace/rustup-home:/opt/rustwide/rustup-home:ro,Z" "-e" "SOURCE_DIR=/opt/rustwide/workdir" "-e" "CARGO_TARGET_DIR=/opt/rustwide/target" "-e" "CARGO_INCREMENTAL=0" "-e" "RUST_BACKTRACE=full" "-e" "RUSTFLAGS=--cap-lints=forbid" "-e" "RUSTDOCFLAGS=--cap-lints=forbid" "-e" "CARGO_HOME=/opt/rustwide/cargo-home" "-e" "RUSTUP_HOME=/opt/rustwide/rustup-home" "-w" "/opt/rustwide/workdir" "-m" "1610612736" "--user" "0:0" "--network" "none" "ghcr.io/rust-lang/crates-build-env/linux@sha256:4a844ea9eb2546a2d2c7022eacef16ef2e8229c7fbb2c7d4d55a9ceca922f72d" "/opt/rustwide/cargo-home/bin/cargo" "+nightly-2024-10-28" "build" "--frozen" "--message-format=json", kill_on_drop: false }`
[INFO] [stdout] 10c6d3245b8c52b5521ed9f8bc96a7769e7013d3ea31c3919b3deba9b876ed42
[INFO] running `Command { std: "docker" "start" "-a" "10c6d3245b8c52b5521ed9f8bc96a7769e7013d3ea31c3919b3deba9b876ed42", kill_on_drop: false }`
[INFO] [stderr]    Compiling sqlite-vec v0.1.4-alpha.2 (/opt/rustwide/workdir)
[INFO] [stderr] warning: sqlite-vec@0.1.4-alpha.2: sqlite-vec.c:1073: warning: ignoring '#pragma region scalar' [-Wunknown-pragmas]
[INFO] [stderr] warning: sqlite-vec@0.1.4-alpha.2:  1073 | #pragma region scalar functions
[INFO] [stderr] warning: sqlite-vec@0.1.4-alpha.2:       |
[INFO] [stderr] warning: sqlite-vec@0.1.4-alpha.2: sqlite-vec.c:1792: warning: ignoring '#pragma endregion ' [-Wunknown-pragmas]
[INFO] [stderr] warning: sqlite-vec@0.1.4-alpha.2:  1792 | #pragma endregion
[INFO] [stderr] warning: sqlite-vec@0.1.4-alpha.2:       |
[INFO] [stderr] warning: sqlite-vec@0.1.4-alpha.2: sqlite-vec.c:2184: warning: ignoring '#pragma region vec_each' [-Wunknown-pragmas]
[INFO] [stderr] warning: sqlite-vec@0.1.4-alpha.2:  2184 | #pragma region vec_each table function
[INFO] [stderr] warning: sqlite-vec@0.1.4-alpha.2:       |
[INFO] [stderr] warning: sqlite-vec@0.1.4-alpha.2: sqlite-vec.c:2373: warning: ignoring '#pragma endregion ' [-Wunknown-pragmas]
[INFO] [stderr] warning: sqlite-vec@0.1.4-alpha.2:  2373 | #pragma endregion
[INFO] [stderr] warning: sqlite-vec@0.1.4-alpha.2:       |
[INFO] [stderr] warning: sqlite-vec@0.1.4-alpha.2: sqlite-vec.c:2375: warning: ignoring '#pragma region vec_npy_each' [-Wunknown-pragmas]
[INFO] [stderr] warning: sqlite-vec@0.1.4-alpha.2:  2375 | #pragma region vec_npy_each table function
[INFO] [stderr] warning: sqlite-vec@0.1.4-alpha.2:       |
[INFO] [stderr] warning: sqlite-vec@0.1.4-alpha.2: sqlite-vec.c:3126: warning: ignoring '#pragma endregion ' [-Wunknown-pragmas]
[INFO] [stderr] warning: sqlite-vec@0.1.4-alpha.2:  3126 | #pragma endregion
[INFO] [stderr] warning: sqlite-vec@0.1.4-alpha.2:       |
[INFO] [stderr] warning: sqlite-vec@0.1.4-alpha.2: sqlite-vec.c:3128: warning: ignoring '#pragma region vec0' [-Wunknown-pragmas]
[INFO] [stderr] warning: sqlite-vec@0.1.4-alpha.2:  3128 | #pragma region vec0 virtual table
[INFO] [stderr] warning: sqlite-vec@0.1.4-alpha.2:       |
[INFO] [stderr] warning: sqlite-vec@0.1.4-alpha.2: sqlite-vec.c: In function 'vec0Filter_knn_chunks_iter':
[INFO] [stderr] warning: sqlite-vec@0.1.4-alpha.2: sqlite-vec.c:4794:20: warning: comparison of integer expressions of different signedness: 'i64' {aka 'long long int'} and 'long unsigned int' [-Wsign-compare]
[INFO] [stderr] warning: sqlite-vec@0.1.4-alpha.2:  4794 |     if (rowidsSize != p->chunk_size * sizeof(i64)) {
[INFO] [stderr] warning: sqlite-vec@0.1.4-alpha.2:       |                    ^~
[INFO] [stderr] warning: sqlite-vec@0.1.4-alpha.2: sqlite-vec.c: At top level:
[INFO] [stderr] warning: sqlite-vec@0.1.4-alpha.2: sqlite-vec.c:6345: warning: ignoring '#pragma endregion ' [-Wunknown-pragmas]
[INFO] [stderr] warning: sqlite-vec@0.1.4-alpha.2:  6345 | #pragma endregion
[INFO] [stderr] warning: sqlite-vec@0.1.4-alpha.2:       |
[INFO] [stderr] warning: sqlite-vec@0.1.4-alpha.2: sqlite-vec.c:6372: warning: ignoring '#pragma region vec_static_blobs' [-Wunknown-pragmas]
[INFO] [stderr] warning: sqlite-vec@0.1.4-alpha.2:  6372 | #pragma region vec_static_blobs() table function
[INFO] [stderr] warning: sqlite-vec@0.1.4-alpha.2:       |
[INFO] [stderr] warning: sqlite-vec@0.1.4-alpha.2: sqlite-vec.c:6589: warning: ignoring '#pragma endregion ' [-Wunknown-pragmas]
[INFO] [stderr] warning: sqlite-vec@0.1.4-alpha.2:  6589 | #pragma endregion
[INFO] [stderr] warning: sqlite-vec@0.1.4-alpha.2:       |
[INFO] [stderr] warning: sqlite-vec@0.1.4-alpha.2: sqlite-vec.c:6591: warning: ignoring '#pragma region vec_static_blob_entries' [-Wunknown-pragmas]
[INFO] [stderr] warning: sqlite-vec@0.1.4-alpha.2:  6591 | #pragma region vec_static_blob_entries() table function
[INFO] [stderr] warning: sqlite-vec@0.1.4-alpha.2:       |
[INFO] [stderr] warning: sqlite-vec@0.1.4-alpha.2: sqlite-vec.c:6992: warning: ignoring '#pragma endregion ' [-Wunknown-pragmas]
[INFO] [stderr] warning: sqlite-vec@0.1.4-alpha.2:  6992 | #pragma endregion
[INFO] [stderr] warning: sqlite-vec@0.1.4-alpha.2:       |
[INFO] [stderr] warning: sqlite-vec@0.1.4-alpha.2: sqlite-vec.c: In function 'sqlite3_vec_init':
[INFO] [stderr] warning: sqlite-vec@0.1.4-alpha.2: sqlite-vec.c:7015:65: warning: unused parameter 'pApi' [-Wunused-parameter]
[INFO] [stderr] warning: sqlite-vec@0.1.4-alpha.2:  7015 |                                     const sqlite3_api_routines *pApi) {
[INFO] [stderr] warning: sqlite-vec@0.1.4-alpha.2:       |                                     ~~~~~~~~~~~~~~~~~~~~~~~~~~~~^~~~
[INFO] [stderr] warning: sqlite-vec@0.1.4-alpha.2: sqlite-vec.c: In function 'sqlite3_vec_numpy_init':
[INFO] [stderr] warning: sqlite-vec@0.1.4-alpha.2: sqlite-vec.c:7100:73: warning: unused parameter 'pApi' [-Wunused-parameter]
[INFO] [stderr] warning: sqlite-vec@0.1.4-alpha.2:  7100 |                                             const sqlite3_api_routines *pApi) {
[INFO] [stderr] warning: sqlite-vec@0.1.4-alpha.2:       |                                             ~~~~~~~~~~~~~~~~~~~~~~~~~~~~^~~~
[INFO] [stderr] warning: sqlite-vec@0.1.4-alpha.2: sqlite-vec.c: In function 'sqlite3_vec_static_blobs_init':
[INFO] [stderr] warning: sqlite-vec@0.1.4-alpha.2: sqlite-vec.c:7118:59: warning: unused parameter 'pApi' [-Wunused-parameter]
[INFO] [stderr] warning: sqlite-vec@0.1.4-alpha.2:  7118 |                               const sqlite3_api_routines *pApi) {
[INFO] [stderr] warning: sqlite-vec@0.1.4-alpha.2:       |                               ~~~~~~~~~~~~~~~~~~~~~~~~~~~~^~~~
[INFO] [stderr]     Finished `dev` profile [unoptimized + debuginfo] target(s) in 1.13s
[INFO] running `Command { std: "docker" "inspect" "10c6d3245b8c52b5521ed9f8bc96a7769e7013d3ea31c3919b3deba9b876ed42", kill_on_drop: false }`
[INFO] running `Command { std: "docker" "rm" "-f" "10c6d3245b8c52b5521ed9f8bc96a7769e7013d3ea31c3919b3deba9b876ed42", kill_on_drop: false }`
[INFO] [stdout] 10c6d3245b8c52b5521ed9f8bc96a7769e7013d3ea31c3919b3deba9b876ed42
[INFO] running `Command { std: "docker" "create" "-v" "/var/lib/crater-agent-workspace/builds/worker-3-tc1/target:/opt/rustwide/target:rw,Z" "-v" "/var/lib/crater-agent-workspace/builds/worker-3-tc1/source:/opt/rustwide/workdir:ro,Z" "-v" "/var/lib/crater-agent-workspace/cargo-home:/opt/rustwide/cargo-home:ro,Z" "-v" "/var/lib/crater-agent-workspace/rustup-home:/opt/rustwide/rustup-home:ro,Z" "-e" "SOURCE_DIR=/opt/rustwide/workdir" "-e" "CARGO_TARGET_DIR=/opt/rustwide/target" "-e" "CARGO_INCREMENTAL=0" "-e" "RUST_BACKTRACE=full" "-e" "RUSTFLAGS=--cap-lints=forbid" "-e" "RUSTDOCFLAGS=--cap-lints=forbid" "-e" "CARGO_HOME=/opt/rustwide/cargo-home" "-e" "RUSTUP_HOME=/opt/rustwide/rustup-home" "-w" "/opt/rustwide/workdir" "-m" "1610612736" "--user" "0:0" "--network" "none" "ghcr.io/rust-lang/crates-build-env/linux@sha256:4a844ea9eb2546a2d2c7022eacef16ef2e8229c7fbb2c7d4d55a9ceca922f72d" "/opt/rustwide/cargo-home/bin/cargo" "+nightly-2024-10-28" "test" "--frozen" "--no-run" "--message-format=json", kill_on_drop: false }`
[INFO] [stdout] 760cf6f500eb0bff5a8a67b5273f78e646afdb3c40a3955a8e301bbe72098fe4
[INFO] running `Command { std: "docker" "start" "-a" "760cf6f500eb0bff5a8a67b5273f78e646afdb3c40a3955a8e301bbe72098fe4", kill_on_drop: false }`
[INFO] [stderr]    Compiling ahash v0.8.11
[INFO] [stderr]    Compiling zerocopy v0.7.35
[INFO] [stderr]    Compiling once_cell v1.20.2
[INFO] [stderr]    Compiling pkg-config v0.3.31
[INFO] [stderr]    Compiling bitflags v2.6.0
[INFO] [stderr]    Compiling fallible-streaming-iterator v0.1.9
[INFO] [stderr]    Compiling fallible-iterator v0.3.0
[INFO] [stderr] warning: sqlite-vec@0.1.4-alpha.2: sqlite-vec.c:1073: warning: ignoring '#pragma region scalar' [-Wunknown-pragmas]
[INFO] [stderr] warning: sqlite-vec@0.1.4-alpha.2:  1073 | #pragma region scalar functions
[INFO] [stderr] warning: sqlite-vec@0.1.4-alpha.2:       |
[INFO] [stderr] warning: sqlite-vec@0.1.4-alpha.2: sqlite-vec.c:1792: warning: ignoring '#pragma endregion ' [-Wunknown-pragmas]
[INFO] [stderr] warning: sqlite-vec@0.1.4-alpha.2:  1792 | #pragma endregion
[INFO] [stderr] warning: sqlite-vec@0.1.4-alpha.2:       |
[INFO] [stderr] warning: sqlite-vec@0.1.4-alpha.2: sqlite-vec.c:2184: warning: ignoring '#pragma region vec_each' [-Wunknown-pragmas]
[INFO] [stderr] warning: sqlite-vec@0.1.4-alpha.2:  2184 | #pragma region vec_each table function
[INFO] [stderr] warning: sqlite-vec@0.1.4-alpha.2:       |
[INFO] [stderr] warning: sqlite-vec@0.1.4-alpha.2: sqlite-vec.c:2373: warning: ignoring '#pragma endregion ' [-Wunknown-pragmas]
[INFO] [stderr] warning: sqlite-vec@0.1.4-alpha.2:  2373 | #pragma endregion
[INFO] [stderr] warning: sqlite-vec@0.1.4-alpha.2:       |
[INFO] [stderr] warning: sqlite-vec@0.1.4-alpha.2: sqlite-vec.c:2375: warning: ignoring '#pragma region vec_npy_each' [-Wunknown-pragmas]
[INFO] [stderr] warning: sqlite-vec@0.1.4-alpha.2:  2375 | #pragma region vec_npy_each table function
[INFO] [stderr] warning: sqlite-vec@0.1.4-alpha.2:       |
[INFO] [stderr] warning: sqlite-vec@0.1.4-alpha.2: sqlite-vec.c:3126: warning: ignoring '#pragma endregion ' [-Wunknown-pragmas]
[INFO] [stderr] warning: sqlite-vec@0.1.4-alpha.2:  3126 | #pragma endregion
[INFO] [stderr] warning: sqlite-vec@0.1.4-alpha.2:       |
[INFO] [stderr] warning: sqlite-vec@0.1.4-alpha.2: sqlite-vec.c:3128: warning: ignoring '#pragma region vec0' [-Wunknown-pragmas]
[INFO] [stderr] warning: sqlite-vec@0.1.4-alpha.2:  3128 | #pragma region vec0 virtual table
[INFO] [stderr] warning: sqlite-vec@0.1.4-alpha.2:       |
[INFO] [stderr] warning: sqlite-vec@0.1.4-alpha.2: sqlite-vec.c: In function 'vec0Filter_knn_chunks_iter':
[INFO] [stderr] warning: sqlite-vec@0.1.4-alpha.2: sqlite-vec.c:4794:20: warning: comparison of integer expressions of different signedness: 'i64' {aka 'long long int'} and 'long unsigned int' [-Wsign-compare]
[INFO] [stderr] warning: sqlite-vec@0.1.4-alpha.2:  4794 |     if (rowidsSize != p->chunk_size * sizeof(i64)) {
[INFO] [stderr] warning: sqlite-vec@0.1.4-alpha.2:       |                    ^~
[INFO] [stderr] warning: sqlite-vec@0.1.4-alpha.2: sqlite-vec.c: At top level:
[INFO] [stderr] warning: sqlite-vec@0.1.4-alpha.2: sqlite-vec.c:6345: warning: ignoring '#pragma endregion ' [-Wunknown-pragmas]
[INFO] [stderr] warning: sqlite-vec@0.1.4-alpha.2:  6345 | #pragma endregion
[INFO] [stderr] warning: sqlite-vec@0.1.4-alpha.2:       |
[INFO] [stderr] warning: sqlite-vec@0.1.4-alpha.2: sqlite-vec.c:6372: warning: ignoring '#pragma region vec_static_blobs' [-Wunknown-pragmas]
[INFO] [stderr] warning: sqlite-vec@0.1.4-alpha.2:  6372 | #pragma region vec_static_blobs() table function
[INFO] [stderr] warning: sqlite-vec@0.1.4-alpha.2:       |
[INFO] [stderr] warning: sqlite-vec@0.1.4-alpha.2: sqlite-vec.c:6589: warning: ignoring '#pragma endregion ' [-Wunknown-pragmas]
[INFO] [stderr] warning: sqlite-vec@0.1.4-alpha.2:  6589 | #pragma endregion
[INFO] [stderr] warning: sqlite-vec@0.1.4-alpha.2:       |
[INFO] [stderr] warning: sqlite-vec@0.1.4-alpha.2: sqlite-vec.c:6591: warning: ignoring '#pragma region vec_static_blob_entries' [-Wunknown-pragmas]
[INFO] [stderr] warning: sqlite-vec@0.1.4-alpha.2:  6591 | #pragma region vec_static_blob_entries() table function
[INFO] [stderr] warning: sqlite-vec@0.1.4-alpha.2:       |
[INFO] [stderr] warning: sqlite-vec@0.1.4-alpha.2: sqlite-vec.c:6992: warning: ignoring '#pragma endregion ' [-Wunknown-pragmas]
[INFO] [stderr] warning: sqlite-vec@0.1.4-alpha.2:  6992 | #pragma endregion
[INFO] [stderr] warning: sqlite-vec@0.1.4-alpha.2:       |
[INFO] [stderr] warning: sqlite-vec@0.1.4-alpha.2: sqlite-vec.c: In function 'sqlite3_vec_init':
[INFO] [stderr] warning: sqlite-vec@0.1.4-alpha.2: sqlite-vec.c:7015:65: warning: unused parameter 'pApi' [-Wunused-parameter]
[INFO] [stderr] warning: sqlite-vec@0.1.4-alpha.2:  7015 |                                     const sqlite3_api_routines *pApi) {
[INFO] [stderr] warning: sqlite-vec@0.1.4-alpha.2:       |                                     ~~~~~~~~~~~~~~~~~~~~~~~~~~~~^~~~
[INFO] [stderr] warning: sqlite-vec@0.1.4-alpha.2: sqlite-vec.c: In function 'sqlite3_vec_numpy_init':
[INFO] [stderr] warning: sqlite-vec@0.1.4-alpha.2: sqlite-vec.c:7100:73: warning: unused parameter 'pApi' [-Wunused-parameter]
[INFO] [stderr] warning: sqlite-vec@0.1.4-alpha.2:  7100 |                                             const sqlite3_api_routines *pApi) {
[INFO] [stderr] warning: sqlite-vec@0.1.4-alpha.2:       |                                             ~~~~~~~~~~~~~~~~~~~~~~~~~~~~^~~~
[INFO] [stderr] warning: sqlite-vec@0.1.4-alpha.2: sqlite-vec.c: In function 'sqlite3_vec_static_blobs_init':
[INFO] [stderr] warning: sqlite-vec@0.1.4-alpha.2: sqlite-vec.c:7118:59: warning: unused parameter 'pApi' [-Wunused-parameter]
[INFO] [stderr] warning: sqlite-vec@0.1.4-alpha.2:  7118 |                               const sqlite3_api_routines *pApi) {
[INFO] [stderr] warning: sqlite-vec@0.1.4-alpha.2:       |                               ~~~~~~~~~~~~~~~~~~~~~~~~~~~~^~~~
[INFO] [stderr]    Compiling libsqlite3-sys v0.28.0
[INFO] [stderr]    Compiling hashbrown v0.14.5
[INFO] [stderr]    Compiling hashlink v0.9.1
[INFO] [stderr]    Compiling rusqlite v0.31.0
[INFO] [stderr]    Compiling sqlite-vec v0.1.4-alpha.2 (/opt/rustwide/workdir)
[INFO] [stdout] error: linking with `cc` failed: exit status: 1
[INFO] [stdout]   |
[INFO] [stdout]   = note: LC_ALL="C" PATH="/opt/rustwide/rustup-home/toolchains/nightly-2024-10-28-x86_64-unknown-linux-gnu/lib/rustlib/x86_64-unknown-linux-gnu/bin:/opt/rustwide/rustup-home/toolchains/nightly-2024-10-28-x86_64-unknown-linux-gnu/lib/rustlib/x86_64-unknown-linux-gnu/bin/self-contained:/opt/rustwide/cargo-home/bin:/usr/local/sbin:/usr/local/bin:/usr/sbin:/usr/bin:/sbin:/bin" VSLANG="1033" "cc" "-m64" "/tmp/rustcZbHOLk/symbols.o" "/opt/rustwide/target/debug/deps/sqlite_vec-8d6984a2e498565c.sqlite_vec.da73125fc1585721-cgu.0.rcgu.o" "/opt/rustwide/target/debug/deps/sqlite_vec-8d6984a2e498565c.d89wlcr2bwsc3wp5iy4bvtdwm.rcgu.o" "-Wl,--as-needed" "-Wl,-Bstatic" "-lsqlite_vec0" "/opt/rustwide/rustup-home/toolchains/nightly-2024-10-28-x86_64-unknown-linux-gnu/lib/rustlib/x86_64-unknown-linux-gnu/lib/libtest-a09fad3b5321e7d6.rlib" "/opt/rustwide/rustup-home/toolchains/nightly-2024-10-28-x86_64-unknown-linux-gnu/lib/rustlib/x86_64-unknown-linux-gnu/lib/libgetopts-f9c3dff41ad42661.rlib" "/opt/rustwide/rustup-home/toolchains/nightly-2024-10-28-x86_64-unknown-linux-gnu/lib/rustlib/x86_64-unknown-linux-gnu/lib/libunicode_width-ad2aef31af6addd3.rlib" "/opt/rustwide/rustup-home/toolchains/nightly-2024-10-28-x86_64-unknown-linux-gnu/lib/rustlib/x86_64-unknown-linux-gnu/lib/librustc_std_workspace_std-e3f907dc03deb913.rlib" "/opt/rustwide/target/debug/deps/librusqlite-fcb424c0166c63cf.rlib" "/opt/rustwide/target/debug/deps/libbitflags-37f44213647a4ace.rlib" "/opt/rustwide/target/debug/deps/libsmallvec-756ee87804f0eec5.rlib" "/opt/rustwide/target/debug/deps/libfallible_streaming_iterator-ac88a3c4e3fecec2.rlib" "/opt/rustwide/target/debug/deps/libfallible_iterator-efe28d51c77cad9e.rlib" "/opt/rustwide/target/debug/deps/libhashlink-48fba90a9e1e3c08.rlib" "/opt/rustwide/target/debug/deps/libhashbrown-72a142d7dcf1c610.rlib" "/opt/rustwide/target/debug/deps/libahash-026275c3cde6d4ff.rlib" "/opt/rustwide/target/debug/deps/libonce_cell-d6a5b67c7dfba3b4.rlib" "/opt/rustwide/target/debug/deps/libcfg_if-57bf25c23e31efdb.rlib" "/opt/rustwide/target/debug/deps/libzerocopy-31bec17133e02521.rlib" "/opt/rustwide/target/debug/deps/liblibsqlite3_sys-6d01c8793a80d323.rlib" "/opt/rustwide/rustup-home/toolchains/nightly-2024-10-28-x86_64-unknown-linux-gnu/lib/rustlib/x86_64-unknown-linux-gnu/lib/libstd-fb8c387236db3c10.rlib" "/opt/rustwide/rustup-home/toolchains/nightly-2024-10-28-x86_64-unknown-linux-gnu/lib/rustlib/x86_64-unknown-linux-gnu/lib/libpanic_unwind-b251837809b2f64b.rlib" "/opt/rustwide/rustup-home/toolchains/nightly-2024-10-28-x86_64-unknown-linux-gnu/lib/rustlib/x86_64-unknown-linux-gnu/lib/libobject-cbef83eaa4e01f04.rlib" "/opt/rustwide/rustup-home/toolchains/nightly-2024-10-28-x86_64-unknown-linux-gnu/lib/rustlib/x86_64-unknown-linux-gnu/lib/libmemchr-12a772286de2fca7.rlib" "/opt/rustwide/rustup-home/toolchains/nightly-2024-10-28-x86_64-unknown-linux-gnu/lib/rustlib/x86_64-unknown-linux-gnu/lib/libaddr2line-023bbe5ada7abfc3.rlib" "/opt/rustwide/rustup-home/toolchains/nightly-2024-10-28-x86_64-unknown-linux-gnu/lib/rustlib/x86_64-unknown-linux-gnu/lib/libgimli-de2bcdf10ec69c2b.rlib" "/opt/rustwide/rustup-home/toolchains/nightly-2024-10-28-x86_64-unknown-linux-gnu/lib/rustlib/x86_64-unknown-linux-gnu/lib/librustc_demangle-8e1754df350800fd.rlib" "/opt/rustwide/rustup-home/toolchains/nightly-2024-10-28-x86_64-unknown-linux-gnu/lib/rustlib/x86_64-unknown-linux-gnu/lib/libstd_detect-06c2ab7b9c32e037.rlib" "/opt/rustwide/rustup-home/toolchains/nightly-2024-10-28-x86_64-unknown-linux-gnu/lib/rustlib/x86_64-unknown-linux-gnu/lib/libhashbrown-51d2621fc57a281b.rlib" "/opt/rustwide/rustup-home/toolchains/nightly-2024-10-28-x86_64-unknown-linux-gnu/lib/rustlib/x86_64-unknown-linux-gnu/lib/librustc_std_workspace_alloc-54a930408793772f.rlib" "/opt/rustwide/rustup-home/toolchains/nightly-2024-10-28-x86_64-unknown-linux-gnu/lib/rustlib/x86_64-unknown-linux-gnu/lib/libminiz_oxide-0c7d01cba400dcb2.rlib" "/opt/rustwide/rustup-home/toolchains/nightly-2024-10-28-x86_64-unknown-linux-gnu/lib/rustlib/x86_64-unknown-linux-gnu/lib/libadler-b9f84d69e331b75b.rlib" "/opt/rustwide/rustup-home/toolchains/nightly-2024-10-28-x86_64-unknown-linux-gnu/lib/rustlib/x86_64-unknown-linux-gnu/lib/libunwind-eec95493246aae39.rlib" "/opt/rustwide/rustup-home/toolchains/nightly-2024-10-28-x86_64-unknown-linux-gnu/lib/rustlib/x86_64-unknown-linux-gnu/lib/libcfg_if-6f6676c475e08ab0.rlib" "/opt/rustwide/rustup-home/toolchains/nightly-2024-10-28-x86_64-unknown-linux-gnu/lib/rustlib/x86_64-unknown-linux-gnu/lib/liblibc-799d520624f8b2e0.rlib" "/opt/rustwide/rustup-home/toolchains/nightly-2024-10-28-x86_64-unknown-linux-gnu/lib/rustlib/x86_64-unknown-linux-gnu/lib/liballoc-fcf93d4842acd9a9.rlib" "/opt/rustwide/rustup-home/toolchains/nightly-2024-10-28-x86_64-unknown-linux-gnu/lib/rustlib/x86_64-unknown-linux-gnu/lib/librustc_std_workspace_core-395a38b8e0851c9b.rlib" "/opt/rustwide/rustup-home/toolchains/nightly-2024-10-28-x86_64-unknown-linux-gnu/lib/rustlib/x86_64-unknown-linux-gnu/lib/libcore-d453bab70303062c.rlib" "/opt/rustwide/rustup-home/toolchains/nightly-2024-10-28-x86_64-unknown-linux-gnu/lib/rustlib/x86_64-unknown-linux-gnu/lib/libcompiler_builtins-0e6386368b0a24e8.rlib" "-Wl,-Bdynamic" "-lsqlite3" "-lgcc_s" "-lutil" "-lrt" "-lpthread" "-lm" "-ldl" "-lc" "-B/opt/rustwide/rustup-home/toolchains/nightly-2024-10-28-x86_64-unknown-linux-gnu/lib/rustlib/x86_64-unknown-linux-gnu/bin/gcc-ld" "-fuse-ld=lld" "-Wl,--eh-frame-hdr" "-Wl,-z,noexecstack" "-L" "/opt/rustwide/target/debug/build/sqlite-vec-efb8d9f36bff609c/out" "-L" "/opt/rustwide/rustup-home/toolchains/nightly-2024-10-28-x86_64-unknown-linux-gnu/lib/rustlib/x86_64-unknown-linux-gnu/lib" "-o" "/opt/rustwide/target/debug/deps/sqlite_vec-8d6984a2e498565c" "-Wl,--gc-sections" "-pie" "-Wl,-z,relro,-z,now" "-nodefaultlibs"
[INFO] [stdout]   = note: rust-lld: error: undefined symbol: sqlite3_vtab_in
[INFO] [stdout]           >>> referenced by sqlite-vec.c:4409
[INFO] [stdout]           >>>               d1fba762150c532c-sqlite-vec.o:(vec0BestIndex) in archive /opt/rustwide/target/debug/build/sqlite-vec-efb8d9f36bff609c/out/libsqlite_vec0.a
[INFO] [stdout]           >>> referenced by sqlite-vec.c:4504
[INFO] [stdout]           >>>               d1fba762150c532c-sqlite-vec.o:(vec0BestIndex) in archive /opt/rustwide/target/debug/build/sqlite-vec-efb8d9f36bff609c/out/libsqlite_vec0.a
[INFO] [stdout]           
[INFO] [stdout]           rust-lld: error: undefined symbol: sqlite3_vtab_in_first
[INFO] [stdout]           >>> referenced by sqlite-vec.c:5060
[INFO] [stdout]           >>>               d1fba762150c532c-sqlite-vec.o:(vec0Filter_knn) in archive /opt/rustwide/target/debug/build/sqlite-vec-efb8d9f36bff609c/out/libsqlite_vec0.a
[INFO] [stdout]           
[INFO] [stdout]           rust-lld: error: undefined symbol: sqlite3_vtab_in_next
[INFO] [stdout]           >>> referenced by sqlite-vec.c:5061
[INFO] [stdout]           >>>               d1fba762150c532c-sqlite-vec.o:(vec0Filter_knn) in archive /opt/rustwide/target/debug/build/sqlite-vec-efb8d9f36bff609c/out/libsqlite_vec0.a
[INFO] [stdout]           collect2: error: ld returned 1 exit status
[INFO] [stdout]           
[INFO] [stdout] 
[INFO] [stdout] 
[INFO] [stderr] The following warnings were emitted during compilation:
[INFO] [stderr] 
[INFO] [stderr] warning: sqlite-vec@0.1.4-alpha.2: sqlite-vec.c:1073: warning: ignoring '#pragma region scalar' [-Wunknown-pragmas]
[INFO] [stderr] warning: sqlite-vec@0.1.4-alpha.2:  1073 | #pragma region scalar functions
[INFO] [stderr] warning: sqlite-vec@0.1.4-alpha.2:       |
[INFO] [stderr] warning: sqlite-vec@0.1.4-alpha.2: sqlite-vec.c:1792: warning: ignoring '#pragma endregion ' [-Wunknown-pragmas]
[INFO] [stderr] warning: sqlite-vec@0.1.4-alpha.2:  1792 | #pragma endregion
[INFO] [stderr] warning: sqlite-vec@0.1.4-alpha.2:       |
[INFO] [stderr] warning: sqlite-vec@0.1.4-alpha.2: sqlite-vec.c:2184: warning: ignoring '#pragma region vec_each' [-Wunknown-pragmas]
[INFO] [stderr] warning: sqlite-vec@0.1.4-alpha.2:  2184 | #pragma region vec_each table function
[INFO] [stderr] warning: sqlite-vec@0.1.4-alpha.2:       |
[INFO] [stderr] warning: sqlite-vec@0.1.4-alpha.2: sqlite-vec.c:2373: warning: ignoring '#pragma endregion ' [-Wunknown-pragmas]
[INFO] [stderr] warning: sqlite-vec@0.1.4-alpha.2:  2373 | #pragma endregion
[INFO] [stderr] warning: sqlite-vec@0.1.4-alpha.2:       |
[INFO] [stderr] warning: sqlite-vec@0.1.4-alpha.2: sqlite-vec.c:2375: warning: ignoring '#pragma region vec_npy_each' [-Wunknown-pragmas]
[INFO] [stderr] warning: sqlite-vec@0.1.4-alpha.2:  2375 | #pragma region vec_npy_each table function
[INFO] [stderr] warning: sqlite-vec@0.1.4-alpha.2:       |
[INFO] [stderr] warning: sqlite-vec@0.1.4-alpha.2: sqlite-vec.c:3126: warning: ignoring '#pragma endregion ' [-Wunknown-pragmas]
[INFO] [stderr] warning: sqlite-vec@0.1.4-alpha.2:  3126 | #pragma endregion
[INFO] [stderr] warning: sqlite-vec@0.1.4-alpha.2:       |
[INFO] [stderr] warning: sqlite-vec@0.1.4-alpha.2: sqlite-vec.c:3128: warning: ignoring '#pragma region vec0' [-Wunknown-pragmas]
[INFO] [stderr] warning: sqlite-vec@0.1.4-alpha.2:  3128 | #pragma region vec0 virtual table
[INFO] [stderr] warning: sqlite-vec@0.1.4-alpha.2:       |
[INFO] [stderr] warning: sqlite-vec@0.1.4-alpha.2: sqlite-vec.c: In function 'vec0Filter_knn_chunks_iter':
[INFO] [stderr] warning: sqlite-vec@0.1.4-alpha.2: sqlite-vec.c:4794:20: warning: comparison of integer expressions of different signedness: 'i64' {aka 'long long int'} and 'long unsigned int' [-Wsign-compare]
[INFO] [stderr] warning: sqlite-vec@0.1.4-alpha.2:  4794 |     if (rowidsSize != p->chunk_size * sizeof(i64)) {
[INFO] [stderr] warning: sqlite-vec@0.1.4-alpha.2:       |                    ^~
[INFO] [stderr] warning: sqlite-vec@0.1.4-alpha.2: sqlite-vec.c: At top level:
[INFO] [stderr] warning: sqlite-vec@0.1.4-alpha.2: sqlite-vec.c:6345: warning: ignoring '#pragma endregion ' [-Wunknown-pragmas]
[INFO] [stderr] warning: sqlite-vec@0.1.4-alpha.2:  6345 | #pragma endregion
[INFO] [stderr] warning: sqlite-vec@0.1.4-alpha.2:       |
[INFO] [stderr] warning: sqlite-vec@0.1.4-alpha.2: sqlite-vec.c:6372: warning: ignoring '#pragma region vec_static_blobs' [-Wunknown-pragmas]
[INFO] [stderr] warning: sqlite-vec@0.1.4-alpha.2:  6372 | #pragma region vec_static_blobs() table function
[INFO] [stderr] warning: sqlite-vec@0.1.4-alpha.2:       |
[INFO] [stderr] warning: sqlite-vec@0.1.4-alpha.2: sqlite-vec.c:6589: warning: ignoring '#pragma endregion ' [-Wunknown-pragmas]
[INFO] [stderr] warning: sqlite-vec@0.1.4-alpha.2:  6589 | #pragma endregion
[INFO] [stderr] warning: sqlite-vec@0.1.4-alpha.2:       |
[INFO] [stderr] warning: sqlite-vec@0.1.4-alpha.2: sqlite-vec.c:6591: warning: ignoring '#pragma region vec_static_blob_entries' [-Wunknown-pragmas]
[INFO] [stderr] warning: sqlite-vec@0.1.4-alpha.2:  6591 | #pragma region vec_static_blob_entries() table function
[INFO] [stderr] warning: sqlite-vec@0.1.4-alpha.2:       |
[INFO] [stderr] warning: sqlite-vec@0.1.4-alpha.2: sqlite-vec.c:6992: warning: ignoring '#pragma endregion ' [-Wunknown-pragmas]
[INFO] [stderr] warning: sqlite-vec@0.1.4-alpha.2:  6992 | #pragma endregion
[INFO] [stderr] warning: sqlite-vec@0.1.4-alpha.2:       |
[INFO] [stderr] warning: sqlite-vec@0.1.4-alpha.2: sqlite-vec.c: In function 'sqlite3_vec_init':
[INFO] [stderr] warning: sqlite-vec@0.1.4-alpha.2: sqlite-vec.c:7015:65: warning: unused parameter 'pApi' [-Wunused-parameter]
[INFO] [stderr] warning: sqlite-vec@0.1.4-alpha.2:  7015 |                                     const sqlite3_api_routines *pApi) {
[INFO] [stderr] warning: sqlite-vec@0.1.4-alpha.2:       |                                     ~~~~~~~~~~~~~~~~~~~~~~~~~~~~^~~~
[INFO] [stderr] warning: sqlite-vec@0.1.4-alpha.2: sqlite-vec.c: In function 'sqlite3_vec_numpy_init':
[INFO] [stderr] warning: sqlite-vec@0.1.4-alpha.2: sqlite-vec.c:7100:73: warning: unused parameter 'pApi' [-Wunused-parameter]
[INFO] [stderr] warning: sqlite-vec@0.1.4-alpha.2:  7100 |                                             const sqlite3_api_routines *pApi) {
[INFO] [stderr] warning: sqlite-vec@0.1.4-alpha.2:       |                                             ~~~~~~~~~~~~~~~~~~~~~~~~~~~~^~~~
[INFO] [stderr] warning: sqlite-vec@0.1.4-alpha.2: sqlite-vec.c: In function 'sqlite3_vec_static_blobs_init':
[INFO] [stderr] warning: sqlite-vec@0.1.4-alpha.2: sqlite-vec.c:7118:59: warning: unused parameter 'pApi' [-Wunused-parameter]
[INFO] [stderr] warning: sqlite-vec@0.1.4-alpha.2:  7118 |                               const sqlite3_api_routines *pApi) {
[INFO] [stderr] warning: sqlite-vec@0.1.4-alpha.2:       |                               ~~~~~~~~~~~~~~~~~~~~~~~~~~~~^~~~
[INFO] [stderr] 
[INFO] [stderr] error: could not compile `sqlite-vec` (lib test) due to 1 previous error
[INFO] running `Command { std: "docker" "inspect" "760cf6f500eb0bff5a8a67b5273f78e646afdb3c40a3955a8e301bbe72098fe4", kill_on_drop: false }`
[INFO] running `Command { std: "docker" "rm" "-f" "760cf6f500eb0bff5a8a67b5273f78e646afdb3c40a3955a8e301bbe72098fe4", kill_on_drop: false }`
[INFO] [stdout] 760cf6f500eb0bff5a8a67b5273f78e646afdb3c40a3955a8e301bbe72098fe4
