[INFO] fetching crate sql_query 0.0.0...
[INFO] testing sql_query-0.0.0 against nightly-2024-10-28+rustflags=-Zrandomize-layout for randomize-layout
[INFO] extracting crate sql_query 0.0.0 into /workspace/builds/worker-1-tc2/source
[INFO] validating manifest of crates.io crate sql_query 0.0.0 on toolchain nightly-2024-10-28
[INFO] running `Command { std: CARGO_HOME="/workspace/cargo-home" RUSTUP_HOME="/workspace/rustup-home" "/workspace/cargo-home/bin/cargo" "+nightly-2024-10-28" "metadata" "--manifest-path" "Cargo.toml" "--no-deps", kill_on_drop: false }`
[INFO] started tweaking crates.io crate sql_query 0.0.0
[INFO] finished tweaking crates.io crate sql_query 0.0.0
[INFO] tweaked toml for crates.io crate sql_query 0.0.0 written to /workspace/builds/worker-1-tc2/source/Cargo.toml
[INFO] running `Command { std: CARGO_HOME="/workspace/cargo-home" RUSTUP_HOME="/workspace/rustup-home" "/workspace/cargo-home/bin/cargo" "+nightly-2024-10-28" "generate-lockfile" "--manifest-path" "Cargo.toml", kill_on_drop: false }`
[INFO] [stderr]     Updating crates.io index
[INFO] [stderr]      Locking 236 packages to latest compatible versions
[INFO] [stderr]       Adding sqlx v0.7.4 (available: v0.8.2)
[INFO] running `Command { std: CARGO_HOME="/workspace/cargo-home" RUSTUP_HOME="/workspace/rustup-home" "/workspace/cargo-home/bin/cargo" "+nightly-2024-10-28" "fetch" "--manifest-path" "Cargo.toml", kill_on_drop: false }`
[INFO] running `Command { std: "docker" "create" "-v" "/var/lib/crater-agent-workspace/builds/worker-1-tc2/target:/opt/rustwide/target:rw,Z" "-v" "/var/lib/crater-agent-workspace/builds/worker-1-tc2/source:/opt/rustwide/workdir:ro,Z" "-v" "/var/lib/crater-agent-workspace/cargo-home:/opt/rustwide/cargo-home:ro,Z" "-v" "/var/lib/crater-agent-workspace/rustup-home:/opt/rustwide/rustup-home:ro,Z" "-e" "SOURCE_DIR=/opt/rustwide/workdir" "-e" "CARGO_TARGET_DIR=/opt/rustwide/target" "-e" "CARGO_HOME=/opt/rustwide/cargo-home" "-e" "RUSTUP_HOME=/opt/rustwide/rustup-home" "-w" "/opt/rustwide/workdir" "-m" "1610612736" "--user" "0:0" "--network" "none" "ghcr.io/rust-lang/crates-build-env/linux@sha256:4a844ea9eb2546a2d2c7022eacef16ef2e8229c7fbb2c7d4d55a9ceca922f72d" "/opt/rustwide/cargo-home/bin/cargo" "+nightly-2024-10-28" "metadata" "--no-deps" "--format-version=1", kill_on_drop: false }`
[INFO] [stdout] 95b797826ea5f62d1e3aa07a791897b962a68486ffaf9864db200debdfdb5942
[INFO] running `Command { std: "docker" "start" "-a" "95b797826ea5f62d1e3aa07a791897b962a68486ffaf9864db200debdfdb5942", kill_on_drop: false }`
[INFO] running `Command { std: "docker" "inspect" "95b797826ea5f62d1e3aa07a791897b962a68486ffaf9864db200debdfdb5942", kill_on_drop: false }`
[INFO] running `Command { std: "docker" "rm" "-f" "95b797826ea5f62d1e3aa07a791897b962a68486ffaf9864db200debdfdb5942", kill_on_drop: false }`
[INFO] [stdout] 95b797826ea5f62d1e3aa07a791897b962a68486ffaf9864db200debdfdb5942
[INFO] running `Command { std: "docker" "create" "-v" "/var/lib/crater-agent-workspace/builds/worker-1-tc2/target:/opt/rustwide/target:rw,Z" "-v" "/var/lib/crater-agent-workspace/builds/worker-1-tc2/source:/opt/rustwide/workdir:ro,Z" "-v" "/var/lib/crater-agent-workspace/cargo-home:/opt/rustwide/cargo-home:ro,Z" "-v" "/var/lib/crater-agent-workspace/rustup-home:/opt/rustwide/rustup-home:ro,Z" "-e" "SOURCE_DIR=/opt/rustwide/workdir" "-e" "CARGO_TARGET_DIR=/opt/rustwide/target" "-e" "CARGO_INCREMENTAL=0" "-e" "RUST_BACKTRACE=full" "-e" "RUSTFLAGS=--cap-lints=forbid -Zrandomize-layout" "-e" "RUSTDOCFLAGS=--cap-lints=forbid" "-e" "CARGO_HOME=/opt/rustwide/cargo-home" "-e" "RUSTUP_HOME=/opt/rustwide/rustup-home" "-w" "/opt/rustwide/workdir" "-m" "1610612736" "--user" "0:0" "--network" "none" "ghcr.io/rust-lang/crates-build-env/linux@sha256:4a844ea9eb2546a2d2c7022eacef16ef2e8229c7fbb2c7d4d55a9ceca922f72d" "/opt/rustwide/cargo-home/bin/cargo" "+nightly-2024-10-28" "build" "--frozen" "--message-format=json", kill_on_drop: false }`
[INFO] [stdout] 4612358cc65352f28621f4e1d05249a6915db72bb5eafed1e3d911aa5fa5f979
[INFO] running `Command { std: "docker" "start" "-a" "4612358cc65352f28621f4e1d05249a6915db72bb5eafed1e3d911aa5fa5f979", kill_on_drop: false }`
[INFO] [stderr]    Compiling proc-macro2 v1.0.89
[INFO] [stderr]    Compiling unicode-ident v1.0.13
[INFO] [stderr]    Compiling autocfg v1.4.0
[INFO] [stderr]    Compiling cfg-if v1.0.0
[INFO] [stderr]    Compiling libc v0.2.161
[INFO] [stderr]    Compiling version_check v0.9.5
[INFO] [stderr]    Compiling typenum v1.17.0
[INFO] [stderr]    Compiling const-oid v0.9.6
[INFO] [stderr]    Compiling scopeguard v1.2.0
[INFO] [stderr]    Compiling once_cell v1.20.2
[INFO] [stderr]    Compiling libm v0.2.11
[INFO] [stderr]    Compiling pin-project-lite v0.2.15
[INFO] [stderr]    Compiling subtle v2.6.1
[INFO] [stderr]    Compiling byteorder v1.5.0
[INFO] [stderr]    Compiling futures-core v0.3.31
[INFO] [stderr]    Compiling serde v1.0.214
[INFO] [stderr]    Compiling smallvec v1.13.2
[INFO] [stderr]    Compiling memchr v2.7.4
[INFO] [stderr]    Compiling futures-sink v0.3.31
[INFO] [stderr]    Compiling parking_lot_core v0.9.10
[INFO] [stderr]    Compiling tinyvec_macros v0.1.1
[INFO] [stderr]    Compiling futures-task v0.3.31
[INFO] [stderr]    Compiling tinyvec v1.8.0
[INFO] [stderr]    Compiling pin-utils v0.1.0
[INFO] [stderr]    Compiling futures-io v0.3.31
[INFO] [stderr]    Compiling bytes v1.8.0
[INFO] [stderr]    Compiling cpufeatures v0.2.14
[INFO] [stderr]    Compiling crossbeam-utils v0.8.20
[INFO] [stderr]    Compiling unicode-bidi v0.3.17
[INFO] [stderr]    Compiling rust_decimal v1.36.0
[INFO] [stderr]    Compiling minimal-lexical v0.2.1
[INFO] [stderr]    Compiling thiserror v1.0.66
[INFO] [stderr]    Compiling serde_json v1.0.132
[INFO] [stderr]    Compiling generic-array v0.14.7
[INFO] [stderr]    Compiling ahash v0.8.11
[INFO] [stderr]    Compiling paste v1.0.15
[INFO] [stderr]    Compiling lock_api v0.4.12
[INFO] [stderr]    Compiling num-traits v0.2.19
[INFO] [stderr]    Compiling slab v0.4.9
[INFO] [stderr]    Compiling allocator-api2 v0.2.18
[INFO] [stderr]    Compiling percent-encoding v2.3.1
[INFO] [stderr]    Compiling form_urlencoded v1.2.1
[INFO] [stderr]    Compiling nom v7.1.3
[INFO] [stderr]    Compiling equivalent v1.0.1
[INFO] [stderr]    Compiling unicode_categories v0.1.1
[INFO] [stderr]    Compiling itoa v1.0.11
[INFO] [stderr]    Compiling quote v1.0.37
[INFO] [stderr]    Compiling iana-time-zone v0.1.61
[INFO] [stderr]    Compiling spin v0.9.8
[INFO] [stderr]    Compiling ryu v1.0.18
[INFO] [stderr]    Compiling crc-catalog v2.4.0
[INFO] [stderr]    Compiling arrayvec v0.7.6
[INFO] [stderr]    Compiling getrandom v0.2.15
[INFO] [stderr]    Compiling syn v2.0.86
[INFO] [stderr]    Compiling socket2 v0.5.7
[INFO] [stderr]    Compiling mio v1.0.2
[INFO] [stderr]    Compiling unicode-normalization v0.1.24
[INFO] [stderr]    Compiling rand_core v0.6.4
[INFO] [stderr]    Compiling hashbrown v0.15.0
[INFO] [stderr]    Compiling crossbeam-queue v0.3.11
[INFO] [stderr]    Compiling crc v3.2.1
[INFO] [stderr]    Compiling futures-channel v0.3.31
[INFO] [stderr]    Compiling hex v0.4.3
[INFO] [stderr]    Compiling event-listener v2.5.3
[INFO] [stderr]    Compiling parking_lot v0.12.3
[INFO] [stderr]    Compiling uuid v1.11.0
[INFO] [stderr]    Compiling zeroize v1.8.1
[INFO] [stderr]    Compiling base64ct v1.6.0
[INFO] [stderr]    Compiling lazy_static v1.5.0
[INFO] [stderr]    Compiling shlex v1.3.0
[INFO] [stderr]    Compiling futures-intrusive v0.5.0
[INFO] [stderr]    Compiling tokio v1.41.0
[INFO] [stderr]    Compiling futures-util v0.3.31
[INFO] [stderr]    Compiling idna v0.5.0
[INFO] [stderr]    Compiling chrono v0.4.38
[INFO] [stderr]    Compiling atoi v2.0.0
[INFO] [stderr]    Compiling pem-rfc7468 v0.7.0
[INFO] [stderr]    Compiling num-integer v0.1.46
[INFO] [stderr]    Compiling cc v1.1.31
[INFO] [stderr]    Compiling indexmap v2.6.0
[INFO] [stderr]    Compiling tracing-core v0.1.32
[INFO] [stderr]    Compiling log v0.4.22
[INFO] [stderr]    Compiling num-bigint-dig v0.8.4
[INFO] [stderr]    Compiling block-buffer v0.10.4
[INFO] [stderr]    Compiling crypto-common v0.1.6
[INFO] [stderr]    Compiling der v0.7.9
[INFO] [stderr]    Compiling digest v0.10.7
[INFO] [stderr]    Compiling pkg-config v0.3.31
[INFO] [stderr]    Compiling unicode-properties v0.1.3
[INFO] [stderr]    Compiling vcpkg v0.2.15
[INFO] [stderr]    Compiling url v2.5.2
[INFO] [stderr]    Compiling hmac v0.12.1
[INFO] [stderr]    Compiling stringprep v0.1.5
[INFO] [stderr]    Compiling hkdf v0.12.4
[INFO] [stderr]    Compiling md-5 v0.10.6
[INFO] [stderr]    Compiling sha2 v0.10.8
[INFO] [stderr]    Compiling num-iter v0.1.45
[INFO] [stderr]    Compiling sqlformat v0.2.6
[INFO] [stderr]    Compiling signal-hook-registry v1.4.2
[INFO] [stderr]    Compiling dotenvy v0.15.7
[INFO] [stderr]    Compiling base64 v0.21.7
[INFO] [stderr]    Compiling whoami v1.5.2
[INFO] [stderr]    Compiling signature v2.2.0
[INFO] [stderr]    Compiling rustix v0.38.38
[INFO] [stderr]    Compiling sha1 v0.10.6
[INFO] [stderr]    Compiling flume v0.11.1
[INFO] [stderr]    Compiling syn v1.0.109
[INFO] [stderr]    Compiling linux-raw-sys v0.4.14
[INFO] [stderr]    Compiling urlencoding v2.1.3
[INFO] [stderr]    Compiling home v0.5.9
[INFO] [stderr]    Compiling strsim v0.11.1
[INFO] [stderr]    Compiling spki v0.7.3
[INFO] [stderr]    Compiling unicode-segmentation v1.12.0
[INFO] [stderr]    Compiling fastrand v2.1.1
[INFO] [stderr]    Compiling ref-cast v1.0.23
[INFO] [stderr]    Compiling ident_case v1.0.1
[INFO] [stderr]    Compiling libsqlite3-sys v0.27.0
[INFO] [stderr]    Compiling fnv v1.0.7
[INFO] [stderr]    Compiling pkcs8 v0.10.2
[INFO] [stderr]    Compiling overload v0.1.1
[INFO] [stderr]    Compiling tracing-log v0.2.0
[INFO] [stderr]    Compiling nu-ansi-term v0.46.0
[INFO] [stderr]    Compiling sharded-slab v0.1.7
[INFO] [stderr]    Compiling thread_local v1.1.8
[INFO] [stderr]    Compiling case v1.0.0
[INFO] [stderr]    Compiling pkcs1 v0.7.5
[INFO] [stderr]    Compiling heck v0.4.1
[INFO] [stderr]    Compiling tracing-subscriber v0.3.18
[INFO] [stderr]    Compiling futures-executor v0.3.31
[INFO] [stderr]    Compiling darling_core v0.20.10
[INFO] [stderr]    Compiling zerocopy-derive v0.7.35
[INFO] [stderr]    Compiling serde_derive v1.0.214
[INFO] [stderr]    Compiling tracing-attributes v0.1.27
[INFO] [stderr]    Compiling thiserror-impl v1.0.66
[INFO] [stderr]    Compiling tokio-macros v2.4.0
[INFO] [stderr]    Compiling futures-macro v0.3.31
[INFO] [stderr]    Compiling ref-cast-impl v1.0.23
[INFO] [stderr]    Compiling reflect-internal v0.0.14
[INFO] [stderr]    Compiling tokio-stream v0.1.16
[INFO] [stderr]    Compiling reflect v0.0.14
[INFO] [stderr]    Compiling zerocopy v0.7.35
[INFO] [stderr]    Compiling tracing v0.1.40
[INFO] [stderr]    Compiling ppv-lite86 v0.2.20
[INFO] [stderr]    Compiling darling_macro v0.20.10
[INFO] [stderr]    Compiling hashbrown v0.14.5
[INFO] [stderr]    Compiling darling v0.20.10
[INFO] [stderr]    Compiling query_macros v0.1.0
[INFO] [stderr]    Compiling rand_chacha v0.3.1
[INFO] [stderr]    Compiling rand v0.8.5
[INFO] [stderr]    Compiling hashlink v0.8.4
[INFO] [stderr]    Compiling rsa v0.9.6
[INFO] [stderr]    Compiling either v1.13.0
[INFO] [stderr]    Compiling bitflags v2.6.0
[INFO] [stderr]    Compiling sqlx-core v0.7.4
[INFO] [stderr]    Compiling tempfile v3.13.0
[INFO] [stderr]    Compiling sqlx-mysql v0.7.4
[INFO] [stderr]    Compiling sqlx-sqlite v0.7.4
[INFO] [stderr]    Compiling sqlx-postgres v0.7.4
[INFO] [stderr]    Compiling sqlx-macros-core v0.7.4
[INFO] [stderr]    Compiling sqlx-macros v0.7.4
[INFO] [stderr]    Compiling sqlx v0.7.4
[INFO] [stderr]    Compiling sql_query v0.0.0 (/opt/rustwide/workdir)
[INFO] [stdout] warning: elided lifetime has a name
[INFO] [stdout]   --> src/lib.rs:52:25
[INFO] [stdout]    |
[INFO] [stdout] 52 |         ) -> InsertStOne<S>
[INFO] [stdout]    |                         ^ this elided lifetime gets resolved as `'static`
[INFO] [stdout]    |
[INFO] [stdout]    = note: `#[warn(elided_named_lifetimes)]` on by default
[INFO] [stdout] help: consider specifying it explicitly
[INFO] [stdout]    |
[INFO] [stdout] 52 |         ) -> InsertStOne<'static, S>
[INFO] [stdout]    |                          ++++++++
[INFO] [stdout] 
[INFO] [stdout] 
[INFO] [stdout] warning: elided lifetime has a name
[INFO] [stdout]   --> src/lib.rs:68:27
[INFO] [stdout]    |
[INFO] [stdout] 68 |         ) -> CreateTableSt<S, QuickQuery<'q>>
[INFO] [stdout]    |                           ^ this elided lifetime gets resolved as `'static`
[INFO] [stdout]    |
[INFO] [stdout] help: consider specifying it explicitly
[INFO] [stdout]    |
[INFO] [stdout] 68 |         ) -> CreateTableSt<'static, S, QuickQuery<'q>>
[INFO] [stdout]    |                            ++++++++
[INFO] [stdout] 
[INFO] [stdout] 
[INFO] [stdout] warning: use of deprecated struct `create_table_st::foreign_key::Fk`: use create_table_st2
[INFO] [stdout]  --> src/create_table_st.rs:7:18
[INFO] [stdout]   |
[INFO] [stdout] 7 | use foreign_key::Fk;
[INFO] [stdout]   |                  ^^
[INFO] [stdout]   |
[INFO] [stdout]   = note: `#[warn(deprecated)]` on by default
[INFO] [stdout] 
[INFO] [stdout] 
[INFO] [stdout] warning: use of deprecated struct `create_table_st::foreign_key::Fk`: use create_table_st2
[INFO] [stdout]   --> src/create_table_st.rs:22:34
[INFO] [stdout]    |
[INFO] [stdout] 22 |     pub(crate) foreign_keys: Vec<Fk>,
[INFO] [stdout]    |                                  ^^
[INFO] [stdout] 
[INFO] [stdout] 
[INFO] [stdout] warning: use of deprecated struct `create_table_st::foreign_key::Fk`: use create_table_st2
[INFO] [stdout]   --> src/create_table_st.rs:67:39
[INFO] [stdout]    |
[INFO] [stdout] 67 |     pub fn foreign_key(&mut self, fk: Fk) -> &mut Self
[INFO] [stdout]    |                                       ^^
[INFO] [stdout] 
[INFO] [stdout] 
[INFO] [stdout] warning: use of deprecated struct `create_table_st::foreign_key::Fk`: use create_table_st2
[INFO] [stdout]    --> src/create_table_st.rs:512:33
[INFO] [stdout]     |
[INFO] [stdout] 512 |     pub use super::foreign_key::Fk;
[INFO] [stdout]     |                                 ^^
[INFO] [stdout] 
[INFO] [stdout] 
[INFO] [stdout] warning: use of deprecated trait `select_st::HandleAcceptIsWorking`: in favor of AcceptToSqlPart
[INFO] [stdout]    --> src/select_st.rs:197:25
[INFO] [stdout]     |
[INFO] [stdout] 197 | impl<T, S, Q: Query<S>> HandleAcceptIsWorking
[INFO] [stdout]     |                         ^^^^^^^^^^^^^^^^^^^^^
[INFO] [stdout] 
[INFO] [stdout] 
[INFO] [stdout] warning: use of deprecated struct `select_st::HandleAccept`: in favor of AcceptToSqlPart
[INFO] [stdout]    --> src/select_st.rs:198:9
[INFO] [stdout]     |
[INFO] [stdout] 198 |     for HandleAccept<T, S, Q>
[INFO] [stdout]     |         ^^^^^^^^^^^^
[INFO] [stdout] 
[INFO] [stdout] 
[INFO] [stdout] warning: use of deprecated struct `select_st::HandleAccept`: in favor of AcceptToSqlPart
[INFO] [stdout]    --> src/select_st.rs:131:9
[INFO] [stdout]     |
[INFO] [stdout] 131 |         HandleAccept<T, S, Q>: HandleAcceptIsWorking<
[INFO] [stdout]     |         ^^^^^^^^^^^^
[INFO] [stdout] 
[INFO] [stdout] 
[INFO] [stdout] warning: use of deprecated trait `select_st::HandleAcceptIsWorking`: in favor of AcceptToSqlPart
[INFO] [stdout]    --> src/select_st.rs:131:32
[INFO] [stdout]     |
[INFO] [stdout] 131 |         HandleAccept<T, S, Q>: HandleAcceptIsWorking<
[INFO] [stdout]     |                                ^^^^^^^^^^^^^^^^^^^^^
[INFO] [stdout] 
[INFO] [stdout] 
[INFO] [stdout] warning: use of deprecated tuple struct `select_st::HandleAccept`: in favor of AcceptToSqlPart
[INFO] [stdout]    --> src/select_st.rs:140:21
[INFO] [stdout]     |
[INFO] [stdout] 140 |         let limit = HandleAccept(shift, PhantomData::<(S, Q)>)
[INFO] [stdout]     |                     ^^^^^^^^^^^^
[INFO] [stdout] 
[INFO] [stdout] 
[INFO] [stdout] warning: use of deprecated struct `select_st::HandleAccept`: in favor of AcceptToSqlPart
[INFO] [stdout]  --> src/update_st.rs:7:17
[INFO] [stdout]   |
[INFO] [stdout] 7 |     select_st::{HandleAccept, HandleAcceptIsWorking},
[INFO] [stdout]   |                 ^^^^^^^^^^^^
[INFO] [stdout] 
[INFO] [stdout] 
[INFO] [stdout] warning: use of deprecated tuple struct `select_st::HandleAccept`: in favor of AcceptToSqlPart
[INFO] [stdout]  --> src/update_st.rs:7:17
[INFO] [stdout]   |
[INFO] [stdout] 7 |     select_st::{HandleAccept, HandleAcceptIsWorking},
[INFO] [stdout]   |                 ^^^^^^^^^^^^
[INFO] [stdout] 
[INFO] [stdout] 
[INFO] [stdout] warning: use of deprecated trait `select_st::HandleAcceptIsWorking`: in favor of AcceptToSqlPart
[INFO] [stdout]  --> src/update_st.rs:7:31
[INFO] [stdout]   |
[INFO] [stdout] 7 |     select_st::{HandleAccept, HandleAcceptIsWorking},
[INFO] [stdout]   |                               ^^^^^^^^^^^^^^^^^^^^^
[INFO] [stdout] 
[INFO] [stdout] 
[INFO] [stdout] warning: use of deprecated struct `select_st::HandleAccept`: in favor of AcceptToSqlPart
[INFO] [stdout]   --> src/update_st.rs:98:9
[INFO] [stdout]    |
[INFO] [stdout] 98 |         HandleAccept<T, S, Q>: HandleAcceptIsWorking<
[INFO] [stdout]    |         ^^^^^^^^^^^^
[INFO] [stdout] 
[INFO] [stdout] 
[INFO] [stdout] warning: use of deprecated trait `select_st::HandleAcceptIsWorking`: in favor of AcceptToSqlPart
[INFO] [stdout]   --> src/update_st.rs:98:32
[INFO] [stdout]    |
[INFO] [stdout] 98 |         HandleAccept<T, S, Q>: HandleAcceptIsWorking<
[INFO] [stdout]    |                                ^^^^^^^^^^^^^^^^^^^^^
[INFO] [stdout] 
[INFO] [stdout] 
[INFO] [stdout] warning: use of deprecated tuple struct `select_st::HandleAccept`: in favor of AcceptToSqlPart
[INFO] [stdout]    --> src/update_st.rs:103:20
[INFO] [stdout]     |
[INFO] [stdout] 103 |         let part = HandleAccept(value, PhantomData)
[INFO] [stdout]     |                    ^^^^^^^^^^^^
[INFO] [stdout] 
[INFO] [stdout] 
[INFO] [stdout] warning: use of deprecated associated type `select_st::HandleAcceptIsWorking::Ctx`: in favor of AcceptToSqlPart
[INFO] [stdout]    --> src/select_st.rs:207:36
[INFO] [stdout]     |
[INFO] [stdout] 207 |     fn to_sql_part(self, ctx: &mut Self::Ctx) -> Q::SqlPart {
[INFO] [stdout]     |                                    ^^^^^^^^^
[INFO] [stdout] 
[INFO] [stdout] 
[INFO] [stdout] warning: use of deprecated associated type `select_st::HandleAcceptIsWorking::SqlPart`: in favor of AcceptToSqlPart
[INFO] [stdout]    --> src/select_st.rs:132:13
[INFO] [stdout]     |
[INFO] [stdout] 132 |             SqlPart = Q::SqlPart,
[INFO] [stdout]     |             ^^^^^^^^^^^^^^^^^^^^
[INFO] [stdout] 
[INFO] [stdout] 
[INFO] [stdout] warning: use of deprecated associated type `select_st::HandleAcceptIsWorking::Ctx`: in favor of AcceptToSqlPart
[INFO] [stdout]    --> src/select_st.rs:133:13
[INFO] [stdout]     |
[INFO] [stdout] 133 |             Ctx = Q::Context1,
[INFO] [stdout]     |             ^^^^^^^^^^^^^^^^^
[INFO] [stdout] 
[INFO] [stdout] 
[INFO] [stdout] warning: use of deprecated associated type `select_st::HandleAcceptIsWorking::SqlPart`: in favor of AcceptToSqlPart
[INFO] [stdout]   --> src/update_st.rs:99:13
[INFO] [stdout]    |
[INFO] [stdout] 99 |             SqlPart = Q::SqlPart,
[INFO] [stdout]    |             ^^^^^^^^^^^^^^^^^^^^
[INFO] [stdout] 
[INFO] [stdout] 
[INFO] [stdout] warning: use of deprecated associated type `select_st::HandleAcceptIsWorking::Ctx`: in favor of AcceptToSqlPart
[INFO] [stdout]    --> src/update_st.rs:100:13
[INFO] [stdout]     |
[INFO] [stdout] 100 |             Ctx = Q::Context1,
[INFO] [stdout]     |             ^^^^^^^^^^^^^^^^^
[INFO] [stdout] 
[INFO] [stdout] 
[INFO] [stdout] warning: use of deprecated field `create_table_st::foreign_key::Fk::not_null`: use create_table_st2
[INFO] [stdout]   --> src/create_table_st.rs:73:12
[INFO] [stdout]    |
[INFO] [stdout] 73 |         if fk.not_null {
[INFO] [stdout]    |            ^^^^^^^^^^^
[INFO] [stdout] 
[INFO] [stdout] 
[INFO] [stdout] warning: use of deprecated field `create_table_st::foreign_key::Fk::column`: use create_table_st2
[INFO] [stdout]   --> src/create_table_st.rs:74:39
[INFO] [stdout]    |
[INFO] [stdout] 74 |             self.column::<S::KeyType>(fk.column, not_null());
[INFO] [stdout]    |                                       ^^^^^^^^^
[INFO] [stdout] 
[INFO] [stdout] 
[INFO] [stdout] warning: use of deprecated field `create_table_st::foreign_key::Fk::column`: use create_table_st2
[INFO] [stdout]   --> src/create_table_st.rs:76:47
[INFO] [stdout]    |
[INFO] [stdout] 76 |             self.column::<Option<S::KeyType>>(fk.column, Noop);
[INFO] [stdout]    |                                               ^^^^^^^^^
[INFO] [stdout] 
[INFO] [stdout] 
[INFO] [stdout] warning: use of deprecated field `create_table_st::foreign_key::Fk::column`: use create_table_st2
[INFO] [stdout]    --> src/create_table_st.rs:138:21
[INFO] [stdout]     |
[INFO] [stdout] 138 |                     fk.column, fk.refer_table, fk.refer_column
[INFO] [stdout]     |                     ^^^^^^^^^
[INFO] [stdout] 
[INFO] [stdout] 
[INFO] [stdout] warning: use of deprecated field `create_table_st::foreign_key::Fk::refer_table`: use create_table_st2
[INFO] [stdout]    --> src/create_table_st.rs:138:32
[INFO] [stdout]     |
[INFO] [stdout] 138 |                     fk.column, fk.refer_table, fk.refer_column
[INFO] [stdout]     |                                ^^^^^^^^^^^^^^
[INFO] [stdout] 
[INFO] [stdout] 
[INFO] [stdout] warning: use of deprecated field `create_table_st::foreign_key::Fk::refer_column`: use create_table_st2
[INFO] [stdout]    --> src/create_table_st.rs:138:48
[INFO] [stdout]     |
[INFO] [stdout] 138 |                     fk.column, fk.refer_table, fk.refer_column
[INFO] [stdout]     |                                                ^^^^^^^^^^^^^^^
[INFO] [stdout] 
[INFO] [stdout] 
[INFO] [stdout] warning: use of deprecated field `create_table_st::foreign_key::Fk::not_null`: use create_table_st2
[INFO] [stdout]    --> src/create_table_st.rs:141:20
[INFO] [stdout]     |
[INFO] [stdout] 141 |                 if fk.not_null.not() {
[INFO] [stdout]     |                    ^^^^^^^^^^^
[INFO] [stdout] 
[INFO] [stdout] 
[INFO] [stdout] warning: use of deprecated associated function `Query::handle_where_item`: in favor of ToSqlPart
[INFO] [stdout]   --> src/delete_st.rs:37:23
[INFO] [stdout]    |
[INFO] [stdout] 37 |         let item = Q::handle_where_item(item, &mut self.ctx);
[INFO] [stdout]    |                       ^^^^^^^^^^^^^^^^^
[INFO] [stdout] 
[INFO] [stdout] 
[INFO] [stdout] warning: use of deprecated method `select_st::HandleAcceptIsWorking::to_sql_part`: in favor of AcceptToSqlPart
[INFO] [stdout]    --> src/select_st.rs:141:14
[INFO] [stdout]     |
[INFO] [stdout] 141 |             .to_sql_part(&mut self.ctx);
[INFO] [stdout]     |              ^^^^^^^^^^^
[INFO] [stdout] 
[INFO] [stdout] 
[INFO] [stdout] warning: use of deprecated field `select_st::HandleAccept::0`: in favor of AcceptToSqlPart
[INFO] [stdout]    --> src/select_st.rs:208:19
[INFO] [stdout]     |
[INFO] [stdout] 208 |         Q::accept(self.0, ctx)(&mut ())
[INFO] [stdout]     |                   ^^^^^^
[INFO] [stdout] 
[INFO] [stdout] 
[INFO] [stdout] warning: use of deprecated method `select_st::HandleAcceptIsWorking::to_sql_part`: in favor of AcceptToSqlPart
[INFO] [stdout]    --> src/update_st.rs:104:14
[INFO] [stdout]     |
[INFO] [stdout] 104 |             .to_sql_part(&mut self.ctx);
[INFO] [stdout]     |              ^^^^^^^^^^^
[INFO] [stdout] 
[INFO] [stdout] 
[INFO] [stdout] warning: use of deprecated associated function `Query::handle_where_item`: in favor of ToSqlPart
[INFO] [stdout]    --> src/update_st.rs:112:23
[INFO] [stdout]     |
[INFO] [stdout] 112 |         let item = Q::handle_where_item(item, &mut self.ctx);
[INFO] [stdout]     |                       ^^^^^^^^^^^^^^^^^
[INFO] [stdout] 
[INFO] [stdout] 
[INFO] [stdout] warning: methods `verbatim`, `column`, and `constraint` are never used
[INFO] [stdout]   --> src/create_table_st2.rs:67:12
[INFO] [stdout]    |
[INFO] [stdout] 62 | / impl<S, Q> CreateTableSt<S, Q>
[INFO] [stdout] 63 | | where
[INFO] [stdout] 64 | |     Q: Query<S>,
[INFO] [stdout] 65 | |     S: Database,
[INFO] [stdout]    | |________________- methods in this implementation
[INFO] [stdout] 66 |   {
[INFO] [stdout] 67 |       pub fn verbatim(&mut self, verbatim: &str) {
[INFO] [stdout]    |              ^^^^^^^^
[INFO] [stdout] ...
[INFO] [stdout] 70 |       pub fn column<C>(&mut self, name: &str, constraint: C)
[INFO] [stdout]    |              ^^^^^^
[INFO] [stdout] ...
[INFO] [stdout] 81 |       pub fn constraint<C>(&mut self, constraint: C)
[INFO] [stdout]    |              ^^^^^^^^^^
[INFO] [stdout]    |
[INFO] [stdout]    = note: `#[warn(dead_code)]` on by default
[INFO] [stdout] 
[INFO] [stdout] 
[INFO] [stdout] warning: trait `SchemaColumn` is never used
[INFO] [stdout]   --> src/create_table_st2.rs:96:15
[INFO] [stdout]    |
[INFO] [stdout] 96 |     pub trait SchemaColumn<S>: Sized {
[INFO] [stdout]    |               ^^^^^^^^^^^^
[INFO] [stdout] 
[INFO] [stdout] 
[INFO] [stdout] warning: field `not_null` is never read
[INFO] [stdout]    --> src/create_table_st2.rs:126:13
[INFO] [stdout]     |
[INFO] [stdout] 125 |     pub struct ForiegnKey {
[INFO] [stdout]     |                ---------- field in this struct
[INFO] [stdout] 126 |         pub not_null: bool,
[INFO] [stdout]     |             ^^^^^^^^
[INFO] [stdout]     |
[INFO] [stdout]     = note: `ForiegnKey` has a derived impl for the trait `Clone`, but this is intentionally ignored during dead code analysis
[INFO] [stdout] 
[INFO] [stdout] 
[INFO] [stdout] warning: associated items `build`, `finish`, `not_null`, `column`, `refer_table`, and `refer_column` are never used
[INFO] [stdout]    --> src/create_table_st2.rs:133:16
[INFO] [stdout]     |
[INFO] [stdout] 132 |     impl ForiegnKey {
[INFO] [stdout]     |     --------------- associated items in this implementation
[INFO] [stdout] 133 |         pub fn build() -> Self {
[INFO] [stdout]     |                ^^^^^
[INFO] [stdout] ...
[INFO] [stdout] 142 |         pub fn finish(&mut self) -> Self {
[INFO] [stdout]     |                ^^^^^^
[INFO] [stdout] ...
[INFO] [stdout] 154 |         pub fn not_null(&mut self) -> &mut Self {
[INFO] [stdout]     |                ^^^^^^^^
[INFO] [stdout] ...
[INFO] [stdout] 158 |         pub fn column(
[INFO] [stdout]     |                ^^^^^^
[INFO] [stdout] ...
[INFO] [stdout] 165 |         pub fn refer_table(
[INFO] [stdout]     |                ^^^^^^^^^^^
[INFO] [stdout] ...
[INFO] [stdout] 172 |         pub fn refer_column(
[INFO] [stdout]     |                ^^^^^^^^^^^^
[INFO] [stdout] 
[INFO] [stdout] 
[INFO] [stdout] warning: method `as_str` is never used
[INFO] [stdout]   --> src/executable.rs:51:12
[INFO] [stdout]    |
[INFO] [stdout] 50 | impl<'s, 'q, S: Database> InnerExecutable<'s, 'q, S> {
[INFO] [stdout]    | ---------------------------------------------------- method in this implementation
[INFO] [stdout] 51 |     pub fn as_str(&self) -> &str {
[INFO] [stdout]    |            ^^^^^^
[INFO] [stdout] 
[INFO] [stdout] 
[INFO] [stderr]     Finished `dev` profile [unoptimized + debuginfo] target(s) in 19.22s
[INFO] running `Command { std: "docker" "inspect" "4612358cc65352f28621f4e1d05249a6915db72bb5eafed1e3d911aa5fa5f979", kill_on_drop: false }`
[INFO] running `Command { std: "docker" "rm" "-f" "4612358cc65352f28621f4e1d05249a6915db72bb5eafed1e3d911aa5fa5f979", kill_on_drop: false }`
[INFO] [stdout] 4612358cc65352f28621f4e1d05249a6915db72bb5eafed1e3d911aa5fa5f979
[INFO] running `Command { std: "docker" "create" "-v" "/var/lib/crater-agent-workspace/builds/worker-1-tc2/target:/opt/rustwide/target:rw,Z" "-v" "/var/lib/crater-agent-workspace/builds/worker-1-tc2/source:/opt/rustwide/workdir:ro,Z" "-v" "/var/lib/crater-agent-workspace/cargo-home:/opt/rustwide/cargo-home:ro,Z" "-v" "/var/lib/crater-agent-workspace/rustup-home:/opt/rustwide/rustup-home:ro,Z" "-e" "SOURCE_DIR=/opt/rustwide/workdir" "-e" "CARGO_TARGET_DIR=/opt/rustwide/target" "-e" "CARGO_INCREMENTAL=0" "-e" "RUST_BACKTRACE=full" "-e" "RUSTFLAGS=--cap-lints=forbid -Zrandomize-layout" "-e" "RUSTDOCFLAGS=--cap-lints=forbid" "-e" "CARGO_HOME=/opt/rustwide/cargo-home" "-e" "RUSTUP_HOME=/opt/rustwide/rustup-home" "-w" "/opt/rustwide/workdir" "-m" "1610612736" "--user" "0:0" "--network" "none" "ghcr.io/rust-lang/crates-build-env/linux@sha256:4a844ea9eb2546a2d2c7022eacef16ef2e8229c7fbb2c7d4d55a9ceca922f72d" "/opt/rustwide/cargo-home/bin/cargo" "+nightly-2024-10-28" "test" "--frozen" "--no-run" "--message-format=json", kill_on_drop: false }`
[INFO] [stdout] a33a32c95d3cb1e7026ce82a3fa56c8deae21e38d8dcc009060679ffa9b297a9
[INFO] running `Command { std: "docker" "start" "-a" "a33a32c95d3cb1e7026ce82a3fa56c8deae21e38d8dcc009060679ffa9b297a9", kill_on_drop: false }`
[INFO] [stdout] warning: elided lifetime has a name
[INFO] [stdout]   --> src/lib.rs:52:25
[INFO] [stdout]    |
[INFO] [stdout] 52 |         ) -> InsertStOne<S>
[INFO] [stdout]    |                         ^ this elided lifetime gets resolved as `'static`
[INFO] [stdout]    |
[INFO] [stdout]    = note: `#[warn(elided_named_lifetimes)]` on by default
[INFO] [stdout] help: consider specifying it explicitly
[INFO] [stdout]    |
[INFO] [stdout] 52 |         ) -> InsertStOne<'static, S>
[INFO] [stdout]    |                          ++++++++
[INFO] [stdout] 
[INFO] [stdout] 
[INFO] [stdout] warning: elided lifetime has a name
[INFO] [stdout]   --> src/lib.rs:68:27
[INFO] [stdout]    |
[INFO] [stdout] 68 |         ) -> CreateTableSt<S, QuickQuery<'q>>
[INFO] [stdout]    |                           ^ this elided lifetime gets resolved as `'static`
[INFO] [stdout]    |
[INFO] [stdout] help: consider specifying it explicitly
[INFO] [stdout]    |
[INFO] [stdout] 68 |         ) -> CreateTableSt<'static, S, QuickQuery<'q>>
[INFO] [stdout]    |                            ++++++++
[INFO] [stdout] 
[INFO] [stdout] 
[INFO] [stdout] warning: use of deprecated struct `create_table_st::foreign_key::Fk`: use create_table_st2
[INFO] [stdout]  --> src/create_table_st.rs:7:18
[INFO] [stdout]   |
[INFO] [stdout] 7 | use foreign_key::Fk;
[INFO] [stdout]   |                  ^^
[INFO] [stdout]   |
[INFO] [stdout]   = note: `#[warn(deprecated)]` on by default
[INFO] [stdout] 
[INFO] [stdout] 
[INFO] [stdout] warning: use of deprecated struct `create_table_st::foreign_key::Fk`: use create_table_st2
[INFO] [stdout]   --> src/create_table_st.rs:22:34
[INFO] [stdout]    |
[INFO] [stdout] 22 |     pub(crate) foreign_keys: Vec<Fk>,
[INFO] [stdout]    |                                  ^^
[INFO] [stdout] 
[INFO] [stdout] 
[INFO] [stdout] warning: use of deprecated struct `create_table_st::foreign_key::Fk`: use create_table_st2
[INFO] [stdout]   --> src/create_table_st.rs:67:39
[INFO] [stdout]    |
[INFO] [stdout] 67 |     pub fn foreign_key(&mut self, fk: Fk) -> &mut Self
[INFO] [stdout]    |                                       ^^
[INFO] [stdout] 
[INFO] [stdout] 
[INFO] [stdout] warning: use of deprecated struct `create_table_st::foreign_key::Fk`: use create_table_st2
[INFO] [stdout]    --> src/create_table_st.rs:512:33
[INFO] [stdout]     |
[INFO] [stdout] 512 |     pub use super::foreign_key::Fk;
[INFO] [stdout]     |                                 ^^
[INFO] [stdout] 
[INFO] [stdout] 
[INFO] [stdout] warning: use of deprecated trait `select_st::HandleAcceptIsWorking`: in favor of AcceptToSqlPart
[INFO] [stdout]    --> src/select_st.rs:197:25
[INFO] [stdout]     |
[INFO] [stdout] 197 | impl<T, S, Q: Query<S>> HandleAcceptIsWorking
[INFO] [stdout]     |                         ^^^^^^^^^^^^^^^^^^^^^
[INFO] [stdout] 
[INFO] [stdout] 
[INFO] [stdout] warning: use of deprecated struct `select_st::HandleAccept`: in favor of AcceptToSqlPart
[INFO] [stdout]    --> src/select_st.rs:198:9
[INFO] [stdout]     |
[INFO] [stdout] 198 |     for HandleAccept<T, S, Q>
[INFO] [stdout]     |         ^^^^^^^^^^^^
[INFO] [stdout] 
[INFO] [stdout] 
[INFO] [stdout] warning: use of deprecated struct `select_st::HandleAccept`: in favor of AcceptToSqlPart
[INFO] [stdout]    --> src/select_st.rs:131:9
[INFO] [stdout]     |
[INFO] [stdout] 131 |         HandleAccept<T, S, Q>: HandleAcceptIsWorking<
[INFO] [stdout]     |         ^^^^^^^^^^^^
[INFO] [stdout] 
[INFO] [stdout] 
[INFO] [stdout] warning: use of deprecated trait `select_st::HandleAcceptIsWorking`: in favor of AcceptToSqlPart
[INFO] [stdout]    --> src/select_st.rs:131:32
[INFO] [stdout]     |
[INFO] [stdout] 131 |         HandleAccept<T, S, Q>: HandleAcceptIsWorking<
[INFO] [stdout]     |                                ^^^^^^^^^^^^^^^^^^^^^
[INFO] [stdout] 
[INFO] [stdout] 
[INFO] [stdout] warning: use of deprecated tuple struct `select_st::HandleAccept`: in favor of AcceptToSqlPart
[INFO] [stdout]    --> src/select_st.rs:140:21
[INFO] [stdout]     |
[INFO] [stdout] 140 |         let limit = HandleAccept(shift, PhantomData::<(S, Q)>)
[INFO] [stdout]     |                     ^^^^^^^^^^^^
[INFO] [stdout] 
[INFO] [stdout] 
[INFO] [stdout] warning: use of deprecated struct `select_st::HandleAccept`: in favor of AcceptToSqlPart
[INFO] [stdout]  --> src/update_st.rs:7:17
[INFO] [stdout]   |
[INFO] [stdout] 7 |     select_st::{HandleAccept, HandleAcceptIsWorking},
[INFO] [stdout]   |                 ^^^^^^^^^^^^
[INFO] [stdout] 
[INFO] [stdout] 
[INFO] [stdout] warning: use of deprecated tuple struct `select_st::HandleAccept`: in favor of AcceptToSqlPart
[INFO] [stdout]  --> src/update_st.rs:7:17
[INFO] [stdout]   |
[INFO] [stdout] 7 |     select_st::{HandleAccept, HandleAcceptIsWorking},
[INFO] [stdout]   |                 ^^^^^^^^^^^^
[INFO] [stdout] 
[INFO] [stdout] 
[INFO] [stdout] warning: use of deprecated trait `select_st::HandleAcceptIsWorking`: in favor of AcceptToSqlPart
[INFO] [stdout]  --> src/update_st.rs:7:31
[INFO] [stdout]   |
[INFO] [stdout] 7 |     select_st::{HandleAccept, HandleAcceptIsWorking},
[INFO] [stdout]   |                               ^^^^^^^^^^^^^^^^^^^^^
[INFO] [stdout] 
[INFO] [stdout] 
[INFO] [stdout] warning: use of deprecated struct `select_st::HandleAccept`: in favor of AcceptToSqlPart
[INFO] [stdout]   --> src/update_st.rs:98:9
[INFO] [stdout]    |
[INFO] [stdout] 98 |         HandleAccept<T, S, Q>: HandleAcceptIsWorking<
[INFO] [stdout]    |         ^^^^^^^^^^^^
[INFO] [stdout] 
[INFO] [stdout] 
[INFO] [stdout] warning: use of deprecated trait `select_st::HandleAcceptIsWorking`: in favor of AcceptToSqlPart
[INFO] [stdout]   --> src/update_st.rs:98:32
[INFO] [stdout]    |
[INFO] [stdout] 98 |         HandleAccept<T, S, Q>: HandleAcceptIsWorking<
[INFO] [stdout]    |                                ^^^^^^^^^^^^^^^^^^^^^
[INFO] [stdout] 
[INFO] [stdout] 
[INFO] [stdout] warning: use of deprecated tuple struct `select_st::HandleAccept`: in favor of AcceptToSqlPart
[INFO] [stdout]    --> src/update_st.rs:103:20
[INFO] [stdout]     |
[INFO] [stdout] 103 |         let part = HandleAccept(value, PhantomData)
[INFO] [stdout]     |                    ^^^^^^^^^^^^
[INFO] [stdout] 
[INFO] [stdout] 
[INFO] [stdout] warning: use of deprecated associated type `select_st::HandleAcceptIsWorking::Ctx`: in favor of AcceptToSqlPart
[INFO] [stdout]    --> src/select_st.rs:207:36
[INFO] [stdout]     |
[INFO] [stdout] 207 |     fn to_sql_part(self, ctx: &mut Self::Ctx) -> Q::SqlPart {
[INFO] [stdout]     |                                    ^^^^^^^^^
[INFO] [stdout] 
[INFO] [stdout] 
[INFO] [stdout] warning: use of deprecated associated type `select_st::HandleAcceptIsWorking::SqlPart`: in favor of AcceptToSqlPart
[INFO] [stdout]    --> src/select_st.rs:132:13
[INFO] [stdout]     |
[INFO] [stdout] 132 |             SqlPart = Q::SqlPart,
[INFO] [stdout]     |             ^^^^^^^^^^^^^^^^^^^^
[INFO] [stdout] 
[INFO] [stdout] 
[INFO] [stdout] warning: use of deprecated associated type `select_st::HandleAcceptIsWorking::Ctx`: in favor of AcceptToSqlPart
[INFO] [stdout]    --> src/select_st.rs:133:13
[INFO] [stdout]     |
[INFO] [stdout] 133 |             Ctx = Q::Context1,
[INFO] [stdout]     |             ^^^^^^^^^^^^^^^^^
[INFO] [stdout] 
[INFO] [stdout] 
[INFO] [stdout] warning: use of deprecated associated type `select_st::HandleAcceptIsWorking::SqlPart`: in favor of AcceptToSqlPart
[INFO] [stdout]   --> src/update_st.rs:99:13
[INFO] [stdout]    |
[INFO] [stdout] 99 |             SqlPart = Q::SqlPart,
[INFO] [stdout]    |             ^^^^^^^^^^^^^^^^^^^^
[INFO] [stdout] 
[INFO] [stdout] 
[INFO] [stdout] warning: use of deprecated associated type `select_st::HandleAcceptIsWorking::Ctx`: in favor of AcceptToSqlPart
[INFO] [stdout]    --> src/update_st.rs:100:13
[INFO] [stdout]     |
[INFO] [stdout] 100 |             Ctx = Q::Context1,
[INFO] [stdout]     |             ^^^^^^^^^^^^^^^^^
[INFO] [stdout] 
[INFO] [stdout] 
[INFO] [stdout] warning: use of deprecated field `create_table_st::foreign_key::Fk::not_null`: use create_table_st2
[INFO] [stdout]   --> src/create_table_st.rs:73:12
[INFO] [stdout]    |
[INFO] [stdout] 73 |         if fk.not_null {
[INFO] [stdout]    |            ^^^^^^^^^^^
[INFO] [stdout] 
[INFO] [stdout] 
[INFO] [stderr]    Compiling sql_query v0.0.0 (/opt/rustwide/workdir)
[INFO] [stdout] warning: use of deprecated field `create_table_st::foreign_key::Fk::column`: use create_table_st2
[INFO] [stdout]   --> src/create_table_st.rs:74:39
[INFO] [stdout]    |
[INFO] [stdout] 74 |             self.column::<S::KeyType>(fk.column, not_null());
[INFO] [stdout]    |                                       ^^^^^^^^^
[INFO] [stdout] 
[INFO] [stdout] 
[INFO] [stdout] warning: use of deprecated field `create_table_st::foreign_key::Fk::column`: use create_table_st2
[INFO] [stdout]   --> src/create_table_st.rs:76:47
[INFO] [stdout]    |
[INFO] [stdout] 76 |             self.column::<Option<S::KeyType>>(fk.column, Noop);
[INFO] [stdout]    |                                               ^^^^^^^^^
[INFO] [stdout] 
[INFO] [stdout] 
[INFO] [stdout] warning: use of deprecated field `create_table_st::foreign_key::Fk::column`: use create_table_st2
[INFO] [stdout]    --> src/create_table_st.rs:138:21
[INFO] [stdout]     |
[INFO] [stdout] 138 |                     fk.column, fk.refer_table, fk.refer_column
[INFO] [stdout]     |                     ^^^^^^^^^
[INFO] [stdout] 
[INFO] [stdout] 
[INFO] [stdout] warning: use of deprecated field `create_table_st::foreign_key::Fk::refer_table`: use create_table_st2
[INFO] [stdout]    --> src/create_table_st.rs:138:32
[INFO] [stdout]     |
[INFO] [stdout] 138 |                     fk.column, fk.refer_table, fk.refer_column
[INFO] [stdout]     |                                ^^^^^^^^^^^^^^
[INFO] [stdout] 
[INFO] [stdout] 
[INFO] [stdout] warning: use of deprecated field `create_table_st::foreign_key::Fk::refer_column`: use create_table_st2
[INFO] [stdout]    --> src/create_table_st.rs:138:48
[INFO] [stdout]     |
[INFO] [stdout] 138 |                     fk.column, fk.refer_table, fk.refer_column
[INFO] [stdout]     |                                                ^^^^^^^^^^^^^^^
[INFO] [stdout] 
[INFO] [stdout] 
[INFO] [stdout] warning: use of deprecated field `create_table_st::foreign_key::Fk::not_null`: use create_table_st2
[INFO] [stdout]    --> src/create_table_st.rs:141:20
[INFO] [stdout]     |
[INFO] [stdout] 141 |                 if fk.not_null.not() {
[INFO] [stdout]     |                    ^^^^^^^^^^^
[INFO] [stdout] 
[INFO] [stdout] 
[INFO] [stdout] warning: use of deprecated associated function `Query::handle_where_item`: in favor of ToSqlPart
[INFO] [stdout]   --> src/delete_st.rs:37:23
[INFO] [stdout]    |
[INFO] [stdout] 37 |         let item = Q::handle_where_item(item, &mut self.ctx);
[INFO] [stdout]    |                       ^^^^^^^^^^^^^^^^^
[INFO] [stdout] 
[INFO] [stdout] 
[INFO] [stdout] warning: use of deprecated method `select_st::HandleAcceptIsWorking::to_sql_part`: in favor of AcceptToSqlPart
[INFO] [stdout]    --> src/select_st.rs:141:14
[INFO] [stdout]     |
[INFO] [stdout] 141 |             .to_sql_part(&mut self.ctx);
[INFO] [stdout]     |              ^^^^^^^^^^^
[INFO] [stdout] 
[INFO] [stdout] 
[INFO] [stdout] warning: use of deprecated field `select_st::HandleAccept::0`: in favor of AcceptToSqlPart
[INFO] [stdout]    --> src/select_st.rs:208:19
[INFO] [stdout]     |
[INFO] [stdout] 208 |         Q::accept(self.0, ctx)(&mut ())
[INFO] [stdout]     |                   ^^^^^^
[INFO] [stdout] 
[INFO] [stdout] 
[INFO] [stdout] warning: use of deprecated method `select_st::HandleAcceptIsWorking::to_sql_part`: in favor of AcceptToSqlPart
[INFO] [stdout]    --> src/update_st.rs:104:14
[INFO] [stdout]     |
[INFO] [stdout] 104 |             .to_sql_part(&mut self.ctx);
[INFO] [stdout]     |              ^^^^^^^^^^^
[INFO] [stdout] 
[INFO] [stdout] 
[INFO] [stdout] warning: use of deprecated associated function `Query::handle_where_item`: in favor of ToSqlPart
[INFO] [stdout]    --> src/update_st.rs:112:23
[INFO] [stdout]     |
[INFO] [stdout] 112 |         let item = Q::handle_where_item(item, &mut self.ctx);
[INFO] [stdout]     |                       ^^^^^^^^^^^^^^^^^
[INFO] [stdout] 
[INFO] [stdout] 
[INFO] [stdout] warning: methods `verbatim`, `column`, and `constraint` are never used
[INFO] [stdout]   --> src/create_table_st2.rs:67:12
[INFO] [stdout]    |
[INFO] [stdout] 62 | / impl<S, Q> CreateTableSt<S, Q>
[INFO] [stdout] 63 | | where
[INFO] [stdout] 64 | |     Q: Query<S>,
[INFO] [stdout] 65 | |     S: Database,
[INFO] [stdout]    | |________________- methods in this implementation
[INFO] [stdout] 66 |   {
[INFO] [stdout] 67 |       pub fn verbatim(&mut self, verbatim: &str) {
[INFO] [stdout]    |              ^^^^^^^^
[INFO] [stdout] ...
[INFO] [stdout] 70 |       pub fn column<C>(&mut self, name: &str, constraint: C)
[INFO] [stdout]    |              ^^^^^^
[INFO] [stdout] ...
[INFO] [stdout] 81 |       pub fn constraint<C>(&mut self, constraint: C)
[INFO] [stdout]    |              ^^^^^^^^^^
[INFO] [stdout]    |
[INFO] [stdout]    = note: `#[warn(dead_code)]` on by default
[INFO] [stdout] 
[INFO] [stdout] 
[INFO] [stdout] warning: trait `SchemaColumn` is never used
[INFO] [stdout]   --> src/create_table_st2.rs:96:15
[INFO] [stdout]    |
[INFO] [stdout] 96 |     pub trait SchemaColumn<S>: Sized {
[INFO] [stdout]    |               ^^^^^^^^^^^^
[INFO] [stdout] 
[INFO] [stdout] 
[INFO] [stdout] warning: field `not_null` is never read
[INFO] [stdout]    --> src/create_table_st2.rs:126:13
[INFO] [stdout]     |
[INFO] [stdout] 125 |     pub struct ForiegnKey {
[INFO] [stdout]     |                ---------- field in this struct
[INFO] [stdout] 126 |         pub not_null: bool,
[INFO] [stdout]     |             ^^^^^^^^
[INFO] [stdout]     |
[INFO] [stdout]     = note: `ForiegnKey` has a derived impl for the trait `Clone`, but this is intentionally ignored during dead code analysis
[INFO] [stdout] 
[INFO] [stdout] 
[INFO] [stdout] warning: associated items `build`, `finish`, `not_null`, `column`, `refer_table`, and `refer_column` are never used
[INFO] [stdout]    --> src/create_table_st2.rs:133:16
[INFO] [stdout]     |
[INFO] [stdout] 132 |     impl ForiegnKey {
[INFO] [stdout]     |     --------------- associated items in this implementation
[INFO] [stdout] 133 |         pub fn build() -> Self {
[INFO] [stdout]     |                ^^^^^
[INFO] [stdout] ...
[INFO] [stdout] 142 |         pub fn finish(&mut self) -> Self {
[INFO] [stdout]     |                ^^^^^^
[INFO] [stdout] ...
[INFO] [stdout] 154 |         pub fn not_null(&mut self) -> &mut Self {
[INFO] [stdout]     |                ^^^^^^^^
[INFO] [stdout] ...
[INFO] [stdout] 158 |         pub fn column(
[INFO] [stdout]     |                ^^^^^^
[INFO] [stdout] ...
[INFO] [stdout] 165 |         pub fn refer_table(
[INFO] [stdout]     |                ^^^^^^^^^^^
[INFO] [stdout] ...
[INFO] [stdout] 172 |         pub fn refer_column(
[INFO] [stdout]     |                ^^^^^^^^^^^^
[INFO] [stdout] 
[INFO] [stdout] 
[INFO] [stdout] warning: method `as_str` is never used
[INFO] [stdout]   --> src/executable.rs:51:12
[INFO] [stdout]    |
[INFO] [stdout] 50 | impl<'s, 'q, S: Database> InnerExecutable<'s, 'q, S> {
[INFO] [stdout]    | ---------------------------------------------------- method in this implementation
[INFO] [stdout] 51 |     pub fn as_str(&self) -> &str {
[INFO] [stdout]    |            ^^^^^^
[INFO] [stdout] 
[INFO] [stdout] 
[INFO] [stdout] error[E0433]: failed to resolve: use of undeclared crate or module `query`
[INFO] [stdout]  --> tests/workflow.rs:7:5
[INFO] [stdout]   |
[INFO] [stdout] 7 | use query::{
[INFO] [stdout]   |     ^^^^^ use of undeclared crate or module `query`
[INFO] [stdout] 
[INFO] [stdout] 
[INFO] [stdout] error[E0433]: failed to resolve: use of undeclared crate or module `query`
[INFO] [stdout]  --> tests/positional_buffer.rs:2:5
[INFO] [stdout]   |
[INFO] [stdout] 2 | use query::{quick_query::QuickQuery, sql_part::{ToSqlPart, WhereItemToSqlPart}, Accept, Query, WhereItem};
[INFO] [stdout]   |     ^^^^^ use of undeclared crate or module `query`
[INFO] [stdout] 
[INFO] [stdout] 
[INFO] [stdout] error[E0432]: unresolved import `query`
[INFO] [stdout]  --> tests/workflow.rs:7:5
[INFO] [stdout]   |
[INFO] [stdout] 7 | use query::{
[INFO] [stdout]   |     ^^^^^ help: a similar path exists: `sqlx::query`
[INFO] [stdout] 
[INFO] [stdout] 
[INFO] [stdout] error[E0432]: unresolved import `query`
[INFO] [stdout]  --> tests/positional_buffer.rs:2:5
[INFO] [stdout]   |
[INFO] [stdout] 2 | use query::{quick_query::QuickQuery, sql_part::{ToSqlPart, WhereItemToSqlPart}, Accept, Query, WhereItem};
[INFO] [stdout]   |     ^^^^^ help: a similar path exists: `sqlx::query`
[INFO] [stdout] 
[INFO] [stdout] 
[INFO] [stdout] Some errors have detailed explanations: E0432, E0433.
[INFO] [stdout] 
[INFO] [stdout] For more information about an error, try `rustc --explain E0432`.
[INFO] [stdout] 
[INFO] [stdout] warning: elided lifetime has a name
[INFO] [stdout]   --> src/lib.rs:52:25
[INFO] [stdout]    |
[INFO] [stdout] 52 |         ) -> InsertStOne<S>
[INFO] [stdout]    |                         ^ this elided lifetime gets resolved as `'static`
[INFO] [stdout]    |
[INFO] [stdout]    = note: `#[warn(elided_named_lifetimes)]` on by default
[INFO] [stdout] help: consider specifying it explicitly
[INFO] [stdout]    |
[INFO] [stdout] 52 |         ) -> InsertStOne<'static, S>
[INFO] [stdout]    |                          ++++++++
[INFO] [stdout] 
[INFO] [stdout] 
[INFO] [stdout] warning: elided lifetime has a name
[INFO] [stdout]   --> src/lib.rs:68:27
[INFO] [stdout]    |
[INFO] [stdout] 68 |         ) -> CreateTableSt<S, QuickQuery<'q>>
[INFO] [stdout]    |                           ^ this elided lifetime gets resolved as `'static`
[INFO] [stdout]    |
[INFO] [stdout] help: consider specifying it explicitly
[INFO] [stdout]    |
[INFO] [stdout] 68 |         ) -> CreateTableSt<'static, S, QuickQuery<'q>>
[INFO] [stdout]    |                            ++++++++
[INFO] [stdout] 
[INFO] [stdout] 
[INFO] [stderr] error: could not compile `sql_query` (test "workflow") due to 2 previous errors
[INFO] [stderr] warning: build failed, waiting for other jobs to finish...
[INFO] [stdout] warning: use of deprecated struct `create_table_st::foreign_key::Fk`: use create_table_st2
[INFO] [stdout]  --> src/create_table_st.rs:7:18
[INFO] [stdout]   |
[INFO] [stdout] 7 | use foreign_key::Fk;
[INFO] [stdout]   |                  ^^
[INFO] [stdout]   |
[INFO] [stdout]   = note: `#[warn(deprecated)]` on by default
[INFO] [stdout] 
[INFO] [stdout] 
[INFO] [stdout] warning: use of deprecated struct `create_table_st::foreign_key::Fk`: use create_table_st2
[INFO] [stdout]   --> src/create_table_st.rs:22:34
[INFO] [stdout]    |
[INFO] [stdout] 22 |     pub(crate) foreign_keys: Vec<Fk>,
[INFO] [stdout]    |                                  ^^
[INFO] [stdout] 
[INFO] [stdout] 
[INFO] [stdout] warning: use of deprecated struct `create_table_st::foreign_key::Fk`: use create_table_st2
[INFO] [stdout]   --> src/create_table_st.rs:67:39
[INFO] [stdout]    |
[INFO] [stdout] 67 |     pub fn foreign_key(&mut self, fk: Fk) -> &mut Self
[INFO] [stdout]    |                                       ^^
[INFO] [stdout] 
[INFO] [stdout] 
[INFO] [stdout] warning: use of deprecated struct `create_table_st::foreign_key::Fk`: use create_table_st2
[INFO] [stdout]    --> src/create_table_st.rs:512:33
[INFO] [stdout]     |
[INFO] [stdout] 512 |     pub use super::foreign_key::Fk;
[INFO] [stdout]     |                                 ^^
[INFO] [stdout] 
[INFO] [stdout] 
[INFO] [stdout] warning: use of deprecated trait `select_st::HandleAcceptIsWorking`: in favor of AcceptToSqlPart
[INFO] [stdout]    --> src/select_st.rs:197:25
[INFO] [stdout]     |
[INFO] [stdout] 197 | impl<T, S, Q: Query<S>> HandleAcceptIsWorking
[INFO] [stdout]     |                         ^^^^^^^^^^^^^^^^^^^^^
[INFO] [stdout] 
[INFO] [stdout] 
[INFO] [stdout] warning: use of deprecated struct `select_st::HandleAccept`: in favor of AcceptToSqlPart
[INFO] [stdout]    --> src/select_st.rs:198:9
[INFO] [stdout]     |
[INFO] [stdout] 198 |     for HandleAccept<T, S, Q>
[INFO] [stdout]     |         ^^^^^^^^^^^^
[INFO] [stdout] 
[INFO] [stdout] 
[INFO] [stdout] warning: use of deprecated struct `select_st::HandleAccept`: in favor of AcceptToSqlPart
[INFO] [stdout]    --> src/select_st.rs:131:9
[INFO] [stdout]     |
[INFO] [stdout] 131 |         HandleAccept<T, S, Q>: HandleAcceptIsWorking<
[INFO] [stdout]     |         ^^^^^^^^^^^^
[INFO] [stdout] 
[INFO] [stdout] 
[INFO] [stdout] warning: use of deprecated trait `select_st::HandleAcceptIsWorking`: in favor of AcceptToSqlPart
[INFO] [stdout]    --> src/select_st.rs:131:32
[INFO] [stdout]     |
[INFO] [stdout] 131 |         HandleAccept<T, S, Q>: HandleAcceptIsWorking<
[INFO] [stdout]     |                                ^^^^^^^^^^^^^^^^^^^^^
[INFO] [stdout] 
[INFO] [stdout] 
[INFO] [stdout] warning: use of deprecated tuple struct `select_st::HandleAccept`: in favor of AcceptToSqlPart
[INFO] [stdout]    --> src/select_st.rs:140:21
[INFO] [stdout]     |
[INFO] [stdout] 140 |         let limit = HandleAccept(shift, PhantomData::<(S, Q)>)
[INFO] [stdout]     |                     ^^^^^^^^^^^^
[INFO] [stdout] 
[INFO] [stdout] 
[INFO] [stdout] warning: use of deprecated struct `select_st::HandleAccept`: in favor of AcceptToSqlPart
[INFO] [stdout]  --> src/update_st.rs:7:17
[INFO] [stdout]   |
[INFO] [stdout] 7 |     select_st::{HandleAccept, HandleAcceptIsWorking},
[INFO] [stdout]   |                 ^^^^^^^^^^^^
[INFO] [stdout] 
[INFO] [stdout] 
[INFO] [stdout] warning: use of deprecated tuple struct `select_st::HandleAccept`: in favor of AcceptToSqlPart
[INFO] [stdout]  --> src/update_st.rs:7:17
[INFO] [stdout]   |
[INFO] [stdout] 7 |     select_st::{HandleAccept, HandleAcceptIsWorking},
[INFO] [stdout]   |                 ^^^^^^^^^^^^
[INFO] [stdout] 
[INFO] [stdout] 
[INFO] [stdout] warning: use of deprecated trait `select_st::HandleAcceptIsWorking`: in favor of AcceptToSqlPart
[INFO] [stdout]  --> src/update_st.rs:7:31
[INFO] [stdout]   |
[INFO] [stdout] 7 |     select_st::{HandleAccept, HandleAcceptIsWorking},
[INFO] [stdout]   |                               ^^^^^^^^^^^^^^^^^^^^^
[INFO] [stdout] 
[INFO] [stdout] 
[INFO] [stdout] warning: use of deprecated struct `select_st::HandleAccept`: in favor of AcceptToSqlPart
[INFO] [stdout]   --> src/update_st.rs:98:9
[INFO] [stdout]    |
[INFO] [stdout] 98 |         HandleAccept<T, S, Q>: HandleAcceptIsWorking<
[INFO] [stdout]    |         ^^^^^^^^^^^^
[INFO] [stdout] 
[INFO] [stdout] 
[INFO] [stdout] warning: use of deprecated trait `select_st::HandleAcceptIsWorking`: in favor of AcceptToSqlPart
[INFO] [stdout]   --> src/update_st.rs:98:32
[INFO] [stdout]    |
[INFO] [stdout] 98 |         HandleAccept<T, S, Q>: HandleAcceptIsWorking<
[INFO] [stdout]    |                                ^^^^^^^^^^^^^^^^^^^^^
[INFO] [stdout] 
[INFO] [stdout] 
[INFO] [stdout] warning: use of deprecated tuple struct `select_st::HandleAccept`: in favor of AcceptToSqlPart
[INFO] [stdout]    --> src/update_st.rs:103:20
[INFO] [stdout]     |
[INFO] [stdout] 103 |         let part = HandleAccept(value, PhantomData)
[INFO] [stdout]     |                    ^^^^^^^^^^^^
[INFO] [stdout] 
[INFO] [stdout] 
[INFO] [stdout] warning: use of deprecated associated type `select_st::HandleAcceptIsWorking::Ctx`: in favor of AcceptToSqlPart
[INFO] [stdout]    --> src/select_st.rs:207:36
[INFO] [stdout]     |
[INFO] [stdout] 207 |     fn to_sql_part(self, ctx: &mut Self::Ctx) -> Q::SqlPart {
[INFO] [stdout]     |                                    ^^^^^^^^^
[INFO] [stdout] 
[INFO] [stdout] 
[INFO] [stdout] error[E0220]: associated type `SqlPart` not found for `Q`
[INFO] [stdout]    --> tests/positional_buffer.rs:171:21
[INFO] [stdout]     |
[INFO] [stdout] 171 |     columns: Vec<Q::SqlPart>,
[INFO] [stdout]     |                     ^^^^^^^ associated type `SqlPart` not found
[INFO] [stdout] 
[INFO] [stdout] 
[INFO] [stdout] error[E0220]: associated type `Context1` not found for `Q`
[INFO] [stdout]    --> tests/positional_buffer.rs:172:14
[INFO] [stdout]     |
[INFO] [stdout] 172 |     args: Q::Context1,
[INFO] [stdout]     |              ^^^^^^^^ associated type `Context1` not found
[INFO] [stdout] 
[INFO] [stdout] 
[INFO] [stdout] error[E0223]: ambiguous associated type
[INFO] [stdout]   --> tests/positional_buffer.rs:55:12
[INFO] [stdout]    |
[INFO] [stdout] 55 |         _: Self::Context1,
[INFO] [stdout]    |            ^^^^^^^^^^^^^^
[INFO] [stdout]    |
[INFO] [stdout] help: if there were a trait named `Example` with associated type `Context1` implemented for `MockMySql`, you could use the fully-qualified path
[INFO] [stdout]    |
[INFO] [stdout] 55 |         _: <MockMySql as Example>::Context1,
[INFO] [stdout]    |            ~~~~~~~~~~~~~~~~~~~~~~~~~~~~~~~~
[INFO] [stdout] 
[INFO] [stdout] 
[INFO] [stdout] error[E0223]: ambiguous associated type
[INFO] [stdout]   --> tests/positional_buffer.rs:57:19
[INFO] [stdout]    |
[INFO] [stdout] 57 |     ) -> (String, Self::Output) {
[INFO] [stdout]    |                   ^^^^^^^^^^^^
[INFO] [stdout]    |
[INFO] [stdout] help: use fully-qualified syntax
[INFO] [stdout]    |
[INFO] [stdout] 57 |     ) -> (String, <MockMySql as BitOr>::Output) {
[INFO] [stdout]    |                   ~~~~~~~~~~~~~~~~~~~~~~~~~~~~
[INFO] [stdout] 57 |     ) -> (String, <MockMySql as IntoFuture>::Output) {
[INFO] [stdout]    |                   ~~~~~~~~~~~~~~~~~~~~~~~~~~~~~~~~~
[INFO] [stdout] 57 |     ) -> (String, <MockMySql as futures_util::fns::FnOnce1>::Output) {
[INFO] [stdout]    |                   ~~~~~~~~~~~~~~~~~~~~~~~~~~~~~~~~~~~~~~~~~~~~~~~~~
[INFO] [stdout] 57 |     ) -> (String, <MockMySql as generic_array::arr::AddLength>::Output) {
[INFO] [stdout]    |                   ~~~~~~~~~~~~~~~~~~~~~~~~~~~~~~~~~~~~~~~~~~~~~~~~~~~~
[INFO] [stdout]      and 25 other candidates
[INFO] [stdout] 
[INFO] [stdout] 
[INFO] [stdout] error[E0223]: ambiguous associated type
[INFO] [stdout]   --> tests/positional_buffer.rs:83:20
[INFO] [stdout]    |
[INFO] [stdout] 83 |         ctx1: &mut Self::Context1,
[INFO] [stdout]    |                    ^^^^^^^^^^^^^^
[INFO] [stdout]    |
[INFO] [stdout] help: if there were a trait named `Example` with associated type `Context1` implemented for `MockMySql`, you could use the fully-qualified path
[INFO] [stdout]    |
[INFO] [stdout] 83 |         ctx1: &mut <MockMySql as Example>::Context1,
[INFO] [stdout]    |                    ~~~~~~~~~~~~~~~~~~~~~~~~~~~~~~~~
[INFO] [stdout] 
[INFO] [stdout] 
[INFO] [stdout] error[E0220]: associated type `Context1` not found for `Q`
[INFO] [stdout]    --> tests/positional_buffer.rs:220:22
[INFO] [stdout]     |
[INFO] [stdout] 220 |         ctx: &mut Q::Context1,
[INFO] [stdout]     |                      ^^^^^^^^ associated type `Context1` not found
[INFO] [stdout] 
[INFO] [stdout] 
[INFO] [stdout] warning: use of deprecated associated type `select_st::HandleAcceptIsWorking::SqlPart`: in favor of AcceptToSqlPart
[INFO] [stdout]    --> src/select_st.rs:132:13
[INFO] [stdout]     |
[INFO] [stdout] 132 |             SqlPart = Q::SqlPart,
[INFO] [stdout]     |             ^^^^^^^^^^^^^^^^^^^^
[INFO] [stdout] 
[INFO] [stdout] 
[INFO] [stdout] warning: use of deprecated associated type `select_st::HandleAcceptIsWorking::Ctx`: in favor of AcceptToSqlPart
[INFO] [stdout]    --> src/select_st.rs:133:13
[INFO] [stdout]     |
[INFO] [stdout] 133 |             Ctx = Q::Context1,
[INFO] [stdout]     |             ^^^^^^^^^^^^^^^^^
[INFO] [stdout] 
[INFO] [stdout] 
[INFO] [stdout] warning: use of deprecated associated type `select_st::HandleAcceptIsWorking::SqlPart`: in favor of AcceptToSqlPart
[INFO] [stdout]   --> src/update_st.rs:99:13
[INFO] [stdout]    |
[INFO] [stdout] 99 |             SqlPart = Q::SqlPart,
[INFO] [stdout]    |             ^^^^^^^^^^^^^^^^^^^^
[INFO] [stdout] 
[INFO] [stdout] 
[INFO] [stdout] warning: use of deprecated associated type `select_st::HandleAcceptIsWorking::Ctx`: in favor of AcceptToSqlPart
[INFO] [stdout]    --> src/update_st.rs:100:13
[INFO] [stdout]     |
[INFO] [stdout] 100 |             Ctx = Q::Context1,
[INFO] [stdout]     |             ^^^^^^^^^^^^^^^^^
[INFO] [stdout] 
[INFO] [stdout] 
[INFO] [stdout] Some errors have detailed explanations: E0220, E0223, E0432, E0433.
[INFO] [stdout] 
[INFO] [stdout] For more information about an error, try `rustc --explain E0220`.
[INFO] [stdout] 
[INFO] [stderr] error: could not compile `sql_query` (test "positional_buffer") due to 8 previous errors
[INFO] [stdout] warning: use of deprecated field `create_table_st::foreign_key::Fk::not_null`: use create_table_st2
[INFO] [stdout]   --> src/create_table_st.rs:73:12
[INFO] [stdout]    |
[INFO] [stdout] 73 |         if fk.not_null {
[INFO] [stdout]    |            ^^^^^^^^^^^
[INFO] [stdout] 
[INFO] [stdout] 
[INFO] [stdout] warning: use of deprecated field `create_table_st::foreign_key::Fk::column`: use create_table_st2
[INFO] [stdout]   --> src/create_table_st.rs:74:39
[INFO] [stdout]    |
[INFO] [stdout] 74 |             self.column::<S::KeyType>(fk.column, not_null());
[INFO] [stdout]    |                                       ^^^^^^^^^
[INFO] [stdout] 
[INFO] [stdout] 
[INFO] [stdout] warning: use of deprecated field `create_table_st::foreign_key::Fk::column`: use create_table_st2
[INFO] [stdout]   --> src/create_table_st.rs:76:47
[INFO] [stdout]    |
[INFO] [stdout] 76 |             self.column::<Option<S::KeyType>>(fk.column, Noop);
[INFO] [stdout]    |                                               ^^^^^^^^^
[INFO] [stdout] 
[INFO] [stdout] 
[INFO] [stdout] warning: use of deprecated field `create_table_st::foreign_key::Fk::column`: use create_table_st2
[INFO] [stdout]    --> src/create_table_st.rs:138:21
[INFO] [stdout]     |
[INFO] [stdout] 138 |                     fk.column, fk.refer_table, fk.refer_column
[INFO] [stdout]     |                     ^^^^^^^^^
[INFO] [stdout] 
[INFO] [stdout] 
[INFO] [stdout] warning: use of deprecated field `create_table_st::foreign_key::Fk::refer_table`: use create_table_st2
[INFO] [stdout]    --> src/create_table_st.rs:138:32
[INFO] [stdout]     |
[INFO] [stdout] 138 |                     fk.column, fk.refer_table, fk.refer_column
[INFO] [stdout]     |                                ^^^^^^^^^^^^^^
[INFO] [stdout] 
[INFO] [stdout] 
[INFO] [stdout] warning: use of deprecated field `create_table_st::foreign_key::Fk::refer_column`: use create_table_st2
[INFO] [stdout]    --> src/create_table_st.rs:138:48
[INFO] [stdout]     |
[INFO] [stdout] 138 |                     fk.column, fk.refer_table, fk.refer_column
[INFO] [stdout]     |                                                ^^^^^^^^^^^^^^^
[INFO] [stdout] 
[INFO] [stdout] 
[INFO] [stdout] warning: use of deprecated field `create_table_st::foreign_key::Fk::not_null`: use create_table_st2
[INFO] [stdout]    --> src/create_table_st.rs:141:20
[INFO] [stdout]     |
[INFO] [stdout] 141 |                 if fk.not_null.not() {
[INFO] [stdout]     |                    ^^^^^^^^^^^
[INFO] [stdout] 
[INFO] [stdout] 
[INFO] [stdout] warning: use of deprecated associated function `Query::handle_where_item`: in favor of ToSqlPart
[INFO] [stdout]   --> src/delete_st.rs:37:23
[INFO] [stdout]    |
[INFO] [stdout] 37 |         let item = Q::handle_where_item(item, &mut self.ctx);
[INFO] [stdout]    |                       ^^^^^^^^^^^^^^^^^
[INFO] [stdout] 
[INFO] [stdout] 
[INFO] [stdout] warning: use of deprecated method `select_st::HandleAcceptIsWorking::to_sql_part`: in favor of AcceptToSqlPart
[INFO] [stdout]    --> src/select_st.rs:141:14
[INFO] [stdout]     |
[INFO] [stdout] 141 |             .to_sql_part(&mut self.ctx);
[INFO] [stdout]     |              ^^^^^^^^^^^
[INFO] [stdout] 
[INFO] [stdout] 
[INFO] [stdout] warning: use of deprecated field `select_st::HandleAccept::0`: in favor of AcceptToSqlPart
[INFO] [stdout]    --> src/select_st.rs:208:19
[INFO] [stdout]     |
[INFO] [stdout] 208 |         Q::accept(self.0, ctx)(&mut ())
[INFO] [stdout]     |                   ^^^^^^
[INFO] [stdout] 
[INFO] [stdout] 
[INFO] [stdout] warning: use of deprecated method `select_st::HandleAcceptIsWorking::to_sql_part`: in favor of AcceptToSqlPart
[INFO] [stdout]    --> src/update_st.rs:104:14
[INFO] [stdout]     |
[INFO] [stdout] 104 |             .to_sql_part(&mut self.ctx);
[INFO] [stdout]     |              ^^^^^^^^^^^
[INFO] [stdout] 
[INFO] [stdout] 
[INFO] [stdout] warning: use of deprecated associated function `Query::handle_where_item`: in favor of ToSqlPart
[INFO] [stdout]    --> src/update_st.rs:112:23
[INFO] [stdout]     |
[INFO] [stdout] 112 |         let item = Q::handle_where_item(item, &mut self.ctx);
[INFO] [stdout]     |                       ^^^^^^^^^^^^^^^^^
[INFO] [stdout] 
[INFO] [stdout] 
[INFO] [stdout] warning: unused variable: `st`
[INFO] [stdout]    --> src/string_query.rs:200:13
[INFO] [stdout]     |
[INFO] [stdout] 200 |         let st = string_query(
[INFO] [stdout]     |             ^^ help: if this is intentional, prefix it with an underscore: `_st`
[INFO] [stdout]     |
[INFO] [stdout]     = note: `#[warn(unused_variables)]` on by default
[INFO] [stdout] 
[INFO] [stdout] 
[INFO] [stdout] warning: methods `verbatim` and `column` are never used
[INFO] [stdout]   --> src/create_table_st2.rs:67:12
[INFO] [stdout]    |
[INFO] [stdout] 62 | / impl<S, Q> CreateTableSt<S, Q>
[INFO] [stdout] 63 | | where
[INFO] [stdout] 64 | |     Q: Query<S>,
[INFO] [stdout] 65 | |     S: Database,
[INFO] [stdout]    | |________________- methods in this implementation
[INFO] [stdout] 66 |   {
[INFO] [stdout] 67 |       pub fn verbatim(&mut self, verbatim: &str) {
[INFO] [stdout]    |              ^^^^^^^^
[INFO] [stdout] ...
[INFO] [stdout] 70 |       pub fn column<C>(&mut self, name: &str, constraint: C)
[INFO] [stdout]    |              ^^^^^^
[INFO] [stdout]    |
[INFO] [stdout]    = note: `#[warn(dead_code)]` on by default
[INFO] [stdout] 
[INFO] [stdout] 
[INFO] [stdout] warning: trait `SchemaColumn` is never used
[INFO] [stdout]   --> src/create_table_st2.rs:96:15
[INFO] [stdout]    |
[INFO] [stdout] 96 |     pub trait SchemaColumn<S>: Sized {
[INFO] [stdout]    |               ^^^^^^^^^^^^
[INFO] [stdout] 
[INFO] [stdout] 
[INFO] [stdout] warning: field `not_null` is never read
[INFO] [stdout]    --> src/create_table_st2.rs:126:13
[INFO] [stdout]     |
[INFO] [stdout] 125 |     pub struct ForiegnKey {
[INFO] [stdout]     |                ---------- field in this struct
[INFO] [stdout] 126 |         pub not_null: bool,
[INFO] [stdout]     |             ^^^^^^^^
[INFO] [stdout]     |
[INFO] [stdout]     = note: `ForiegnKey` has a derived impl for the trait `Clone`, but this is intentionally ignored during dead code analysis
[INFO] [stdout] 
[INFO] [stdout] 
[INFO] [stdout] warning: method `not_null` is never used
[INFO] [stdout]    --> src/create_table_st2.rs:154:16
[INFO] [stdout]     |
[INFO] [stdout] 132 |     impl ForiegnKey {
[INFO] [stdout]     |     --------------- method in this implementation
[INFO] [stdout] ...
[INFO] [stdout] 154 |         pub fn not_null(&mut self) -> &mut Self {
[INFO] [stdout]     |                ^^^^^^^^
[INFO] [stdout] 
[INFO] [stdout] 
[INFO] [stdout] warning: method `as_str` is never used
[INFO] [stdout]   --> src/executable.rs:51:12
[INFO] [stdout]    |
[INFO] [stdout] 50 | impl<'s, 'q, S: Database> InnerExecutable<'s, 'q, S> {
[INFO] [stdout]    | ---------------------------------------------------- method in this implementation
[INFO] [stdout] 51 |     pub fn as_str(&self) -> &str {
[INFO] [stdout]    |            ^^^^^^
[INFO] [stdout] 
[INFO] [stdout] 
[INFO] running `Command { std: "docker" "inspect" "a33a32c95d3cb1e7026ce82a3fa56c8deae21e38d8dcc009060679ffa9b297a9", kill_on_drop: false }`
[INFO] running `Command { std: "docker" "rm" "-f" "a33a32c95d3cb1e7026ce82a3fa56c8deae21e38d8dcc009060679ffa9b297a9", kill_on_drop: false }`
[INFO] [stdout] a33a32c95d3cb1e7026ce82a3fa56c8deae21e38d8dcc009060679ffa9b297a9
