[INFO] fetching crate spotifyd 0.3.5...
[INFO] testing spotifyd-0.3.5 against nightly-2024-10-28 for randomize-layout
[INFO] extracting crate spotifyd 0.3.5 into /workspace/builds/worker-4-tc1/source
[INFO] validating manifest of crates.io crate spotifyd 0.3.5 on toolchain nightly-2024-10-28
[INFO] running `Command { std: CARGO_HOME="/workspace/cargo-home" RUSTUP_HOME="/workspace/rustup-home" "/workspace/cargo-home/bin/cargo" "+nightly-2024-10-28" "metadata" "--manifest-path" "Cargo.toml" "--no-deps", kill_on_drop: false }`
[INFO] started tweaking crates.io crate spotifyd 0.3.5
[INFO] finished tweaking crates.io crate spotifyd 0.3.5
[INFO] tweaked toml for crates.io crate spotifyd 0.3.5 written to /workspace/builds/worker-4-tc1/source/Cargo.toml
[INFO] crate crates.io crate spotifyd 0.3.5 already has a lockfile, it will not be regenerated
[INFO] running `Command { std: CARGO_HOME="/workspace/cargo-home" RUSTUP_HOME="/workspace/rustup-home" "/workspace/cargo-home/bin/cargo" "+nightly-2024-10-28" "fetch" "--manifest-path" "Cargo.toml", kill_on_drop: false }`
[INFO] [stderr]     Updating crates.io index
[INFO] [stderr]  Downloading crates ...
[INFO] [stderr]   Downloaded whoami v1.4.0
[INFO] [stderr]   Downloaded syslog v6.0.1
[INFO] [stderr]   Downloaded enum_dispatch v0.3.11
[INFO] [stderr]   Downloaded cxxbridge-flags v1.0.94
[INFO] [stderr]   Downloaded librespot-metadata v0.4.2
[INFO] [stderr]   Downloaded cxx-build v1.0.94
[INFO] [stderr]   Downloaded aes-ctr v0.6.0
[INFO] [stderr]   Downloaded rspotify-http v0.11.6
[INFO] [stderr]   Downloaded gethostname v0.4.2
[INFO] [stderr]   Downloaded linux-keyutils v0.2.3
[INFO] [stderr]   Downloaded zbus_macros v3.12.0
[INFO] [stderr]   Downloaded portaudio-rs v0.3.2
[INFO] [stderr]   Downloaded ureq v2.6.2
[INFO] [stderr]   Downloaded cxxbridge-macro v1.0.94
[INFO] [stderr]   Downloaded zbus v3.12.0
[INFO] [stderr]   Downloaded cxx v1.0.94
[INFO] [stderr]   Downloaded libpulse-binding v2.27.1
[INFO] [stderr]   Downloaded rustix v0.37.13
[INFO] [stderr]   Downloaded keyring v2.0.2
[INFO] [stderr]   Downloaded libpulse-sys v1.20.1
[INFO] [stderr]   Downloaded priority-queue v1.3.1
[INFO] [stderr]   Downloaded zerocopy-derive v0.3.2
[INFO] [stderr]   Downloaded librespot-core v0.4.2
[INFO] [stderr]   Downloaded zerocopy v0.6.1
[INFO] [stderr]   Downloaded librespot-playback v0.4.2
[INFO] [stderr]   Downloaded cookie_store v0.19.0
[INFO] [stderr]   Downloaded if-addrs v0.7.0
[INFO] [stderr]   Downloaded librespot-discovery v0.4.2
[INFO] [stderr]   Downloaded librespot-connect v0.4.2
[INFO] [stderr]   Downloaded rspotify-macros v0.11.6
[INFO] [stderr]   Downloaded libmdns v0.7.5
[INFO] [stderr]   Downloaded linux-raw-sys v0.3.3
[INFO] [stderr]   Downloaded libpulse-simple-sys v1.20.1
[INFO] [stderr]   Downloaded libpulse-simple-binding v2.27.1
[INFO] [stderr]   Downloaded librespot-audio v0.4.2
[INFO] [stderr]   Downloaded hyper-proxy v0.9.1
[INFO] [stderr]   Downloaded librespot-protocol v0.4.2
[INFO] [stderr]   Downloaded maybe-async v0.2.7
[INFO] [stderr]   Downloaded vergen v3.2.0
[INFO] [stderr]   Downloaded rspotify-model v0.11.6
[INFO] [stderr]   Downloaded shannon v0.2.0
[INFO] [stderr]   Downloaded portaudio-sys v0.1.1
[INFO] [stderr]   Downloaded rspotify v0.11.6
[INFO] running `Command { std: "docker" "create" "-v" "/var/lib/crater-agent-workspace/builds/worker-4-tc1/target:/opt/rustwide/target:rw,Z" "-v" "/var/lib/crater-agent-workspace/builds/worker-4-tc1/source:/opt/rustwide/workdir:ro,Z" "-v" "/var/lib/crater-agent-workspace/cargo-home:/opt/rustwide/cargo-home:ro,Z" "-v" "/var/lib/crater-agent-workspace/rustup-home:/opt/rustwide/rustup-home:ro,Z" "-e" "SOURCE_DIR=/opt/rustwide/workdir" "-e" "CARGO_TARGET_DIR=/opt/rustwide/target" "-e" "CARGO_HOME=/opt/rustwide/cargo-home" "-e" "RUSTUP_HOME=/opt/rustwide/rustup-home" "-w" "/opt/rustwide/workdir" "-m" "1610612736" "--user" "0:0" "--network" "none" "ghcr.io/rust-lang/crates-build-env/linux@sha256:4a844ea9eb2546a2d2c7022eacef16ef2e8229c7fbb2c7d4d55a9ceca922f72d" "/opt/rustwide/cargo-home/bin/cargo" "+nightly-2024-10-28" "metadata" "--no-deps" "--format-version=1", kill_on_drop: false }`
[INFO] [stdout] 738c2f838883efb8e5a7f34dba3d08f90e61b2767bcd3afacd9f93907d6fba8b
[INFO] running `Command { std: "docker" "start" "-a" "738c2f838883efb8e5a7f34dba3d08f90e61b2767bcd3afacd9f93907d6fba8b", kill_on_drop: false }`
[INFO] running `Command { std: "docker" "inspect" "738c2f838883efb8e5a7f34dba3d08f90e61b2767bcd3afacd9f93907d6fba8b", kill_on_drop: false }`
[INFO] running `Command { std: "docker" "rm" "-f" "738c2f838883efb8e5a7f34dba3d08f90e61b2767bcd3afacd9f93907d6fba8b", kill_on_drop: false }`
[INFO] [stdout] 738c2f838883efb8e5a7f34dba3d08f90e61b2767bcd3afacd9f93907d6fba8b
[INFO] running `Command { std: "docker" "create" "-v" "/var/lib/crater-agent-workspace/builds/worker-4-tc1/target:/opt/rustwide/target:rw,Z" "-v" "/var/lib/crater-agent-workspace/builds/worker-4-tc1/source:/opt/rustwide/workdir:ro,Z" "-v" "/var/lib/crater-agent-workspace/cargo-home:/opt/rustwide/cargo-home:ro,Z" "-v" "/var/lib/crater-agent-workspace/rustup-home:/opt/rustwide/rustup-home:ro,Z" "-e" "SOURCE_DIR=/opt/rustwide/workdir" "-e" "CARGO_TARGET_DIR=/opt/rustwide/target" "-e" "CARGO_INCREMENTAL=0" "-e" "RUST_BACKTRACE=full" "-e" "RUSTFLAGS=--cap-lints=forbid" "-e" "RUSTDOCFLAGS=--cap-lints=forbid" "-e" "CARGO_HOME=/opt/rustwide/cargo-home" "-e" "RUSTUP_HOME=/opt/rustwide/rustup-home" "-w" "/opt/rustwide/workdir" "-m" "1610612736" "--user" "0:0" "--network" "none" "ghcr.io/rust-lang/crates-build-env/linux@sha256:4a844ea9eb2546a2d2c7022eacef16ef2e8229c7fbb2c7d4d55a9ceca922f72d" "/opt/rustwide/cargo-home/bin/cargo" "+nightly-2024-10-28" "build" "--frozen" "--message-format=json", kill_on_drop: false }`
[INFO] [stdout] e88272c75489a7f86ec4cffc3799d285466129eca49950ec621097a8a99c528f
[INFO] running `Command { std: "docker" "start" "-a" "e88272c75489a7f86ec4cffc3799d285466129eca49950ec621097a8a99c528f", kill_on_drop: false }`
[INFO] [stderr]    Compiling libc v0.2.142
[INFO] [stderr]    Compiling autocfg v1.1.0
[INFO] [stderr]    Compiling version_check v0.9.4
[INFO] [stderr]    Compiling proc-macro2 v1.0.56
[INFO] [stderr]    Compiling unicode-ident v1.0.8
[INFO] [stderr]    Compiling quote v1.0.26
[INFO] [stderr]    Compiling typenum v1.16.0
[INFO] [stderr]    Compiling memchr v2.5.0
[INFO] [stderr]    Compiling pin-project-lite v0.2.9
[INFO] [stderr]    Compiling cc v1.0.79
[INFO] [stderr]    Compiling log v0.4.17
[INFO] [stderr]    Compiling libm v0.2.6
[INFO] [stderr]    Compiling gimli v0.27.2
[INFO] [stderr]    Compiling futures-core v0.3.28
[INFO] [stderr]    Compiling once_cell v1.17.1
[INFO] [stderr]    Compiling adler v1.0.2
[INFO] [stderr]    Compiling bytes v1.4.0
[INFO] [stderr]    Compiling miniz_oxide v0.6.2
[INFO] [stderr]    Compiling itoa v1.0.6
[INFO] [stderr]    Compiling rustc-demangle v0.1.23
[INFO] [stderr]    Compiling serde_derive v1.0.160
[INFO] [stderr]    Compiling fixedbitset v0.4.2
[INFO] [stderr]    Compiling parking_lot_core v0.9.7
[INFO] [stdout] error[E0422]: cannot find struct, variant or union type `LineColumn` in crate `proc_macro`
[INFO] [stdout]    --> /opt/rustwide/cargo-home/registry/src/index.crates.io-6f17d22bba15001f/proc-macro2-1.0.56/src/wrapper.rs:475:33
[INFO] [stdout]     |
[INFO] [stdout] 475 |                 let proc_macro::LineColumn { line, column } = s.start();
[INFO] [stdout]     |                                 ^^^^^^^^^^ not found in `proc_macro`
[INFO] [stdout]     |
[INFO] [stdout] help: consider importing this struct through its public re-export
[INFO] [stdout]     |
[INFO] [stdout] 1   + use crate::LineColumn;
[INFO] [stdout]     |
[INFO] [stdout] help: if you import `LineColumn`, refer to it directly
[INFO] [stdout]     |
[INFO] [stdout] 475 -                 let proc_macro::LineColumn { line, column } = s.start();
[INFO] [stdout] 475 +                 let LineColumn { line, column } = s.start();
[INFO] [stdout]     |
[INFO] [stdout] 
[INFO] [stdout] 
[INFO] [stdout] error[E0422]: cannot find struct, variant or union type `LineColumn` in crate `proc_macro`
[INFO] [stdout]    --> /opt/rustwide/cargo-home/registry/src/index.crates.io-6f17d22bba15001f/proc-macro2-1.0.56/src/wrapper.rs:489:33
[INFO] [stdout]     |
[INFO] [stdout] 489 |                 let proc_macro::LineColumn { line, column } = s.end();
[INFO] [stdout]     |                                 ^^^^^^^^^^ not found in `proc_macro`
[INFO] [stdout]     |
[INFO] [stdout] help: consider importing this struct through its public re-export
[INFO] [stdout]     |
[INFO] [stdout] 1   + use crate::LineColumn;
[INFO] [stdout]     |
[INFO] [stdout] help: if you import `LineColumn`, refer to it directly
[INFO] [stdout]     |
[INFO] [stdout] 489 -                 let proc_macro::LineColumn { line, column } = s.end();
[INFO] [stdout] 489 +                 let LineColumn { line, column } = s.end();
[INFO] [stdout]     |
[INFO] [stdout] 
[INFO] [stdout] 
[INFO] [stderr]    Compiling serde v1.0.160
[INFO] [stderr]    Compiling generic-array v0.14.7
[INFO] [stderr]    Compiling tracing-core v0.1.30
[INFO] [stderr]    Compiling indexmap v1.9.3
[INFO] [stdout] error[E0635]: unknown feature `proc_macro_span_shrink`
[INFO] [stdout]   --> /opt/rustwide/cargo-home/registry/src/index.crates.io-6f17d22bba15001f/proc-macro2-1.0.56/src/lib.rs:92:30
[INFO] [stdout]    |
[INFO] [stdout] 92 |     feature(proc_macro_span, proc_macro_span_shrink)
[INFO] [stdout]    |                              ^^^^^^^^^^^^^^^^^^^^^^
[INFO] [stdout] 
[INFO] [stdout] 
[INFO] [stderr]    Compiling num-traits v0.2.15
[INFO] [stderr]    Compiling lock_api v0.4.9
[INFO] [stderr]    Compiling num-integer v0.1.45
[INFO] [stderr]    Compiling slab v0.4.8
[INFO] [stderr]    Compiling futures-sink v0.3.28
[INFO] [stderr]    Compiling scopeguard v1.1.0
[INFO] [stderr]    Compiling object v0.30.3
[INFO] [stderr]    Compiling futures-task v0.3.28
[INFO] [stderr]    Compiling futures-channel v0.3.28
[INFO] [stderr]    Compiling smallvec v1.10.0
[INFO] [stdout] Some errors have detailed explanations: E0422, E0635.
[INFO] [stdout] 
[INFO] [stdout] For more information about an error, try `rustc --explain E0422`.
[INFO] [stdout] 
[INFO] [stderr] error: could not compile `proc-macro2` (lib) due to 3 previous errors
[INFO] [stderr] warning: build failed, waiting for other jobs to finish...
[INFO] running `Command { std: "docker" "inspect" "e88272c75489a7f86ec4cffc3799d285466129eca49950ec621097a8a99c528f", kill_on_drop: false }`
[INFO] running `Command { std: "docker" "rm" "-f" "e88272c75489a7f86ec4cffc3799d285466129eca49950ec621097a8a99c528f", kill_on_drop: false }`
[INFO] [stdout] e88272c75489a7f86ec4cffc3799d285466129eca49950ec621097a8a99c528f
