[INFO] fetching crate spitfire 0.29.1...
[INFO] testing spitfire-0.29.1 against nightly-2024-10-28+rustflags=-Zrandomize-layout for randomize-layout
[INFO] extracting crate spitfire 0.29.1 into /workspace/builds/worker-0-tc2/source
[INFO] validating manifest of crates.io crate spitfire 0.29.1 on toolchain nightly-2024-10-28
[INFO] running `Command { std: CARGO_HOME="/workspace/cargo-home" RUSTUP_HOME="/workspace/rustup-home" "/workspace/cargo-home/bin/cargo" "+nightly-2024-10-28" "metadata" "--manifest-path" "Cargo.toml" "--no-deps", kill_on_drop: false }`
[INFO] started tweaking crates.io crate spitfire 0.29.1
[INFO] removed 0 missing examples
[INFO] finished tweaking crates.io crate spitfire 0.29.1
[INFO] tweaked toml for crates.io crate spitfire 0.29.1 written to /workspace/builds/worker-0-tc2/source/Cargo.toml
[INFO] crate crates.io crate spitfire 0.29.1 already has a lockfile, it will not be regenerated
[INFO] running `Command { std: CARGO_HOME="/workspace/cargo-home" RUSTUP_HOME="/workspace/rustup-home" "/workspace/cargo-home/bin/cargo" "+nightly-2024-10-28" "fetch" "--manifest-path" "Cargo.toml", kill_on_drop: false }`
[INFO] running `Command { std: "docker" "create" "-v" "/var/lib/crater-agent-workspace/builds/worker-0-tc2/target:/opt/rustwide/target:rw,Z" "-v" "/var/lib/crater-agent-workspace/builds/worker-0-tc2/source:/opt/rustwide/workdir:ro,Z" "-v" "/var/lib/crater-agent-workspace/cargo-home:/opt/rustwide/cargo-home:ro,Z" "-v" "/var/lib/crater-agent-workspace/rustup-home:/opt/rustwide/rustup-home:ro,Z" "-e" "SOURCE_DIR=/opt/rustwide/workdir" "-e" "CARGO_TARGET_DIR=/opt/rustwide/target" "-e" "CARGO_HOME=/opt/rustwide/cargo-home" "-e" "RUSTUP_HOME=/opt/rustwide/rustup-home" "-w" "/opt/rustwide/workdir" "-m" "1610612736" "--user" "0:0" "--network" "none" "ghcr.io/rust-lang/crates-build-env/linux@sha256:4a844ea9eb2546a2d2c7022eacef16ef2e8229c7fbb2c7d4d55a9ceca922f72d" "/opt/rustwide/cargo-home/bin/cargo" "+nightly-2024-10-28" "metadata" "--no-deps" "--format-version=1", kill_on_drop: false }`
[INFO] [stdout] c11463dbeffcd439faae9888a47ff159151682853f666415fde2297ab4d58bef
[INFO] running `Command { std: "docker" "start" "-a" "c11463dbeffcd439faae9888a47ff159151682853f666415fde2297ab4d58bef", kill_on_drop: false }`
[INFO] running `Command { std: "docker" "inspect" "c11463dbeffcd439faae9888a47ff159151682853f666415fde2297ab4d58bef", kill_on_drop: false }`
[INFO] running `Command { std: "docker" "rm" "-f" "c11463dbeffcd439faae9888a47ff159151682853f666415fde2297ab4d58bef", kill_on_drop: false }`
[INFO] [stdout] c11463dbeffcd439faae9888a47ff159151682853f666415fde2297ab4d58bef
[INFO] running `Command { std: "docker" "create" "-v" "/var/lib/crater-agent-workspace/builds/worker-0-tc2/target:/opt/rustwide/target:rw,Z" "-v" "/var/lib/crater-agent-workspace/builds/worker-0-tc2/source:/opt/rustwide/workdir:ro,Z" "-v" "/var/lib/crater-agent-workspace/cargo-home:/opt/rustwide/cargo-home:ro,Z" "-v" "/var/lib/crater-agent-workspace/rustup-home:/opt/rustwide/rustup-home:ro,Z" "-e" "SOURCE_DIR=/opt/rustwide/workdir" "-e" "CARGO_TARGET_DIR=/opt/rustwide/target" "-e" "CARGO_INCREMENTAL=0" "-e" "RUST_BACKTRACE=full" "-e" "RUSTFLAGS=--cap-lints=forbid -Zrandomize-layout" "-e" "RUSTDOCFLAGS=--cap-lints=forbid" "-e" "CARGO_HOME=/opt/rustwide/cargo-home" "-e" "RUSTUP_HOME=/opt/rustwide/rustup-home" "-w" "/opt/rustwide/workdir" "-m" "1610612736" "--user" "0:0" "--network" "none" "ghcr.io/rust-lang/crates-build-env/linux@sha256:4a844ea9eb2546a2d2c7022eacef16ef2e8229c7fbb2c7d4d55a9ceca922f72d" "/opt/rustwide/cargo-home/bin/cargo" "+nightly-2024-10-28" "build" "--frozen" "--message-format=json", kill_on_drop: false }`
[INFO] [stdout] 3a01f31953ec419820175b4c952631eb86e00311ef82f418c3b6eb503ea0179d
[INFO] running `Command { std: "docker" "start" "-a" "3a01f31953ec419820175b4c952631eb86e00311ef82f418c3b6eb503ea0179d", kill_on_drop: false }`
[INFO] [stderr]    Compiling proc-macro2 v1.0.87
[INFO] [stderr]    Compiling unicode-ident v1.0.13
[INFO] [stderr]    Compiling quote v1.0.37
[INFO] [stderr]    Compiling syn v2.0.79
[INFO] [stderr]    Compiling bytemuck_derive v1.8.0
[INFO] [stderr]    Compiling bytemuck v1.18.0
[INFO] [stderr]    Compiling spitfire-core v0.29.1
[INFO] [stderr]    Compiling spitfire v0.29.1 (/opt/rustwide/workdir)
[INFO] [stderr]     Finished `dev` profile [unoptimized + debuginfo] target(s) in 3.03s
[INFO] running `Command { std: "docker" "inspect" "3a01f31953ec419820175b4c952631eb86e00311ef82f418c3b6eb503ea0179d", kill_on_drop: false }`
[INFO] running `Command { std: "docker" "rm" "-f" "3a01f31953ec419820175b4c952631eb86e00311ef82f418c3b6eb503ea0179d", kill_on_drop: false }`
[INFO] [stdout] 3a01f31953ec419820175b4c952631eb86e00311ef82f418c3b6eb503ea0179d
[INFO] running `Command { std: "docker" "create" "-v" "/var/lib/crater-agent-workspace/builds/worker-0-tc2/target:/opt/rustwide/target:rw,Z" "-v" "/var/lib/crater-agent-workspace/builds/worker-0-tc2/source:/opt/rustwide/workdir:ro,Z" "-v" "/var/lib/crater-agent-workspace/cargo-home:/opt/rustwide/cargo-home:ro,Z" "-v" "/var/lib/crater-agent-workspace/rustup-home:/opt/rustwide/rustup-home:ro,Z" "-e" "SOURCE_DIR=/opt/rustwide/workdir" "-e" "CARGO_TARGET_DIR=/opt/rustwide/target" "-e" "CARGO_INCREMENTAL=0" "-e" "RUST_BACKTRACE=full" "-e" "RUSTFLAGS=--cap-lints=forbid -Zrandomize-layout" "-e" "RUSTDOCFLAGS=--cap-lints=forbid" "-e" "CARGO_HOME=/opt/rustwide/cargo-home" "-e" "RUSTUP_HOME=/opt/rustwide/rustup-home" "-w" "/opt/rustwide/workdir" "-m" "1610612736" "--user" "0:0" "--network" "none" "ghcr.io/rust-lang/crates-build-env/linux@sha256:4a844ea9eb2546a2d2c7022eacef16ef2e8229c7fbb2c7d4d55a9ceca922f72d" "/opt/rustwide/cargo-home/bin/cargo" "+nightly-2024-10-28" "test" "--frozen" "--no-run" "--message-format=json", kill_on_drop: false }`
[INFO] [stdout] 707954fb5b9e7e754de87362b358dbc9212fa3d5550de8e38201492a916bf34a
[INFO] running `Command { std: "docker" "start" "-a" "707954fb5b9e7e754de87362b358dbc9212fa3d5550de8e38201492a916bf34a", kill_on_drop: false }`
[INFO] [stderr]    Compiling cfg-if v1.0.0
[INFO] [stderr]    Compiling libc v0.2.159
[INFO] [stderr]    Compiling autocfg v1.4.0
[INFO] [stderr]    Compiling xml-rs v0.8.22
[INFO] [stderr]    Compiling pkg-config v0.3.31
[INFO] [stderr]    Compiling smallvec v1.13.2
[INFO] [stderr]    Compiling once_cell v1.20.2
[INFO] [stderr]    Compiling bitflags v1.3.2
[INFO] [stderr]    Compiling log v0.4.22
[INFO] [stderr]    Compiling lazy_static v1.5.0
[INFO] [stderr]    Compiling serde v1.0.210
[INFO] [stderr]    Compiling khronos_api v3.1.0
[INFO] [stderr]    Compiling syn v1.0.109
[INFO] [stderr]    Compiling scoped-tls v1.0.1
[INFO] [stderr]    Compiling downcast-rs v1.2.1
[INFO] [stderr]    Compiling serde_derive v1.0.210
[INFO] [stderr]    Compiling libloading v0.8.5
[INFO] [stderr]    Compiling zerocopy-derive v0.7.35
[INFO] [stderr]    Compiling byteorder v1.5.0
[INFO] [stderr]    Compiling serde_json v1.0.128
[INFO] [stderr]    Compiling semver v1.0.23
[INFO] [stderr]    Compiling dlib v0.5.2
[INFO] [stderr]    Compiling ryu v1.0.18
[INFO] [stderr]    Compiling memchr v2.7.4
[INFO] [stderr]    Compiling version_check v0.9.5
[INFO] [stderr]    Compiling itoa v1.0.11
[INFO] [stderr]    Compiling parking_lot_core v0.8.6
[INFO] [stderr]    Compiling rustc-hash v2.0.0
[INFO] [stderr]    Compiling instant v0.1.13
[INFO] [stderr]    Compiling simd-adler32 v0.3.7
[INFO] [stderr]    Compiling scopeguard v1.2.0
[INFO] [stderr]    Compiling xcursor v0.3.8
[INFO] [stderr]    Compiling adler2 v2.0.0
[INFO] [stderr]    Compiling winit v0.26.1
[INFO] [stderr]    Compiling cty v0.2.2
[INFO] [stderr]    Compiling wayland-sys v0.29.5
[INFO] [stderr]    Compiling x11-dl v2.21.0
[INFO] [stderr]    Compiling smithay-client-toolkit v0.15.4
[INFO] [stderr]    Compiling memoffset v0.6.5
[INFO] [stderr]    Compiling num-traits v0.2.19
[INFO] [stderr]    Compiling lock_api v0.4.12
[INFO] [stderr]    Compiling raw-window-handle v0.4.3
[INFO] [stderr]    Compiling miniz_oxide v0.8.0
[INFO] [stderr]    Compiling crc32fast v1.4.2
[INFO] [stderr]    Compiling ahash v0.8.11
[INFO] [stderr]    Compiling rustc_version v0.4.1
[INFO] [stderr]    Compiling wayland-scanner v0.29.5
[INFO] [stderr]    Compiling gl_generator v0.14.0
[INFO] [stderr]    Compiling allocator-api2 v0.2.18
[INFO] [stderr]    Compiling percent-encoding v2.3.1
[INFO] [stderr]    Compiling fdeflate v0.3.5
[INFO] [stderr]    Compiling libloading v0.7.4
[INFO] [stderr]    Compiling ttf-parser v0.21.1
[INFO] [stderr]    Compiling vek v0.17.1
[INFO] [stderr]    Compiling flate2 v1.0.34
[INFO] [stderr]    Compiling getrandom v0.2.15
[INFO] [stderr]    Compiling nix v0.24.3
[INFO] [stderr]    Compiling nix v0.22.3
[INFO] [stderr]    Compiling glutin_egl_sys v0.1.6
[INFO] [stderr]    Compiling glutin_glx_sys v0.1.8
[INFO] [stderr]    Compiling memmap2 v0.3.1
[INFO] [stderr]    Compiling zerocopy v0.7.35
[INFO] [stderr]    Compiling rand_core v0.6.4
[INFO] [stderr]    Compiling shared_library v0.1.9
[INFO] [stderr]    Compiling mio v0.8.11
[INFO] [stderr]    Compiling approx v0.5.1
[INFO] [stderr]    Compiling osmesa-sys v0.1.2
[INFO] [stderr]    Compiling num-integer v0.1.46
[INFO] [stderr]    Compiling png v0.17.14
[INFO] [stderr]    Compiling parking_lot v0.11.2
[INFO] [stderr]    Compiling wayland-client v0.29.5
[INFO] [stderr]    Compiling wayland-protocols v0.29.5
[INFO] [stderr]    Compiling ppv-lite86 v0.2.20
[INFO] [stderr]    Compiling hashbrown v0.14.5
[INFO] [stderr]    Compiling wayland-commons v0.29.5
[INFO] [stderr]    Compiling rand_chacha v0.3.1
[INFO] [stderr]    Compiling fontdue v0.9.2
[INFO] [stderr]    Compiling rand v0.8.5
[INFO] [stderr]    Compiling calloop v0.9.3
[INFO] [stderr]    Compiling raui-derive v0.64.0
[INFO] [stderr]    Compiling wayland-cursor v0.29.5
[INFO] [stderr]    Compiling wayland-egl v0.29.5
[INFO] [stderr]    Compiling uuid v0.8.2
[INFO] [stderr]    Compiling typid v1.1.1
[INFO] [stderr]    Compiling intuicio-data v0.33.0
[INFO] [stderr]    Compiling raui-core v0.64.0
[INFO] [stderr]    Compiling raui-immediate v0.64.0
[INFO] [stderr]    Compiling raui-material v0.64.0
[INFO] [stderr]    Compiling raui-immediate-widgets v0.64.0
[INFO] [stderr]    Compiling glutin v0.28.0
[INFO] [stderr]    Compiling spitfire v0.29.1 (/opt/rustwide/workdir)
[INFO] [stdout] error[E0433]: failed to resolve: use of undeclared crate or module `spitfire_draw`
[INFO] [stdout]  --> examples/draw_to_surface.rs:1:5
[INFO] [stdout]   |
[INFO] [stdout] 1 | use spitfire_draw::prelude::*;
[INFO] [stdout]   |     ^^^^^^^^^^^^^ use of undeclared crate or module `spitfire_draw`
[INFO] [stdout]   |
[INFO] [stdout] help: there is a crate or module with a similar name
[INFO] [stdout]   |
[INFO] [stdout] 1 | use spitfire_core::prelude::*;
[INFO] [stdout]   |     ~~~~~~~~~~~~~
[INFO] [stdout] 
[INFO] [stdout] 
[INFO] [stdout] error[E0433]: failed to resolve: use of undeclared crate or module `spitfire_glow`
[INFO] [stdout]  --> examples/draw_to_surface.rs:2:5
[INFO] [stdout]   |
[INFO] [stdout] 2 | use spitfire_glow::prelude::*;
[INFO] [stdout]   |     ^^^^^^^^^^^^^ use of undeclared crate or module `spitfire_glow`
[INFO] [stdout]   |
[INFO] [stdout] help: there is a crate or module with a similar name
[INFO] [stdout]   |
[INFO] [stdout] 2 | use spitfire_core::prelude::*;
[INFO] [stdout]   |     ~~~~~~~~~~~~~
[INFO] [stdout] 
[INFO] [stdout] 
[INFO] [stdout] error[E0432]: unresolved imports `spitfire_draw::prelude::*`, `spitfire_glow::prelude::*`
[INFO] [stdout]  --> examples/draw_to_surface.rs:1:5
[INFO] [stdout]   |
[INFO] [stdout] 1 | use spitfire_draw::prelude::*;
[INFO] [stdout]   |     ^^^^^^^^^^^^^^^^^^^^^^^^^
[INFO] [stdout] 2 | use spitfire_glow::prelude::*;
[INFO] [stdout]   |     ^^^^^^^^^^^^^^^^^^^^^^^^^
[INFO] [stdout] 
[INFO] [stdout] 
[INFO] [stdout] error: couldn't read `examples/../../../resources/Roboto-Regular.ttf`: No such file or directory (os error 2)
[INFO] [stdout]    --> examples/hello_world.rs:116:17
[INFO] [stdout]     |
[INFO] [stdout] 116 |                 include_bytes!("../../../resources/Roboto-Regular.ttf") as &[_],
[INFO] [stdout]     |                 ^^^^^^^^^^^^^^^^^^^^^^^^^^^^^^^^^^^^^^^^^^^^^^^^^^^^^^^
[INFO] [stdout]     |
[INFO] [stdout]     = note: this error originates in the macro `include_bytes` (in Nightly builds, run with -Z macro-backtrace for more info)
[INFO] [stdout] 
[INFO] [stdout] 
[INFO] [stdout] error: couldn't read `examples/../../../resources/Roboto-Regular.ttf`: No such file or directory (os error 2)
[INFO] [stdout]   --> examples/gui.rs:50:17
[INFO] [stdout]    |
[INFO] [stdout] 50 |                 include_bytes!("../../../resources/Roboto-Regular.ttf") as &[_],
[INFO] [stdout]    |                 ^^^^^^^^^^^^^^^^^^^^^^^^^^^^^^^^^^^^^^^^^^^^^^^^^^^^^^^
[INFO] [stdout]    |
[INFO] [stdout]    = note: this error originates in the macro `include_bytes` (in Nightly builds, run with -Z macro-backtrace for more info)
[INFO] [stdout] 
[INFO] [stdout] 
[INFO] [stdout] error[E0433]: failed to resolve: use of undeclared crate or module `spitfire_draw`
[INFO] [stdout]  --> examples/gui.rs:3:5
[INFO] [stdout]   |
[INFO] [stdout] 3 | use spitfire_draw::prelude::*;
[INFO] [stdout]   |     ^^^^^^^^^^^^^ use of undeclared crate or module `spitfire_draw`
[INFO] [stdout]   |
[INFO] [stdout] help: there is a crate or module with a similar name
[INFO] [stdout]   |
[INFO] [stdout] 3 | use spitfire_core::prelude::*;
[INFO] [stdout]   |     ~~~~~~~~~~~~~
[INFO] [stdout] 
[INFO] [stdout] 
[INFO] [stdout] error[E0433]: failed to resolve: use of undeclared crate or module `spitfire_glow`
[INFO] [stdout]  --> examples/gui.rs:4:5
[INFO] [stdout]   |
[INFO] [stdout] 4 | use spitfire_glow::prelude::*;
[INFO] [stdout]   |     ^^^^^^^^^^^^^ use of undeclared crate or module `spitfire_glow`
[INFO] [stdout]   |
[INFO] [stdout] help: there is a crate or module with a similar name
[INFO] [stdout]   |
[INFO] [stdout] 4 | use spitfire_core::prelude::*;
[INFO] [stdout]   |     ~~~~~~~~~~~~~
[INFO] [stdout] 
[INFO] [stdout] 
[INFO] [stdout] error[E0433]: failed to resolve: use of undeclared crate or module `spitfire_gui`
[INFO] [stdout]  --> examples/gui.rs:5:5
[INFO] [stdout]   |
[INFO] [stdout] 5 | use spitfire_gui::prelude::*;
[INFO] [stdout]   |     ^^^^^^^^^^^^ use of undeclared crate or module `spitfire_gui`
[INFO] [stdout]   |
[INFO] [stdout] help: there is a crate or module with a similar name
[INFO] [stdout]   |
[INFO] [stdout] 5 | use spitfire::prelude::*;
[INFO] [stdout]   |     ~~~~~~~~
[INFO] [stdout] 
[INFO] [stdout] 
[INFO] [stdout] error[E0432]: unresolved imports `spitfire_draw::prelude::*`, `spitfire_glow::prelude::*`, `spitfire_gui::prelude::*`
[INFO] [stdout]  --> examples/gui.rs:3:5
[INFO] [stdout]   |
[INFO] [stdout] 3 | use spitfire_draw::prelude::*;
[INFO] [stdout]   |     ^^^^^^^^^^^^^^^^^^^^^^^^^
[INFO] [stdout] 4 | use spitfire_glow::prelude::*;
[INFO] [stdout]   |     ^^^^^^^^^^^^^^^^^^^^^^^^^
[INFO] [stdout] 5 | use spitfire_gui::prelude::*;
[INFO] [stdout]   |     ^^^^^^^^^^^^^^^^^^^^^^^^
[INFO] [stdout] 
[INFO] [stdout] 
[INFO] [stdout] error: couldn't read `examples/../../../resources/Roboto-Regular.ttf`: No such file or directory (os error 2)
[INFO] [stdout]   --> examples/draw.rs:97:17
[INFO] [stdout]    |
[INFO] [stdout] 97 |                 include_bytes!("../../../resources/Roboto-Regular.ttf") as &[_],
[INFO] [stdout]    |                 ^^^^^^^^^^^^^^^^^^^^^^^^^^^^^^^^^^^^^^^^^^^^^^^^^^^^^^^
[INFO] [stdout]    |
[INFO] [stdout]    = note: this error originates in the macro `include_bytes` (in Nightly builds, run with -Z macro-backtrace for more info)
[INFO] [stdout] 
[INFO] [stdout] 
[INFO] [stdout] error[E0433]: failed to resolve: use of undeclared crate or module `spitfire_draw`
[INFO] [stdout]  --> examples/draw.rs:3:5
[INFO] [stdout]   |
[INFO] [stdout] 3 | use spitfire_draw::prelude::*;
[INFO] [stdout]   |     ^^^^^^^^^^^^^ use of undeclared crate or module `spitfire_draw`
[INFO] [stdout]   |
[INFO] [stdout] help: there is a crate or module with a similar name
[INFO] [stdout]   |
[INFO] [stdout] 3 | use spitfire_core::prelude::*;
[INFO] [stdout]   |     ~~~~~~~~~~~~~
[INFO] [stdout] 
[INFO] [stdout] 
[INFO] [stdout] error[E0433]: failed to resolve: use of undeclared crate or module `spitfire_glow`
[INFO] [stdout]  --> examples/draw.rs:4:5
[INFO] [stdout]   |
[INFO] [stdout] 4 | use spitfire_glow::prelude::*;
[INFO] [stdout]   |     ^^^^^^^^^^^^^ use of undeclared crate or module `spitfire_glow`
[INFO] [stdout]   |
[INFO] [stdout] help: there is a crate or module with a similar name
[INFO] [stdout]   |
[INFO] [stdout] 4 | use spitfire_core::prelude::*;
[INFO] [stdout]   |     ~~~~~~~~~~~~~
[INFO] [stdout] 
[INFO] [stdout] 
[INFO] [stdout] error[E0432]: unresolved imports `spitfire_draw::prelude::*`, `spitfire_glow::prelude::*`
[INFO] [stdout]  --> examples/draw.rs:3:5
[INFO] [stdout]   |
[INFO] [stdout] 3 | use spitfire_draw::prelude::*;
[INFO] [stdout]   |     ^^^^^^^^^^^^^^^^^^^^^^^^^
[INFO] [stdout] 4 | use spitfire_glow::prelude::*;
[INFO] [stdout]   |     ^^^^^^^^^^^^^^^^^^^^^^^^^
[INFO] [stdout] 
[INFO] [stdout] 
[INFO] [stdout] error[E0433]: failed to resolve: use of undeclared crate or module `spitfire_draw`
[INFO] [stdout]  --> examples/input.rs:5:5
[INFO] [stdout]   |
[INFO] [stdout] 5 | use spitfire_draw::prelude::*;
[INFO] [stdout]   |     ^^^^^^^^^^^^^ use of undeclared crate or module `spitfire_draw`
[INFO] [stdout]   |
[INFO] [stdout] help: there is a crate or module with a similar name
[INFO] [stdout]   |
[INFO] [stdout] 5 | use spitfire_core::prelude::*;
[INFO] [stdout]   |     ~~~~~~~~~~~~~
[INFO] [stdout] 
[INFO] [stdout] 
[INFO] [stdout] error[E0433]: failed to resolve: use of undeclared crate or module `spitfire_glow`
[INFO] [stdout]  --> examples/input.rs:6:5
[INFO] [stdout]   |
[INFO] [stdout] 6 | use spitfire_glow::prelude::*;
[INFO] [stdout]   |     ^^^^^^^^^^^^^ use of undeclared crate or module `spitfire_glow`
[INFO] [stdout]   |
[INFO] [stdout] help: there is a crate or module with a similar name
[INFO] [stdout]   |
[INFO] [stdout] 6 | use spitfire_core::prelude::*;
[INFO] [stdout]   |     ~~~~~~~~~~~~~
[INFO] [stdout] 
[INFO] [stdout] 
[INFO] [stdout] error[E0433]: failed to resolve: use of undeclared crate or module `spitfire_draw`
[INFO] [stdout]  --> examples/game.rs:8:5
[INFO] [stdout]   |
[INFO] [stdout] 8 | use spitfire_draw::prelude::*;
[INFO] [stdout]   |     ^^^^^^^^^^^^^ use of undeclared crate or module `spitfire_draw`
[INFO] [stdout]   |
[INFO] [stdout] help: there is a crate or module with a similar name
[INFO] [stdout]   |
[INFO] [stdout] 8 | use spitfire_core::prelude::*;
[INFO] [stdout]   |     ~~~~~~~~~~~~~
[INFO] [stdout] 
[INFO] [stdout] 
[INFO] [stdout] error[E0433]: failed to resolve: use of undeclared crate or module `spitfire_glow`
[INFO] [stdout]  --> examples/game.rs:9:5
[INFO] [stdout]   |
[INFO] [stdout] 9 | use spitfire_glow::prelude::*;
[INFO] [stdout]   |     ^^^^^^^^^^^^^ use of undeclared crate or module `spitfire_glow`
[INFO] [stdout]   |
[INFO] [stdout] help: there is a crate or module with a similar name
[INFO] [stdout]   |
[INFO] [stdout] 9 | use spitfire_core::prelude::*;
[INFO] [stdout]   |     ~~~~~~~~~~~~~
[INFO] [stdout] 
[INFO] [stdout] 
[INFO] [stdout] error[E0433]: failed to resolve: use of undeclared crate or module `spitfire_gui`
[INFO] [stdout]   --> examples/game.rs:10:5
[INFO] [stdout]    |
[INFO] [stdout] 10 | use spitfire_gui::prelude::*;
[INFO] [stdout]    |     ^^^^^^^^^^^^ use of undeclared crate or module `spitfire_gui`
[INFO] [stdout]    |
[INFO] [stdout] help: there is a crate or module with a similar name
[INFO] [stdout]    |
[INFO] [stdout] 10 | use spitfire::prelude::*;
[INFO] [stdout]    |     ~~~~~~~~
[INFO] [stdout] 
[INFO] [stdout] 
[INFO] [stdout] error[E0432]: unresolved import `spitfire_input`
[INFO] [stdout]   --> examples/game.rs:11:5
[INFO] [stdout]    |
[INFO] [stdout] 11 | use spitfire_input::*;
[INFO] [stdout]    |     ^^^^^^^^^^^^^^ use of undeclared crate or module `spitfire_input`
[INFO] [stdout] 
[INFO] [stdout] 
[INFO] [stdout] error[E0432]: unresolved import `spitfire_input`
[INFO] [stdout]  --> examples/input.rs:7:5
[INFO] [stdout]   |
[INFO] [stdout] 7 | use spitfire_input::*;
[INFO] [stdout]   |     ^^^^^^^^^^^^^^ use of undeclared crate or module `spitfire_input`
[INFO] [stdout] 
[INFO] [stdout] 
[INFO] [stdout] error[E0433]: failed to resolve: use of undeclared crate or module `spitfire_glow`
[INFO] [stdout]  --> examples/hello_world.rs:7:5
[INFO] [stdout]   |
[INFO] [stdout] 7 | use spitfire_glow::prelude::*;
[INFO] [stdout]   |     ^^^^^^^^^^^^^ use of undeclared crate or module `spitfire_glow`
[INFO] [stdout]   |
[INFO] [stdout] help: there is a crate or module with a similar name
[INFO] [stdout]   |
[INFO] [stdout] 7 | use spitfire_core::prelude::*;
[INFO] [stdout]   |     ~~~~~~~~~~~~~
[INFO] [stdout] 
[INFO] [stdout] 
[INFO] [stdout] error[E0432]: unresolved import `spitfire_fontdue`
[INFO] [stdout]  --> examples/hello_world.rs:6:5
[INFO] [stdout]   |
[INFO] [stdout] 6 | use spitfire_fontdue::*;
[INFO] [stdout]   |     ^^^^^^^^^^^^^^^^ use of undeclared crate or module `spitfire_fontdue`
[INFO] [stdout]   |
[INFO] [stdout] help: there is a crate or module with a similar name
[INFO] [stdout]   |
[INFO] [stdout] 6 | use spitfire_core::*;
[INFO] [stdout]   |     ~~~~~~~~~~~~~
[INFO] [stdout] 
[INFO] [stdout] 
[INFO] [stdout] error[E0412]: cannot find type `DrawContext` in this scope
[INFO] [stdout]   --> examples/gui.rs:10:11
[INFO] [stdout]    |
[INFO] [stdout] 10 |     draw: DrawContext,
[INFO] [stdout]    |           ^^^^^^^^^^^ not found in this scope
[INFO] [stdout] 
[INFO] [stdout] 
[INFO] [stdout] error[E0412]: cannot find type `GuiContext` in this scope
[INFO] [stdout]   --> examples/gui.rs:13:10
[INFO] [stdout]    |
[INFO] [stdout] 13 |     gui: GuiContext,
[INFO] [stdout]    |          ^^^^^^^^^^ not found in this scope
[INFO] [stdout] 
[INFO] [stdout] 
[INFO] [stdout] error[E0405]: cannot find trait `AppState` in this scope
[INFO] [stdout]   --> examples/gui.rs:16:6
[INFO] [stdout]    |
[INFO] [stdout] 16 | impl AppState<Vertex> for State {
[INFO] [stdout]    |      ^^^^^^^^ not found in this scope
[INFO] [stdout] 
[INFO] [stdout] 
[INFO] [stdout] error[E0412]: cannot find type `Vertex` in this scope
[INFO] [stdout]   --> examples/gui.rs:16:15
[INFO] [stdout]    |
[INFO] [stdout] 16 | impl AppState<Vertex> for State {
[INFO] [stdout]    |               ^^^^^^ not found in this scope
[INFO] [stdout]    |
[INFO] [stdout] help: you might be missing a type parameter
[INFO] [stdout]    |
[INFO] [stdout] 16 | impl<Vertex> AppState<Vertex> for State {
[INFO] [stdout]    |     ++++++++
[INFO] [stdout] 
[INFO] [stdout] 
[INFO] [stdout] error[E0412]: cannot find type `Graphics` in this scope
[INFO] [stdout]   --> examples/gui.rs:17:42
[INFO] [stdout]    |
[INFO] [stdout] 17 |     fn on_init(&mut self, graphics: &mut Graphics<Vertex>) {
[INFO] [stdout]    |                                          ^^^^^^^^ not found in this scope
[INFO] [stdout] 
[INFO] [stdout] 
[INFO] [stdout] error[E0412]: cannot find type `Vertex` in this scope
[INFO] [stdout]   --> examples/gui.rs:17:51
[INFO] [stdout]    |
[INFO] [stdout] 17 |     fn on_init(&mut self, graphics: &mut Graphics<Vertex>) {
[INFO] [stdout]    |                                                   ^^^^^^ not found in this scope
[INFO] [stdout]    |
[INFO] [stdout] help: you might be missing a type parameter
[INFO] [stdout]    |
[INFO] [stdout] 16 | impl<Vertex> AppState<Vertex> for State {
[INFO] [stdout]    |     ++++++++
[INFO] [stdout] 
[INFO] [stdout] 
[INFO] [stdout] error[E0412]: cannot find type `Graphics` in this scope
[INFO] [stdout]   --> examples/gui.rs:57:44
[INFO] [stdout]    |
[INFO] [stdout] 57 |     fn on_redraw(&mut self, graphics: &mut Graphics<Vertex>) {
[INFO] [stdout]    |                                            ^^^^^^^^ not found in this scope
[INFO] [stdout] 
[INFO] [stdout] 
[INFO] [stdout] error[E0412]: cannot find type `Vertex` in this scope
[INFO] [stdout]   --> examples/gui.rs:57:53
[INFO] [stdout]    |
[INFO] [stdout] 57 |     fn on_redraw(&mut self, graphics: &mut Graphics<Vertex>) {
[INFO] [stdout]    |                                                     ^^^^^^ not found in this scope
[INFO] [stdout]    |
[INFO] [stdout] help: you might be missing a type parameter
[INFO] [stdout]    |
[INFO] [stdout] 16 | impl<Vertex> AppState<Vertex> for State {
[INFO] [stdout]    |     ++++++++
[INFO] [stdout] 
[INFO] [stdout] 
[INFO] [stdout] error[E0412]: cannot find type `Vertex` in this scope
[INFO] [stdout]    --> examples/gui.rs:117:11
[INFO] [stdout]     |
[INFO] [stdout] 117 |     App::<Vertex>::default().run(State::default());
[INFO] [stdout]     |           ^^^^^^ not found in this scope
[INFO] [stdout] 
[INFO] [stdout] 
[INFO] [stdout] error[E0412]: cannot find type `Graphics` in this scope
[INFO] [stdout]    --> examples/gui.rs:120:28
[INFO] [stdout]     |
[INFO] [stdout] 120 | fn load_texture(graphics: &Graphics<Vertex>, path: impl AsRef<Path>) -> Texture {
[INFO] [stdout]     |                            ^^^^^^^^ not found in this scope
[INFO] [stdout] 
[INFO] [stdout] 
[INFO] [stdout] error[E0412]: cannot find type `Vertex` in this scope
[INFO] [stdout]    --> examples/gui.rs:120:37
[INFO] [stdout]     |
[INFO] [stdout] 120 | fn load_texture(graphics: &Graphics<Vertex>, path: impl AsRef<Path>) -> Texture {
[INFO] [stdout]     |                                     ^^^^^^ not found in this scope
[INFO] [stdout]     |
[INFO] [stdout] help: you might be missing a type parameter
[INFO] [stdout]     |
[INFO] [stdout] 120 | fn load_texture<Vertex>(graphics: &Graphics<Vertex>, path: impl AsRef<Path>) -> Texture {
[INFO] [stdout]     |                ++++++++
[INFO] [stdout] 
[INFO] [stdout] 
[INFO] [stdout] error[E0412]: cannot find type `Texture` in this scope
[INFO] [stdout]    --> examples/gui.rs:120:73
[INFO] [stdout]     |
[INFO] [stdout] 120 | fn load_texture(graphics: &Graphics<Vertex>, path: impl AsRef<Path>) -> Texture {
[INFO] [stdout]     |                                                                         ^^^^^^^ not found in this scope
[INFO] [stdout] 
[INFO] [stdout] 
[INFO] [stdout] error[E0433]: failed to resolve: use of undeclared type `Shader`
[INFO] [stdout]   --> examples/gui.rs:24:25
[INFO] [stdout]    |
[INFO] [stdout] 24 |                 .shader(Shader::COLORED_VERTEX_2D, Shader::PASS_FRAGMENT)
[INFO] [stdout]    |                         ^^^^^^ use of undeclared type `Shader`
[INFO] [stdout] 
[INFO] [stdout] 
[INFO] [stdout] error[E0433]: failed to resolve: use of undeclared type `Shader`
[INFO] [stdout]   --> examples/gui.rs:24:52
[INFO] [stdout]    |
[INFO] [stdout] 24 |                 .shader(Shader::COLORED_VERTEX_2D, Shader::PASS_FRAGMENT)
[INFO] [stdout]    |                                                    ^^^^^^ use of undeclared type `Shader`
[INFO] [stdout] 
[INFO] [stdout] 
[INFO] [stdout] Some errors have detailed explanations: E0432, E0433.
[INFO] [stdout] 
[INFO] [stdout] For more information about an error, try `rustc --explain E0432`.
[INFO] [stdout] 
[INFO] [stdout] error[E0433]: failed to resolve: use of undeclared type `Shader`
[INFO] [stdout]   --> examples/gui.rs:31:25
[INFO] [stdout]    |
[INFO] [stdout] 31 |                 .shader(Shader::TEXTURED_VERTEX_2D, Shader::TEXTURED_FRAGMENT)
[INFO] [stdout]    |                         ^^^^^^ use of undeclared type `Shader`
[INFO] [stdout] 
[INFO] [stdout] 
[INFO] [stdout] error[E0433]: failed to resolve: use of undeclared type `Shader`
[INFO] [stdout]   --> examples/gui.rs:31:53
[INFO] [stdout]    |
[INFO] [stdout] 31 |                 .shader(Shader::TEXTURED_VERTEX_2D, Shader::TEXTURED_FRAGMENT)
[INFO] [stdout]    |                                                     ^^^^^^ use of undeclared type `Shader`
[INFO] [stdout] 
[INFO] [stdout] 
[INFO] [stdout] error[E0433]: failed to resolve: use of undeclared type `Shader`
[INFO] [stdout]   --> examples/gui.rs:38:25
[INFO] [stdout]    |
[INFO] [stdout] 38 |                 .shader(Shader::TEXT_VERTEX, Shader::TEXT_FRAGMENT)
[INFO] [stdout]    |                         ^^^^^^ use of undeclared type `Shader`
[INFO] [stdout] 
[INFO] [stdout] 
[INFO] [stdout] error[E0433]: failed to resolve: use of undeclared type `Shader`
[INFO] [stdout]   --> examples/gui.rs:38:46
[INFO] [stdout]    |
[INFO] [stdout] 38 |                 .shader(Shader::TEXT_VERTEX, Shader::TEXT_FRAGMENT)
[INFO] [stdout]    |                                              ^^^^^^ use of undeclared type `Shader`
[INFO] [stdout] 
[INFO] [stdout] 
[INFO] [stdout] error[E0433]: failed to resolve: use of undeclared type `ShaderRef`
[INFO] [stdout]   --> examples/gui.rs:59:32
[INFO] [stdout]    |
[INFO] [stdout] 59 |         self.draw.push_shader(&ShaderRef::name("image"));
[INFO] [stdout]    |                                ^^^^^^^^^ use of undeclared type `ShaderRef`
[INFO] [stdout] 
[INFO] [stdout] 
[INFO] [stdout] error[E0433]: failed to resolve: use of undeclared type `GlowBlending`
[INFO] [stdout]   --> examples/gui.rs:60:33
[INFO] [stdout]    |
[INFO] [stdout] 60 |         self.draw.push_blending(GlowBlending::Alpha);
[INFO] [stdout]    |                                 ^^^^^^^^^^^^ use of undeclared type `GlowBlending`
[INFO] [stdout] 
[INFO] [stdout] 
[INFO] [stdout] error[E0433]: failed to resolve: use of undeclared type `ShaderRef`
[INFO] [stdout]    --> examples/gui.rs:107:14
[INFO] [stdout]     |
[INFO] [stdout] 107 |             &ShaderRef::name("color"),
[INFO] [stdout]     |              ^^^^^^^^^ use of undeclared type `ShaderRef`
[INFO] [stdout] 
[INFO] [stdout] 
[INFO] [stdout] error[E0433]: failed to resolve: use of undeclared type `ShaderRef`
[INFO] [stdout]    --> examples/gui.rs:108:14
[INFO] [stdout]     |
[INFO] [stdout] 108 |             &ShaderRef::name("image"),
[INFO] [stdout]     |              ^^^^^^^^^ use of undeclared type `ShaderRef`
[INFO] [stdout] 
[INFO] [stdout] 
[INFO] [stdout] error[E0433]: failed to resolve: use of undeclared type `ShaderRef`
[INFO] [stdout]    --> examples/gui.rs:109:14
[INFO] [stdout]     |
[INFO] [stdout] 109 |             &ShaderRef::name("text"),
[INFO] [stdout]     |              ^^^^^^^^^ use of undeclared type `ShaderRef`
[INFO] [stdout] 
[INFO] [stdout] 
[INFO] [stdout] error[E0433]: failed to resolve: use of undeclared type `App`
[INFO] [stdout]    --> examples/gui.rs:117:5
[INFO] [stdout]     |
[INFO] [stdout] 117 |     App::<Vertex>::default().run(State::default());
[INFO] [stdout]     |     ^^^ use of undeclared type `App`
[INFO] [stdout] 
[INFO] [stdout] 
[INFO] [stdout] error[E0433]: failed to resolve: use of undeclared type `GlowTextureFormat`
[INFO] [stdout]    --> examples/gui.rs:132:13
[INFO] [stdout]     |
[INFO] [stdout] 132 |             GlowTextureFormat::Rgba,
[INFO] [stdout]     |             ^^^^^^^^^^^^^^^^^ use of undeclared type `GlowTextureFormat`
[INFO] [stdout] 
[INFO] [stdout] 
[INFO] [stdout] Some errors have detailed explanations: E0405, E0412, E0432, E0433.
[INFO] [stdout] 
[INFO] [stdout] For more information about an error, try `rustc --explain E0405`.
[INFO] [stdout] 
[INFO] [stderr] error: could not compile `spitfire` (example "gui") due to 30 previous errors
[INFO] [stderr] warning: build failed, waiting for other jobs to finish...
[INFO] [stderr] error: could not compile `spitfire` (example "game") due to 4 previous errors
[INFO] [stdout] Some errors have detailed explanations: E0432, E0433.
[INFO] [stdout] 
[INFO] [stdout] For more information about an error, try `rustc --explain E0432`.
[INFO] [stdout] 
[INFO] [stdout] error[E0412]: cannot find type `DrawContext` in this scope
[INFO] [stdout]  --> examples/draw_to_surface.rs:7:14
[INFO] [stdout]   |
[INFO] [stdout] 7 |     context: DrawContext,
[INFO] [stdout]   |              ^^^^^^^^^^^ not found in this scope
[INFO] [stdout] 
[INFO] [stdout] 
[INFO] [stdout] error[E0412]: cannot find type `Canvas` in this scope
[INFO] [stdout]  --> examples/draw_to_surface.rs:8:20
[INFO] [stdout]   |
[INFO] [stdout] 8 |     canvas: Option<Canvas>,
[INFO] [stdout]   |                    ^^^^^^ not found in this scope
[INFO] [stdout]   |
[INFO] [stdout] help: you might be missing a type parameter
[INFO] [stdout]   |
[INFO] [stdout] 6 | struct State<Canvas> {
[INFO] [stdout]   |             ++++++++
[INFO] [stdout] 
[INFO] [stdout] 
[INFO] [stdout] error[E0405]: cannot find trait `AppState` in this scope
[INFO] [stdout]   --> examples/draw_to_surface.rs:11:6
[INFO] [stdout]    |
[INFO] [stdout] 11 | impl AppState<Vertex> for State {
[INFO] [stdout]    |      ^^^^^^^^ not found in this scope
[INFO] [stdout] 
[INFO] [stdout] 
[INFO] [stdout] error[E0412]: cannot find type `Vertex` in this scope
[INFO] [stdout]   --> examples/draw_to_surface.rs:11:15
[INFO] [stdout]    |
[INFO] [stdout] 11 | impl AppState<Vertex> for State {
[INFO] [stdout]    |               ^^^^^^ not found in this scope
[INFO] [stdout]    |
[INFO] [stdout] help: you might be missing a type parameter
[INFO] [stdout]    |
[INFO] [stdout] 11 | impl<Vertex> AppState<Vertex> for State {
[INFO] [stdout]    |     ++++++++
[INFO] [stdout] 
[INFO] [stdout] 
[INFO] [stdout] error[E0412]: cannot find type `Graphics` in this scope
[INFO] [stdout]   --> examples/draw_to_surface.rs:12:42
[INFO] [stdout]    |
[INFO] [stdout] 12 |     fn on_init(&mut self, graphics: &mut Graphics<Vertex>) {
[INFO] [stdout]    |                                          ^^^^^^^^ not found in this scope
[INFO] [stdout] 
[INFO] [stdout] 
[INFO] [stdout] error[E0412]: cannot find type `Vertex` in this scope
[INFO] [stdout]   --> examples/draw_to_surface.rs:12:51
[INFO] [stdout]    |
[INFO] [stdout] 12 |     fn on_init(&mut self, graphics: &mut Graphics<Vertex>) {
[INFO] [stdout]    |                                                   ^^^^^^ not found in this scope
[INFO] [stdout]    |
[INFO] [stdout] help: you might be missing a type parameter
[INFO] [stdout]    |
[INFO] [stdout] 11 | impl<Vertex> AppState<Vertex> for State {
[INFO] [stdout]    |     ++++++++
[INFO] [stdout] 
[INFO] [stdout] 
[INFO] [stdout] error[E0412]: cannot find type `Graphics` in this scope
[INFO] [stdout]   --> examples/draw_to_surface.rs:38:44
[INFO] [stdout]    |
[INFO] [stdout] 38 |     fn on_redraw(&mut self, graphics: &mut Graphics<Vertex>) {
[INFO] [stdout]    |                                            ^^^^^^^^ not found in this scope
[INFO] [stdout] 
[INFO] [stdout] 
[INFO] [stdout] error[E0412]: cannot find type `Vertex` in this scope
[INFO] [stdout]   --> examples/draw_to_surface.rs:38:53
[INFO] [stdout]    |
[INFO] [stdout] 38 |     fn on_redraw(&mut self, graphics: &mut Graphics<Vertex>) {
[INFO] [stdout]    |                                                     ^^^^^^ not found in this scope
[INFO] [stdout]    |
[INFO] [stdout] help: you might be missing a type parameter
[INFO] [stdout]    |
[INFO] [stdout] 11 | impl<Vertex> AppState<Vertex> for State {
[INFO] [stdout]    |     ++++++++
[INFO] [stdout] 
[INFO] [stdout] 
[INFO] [stdout] error[E0412]: cannot find type `Vertex` in this scope
[INFO] [stdout]    --> examples/draw_to_surface.rs:104:11
[INFO] [stdout]     |
[INFO] [stdout] 104 |     App::<Vertex>::default().run(State::default());
[INFO] [stdout]     |           ^^^^^^ not found in this scope
[INFO] [stdout] 
[INFO] [stdout] 
[INFO] [stdout] error[E0412]: cannot find type `Graphics` in this scope
[INFO] [stdout]    --> examples/draw_to_surface.rs:107:28
[INFO] [stdout]     |
[INFO] [stdout] 107 | fn load_texture(graphics: &Graphics<Vertex>, path: impl AsRef<Path>) -> Texture {
[INFO] [stdout]     |                            ^^^^^^^^ not found in this scope
[INFO] [stdout] 
[INFO] [stdout] 
[INFO] [stdout] error[E0412]: cannot find type `Vertex` in this scope
[INFO] [stdout]    --> examples/draw_to_surface.rs:107:37
[INFO] [stdout]     |
[INFO] [stdout] 107 | fn load_texture(graphics: &Graphics<Vertex>, path: impl AsRef<Path>) -> Texture {
[INFO] [stdout]     |                                     ^^^^^^ not found in this scope
[INFO] [stdout]     |
[INFO] [stdout] help: you might be missing a type parameter
[INFO] [stdout]     |
[INFO] [stdout] 107 | fn load_texture<Vertex>(graphics: &Graphics<Vertex>, path: impl AsRef<Path>) -> Texture {
[INFO] [stdout]     |                ++++++++
[INFO] [stdout] 
[INFO] [stdout] 
[INFO] [stdout] error[E0412]: cannot find type `Texture` in this scope
[INFO] [stdout]    --> examples/draw_to_surface.rs:107:73
[INFO] [stdout]     |
[INFO] [stdout] 107 | fn load_texture(graphics: &Graphics<Vertex>, path: impl AsRef<Path>) -> Texture {
[INFO] [stdout]     |                                                                         ^^^^^^^ not found in this scope
[INFO] [stdout] 
[INFO] [stdout] 
[INFO] [stderr] error: could not compile `spitfire` (example "hello_world") due to 3 previous errors
[INFO] [stdout] error[E0433]: failed to resolve: use of undeclared type `Shader`
[INFO] [stdout]   --> examples/draw_to_surface.rs:19:25
[INFO] [stdout]    |
[INFO] [stdout] 19 |                 .shader(Shader::TEXTURED_VERTEX_2D, Shader::TEXTURED_FRAGMENT)
[INFO] [stdout]    |                         ^^^^^^ use of undeclared type `Shader`
[INFO] [stdout] 
[INFO] [stdout] 
[INFO] [stdout] error[E0433]: failed to resolve: use of undeclared type `Shader`
[INFO] [stdout]   --> examples/draw_to_surface.rs:19:53
[INFO] [stdout]    |
[INFO] [stdout] 19 |                 .shader(Shader::TEXTURED_VERTEX_2D, Shader::TEXTURED_FRAGMENT)
[INFO] [stdout]    |                                                     ^^^^^^ use of undeclared type `Shader`
[INFO] [stdout] 
[INFO] [stdout] 
[INFO] [stdout] error[E0433]: failed to resolve: use of undeclared type `Canvas`
[INFO] [stdout]   --> examples/draw_to_surface.rs:32:13
[INFO] [stdout]    |
[INFO] [stdout] 32 |             Canvas::simple(400, 200, GlowTextureFormat::Rgba, graphics)
[INFO] [stdout]    |             ^^^^^^ use of undeclared type `Canvas`
[INFO] [stdout] 
[INFO] [stdout] 
[INFO] [stdout] error[E0433]: failed to resolve: use of undeclared type `GlowTextureFormat`
[INFO] [stdout]   --> examples/draw_to_surface.rs:32:38
[INFO] [stdout]    |
[INFO] [stdout] 32 |             Canvas::simple(400, 200, GlowTextureFormat::Rgba, graphics)
[INFO] [stdout]    |                                      ^^^^^^^^^^^^^^^^^ use of undeclared type `GlowTextureFormat`
[INFO] [stdout] 
[INFO] [stdout] 
[INFO] [stdout] error[E0433]: failed to resolve: use of undeclared type `ShaderRef`
[INFO] [stdout]   --> examples/draw_to_surface.rs:40:35
[INFO] [stdout]    |
[INFO] [stdout] 40 |         self.context.push_shader(&ShaderRef::name("image"));
[INFO] [stdout]    |                                   ^^^^^^^^^ use of undeclared type `ShaderRef`
[INFO] [stdout] 
[INFO] [stdout] 
[INFO] [stdout] error[E0433]: failed to resolve: use of undeclared type `GlowBlending`
[INFO] [stdout]   --> examples/draw_to_surface.rs:41:36
[INFO] [stdout]    |
[INFO] [stdout] 41 |         self.context.push_blending(GlowBlending::Alpha);
[INFO] [stdout]    |                                    ^^^^^^^^^^^^ use of undeclared type `GlowBlending`
[INFO] [stdout] 
[INFO] [stdout] 
[INFO] [stdout] error[E0433]: failed to resolve: use of undeclared type `Sprite`
[INFO] [stdout]   --> examples/draw_to_surface.rs:43:9
[INFO] [stdout]    |
[INFO] [stdout] 43 |         Sprite::single(SpriteTexture::new(
[INFO] [stdout]    |         ^^^^^^ use of undeclared type `Sprite`
[INFO] [stdout] 
[INFO] [stdout] 
[INFO] [stdout] error[E0433]: failed to resolve: use of undeclared type `SpriteTexture`
[INFO] [stdout]   --> examples/draw_to_surface.rs:43:24
[INFO] [stdout]    |
[INFO] [stdout] 43 |         Sprite::single(SpriteTexture::new(
[INFO] [stdout]    |                        ^^^^^^^^^^^^^ use of undeclared type `SpriteTexture`
[INFO] [stdout] 
[INFO] [stdout] 
[INFO] [stdout] error[E0433]: failed to resolve: use of undeclared type `TextureRef`
[INFO] [stdout]   --> examples/draw_to_surface.rs:45:13
[INFO] [stdout]    |
[INFO] [stdout] 45 |             TextureRef::name("ferris"),
[INFO] [stdout]    |             ^^^^^^^^^^ use of undeclared type `TextureRef`
[INFO] [stdout] 
[INFO] [stdout] 
[INFO] [stdout] error[E0433]: failed to resolve: use of undeclared type `ShaderRef`
[INFO] [stdout]   --> examples/draw_to_surface.rs:61:38
[INFO] [stdout]    |
[INFO] [stdout] 61 |                 context.push_shader(&ShaderRef::name("image"));
[INFO] [stdout]    |                                      ^^^^^^^^^ use of undeclared type `ShaderRef`
[INFO] [stdout] 
[INFO] [stdout] 
[INFO] [stdout] error[E0433]: failed to resolve: use of undeclared type `GlowBlending`
[INFO] [stdout]   --> examples/draw_to_surface.rs:62:39
[INFO] [stdout]    |
[INFO] [stdout] 62 |                 context.push_blending(GlowBlending::Alpha);
[INFO] [stdout]    |                                       ^^^^^^^^^^^^ use of undeclared type `GlowBlending`
[INFO] [stdout] 
[INFO] [stdout] 
[INFO] [stdout] error[E0433]: failed to resolve: use of undeclared type `Sprite`
[INFO] [stdout]   --> examples/draw_to_surface.rs:64:17
[INFO] [stdout]    |
[INFO] [stdout] 64 |                 Sprite::single(SpriteTexture::new(
[INFO] [stdout]    |                 ^^^^^^ use of undeclared type `Sprite`
[INFO] [stdout] 
[INFO] [stdout] 
[INFO] [stdout] error[E0433]: failed to resolve: use of undeclared type `SpriteTexture`
[INFO] [stdout]   --> examples/draw_to_surface.rs:64:32
[INFO] [stdout]    |
[INFO] [stdout] 64 |                 Sprite::single(SpriteTexture::new(
[INFO] [stdout]    |                                ^^^^^^^^^^^^^ use of undeclared type `SpriteTexture`
[INFO] [stdout] 
[INFO] [stdout] 
[INFO] [stdout] error[E0433]: failed to resolve: use of undeclared type `TextureRef`
[INFO] [stdout]   --> examples/draw_to_surface.rs:66:21
[INFO] [stdout]    |
[INFO] [stdout] 66 |                     TextureRef::name("ferris"),
[INFO] [stdout]    |                     ^^^^^^^^^^ use of undeclared type `TextureRef`
[INFO] [stdout] 
[INFO] [stdout] 
[INFO] [stdout] error[E0433]: failed to resolve: use of undeclared type `ShaderRef`
[INFO] [stdout]   --> examples/draw_to_surface.rs:74:35
[INFO] [stdout]    |
[INFO] [stdout] 74 |         self.context.push_shader(&ShaderRef::name("image"));
[INFO] [stdout]    |                                   ^^^^^^^^^ use of undeclared type `ShaderRef`
[INFO] [stdout] 
[INFO] [stdout] 
[INFO] [stdout] error[E0433]: failed to resolve: use of undeclared type `GlowBlending`
[INFO] [stdout]   --> examples/draw_to_surface.rs:75:36
[INFO] [stdout]    |
[INFO] [stdout] 75 |         self.context.push_blending(GlowBlending::Alpha);
[INFO] [stdout]    |                                    ^^^^^^^^^^^^ use of undeclared type `GlowBlending`
[INFO] [stdout] 
[INFO] [stdout] 
[INFO] [stdout] error[E0433]: failed to resolve: use of undeclared type `Sprite`
[INFO] [stdout]   --> examples/draw_to_surface.rs:77:9
[INFO] [stdout]    |
[INFO] [stdout] 77 |         Sprite::single(SpriteTexture::new(
[INFO] [stdout]    |         ^^^^^^ use of undeclared type `Sprite`
[INFO] [stdout] 
[INFO] [stdout] 
[INFO] [stdout] error[E0433]: failed to resolve: use of undeclared type `SpriteTexture`
[INFO] [stdout]   --> examples/draw_to_surface.rs:77:24
[INFO] [stdout]    |
[INFO] [stdout] 77 |         Sprite::single(SpriteTexture::new(
[INFO] [stdout]    |                        ^^^^^^^^^^^^^ use of undeclared type `SpriteTexture`
[INFO] [stdout] 
[INFO] [stdout] 
[INFO] [stdout] error[E0433]: failed to resolve: use of undeclared type `TextureRef`
[INFO] [stdout]   --> examples/draw_to_surface.rs:79:13
[INFO] [stdout]    |
[INFO] [stdout] 79 |             TextureRef::name("ferris"),
[INFO] [stdout]    |             ^^^^^^^^^^ use of undeclared type `TextureRef`
[INFO] [stdout] 
[INFO] [stdout] 
[INFO] [stdout] error[E0433]: failed to resolve: use of undeclared type `Sprite`
[INFO] [stdout]   --> examples/draw_to_surface.rs:88:13
[INFO] [stdout]    |
[INFO] [stdout] 88 |             Sprite::single(
[INFO] [stdout]    |             ^^^^^^ use of undeclared type `Sprite`
[INFO] [stdout] 
[INFO] [stdout] 
[INFO] [stdout] error[E0433]: failed to resolve: use of undeclared type `GlowTextureFiltering`
[INFO] [stdout]   --> examples/draw_to_surface.rs:90:58
[INFO] [stdout]    |
[INFO] [stdout] 90 |                     .sprite_texture(0, "u_image".into(), GlowTextureFiltering::Linear)
[INFO] [stdout]    |                                                          ^^^^^^^^^^^^^^^^^^^^ use of undeclared type `GlowTextureFiltering`
[INFO] [stdout] 
[INFO] [stdout] 
[INFO] [stdout] error[E0433]: failed to resolve: use of undeclared type `App`
[INFO] [stdout]    --> examples/draw_to_surface.rs:104:5
[INFO] [stdout]     |
[INFO] [stdout] 104 |     App::<Vertex>::default().run(State::default());
[INFO] [stdout]     |     ^^^ use of undeclared type `App`
[INFO] [stdout] 
[INFO] [stdout] 
[INFO] [stdout] error[E0433]: failed to resolve: use of undeclared type `GlowTextureFormat`
[INFO] [stdout]    --> examples/draw_to_surface.rs:119:13
[INFO] [stdout]     |
[INFO] [stdout] 119 |             GlowTextureFormat::Rgba,
[INFO] [stdout]     |             ^^^^^^^^^^^^^^^^^ use of undeclared type `GlowTextureFormat`
[INFO] [stdout] 
[INFO] [stdout] 
[INFO] [stdout] Some errors have detailed explanations: E0405, E0412, E0432, E0433.
[INFO] [stdout] 
[INFO] [stdout] For more information about an error, try `rustc --explain E0405`.
[INFO] [stdout] 
[INFO] [stderr] error: could not compile `spitfire` (example "draw_to_surface") due to 38 previous errors
[INFO] [stdout] Some errors have detailed explanations: E0432, E0433.
[INFO] [stdout] 
[INFO] [stdout] For more information about an error, try `rustc --explain E0432`.
[INFO] [stdout] 
[INFO] [stderr] error: could not compile `spitfire` (example "input") due to 3 previous errors
[INFO] [stdout] error[E0412]: cannot find type `DrawContext` in this scope
[INFO] [stdout]   --> examples/draw.rs:13:14
[INFO] [stdout]    |
[INFO] [stdout] 13 |     context: DrawContext,
[INFO] [stdout]    |              ^^^^^^^^^^^ not found in this scope
[INFO] [stdout] 
[INFO] [stdout] 
[INFO] [stdout] error[E0412]: cannot find type `TileMap` in this scope
[INFO] [stdout]   --> examples/draw.rs:15:14
[INFO] [stdout]    |
[INFO] [stdout] 15 |     tilemap: TileMap,
[INFO] [stdout]    |              ^^^^^^^ not found in this scope
[INFO] [stdout] 
[INFO] [stdout] 
[INFO] [stdout] error[E0412]: cannot find type `TileSet` in this scope
[INFO] [stdout]   --> examples/draw.rs:17:14
[INFO] [stdout]    |
[INFO] [stdout] 17 |     tileset: TileSet,
[INFO] [stdout]    |              ^^^^^^^ not found in this scope
[INFO] [stdout] 
[INFO] [stdout] 
[INFO] [stdout] error[E0412]: cannot find type `ParticleSystem` in this scope
[INFO] [stdout]   --> examples/draw.rs:20:16
[INFO] [stdout]    |
[INFO] [stdout] 20 |     particles: ParticleSystem<ParticlesProcessor, ParticleData, ()>,
[INFO] [stdout]    |                ^^^^^^^^^^^^^^ not found in this scope
[INFO] [stdout] 
[INFO] [stdout] 
[INFO] [stdout] error[E0422]: cannot find struct, variant or union type `SpriteTexture` in this scope
[INFO] [stdout]   --> examples/draw.rs:36:38
[INFO] [stdout]    |
[INFO] [stdout] 36 |             tileset: TileSet::single(SpriteTexture {
[INFO] [stdout]    |                                      ^^^^^^^^^^^^^ not found in this scope
[INFO] [stdout] 
[INFO] [stdout] 
[INFO] [stdout] error[E0405]: cannot find trait `AppState` in this scope
[INFO] [stdout]   --> examples/draw.rs:50:6
[INFO] [stdout]    |
[INFO] [stdout] 50 | impl AppState<Vertex> for State {
[INFO] [stdout]    |      ^^^^^^^^ not found in this scope
[INFO] [stdout] 
[INFO] [stdout] 
[INFO] [stdout] error[E0412]: cannot find type `Vertex` in this scope
[INFO] [stdout]   --> examples/draw.rs:50:15
[INFO] [stdout]    |
[INFO] [stdout] 50 | impl AppState<Vertex> for State {
[INFO] [stdout]    |               ^^^^^^ not found in this scope
[INFO] [stdout]    |
[INFO] [stdout] help: you might be missing a type parameter
[INFO] [stdout]    |
[INFO] [stdout] 50 | impl<Vertex> AppState<Vertex> for State {
[INFO] [stdout]    |     ++++++++
[INFO] [stdout] 
[INFO] [stdout] 
[INFO] [stdout] error[E0412]: cannot find type `Graphics` in this scope
[INFO] [stdout]   --> examples/draw.rs:51:42
[INFO] [stdout]    |
[INFO] [stdout] 51 |     fn on_init(&mut self, graphics: &mut Graphics<Vertex>) {
[INFO] [stdout]    |                                          ^^^^^^^^ not found in this scope
[INFO] [stdout] 
[INFO] [stdout] 
[INFO] [stdout] error[E0412]: cannot find type `Vertex` in this scope
[INFO] [stdout]   --> examples/draw.rs:51:51
[INFO] [stdout]    |
[INFO] [stdout] 51 |     fn on_init(&mut self, graphics: &mut Graphics<Vertex>) {
[INFO] [stdout]    |                                                   ^^^^^^ not found in this scope
[INFO] [stdout]    |
[INFO] [stdout] help: you might be missing a type parameter
[INFO] [stdout]    |
[INFO] [stdout] 50 | impl<Vertex> AppState<Vertex> for State {
[INFO] [stdout]    |     ++++++++
[INFO] [stdout] 
[INFO] [stdout] 
[INFO] [stdout] error[E0412]: cannot find type `Graphics` in this scope
[INFO] [stdout]    --> examples/draw.rs:104:44
[INFO] [stdout]     |
[INFO] [stdout] 104 |     fn on_redraw(&mut self, graphics: &mut Graphics<Vertex>) {
[INFO] [stdout]     |                                            ^^^^^^^^ not found in this scope
[INFO] [stdout] 
[INFO] [stdout] 
[INFO] [stdout] error[E0412]: cannot find type `Vertex` in this scope
[INFO] [stdout]    --> examples/draw.rs:104:53
[INFO] [stdout]     |
[INFO] [stdout] 104 |     fn on_redraw(&mut self, graphics: &mut Graphics<Vertex>) {
[INFO] [stdout]     |                                                     ^^^^^^ not found in this scope
[INFO] [stdout]     |
[INFO] [stdout] help: you might be missing a type parameter
[INFO] [stdout]     |
[INFO] [stdout] 50  | impl<Vertex> AppState<Vertex> for State {
[INFO] [stdout]     |     ++++++++
[INFO] [stdout] 
[INFO] [stdout] 
[INFO] [stdout] error[E0422]: cannot find struct, variant or union type `SpriteTexture` in this scope
[INFO] [stdout]    --> examples/draw.rs:153:33
[INFO] [stdout]     |
[INFO] [stdout] 153 |         NineSliceSprite::single(SpriteTexture {
[INFO] [stdout]     |                                 ^^^^^^^^^^^^^ not found in this scope
[INFO] [stdout] 
[INFO] [stdout] 
[INFO] [stdout] error[E0412]: cannot find type `Vertex` in this scope
[INFO] [stdout]    --> examples/draw.rs:199:11
[INFO] [stdout]     |
[INFO] [stdout] 199 |     App::<Vertex>::default().run(State::default());
[INFO] [stdout]     |           ^^^^^^ not found in this scope
[INFO] [stdout] 
[INFO] [stdout] 
[INFO] [stdout] error[E0405]: cannot find trait `ParticleSystemProcessor` in this scope
[INFO] [stdout]    --> examples/draw.rs:238:6
[INFO] [stdout]     |
[INFO] [stdout] 238 | impl ParticleSystemProcessor<ParticleData, ()> for ParticlesProcessor {
[INFO] [stdout]     |      ^^^^^^^^^^^^^^^^^^^^^^^ not found in this scope
[INFO] [stdout] 
[INFO] [stdout] 
[INFO] [stdout] error[E0412]: cannot find type `ParticleInstance` in this scope
[INFO] [stdout]    --> examples/draw.rs:250:52
[INFO] [stdout]     |
[INFO] [stdout] 250 |     fn emit(_: &(), data: &ParticleData) -> Option<ParticleInstance> {
[INFO] [stdout]     |                                                    ^^^^^^^^^^^^^^^^ not found in this scope
[INFO] [stdout]     |
[INFO] [stdout] help: you might be missing a type parameter
[INFO] [stdout]     |
[INFO] [stdout] 238 | impl<ParticleInstance> ParticleSystemProcessor<ParticleData, ()> for ParticlesProcessor {
[INFO] [stdout]     |     ++++++++++++++++++
[INFO] [stdout] 
[INFO] [stdout] 
[INFO] [stdout] error[E0422]: cannot find struct, variant or union type `ParticleInstance` in this scope
[INFO] [stdout]    --> examples/draw.rs:251:14
[INFO] [stdout]     |
[INFO] [stdout] 251 |         Some(ParticleInstance {
[INFO] [stdout]     |              ^^^^^^^^^^^^^^^^ not found in this scope
[INFO] [stdout] 
[INFO] [stdout] 
[INFO] [stdout] error[E0412]: cannot find type `Graphics` in this scope
[INFO] [stdout]    --> examples/draw.rs:265:28
[INFO] [stdout]     |
[INFO] [stdout] 265 | fn load_texture(graphics: &Graphics<Vertex>, path: impl AsRef<Path>, pages: u32) -> Texture {
[INFO] [stdout]     |                            ^^^^^^^^ not found in this scope
[INFO] [stdout] 
[INFO] [stdout] 
[INFO] [stdout] error[E0412]: cannot find type `Vertex` in this scope
[INFO] [stdout]    --> examples/draw.rs:265:37
[INFO] [stdout]     |
[INFO] [stdout] 265 | fn load_texture(graphics: &Graphics<Vertex>, path: impl AsRef<Path>, pages: u32) -> Texture {
[INFO] [stdout]     |                                     ^^^^^^ not found in this scope
[INFO] [stdout]     |
[INFO] [stdout] help: you might be missing a type parameter
[INFO] [stdout]     |
[INFO] [stdout] 265 | fn load_texture<Vertex>(graphics: &Graphics<Vertex>, path: impl AsRef<Path>, pages: u32) -> Texture {
[INFO] [stdout]     |                ++++++++
[INFO] [stdout] 
[INFO] [stdout] 
[INFO] [stdout] error[E0412]: cannot find type `Texture` in this scope
[INFO] [stdout]    --> examples/draw.rs:265:85
[INFO] [stdout]     |
[INFO] [stdout] 265 | fn load_texture(graphics: &Graphics<Vertex>, path: impl AsRef<Path>, pages: u32) -> Texture {
[INFO] [stdout]     |                                                                                     ^^^^^^^ not found in this scope
[INFO] [stdout] 
[INFO] [stdout] 
[INFO] [stdout] error[E0412]: cannot find type `Graphics` in this scope
[INFO] [stdout]    --> examples/draw.rs:283:36
[INFO] [stdout]     |
[INFO] [stdout] 283 | fn checkerboard_texture(graphics: &Graphics<Vertex>) -> Texture {
[INFO] [stdout]     |                                    ^^^^^^^^ not found in this scope
[INFO] [stdout] 
[INFO] [stdout] 
[INFO] [stdout] error[E0412]: cannot find type `Vertex` in this scope
[INFO] [stdout]    --> examples/draw.rs:283:45
[INFO] [stdout]     |
[INFO] [stdout] 283 | fn checkerboard_texture(graphics: &Graphics<Vertex>) -> Texture {
[INFO] [stdout]     |                                             ^^^^^^ not found in this scope
[INFO] [stdout]     |
[INFO] [stdout] help: you might be missing a type parameter
[INFO] [stdout]     |
[INFO] [stdout] 283 | fn checkerboard_texture<Vertex>(graphics: &Graphics<Vertex>) -> Texture {
[INFO] [stdout]     |                        ++++++++
[INFO] [stdout] 
[INFO] [stdout] 
[INFO] [stdout] error[E0412]: cannot find type `Texture` in this scope
[INFO] [stdout]    --> examples/draw.rs:283:57
[INFO] [stdout]     |
[INFO] [stdout] 283 | fn checkerboard_texture(graphics: &Graphics<Vertex>) -> Texture {
[INFO] [stdout]     |                                                         ^^^^^^^ not found in this scope
[INFO] [stdout] 
[INFO] [stdout] 
[INFO] [stdout] error[E0433]: failed to resolve: use of undeclared type `TileMap`
[INFO] [stdout]   --> examples/draw.rs:31:22
[INFO] [stdout]    |
[INFO] [stdout] 31 |             tilemap: TileMap::with_buffer(
[INFO] [stdout]    |                      ^^^^^^^ use of undeclared type `TileMap`
[INFO] [stdout] 
[INFO] [stdout] 
[INFO] [stdout] error[E0433]: failed to resolve: use of undeclared type `TileSet`
[INFO] [stdout]   --> examples/draw.rs:36:22
[INFO] [stdout]    |
[INFO] [stdout] 36 |             tileset: TileSet::single(SpriteTexture {
[INFO] [stdout]    |                      ^^^^^^^ use of undeclared type `TileSet`
[INFO] [stdout] 
[INFO] [stdout] 
[INFO] [stdout] error[E0433]: failed to resolve: use of undeclared type `TextureRef`
[INFO] [stdout]   --> examples/draw.rs:38:26
[INFO] [stdout]    |
[INFO] [stdout] 38 |                 texture: TextureRef::name("tileset"),
[INFO] [stdout]    |                          ^^^^^^^^^^ use of undeclared type `TextureRef`
[INFO] [stdout] 
[INFO] [stdout] 
[INFO] [stdout] error[E0433]: failed to resolve: use of undeclared type `GlowTextureFiltering`
[INFO] [stdout]   --> examples/draw.rs:39:28
[INFO] [stdout]    |
[INFO] [stdout] 39 |                 filtering: GlowTextureFiltering::Nearest,
[INFO] [stdout]    |                            ^^^^^^^^^^^^^^^^^^^^ use of undeclared type `GlowTextureFiltering`
[INFO] [stdout] 
[INFO] [stdout] 
[INFO] [stdout] error[E0433]: failed to resolve: use of undeclared type `ShaderRef`
[INFO] [stdout]   --> examples/draw.rs:41:21
[INFO] [stdout]    |
[INFO] [stdout] 41 |             .shader(ShaderRef::name("image"))
[INFO] [stdout]    |                     ^^^^^^^^^ use of undeclared type `ShaderRef`
[INFO] [stdout] 
[INFO] [stdout] 
[INFO] [stdout] error[E0433]: failed to resolve: use of undeclared type `TileSetItem`
[INFO] [stdout]   --> examples/draw.rs:42:51
[INFO] [stdout]    |
[INFO] [stdout] 42 |             .mappings((0..11).map(|index| (index, TileSetItem::default().page(index as f32)))),
[INFO] [stdout]    |                                                   ^^^^^^^^^^^ use of undeclared type `TileSetItem`
[INFO] [stdout] 
[INFO] [stdout] 
[INFO] [stdout] error[E0433]: failed to resolve: use of undeclared type `ParticleSystem`
[INFO] [stdout]   --> examples/draw.rs:43:24
[INFO] [stdout]    |
[INFO] [stdout] 43 |             particles: ParticleSystem::new((), 100),
[INFO] [stdout]    |                        ^^^^^^^^^^^^^^ use of undeclared type `ParticleSystem`
[INFO] [stdout] 
[INFO] [stdout] 
[INFO] [stdout] error[E0433]: failed to resolve: use of undeclared type `CameraScaling`
[INFO] [stdout]   --> examples/draw.rs:54:40
[INFO] [stdout]    |
[INFO] [stdout] 54 |         graphics.main_camera.scaling = CameraScaling::FitToView {
[INFO] [stdout]    |                                        ^^^^^^^^^^^^^ use of undeclared type `CameraScaling`
[INFO] [stdout] 
[INFO] [stdout] 
[INFO] [stdout] error[E0433]: failed to resolve: use of undeclared type `Shader`
[INFO] [stdout]   --> examples/draw.rs:62:25
[INFO] [stdout]    |
[INFO] [stdout] 62 |                 .shader(Shader::COLORED_VERTEX_2D, Shader::PASS_FRAGMENT)
[INFO] [stdout]    |                         ^^^^^^ use of undeclared type `Shader`
[INFO] [stdout] 
[INFO] [stdout] 
[INFO] [stdout] error[E0433]: failed to resolve: use of undeclared type `Shader`
[INFO] [stdout]   --> examples/draw.rs:62:52
[INFO] [stdout]    |
[INFO] [stdout] 62 |                 .shader(Shader::COLORED_VERTEX_2D, Shader::PASS_FRAGMENT)
[INFO] [stdout]    |                                                    ^^^^^^ use of undeclared type `Shader`
[INFO] [stdout] 
[INFO] [stdout] 
[INFO] [stdout] error[E0433]: failed to resolve: use of undeclared type `Shader`
[INFO] [stdout]   --> examples/draw.rs:69:25
[INFO] [stdout]    |
[INFO] [stdout] 69 |                 .shader(Shader::TEXTURED_VERTEX_2D, Shader::TEXTURED_FRAGMENT)
[INFO] [stdout]    |                         ^^^^^^ use of undeclared type `Shader`
[INFO] [stdout] 
[INFO] [stdout] 
[INFO] [stdout] error[E0433]: failed to resolve: use of undeclared type `Shader`
[INFO] [stdout]   --> examples/draw.rs:69:53
[INFO] [stdout]    |
[INFO] [stdout] 69 |                 .shader(Shader::TEXTURED_VERTEX_2D, Shader::TEXTURED_FRAGMENT)
[INFO] [stdout]    |                                                     ^^^^^^ use of undeclared type `Shader`
[INFO] [stdout] 
[INFO] [stdout] 
[INFO] [stdout] error[E0433]: failed to resolve: use of undeclared type `Shader`
[INFO] [stdout]   --> examples/draw.rs:76:25
[INFO] [stdout]    |
[INFO] [stdout] 76 |                 .shader(Shader::TEXT_VERTEX, Shader::TEXT_FRAGMENT)
[INFO] [stdout]    |                         ^^^^^^ use of undeclared type `Shader`
[INFO] [stdout] 
[INFO] [stdout] 
[INFO] [stdout] error[E0433]: failed to resolve: use of undeclared type `Shader`
[INFO] [stdout]   --> examples/draw.rs:76:46
[INFO] [stdout]    |
[INFO] [stdout] 76 |                 .shader(Shader::TEXT_VERTEX, Shader::TEXT_FRAGMENT)
[INFO] [stdout]    |                                              ^^^^^^ use of undeclared type `Shader`
[INFO] [stdout] 
[INFO] [stdout] 
[INFO] [stdout] error[E0433]: failed to resolve: use of undeclared type `ShaderRef`
[INFO] [stdout]    --> examples/draw.rs:127:35
[INFO] [stdout]     |
[INFO] [stdout] 127 |         self.context.push_shader(&ShaderRef::name("image"));
[INFO] [stdout]     |                                   ^^^^^^^^^ use of undeclared type `ShaderRef`
[INFO] [stdout] 
[INFO] [stdout] 
[INFO] [stdout] error[E0433]: failed to resolve: use of undeclared type `GlowBlending`
[INFO] [stdout]    --> examples/draw.rs:128:36
[INFO] [stdout]     |
[INFO] [stdout] 128 |         self.context.push_blending(GlowBlending::Alpha);
[INFO] [stdout]     |                                    ^^^^^^^^^^^^ use of undeclared type `GlowBlending`
[INFO] [stdout] 
[INFO] [stdout] 
[INFO] [stdout] error[E0433]: failed to resolve: use of undeclared type `PrimitivesEmitter`
[INFO] [stdout]    --> examples/draw.rs:132:9
[INFO] [stdout]     |
[INFO] [stdout] 132 |         PrimitivesEmitter::default()
[INFO] [stdout]     |         ^^^^^^^^^^^^^^^^^ use of undeclared type `PrimitivesEmitter`
[INFO] [stdout] 
[INFO] [stdout] 
[INFO] [stdout] error[E0433]: failed to resolve: use of undeclared type `ShaderRef`
[INFO] [stdout]    --> examples/draw.rs:133:21
[INFO] [stdout]     |
[INFO] [stdout] 133 |             .shader(ShaderRef::name("color"))
[INFO] [stdout]     |                     ^^^^^^^^^ use of undeclared type `ShaderRef`
[INFO] [stdout] 
[INFO] [stdout] 
[INFO] [stdout] error[E0433]: failed to resolve: use of undeclared type `TilesEmitter`
[INFO] [stdout]    --> examples/draw.rs:145:9
[INFO] [stdout]     |
[INFO] [stdout] 145 |         TilesEmitter::default()
[INFO] [stdout]     |         ^^^^^^^^^^^^ use of undeclared type `TilesEmitter`
[INFO] [stdout] 
[INFO] [stdout] 
[INFO] [stdout] error[E0433]: failed to resolve: use of undeclared type `NineSliceSprite`
[INFO] [stdout]    --> examples/draw.rs:153:9
[INFO] [stdout]     |
[INFO] [stdout] 153 |         NineSliceSprite::single(SpriteTexture {
[INFO] [stdout]     |         ^^^^^^^^^^^^^^^ use of undeclared type `NineSliceSprite`
[INFO] [stdout] 
[INFO] [stdout] 
[INFO] [stdout] error[E0433]: failed to resolve: use of undeclared type `TextureRef`
[INFO] [stdout]    --> examples/draw.rs:155:22
[INFO] [stdout]     |
[INFO] [stdout] 155 |             texture: TextureRef::name("checkerboard"),
[INFO] [stdout]     |                      ^^^^^^^^^^ use of undeclared type `TextureRef`
[INFO] [stdout] 
[INFO] [stdout] 
[INFO] [stdout] error[E0433]: failed to resolve: use of undeclared type `GlowTextureFiltering`
[INFO] [stdout]    --> examples/draw.rs:156:24
[INFO] [stdout]     |
[INFO] [stdout] 156 |             filtering: GlowTextureFiltering::Nearest,
[INFO] [stdout]     |                        ^^^^^^^^^^^^^^^^^^^^ use of undeclared type `GlowTextureFiltering`
[INFO] [stdout] 
[INFO] [stdout] 
[INFO] [stdout] error[E0433]: failed to resolve: use of undeclared type `Sprite`
[INFO] [stdout]    --> examples/draw.rs:168:9
[INFO] [stdout]     |
[INFO] [stdout] 168 |         Sprite::single(SpriteTexture::new(
[INFO] [stdout]     |         ^^^^^^ use of undeclared type `Sprite`
[INFO] [stdout] 
[INFO] [stdout] 
[INFO] [stdout] error[E0433]: failed to resolve: use of undeclared type `SpriteTexture`
[INFO] [stdout]    --> examples/draw.rs:168:24
[INFO] [stdout]     |
[INFO] [stdout] 168 |         Sprite::single(SpriteTexture::new(
[INFO] [stdout]     |                        ^^^^^^^^^^^^^ use of undeclared type `SpriteTexture`
[INFO] [stdout] 
[INFO] [stdout] 
[INFO] [stdout] error[E0433]: failed to resolve: use of undeclared type `TextureRef`
[INFO] [stdout]    --> examples/draw.rs:170:13
[INFO] [stdout]     |
[INFO] [stdout] 170 |             TextureRef::name("ferris"),
[INFO] [stdout]     |             ^^^^^^^^^^ use of undeclared type `TextureRef`
[INFO] [stdout] 
[INFO] [stdout] 
[INFO] [stdout] error[E0433]: failed to resolve: use of undeclared type `Text`
[INFO] [stdout]    --> examples/draw.rs:178:9
[INFO] [stdout]     |
[INFO] [stdout] 178 |         Text::new(ShaderRef::name("text"))
[INFO] [stdout]     |         ^^^^ use of undeclared type `Text`
[INFO] [stdout]     |
[INFO] [stdout] help: there is an enum variant `glutin::event::DeviceEvent::Text` and 3 others; try using the variant's enum
[INFO] [stdout]     |
[INFO] [stdout] 178 |         glutin::event::DeviceEvent(ShaderRef::name("text"))
[INFO] [stdout]     |         ~~~~~~~~~~~~~~~~~~~~~~~~~~
[INFO] [stdout] 178 |         glutin::window::CursorIcon(ShaderRef::name("text"))
[INFO] [stdout]     |         ~~~~~~~~~~~~~~~~~~~~~~~~~~
[INFO] [stdout] 178 |         raui_immediate_widgets::core::interactive::TextInputMode(ShaderRef::name("text"))
[INFO] [stdout]     |         ~~~~~~~~~~~~~~~~~~~~~~~~~~~~~~~~~~~~~~~~~~~~~~~~~~~~~~~~
[INFO] [stdout] 
[INFO] [stdout] 
[INFO] [stdout] error[E0433]: failed to resolve: use of undeclared type `ShaderRef`
[INFO] [stdout]    --> examples/draw.rs:178:19
[INFO] [stdout]     |
[INFO] [stdout] 178 |         Text::new(ShaderRef::name("text"))
[INFO] [stdout]     |                   ^^^^^^^^^ use of undeclared type `ShaderRef`
[INFO] [stdout] 
[INFO] [stdout] 
[INFO] [stdout] error[E0433]: failed to resolve: use of undeclared type `ParticleEmitter`
[INFO] [stdout]    --> examples/draw.rs:189:9
[INFO] [stdout]     |
[INFO] [stdout] 189 |         ParticleEmitter::default()
[INFO] [stdout]     |         ^^^^^^^^^^^^^^^ use of undeclared type `ParticleEmitter`
[INFO] [stdout] 
[INFO] [stdout] 
[INFO] [stdout] error[E0433]: failed to resolve: use of undeclared type `ShaderRef`
[INFO] [stdout]    --> examples/draw.rs:190:21
[INFO] [stdout]     |
[INFO] [stdout] 190 |             .shader(ShaderRef::name("color"))
[INFO] [stdout]     |                     ^^^^^^^^^ use of undeclared type `ShaderRef`
[INFO] [stdout] 
[INFO] [stdout] 
[INFO] [stdout] error[E0433]: failed to resolve: use of undeclared type `App`
[INFO] [stdout]    --> examples/draw.rs:199:5
[INFO] [stdout]     |
[INFO] [stdout] 199 |     App::<Vertex>::default().run(State::default());
[INFO] [stdout]     |     ^^^ use of undeclared type `App`
[INFO] [stdout] 
[INFO] [stdout] 
[INFO] [stdout] error[E0433]: failed to resolve: use of undeclared type `GlowTextureFormat`
[INFO] [stdout]    --> examples/draw.rs:277:13
[INFO] [stdout]     |
[INFO] [stdout] 277 |             GlowTextureFormat::Rgba,
[INFO] [stdout]     |             ^^^^^^^^^^^^^^^^^ use of undeclared type `GlowTextureFormat`
[INFO] [stdout] 
[INFO] [stdout] 
[INFO] [stdout] error[E0433]: failed to resolve: use of undeclared type `GlowTextureFormat`
[INFO] [stdout]    --> examples/draw.rs:289:13
[INFO] [stdout]     |
[INFO] [stdout] 289 |             GlowTextureFormat::Monochromatic,
[INFO] [stdout]     |             ^^^^^^^^^^^^^^^^^ use of undeclared type `GlowTextureFormat`
[INFO] [stdout] 
[INFO] [stdout] 
[INFO] [stdout] Some errors have detailed explanations: E0405, E0412, E0422, E0432, E0433.
[INFO] [stdout] 
[INFO] [stdout] For more information about an error, try `rustc --explain E0405`.
[INFO] [stdout] 
[INFO] [stderr] error: could not compile `spitfire` (example "draw") due to 58 previous errors
[INFO] running `Command { std: "docker" "inspect" "707954fb5b9e7e754de87362b358dbc9212fa3d5550de8e38201492a916bf34a", kill_on_drop: false }`
[INFO] running `Command { std: "docker" "rm" "-f" "707954fb5b9e7e754de87362b358dbc9212fa3d5550de8e38201492a916bf34a", kill_on_drop: false }`
[INFO] [stdout] 707954fb5b9e7e754de87362b358dbc9212fa3d5550de8e38201492a916bf34a
