[INFO] fetching crate spirv-cross2 0.4.6...
[INFO] testing spirv-cross2-0.4.6 against nightly-2024-10-28+rustflags=-Zrandomize-layout for randomize-layout
[INFO] extracting crate spirv-cross2 0.4.6 into /workspace/builds/worker-2-tc2/source
[INFO] validating manifest of crates.io crate spirv-cross2 0.4.6 on toolchain nightly-2024-10-28
[INFO] running `Command { std: CARGO_HOME="/workspace/cargo-home" RUSTUP_HOME="/workspace/rustup-home" "/workspace/cargo-home/bin/cargo" "+nightly-2024-10-28" "metadata" "--manifest-path" "Cargo.toml" "--no-deps", kill_on_drop: false }`
[INFO] started tweaking crates.io crate spirv-cross2 0.4.6
[INFO] removed 0 missing tests
[INFO] finished tweaking crates.io crate spirv-cross2 0.4.6
[INFO] tweaked toml for crates.io crate spirv-cross2 0.4.6 written to /workspace/builds/worker-2-tc2/source/Cargo.toml
[INFO] running `Command { std: CARGO_HOME="/workspace/cargo-home" RUSTUP_HOME="/workspace/rustup-home" "/workspace/cargo-home/bin/cargo" "+nightly-2024-10-28" "generate-lockfile" "--manifest-path" "Cargo.toml", kill_on_drop: false }`
[INFO] [stderr]     Blocking waiting for file lock on package cache
[INFO] [stderr]     Updating crates.io index
[INFO] [stderr]     Blocking waiting for file lock on package cache
[INFO] [stderr]      Locking 30 packages to latest compatible versions
[INFO] [stderr]       Adding glslang v0.4.0 (available: v0.6.1)
[INFO] running `Command { std: CARGO_HOME="/workspace/cargo-home" RUSTUP_HOME="/workspace/rustup-home" "/workspace/cargo-home/bin/cargo" "+nightly-2024-10-28" "fetch" "--manifest-path" "Cargo.toml", kill_on_drop: false }`
[INFO] running `Command { std: "docker" "create" "-v" "/var/lib/crater-agent-workspace/builds/worker-2-tc2/target:/opt/rustwide/target:rw,Z" "-v" "/var/lib/crater-agent-workspace/builds/worker-2-tc2/source:/opt/rustwide/workdir:ro,Z" "-v" "/var/lib/crater-agent-workspace/cargo-home:/opt/rustwide/cargo-home:ro,Z" "-v" "/var/lib/crater-agent-workspace/rustup-home:/opt/rustwide/rustup-home:ro,Z" "-e" "SOURCE_DIR=/opt/rustwide/workdir" "-e" "CARGO_TARGET_DIR=/opt/rustwide/target" "-e" "CARGO_HOME=/opt/rustwide/cargo-home" "-e" "RUSTUP_HOME=/opt/rustwide/rustup-home" "-w" "/opt/rustwide/workdir" "-m" "1610612736" "--user" "0:0" "--network" "none" "ghcr.io/rust-lang/crates-build-env/linux@sha256:4a844ea9eb2546a2d2c7022eacef16ef2e8229c7fbb2c7d4d55a9ceca922f72d" "/opt/rustwide/cargo-home/bin/cargo" "+nightly-2024-10-28" "metadata" "--no-deps" "--format-version=1", kill_on_drop: false }`
[INFO] [stdout] 7be0238603dcc2865196ab9431dded5d58e9824f6f645806560002903e990108
[INFO] running `Command { std: "docker" "start" "-a" "7be0238603dcc2865196ab9431dded5d58e9824f6f645806560002903e990108", kill_on_drop: false }`
[INFO] running `Command { std: "docker" "inspect" "7be0238603dcc2865196ab9431dded5d58e9824f6f645806560002903e990108", kill_on_drop: false }`
[INFO] running `Command { std: "docker" "rm" "-f" "7be0238603dcc2865196ab9431dded5d58e9824f6f645806560002903e990108", kill_on_drop: false }`
[INFO] [stdout] 7be0238603dcc2865196ab9431dded5d58e9824f6f645806560002903e990108
[INFO] running `Command { std: "docker" "create" "-v" "/var/lib/crater-agent-workspace/builds/worker-2-tc2/target:/opt/rustwide/target:rw,Z" "-v" "/var/lib/crater-agent-workspace/builds/worker-2-tc2/source:/opt/rustwide/workdir:ro,Z" "-v" "/var/lib/crater-agent-workspace/cargo-home:/opt/rustwide/cargo-home:ro,Z" "-v" "/var/lib/crater-agent-workspace/rustup-home:/opt/rustwide/rustup-home:ro,Z" "-e" "SOURCE_DIR=/opt/rustwide/workdir" "-e" "CARGO_TARGET_DIR=/opt/rustwide/target" "-e" "CARGO_INCREMENTAL=0" "-e" "RUST_BACKTRACE=full" "-e" "RUSTFLAGS=--cap-lints=forbid -Zrandomize-layout" "-e" "RUSTDOCFLAGS=--cap-lints=forbid" "-e" "CARGO_HOME=/opt/rustwide/cargo-home" "-e" "RUSTUP_HOME=/opt/rustwide/rustup-home" "-w" "/opt/rustwide/workdir" "-m" "1610612736" "--user" "0:0" "--network" "none" "ghcr.io/rust-lang/crates-build-env/linux@sha256:4a844ea9eb2546a2d2c7022eacef16ef2e8229c7fbb2c7d4d55a9ceca922f72d" "/opt/rustwide/cargo-home/bin/cargo" "+nightly-2024-10-28" "build" "--frozen" "--message-format=json", kill_on_drop: false }`
[INFO] [stdout] 63fb5eff4b798d75382e9901040afd8d63718e406ebaf830f077653d89d2a59c
[INFO] running `Command { std: "docker" "start" "-a" "63fb5eff4b798d75382e9901040afd8d63718e406ebaf830f077653d89d2a59c", kill_on_drop: false }`
[INFO] [stderr]    Compiling bitflags v2.6.0
[INFO] [stderr]    Compiling bytemuck v1.19.0
[INFO] [stderr]    Compiling num-traits v0.2.19
[INFO] [stderr]    Compiling memchr v2.7.4
[INFO] [stderr]    Compiling cc v1.1.31
[INFO] [stderr]    Compiling num-derive v0.4.2
[INFO] [stderr]    Compiling thiserror-impl v1.0.66
[INFO] [stderr]    Compiling spirv-cross2-derive v0.1.0
[INFO] [stderr]    Compiling spirv v0.3.0+sdk-1.3.268.0
[INFO] [stderr]    Compiling thiserror v1.0.66
[INFO] [stderr]    Compiling spirv-cross-sys v0.4.3+e670b39
[INFO] [stderr] The following warnings were emitted during compilation:
[INFO] [stderr] 
[INFO] [stderr] warning: spirv-cross-sys@0.4.3+e670b39: c++: fatal error: Killed signal terminated program cc1plus
[INFO] [stderr] warning: spirv-cross-sys@0.4.3+e670b39: compilation terminated.
[INFO] [stderr] warning: spirv-cross-sys@0.4.3+e670b39: ToolExecError: Command "c++" "-O0" "-ffunction-sections" "-fdata-sections" "-fPIC" "-gdwarf-4" "-fno-omit-frame-pointer" "-m64" "-std=c++14" "-I" "native/SPIRV-Cross" "-I" "native/SPIRV-CROSS/include" "-Wall" "-Wextra" "-DSPIRV_CROSS_CLI=OFF" "-DSPIRV_CROSS_C_API_GLSL=1" "-DSPIRV_CROSS_C_API_HLSL=1" "-DSPIRV_CROSS_C_API_MSL=1" "-o" "/opt/rustwide/target/debug/build/spirv-cross-sys-4e38bb556c150912/out/44c975de6dea9a25-spirv_msl.o" "-c" "native/SPIRV-Cross/spirv_msl.cpp" with args c++ did not execute successfully (status code exit status: 1).cargo:warning=c++: fatal error: Killed signal terminated program cc1plus
[INFO] [stderr] warning: spirv-cross-sys@0.4.3+e670b39: compilation terminated.
[INFO] [stderr] warning: spirv-cross-sys@0.4.3+e670b39: ToolExecError: Command "c++" "-O0" "-ffunction-sections" "-fdata-sections" "-fPIC" "-gdwarf-4" "-fno-omit-frame-pointer" "-m64" "-std=c++14" "-I" "native/SPIRV-Cross" "-I" "native/SPIRV-CROSS/include" "-Wall" "-Wextra" "-DSPIRV_CROSS_CLI=OFF" "-DSPIRV_CROSS_C_API_GLSL=1" "-DSPIRV_CROSS_C_API_HLSL=1" "-DSPIRV_CROSS_C_API_MSL=1" "-o" "/opt/rustwide/target/debug/build/spirv-cross-sys-4e38bb556c150912/out/44c975de6dea9a25-spirv_glsl.o" "-c" "native/SPIRV-Cross/spirv_glsl.cpp" with args c++ did not execute successfully (status code exit status: 1).
[INFO] [stderr] 
[INFO] [stderr] error: failed to run custom build command for `spirv-cross-sys v0.4.3+e670b39`
[INFO] [stderr] note: To improve backtraces for build dependencies, set the CARGO_PROFILE_DEV_BUILD_OVERRIDE_DEBUG=true environment variable to enable debug information generation.
[INFO] [stderr] 
[INFO] [stderr] Caused by:
[INFO] [stderr]   process didn't exit successfully: `/opt/rustwide/target/debug/build/spirv-cross-sys-006a9429ef3c9518/build-script-build` (exit status: 1)
[INFO] [stderr]   --- stdout
[INFO] [stderr]   cargo:rerun-if-changed=native/SPIRV-Cross/spirv_cross_c.cpp
[INFO] [stderr]   cargo:rerun-if-changed=native/SPIRV-Cross/spirv_cross_c.h
[INFO] [stderr]   cargo:rerun-if-changed=native/SPIRV-Cross/spirv_cfg.cpp
[INFO] [stderr]   cargo:rerun-if-changed=native/SPIRV-Cross/spirv_cpp.cpp
[INFO] [stderr]   cargo:rerun-if-changed=native/SPIRV-Cross/spirv_cross.cpp
[INFO] [stderr]   cargo:rerun-if-changed=native/SPIRV-Cross/spirv_cross_parsed_ir.cpp
[INFO] [stderr]   cargo:rerun-if-changed=native/SPIRV-Cross/spirv_cross_util.cpp
[INFO] [stderr]   cargo:rerun-if-changed=native/SPIRV-Cross/spirv_glsl.cpp
[INFO] [stderr]   cargo:rerun-if-changed=native/SPIRV-Cross/spirv_hlsl.cpp
[INFO] [stderr]   cargo:rerun-if-changed=native/SPIRV-Cross/spirv_msl.cpp
[INFO] [stderr]   cargo:rerun-if-changed=native/SPIRV-Cross/spirv_parser.cpp
[INFO] [stderr]   cargo:rerun-if-changed=native/SPIRV-Cross/spirv_reflect.cpp
[INFO] [stderr]   cargo:rerun-if-changed=native/spirv_cross_c_ext_rs.cpp
[INFO] [stderr]   OUT_DIR = Some(/opt/rustwide/target/debug/build/spirv-cross-sys-4e38bb556c150912/out)
[INFO] [stderr]   TARGET = Some(x86_64-unknown-linux-gnu)
[INFO] [stderr]   OPT_LEVEL = Some(0)
[INFO] [stderr]   HOST = Some(x86_64-unknown-linux-gnu)
[INFO] [stderr]   cargo:rerun-if-env-changed=CXX_x86_64-unknown-linux-gnu
[INFO] [stderr]   CXX_x86_64-unknown-linux-gnu = None
[INFO] [stderr]   cargo:rerun-if-env-changed=CXX_x86_64_unknown_linux_gnu
[INFO] [stderr]   CXX_x86_64_unknown_linux_gnu = None
[INFO] [stderr]   cargo:rerun-if-env-changed=HOST_CXX
[INFO] [stderr]   HOST_CXX = None
[INFO] [stderr]   cargo:rerun-if-env-changed=CXX
[INFO] [stderr]   CXX = None
[INFO] [stderr]   cargo:rerun-if-env-changed=CC_ENABLE_DEBUG_OUTPUT
[INFO] [stderr]   RUSTC_WRAPPER = None
[INFO] [stderr]   cargo:rerun-if-env-changed=CRATE_CC_NO_DEFAULTS
[INFO] [stderr]   CRATE_CC_NO_DEFAULTS = None
[INFO] [stderr]   DEBUG = Some(true)
[INFO] [stderr]   CARGO_CFG_TARGET_FEATURE = Some(fxsr,sse,sse2)
[INFO] [stderr]   cargo:rerun-if-env-changed=CXXFLAGS_x86_64-unknown-linux-gnu
[INFO] [stderr]   CXXFLAGS_x86_64-unknown-linux-gnu = None
[INFO] [stderr]   cargo:rerun-if-env-changed=CXXFLAGS_x86_64_unknown_linux_gnu
[INFO] [stderr]   CXXFLAGS_x86_64_unknown_linux_gnu = None
[INFO] [stderr]   cargo:rerun-if-env-changed=HOST_CXXFLAGS
[INFO] [stderr]   HOST_CXXFLAGS = None
[INFO] [stderr]   cargo:rerun-if-env-changed=CXXFLAGS
[INFO] [stderr]   CXXFLAGS = None
[INFO] [stderr]   cargo:warning=c++: fatal error: Killed signal terminated program cc1plus
[INFO] [stderr]   cargo:warning=compilation terminated.
[INFO] [stderr]   exit status: 0
[INFO] [stderr]   exit status: 1
[INFO] [stderr]   cargo:warning=ToolExecError: Command "c++" "-O0" "-ffunction-sections" "-fdata-sections" "-fPIC" "-gdwarf-4" "-fno-omit-frame-pointer" "-m64" "-std=c++14" "-I" "native/SPIRV-Cross" "-I" "native/SPIRV-CROSS/include" "-Wall" "-Wextra" "-DSPIRV_CROSS_CLI=OFF" "-DSPIRV_CROSS_C_API_GLSL=1" "-DSPIRV_CROSS_C_API_HLSL=1" "-DSPIRV_CROSS_C_API_MSL=1" "-o" "/opt/rustwide/target/debug/build/spirv-cross-sys-4e38bb556c150912/out/44c975de6dea9a25-spirv_msl.o" "-c" "native/SPIRV-Cross/spirv_msl.cpp" with args c++ did not execute successfully (status code exit status: 1).cargo:warning=c++: fatal error: Killed signal terminated program cc1plus
[INFO] [stderr]   cargo:warning=compilation terminated.
[INFO] [stderr] 
[INFO] [stderr]   exit status: 0
[INFO] [stderr]   exit status: 0
[INFO] [stderr]   exit status: 0
[INFO] [stderr]   exit status: 1
[INFO] [stderr]   cargo:warning=ToolExecError: Command "c++" "-O0" "-ffunction-sections" "-fdata-sections" "-fPIC" "-gdwarf-4" "-fno-omit-frame-pointer" "-m64" "-std=c++14" "-I" "native/SPIRV-Cross" "-I" "native/SPIRV-CROSS/include" "-Wall" "-Wextra" "-DSPIRV_CROSS_CLI=OFF" "-DSPIRV_CROSS_C_API_GLSL=1" "-DSPIRV_CROSS_C_API_HLSL=1" "-DSPIRV_CROSS_C_API_MSL=1" "-o" "/opt/rustwide/target/debug/build/spirv-cross-sys-4e38bb556c150912/out/44c975de6dea9a25-spirv_glsl.o" "-c" "native/SPIRV-Cross/spirv_glsl.cpp" with args c++ did not execute successfully (status code exit status: 1).
[INFO] [stderr]   exit status: 0
[INFO] [stderr]   exit status: 0
[INFO] [stderr]   exit status: 0
[INFO] [stderr]   exit status: 0
[INFO] [stderr]   exit status: 0
[INFO] [stderr] 
[INFO] [stderr]   --- stderr
[INFO] [stderr] 
[INFO] [stderr] 
[INFO] [stderr]   error occurred: Command "c++" "-O0" "-ffunction-sections" "-fdata-sections" "-fPIC" "-gdwarf-4" "-fno-omit-frame-pointer" "-m64" "-std=c++14" "-I" "native/SPIRV-Cross" "-I" "native/SPIRV-CROSS/include" "-Wall" "-Wextra" "-DSPIRV_CROSS_CLI=OFF" "-DSPIRV_CROSS_C_API_GLSL=1" "-DSPIRV_CROSS_C_API_HLSL=1" "-DSPIRV_CROSS_C_API_MSL=1" "-o" "/opt/rustwide/target/debug/build/spirv-cross-sys-4e38bb556c150912/out/44c975de6dea9a25-spirv_glsl.o" "-c" "native/SPIRV-Cross/spirv_glsl.cpp" with args c++ did not execute successfully (status code exit status: 1).
[INFO] [stderr] 
[INFO] [stderr] 
[INFO] running `Command { std: "docker" "inspect" "63fb5eff4b798d75382e9901040afd8d63718e406ebaf830f077653d89d2a59c", kill_on_drop: false }`
[INFO] running `Command { std: "docker" "rm" "-f" "63fb5eff4b798d75382e9901040afd8d63718e406ebaf830f077653d89d2a59c", kill_on_drop: false }`
[INFO] [stdout] 63fb5eff4b798d75382e9901040afd8d63718e406ebaf830f077653d89d2a59c
