[INFO] fetching crate spirq 1.2.2...
[INFO] testing spirq-1.2.2 against nightly-2024-10-28 for randomize-layout
[INFO] extracting crate spirq 1.2.2 into /workspace/builds/worker-0-tc1/source
[INFO] validating manifest of crates.io crate spirq 1.2.2 on toolchain nightly-2024-10-28
[INFO] running `Command { std: CARGO_HOME="/workspace/cargo-home" RUSTUP_HOME="/workspace/rustup-home" "/workspace/cargo-home/bin/cargo" "+nightly-2024-10-28" "metadata" "--manifest-path" "Cargo.toml" "--no-deps", kill_on_drop: false }`
[INFO] started tweaking crates.io crate spirq 1.2.2
[INFO] finished tweaking crates.io crate spirq 1.2.2
[INFO] tweaked toml for crates.io crate spirq 1.2.2 written to /workspace/builds/worker-0-tc1/source/Cargo.toml
[INFO] crate crates.io crate spirq 1.2.2 already has a lockfile, it will not be regenerated
[INFO] running `Command { std: CARGO_HOME="/workspace/cargo-home" RUSTUP_HOME="/workspace/rustup-home" "/workspace/cargo-home/bin/cargo" "+nightly-2024-10-28" "fetch" "--manifest-path" "Cargo.toml", kill_on_drop: false }`
[INFO] [stderr]     Blocking waiting for file lock on package cache
[INFO] [stderr]     Updating crates.io index
[INFO] [stderr]     Blocking waiting for file lock on package cache
[INFO] [stderr]  Downloading crates ...
[INFO] [stderr]   Downloaded spq-core v1.0.5
[INFO] [stderr]   Downloaded spirq-core v1.0.4
[INFO] [stderr]   Downloaded spirq v1.1.3
[INFO] [stderr]   Downloaded spirq-spvasm v0.1.4
[INFO] [stderr]   Downloaded inline-spirv v0.2.0
[INFO] running `Command { std: "docker" "create" "-v" "/var/lib/crater-agent-workspace/builds/worker-0-tc1/target:/opt/rustwide/target:rw,Z" "-v" "/var/lib/crater-agent-workspace/builds/worker-0-tc1/source:/opt/rustwide/workdir:ro,Z" "-v" "/var/lib/crater-agent-workspace/cargo-home:/opt/rustwide/cargo-home:ro,Z" "-v" "/var/lib/crater-agent-workspace/rustup-home:/opt/rustwide/rustup-home:ro,Z" "-e" "SOURCE_DIR=/opt/rustwide/workdir" "-e" "CARGO_TARGET_DIR=/opt/rustwide/target" "-e" "CARGO_HOME=/opt/rustwide/cargo-home" "-e" "RUSTUP_HOME=/opt/rustwide/rustup-home" "-w" "/opt/rustwide/workdir" "-m" "1610612736" "--user" "0:0" "--network" "none" "ghcr.io/rust-lang/crates-build-env/linux@sha256:4a844ea9eb2546a2d2c7022eacef16ef2e8229c7fbb2c7d4d55a9ceca922f72d" "/opt/rustwide/cargo-home/bin/cargo" "+nightly-2024-10-28" "metadata" "--no-deps" "--format-version=1", kill_on_drop: false }`
[INFO] [stdout] 8c7547368e7003a54d2d474f56b9737db35f0394b2cfd08a69ae2e7ba9bd5d37
[INFO] running `Command { std: "docker" "start" "-a" "8c7547368e7003a54d2d474f56b9737db35f0394b2cfd08a69ae2e7ba9bd5d37", kill_on_drop: false }`
[INFO] running `Command { std: "docker" "inspect" "8c7547368e7003a54d2d474f56b9737db35f0394b2cfd08a69ae2e7ba9bd5d37", kill_on_drop: false }`
[INFO] running `Command { std: "docker" "rm" "-f" "8c7547368e7003a54d2d474f56b9737db35f0394b2cfd08a69ae2e7ba9bd5d37", kill_on_drop: false }`
[INFO] [stdout] 8c7547368e7003a54d2d474f56b9737db35f0394b2cfd08a69ae2e7ba9bd5d37
[INFO] running `Command { std: "docker" "create" "-v" "/var/lib/crater-agent-workspace/builds/worker-0-tc1/target:/opt/rustwide/target:rw,Z" "-v" "/var/lib/crater-agent-workspace/builds/worker-0-tc1/source:/opt/rustwide/workdir:ro,Z" "-v" "/var/lib/crater-agent-workspace/cargo-home:/opt/rustwide/cargo-home:ro,Z" "-v" "/var/lib/crater-agent-workspace/rustup-home:/opt/rustwide/rustup-home:ro,Z" "-e" "SOURCE_DIR=/opt/rustwide/workdir" "-e" "CARGO_TARGET_DIR=/opt/rustwide/target" "-e" "CARGO_INCREMENTAL=0" "-e" "RUST_BACKTRACE=full" "-e" "RUSTFLAGS=--cap-lints=forbid" "-e" "RUSTDOCFLAGS=--cap-lints=forbid" "-e" "CARGO_HOME=/opt/rustwide/cargo-home" "-e" "RUSTUP_HOME=/opt/rustwide/rustup-home" "-w" "/opt/rustwide/workdir" "-m" "1610612736" "--user" "0:0" "--network" "none" "ghcr.io/rust-lang/crates-build-env/linux@sha256:4a844ea9eb2546a2d2c7022eacef16ef2e8229c7fbb2c7d4d55a9ceca922f72d" "/opt/rustwide/cargo-home/bin/cargo" "+nightly-2024-10-28" "build" "--frozen" "--message-format=json", kill_on_drop: false }`
[INFO] [stdout] b6cc4fd703bc3277febf6c9ade1968e1c11d15b18ee7f2b5cda05a38f6a57154
[INFO] running `Command { std: "docker" "start" "-a" "b6cc4fd703bc3277febf6c9ade1968e1c11d15b18ee7f2b5cda05a38f6a57154", kill_on_drop: false }`
[INFO] [stderr]    Compiling libm v0.2.8
[INFO] [stderr]    Compiling num-traits v0.2.18
[INFO] [stderr]    Compiling proc-macro2 v1.0.79
[INFO] [stderr]    Compiling anyhow v1.0.81
[INFO] [stderr]    Compiling bitflags v2.4.2
[INFO] [stderr]    Compiling bytemuck v1.15.0
[INFO] [stderr]    Compiling spirv v0.3.0+sdk-1.3.268.0
[INFO] [stderr]    Compiling quote v1.0.35
[INFO] [stderr]    Compiling syn v2.0.52
[INFO] [stderr]    Compiling half v2.4.0
[INFO] [stderr]    Compiling ordered-float v4.2.0
[INFO] [stderr]    Compiling spq-core v1.0.5
[INFO] [stderr]    Compiling num-derive v0.4.2
[INFO] [stderr]    Compiling spirq v1.2.2 (/opt/rustwide/workdir)
[INFO] [stdout] warning: elided lifetime has a name
[INFO] [stdout]   --> src/inspect.rs:11:75
[INFO] [stdout]    |
[INFO] [stdout] 11 |     fn chain<'a, I2: Inspector>(&'a mut self, second: &'a mut I2) -> Chain<Self, I2>
[INFO] [stdout]    |              -- lifetime `'a` declared here                               ^ this elided lifetime gets resolved as `'a`
[INFO] [stdout]    |
[INFO] [stdout]    = note: `#[warn(elided_named_lifetimes)]` on by default
[INFO] [stdout] 
[INFO] [stdout] 
[INFO] [stdout] warning: fields `func_id`, `execution_mode`, and `params` are never read
[INFO] [stdout]   --> src/instr.rs:68:9
[INFO] [stdout]    |
[INFO] [stdout] 67 |     OpExecutionModeCommonSPQ {
[INFO] [stdout]    |     ------------------------ fields in this struct
[INFO] [stdout] 68 |         func_id: FunctionId = read_u32(),
[INFO] [stdout]    |         ^^^^^^^
[INFO] [stdout] 69 |         execution_mode: ExecutionMode = read_enum(),
[INFO] [stdout]    |         ^^^^^^^^^^^^^^
[INFO] [stdout] 70 |         params: &'a [u32] = read_list(),
[INFO] [stdout]    |         ^^^^^^
[INFO] [stdout]    |
[INFO] [stdout]    = note: `#[warn(dead_code)]` on by default
[INFO] [stdout]    = note: this warning originates in the macro `define_ops` (in Nightly builds, run with -Z macro-backtrace for more info)
[INFO] [stdout] 
[INFO] [stdout] 
[INFO] [stdout] warning: field `store_cls` is never read
[INFO] [stdout]    --> src/instr.rs:157:9
[INFO] [stdout]     |
[INFO] [stdout] 155 |     OpTypeForwardPointer {
[INFO] [stdout]     |     -------------------- field in this struct
[INFO] [stdout] 156 |         ty_id: TypeId = read_u32(),
[INFO] [stdout] 157 |         store_cls: StorageClass = read_enum(),
[INFO] [stdout]     |         ^^^^^^^^^
[INFO] [stdout]     |
[INFO] [stdout]     = note: this warning originates in the macro `define_ops` (in Nightly builds, run with -Z macro-backtrace for more info)
[INFO] [stdout] 
[INFO] [stdout] 
[INFO] [stdout] warning: fields `ty_id` and `const_id` are never read
[INFO] [stdout]    --> src/instr.rs:160:9
[INFO] [stdout]     |
[INFO] [stdout] 159 |     OpConstantTrue {
[INFO] [stdout]     |     -------------- fields in this struct
[INFO] [stdout] 160 |         ty_id: TypeId = read_u32(),
[INFO] [stdout]     |         ^^^^^
[INFO] [stdout] 161 |         const_id: ConstantId = read_u32(),
[INFO] [stdout]     |         ^^^^^^^^
[INFO] [stdout]     |
[INFO] [stdout]     = note: this warning originates in the macro `define_ops` (in Nightly builds, run with -Z macro-backtrace for more info)
[INFO] [stdout] 
[INFO] [stdout] 
[INFO] [stdout] warning: fields `ty_id` and `const_id` are never read
[INFO] [stdout]    --> src/instr.rs:164:9
[INFO] [stdout]     |
[INFO] [stdout] 163 |     OpConstantFalse {
[INFO] [stdout]     |     --------------- fields in this struct
[INFO] [stdout] 164 |         ty_id: TypeId = read_u32(),
[INFO] [stdout]     |         ^^^^^
[INFO] [stdout] 165 |         const_id: ConstantId = read_u32(),
[INFO] [stdout]     |         ^^^^^^^^
[INFO] [stdout]     |
[INFO] [stdout]     = note: this warning originates in the macro `define_ops` (in Nightly builds, run with -Z macro-backtrace for more info)
[INFO] [stdout] 
[INFO] [stdout] 
[INFO] [stdout] warning: fields `ty_id`, `const_id`, and `value` are never read
[INFO] [stdout]    --> src/instr.rs:168:9
[INFO] [stdout]     |
[INFO] [stdout] 167 |     OpConstant {
[INFO] [stdout]     |     ---------- fields in this struct
[INFO] [stdout] 168 |         ty_id: TypeId = read_u32(),
[INFO] [stdout]     |         ^^^^^
[INFO] [stdout] 169 |         const_id: ConstantId = read_u32(),
[INFO] [stdout]     |         ^^^^^^^^
[INFO] [stdout] 170 |         value: &'a [u32] = read_list(),
[INFO] [stdout]     |         ^^^^^
[INFO] [stdout]     |
[INFO] [stdout]     = note: this warning originates in the macro `define_ops` (in Nightly builds, run with -Z macro-backtrace for more info)
[INFO] [stdout] 
[INFO] [stdout] 
[INFO] [stdout] warning: fields `ty_id` and `spec_const_id` are never read
[INFO] [stdout]    --> src/instr.rs:173:9
[INFO] [stdout]     |
[INFO] [stdout] 172 |     OpSpecConstantTrue {
[INFO] [stdout]     |     ------------------ fields in this struct
[INFO] [stdout] 173 |         ty_id: TypeId = read_u32(),
[INFO] [stdout]     |         ^^^^^
[INFO] [stdout] 174 |         spec_const_id: SpecConstantId = read_u32(),
[INFO] [stdout]     |         ^^^^^^^^^^^^^
[INFO] [stdout]     |
[INFO] [stdout]     = note: this warning originates in the macro `define_ops` (in Nightly builds, run with -Z macro-backtrace for more info)
[INFO] [stdout] 
[INFO] [stdout] 
[INFO] [stdout] warning: fields `ty_id` and `spec_const_id` are never read
[INFO] [stdout]    --> src/instr.rs:177:9
[INFO] [stdout]     |
[INFO] [stdout] 176 |     OpSpecConstantFalse {
[INFO] [stdout]     |     ------------------- fields in this struct
[INFO] [stdout] 177 |         ty_id: TypeId = read_u32(),
[INFO] [stdout]     |         ^^^^^
[INFO] [stdout] 178 |         spec_const_id: SpecConstantId = read_u32(),
[INFO] [stdout]     |         ^^^^^^^^^^^^^
[INFO] [stdout]     |
[INFO] [stdout]     = note: this warning originates in the macro `define_ops` (in Nightly builds, run with -Z macro-backtrace for more info)
[INFO] [stdout] 
[INFO] [stdout] 
[INFO] [stdout] warning: fields `ty_id`, `spec_const_id`, and `value` are never read
[INFO] [stdout]    --> src/instr.rs:181:9
[INFO] [stdout]     |
[INFO] [stdout] 180 |     OpSpecConstant {
[INFO] [stdout]     |     -------------- fields in this struct
[INFO] [stdout] 181 |         ty_id: TypeId = read_u32(),
[INFO] [stdout]     |         ^^^^^
[INFO] [stdout] 182 |         spec_const_id: SpecConstantId = read_u32(),
[INFO] [stdout]     |         ^^^^^^^^^^^^^
[INFO] [stdout] 183 |         value: &'a [u32] = read_list(),
[INFO] [stdout]     |         ^^^^^
[INFO] [stdout]     |
[INFO] [stdout]     = note: this warning originates in the macro `define_ops` (in Nightly builds, run with -Z macro-backtrace for more info)
[INFO] [stdout] 
[INFO] [stdout] 
[INFO] [stdout] warning: fields `ty_id`, `spec_const_id`, and `value` are never read
[INFO] [stdout]    --> src/instr.rs:186:9
[INFO] [stdout]     |
[INFO] [stdout] 185 |     OpSpecConstantComposite {
[INFO] [stdout]     |     ----------------------- fields in this struct
[INFO] [stdout] 186 |         ty_id: TypeId = read_u32(),
[INFO] [stdout]     |         ^^^^^
[INFO] [stdout] 187 |         spec_const_id: SpecConstantId = read_u32(),
[INFO] [stdout]     |         ^^^^^^^^^^^^^
[INFO] [stdout] 188 |         value: &'a [SpecConstantId] = read_list(),
[INFO] [stdout]     |         ^^^^^
[INFO] [stdout]     |
[INFO] [stdout]     = note: this warning originates in the macro `define_ops` (in Nightly builds, run with -Z macro-backtrace for more info)
[INFO] [stdout] 
[INFO] [stdout] 
[INFO] [stdout] warning: field `return_ty_id` is never read
[INFO] [stdout]    --> src/instr.rs:197:9
[INFO] [stdout]     |
[INFO] [stdout] 196 |     OpFunction {
[INFO] [stdout]     |     ---------- field in this struct
[INFO] [stdout] 197 |         return_ty_id: TypeId = read_u32(),
[INFO] [stdout]     |         ^^^^^^^^^^^^
[INFO] [stdout]     |
[INFO] [stdout]     = note: this warning originates in the macro `define_ops` (in Nightly builds, run with -Z macro-backtrace for more info)
[INFO] [stdout] 
[INFO] [stdout] 
[INFO] [stdout] warning: fields `return_ty_id` and `return_id` are never read
[INFO] [stdout]    --> src/instr.rs:201:9
[INFO] [stdout]     |
[INFO] [stdout] 200 |     OpFunctionCall {
[INFO] [stdout]     |     -------------- fields in this struct
[INFO] [stdout] 201 |         return_ty_id: TypeId = read_u32(),
[INFO] [stdout]     |         ^^^^^^^^^^^^
[INFO] [stdout] 202 |         return_id: InstrId = read_u32(),
[INFO] [stdout]     |         ^^^^^^^^^
[INFO] [stdout]     |
[INFO] [stdout]     = note: this warning originates in the macro `define_ops` (in Nightly builds, run with -Z macro-backtrace for more info)
[INFO] [stdout] 
[INFO] [stdout] 
[INFO] [stdout] warning: fields `return_ty_id` and `return_id` are never read
[INFO] [stdout]    --> src/instr.rs:206:9
[INFO] [stdout]     |
[INFO] [stdout] 205 |     OpLoad {
[INFO] [stdout]     |     ------ fields in this struct
[INFO] [stdout] 206 |         return_ty_id: TypeId = read_u32(),
[INFO] [stdout]     |         ^^^^^^^^^^^^
[INFO] [stdout] 207 |         return_id: InstrId = read_u32(),
[INFO] [stdout]     |         ^^^^^^^^^
[INFO] [stdout]     |
[INFO] [stdout]     = note: this warning originates in the macro `define_ops` (in Nightly builds, run with -Z macro-backtrace for more info)
[INFO] [stdout] 
[INFO] [stdout] 
[INFO] [stdout] warning: field `var_ty_id` is never read
[INFO] [stdout]    --> src/instr.rs:214:9
[INFO] [stdout]     |
[INFO] [stdout] 213 |     OpAccessChain {
[INFO] [stdout]     |     ------------- field in this struct
[INFO] [stdout] 214 |         var_ty_id: TypeId = read_u32(),
[INFO] [stdout]     |         ^^^^^^^^^
[INFO] [stdout]     |
[INFO] [stdout]     = note: this warning originates in the macro `define_ops` (in Nightly builds, run with -Z macro-backtrace for more info)
[INFO] [stdout] 
[INFO] [stdout] 
[INFO] [stdout] warning: fields `ty_id`, `spec_const_id`, `opcode`, and `a_id` are never read
[INFO] [stdout]    --> src/instr.rs:233:9
[INFO] [stdout]     |
[INFO] [stdout] 232 |     OpSpecConstantUnaryOpCommonSPQ {
[INFO] [stdout]     |     ------------------------------ fields in this struct
[INFO] [stdout] 233 |         ty_id: TypeId = read_u32(),
[INFO] [stdout]     |         ^^^^^
[INFO] [stdout] 234 |         spec_const_id: SpecConstantId = read_u32(),
[INFO] [stdout]     |         ^^^^^^^^^^^^^
[INFO] [stdout] 235 |         opcode: u32 = read_u32(),
[INFO] [stdout]     |         ^^^^^^
[INFO] [stdout] 236 |         a_id: SpecConstantId = read_u32(),
[INFO] [stdout]     |         ^^^^
[INFO] [stdout]     |
[INFO] [stdout]     = note: this warning originates in the macro `define_ops` (in Nightly builds, run with -Z macro-backtrace for more info)
[INFO] [stdout] 
[INFO] [stdout] 
[INFO] [stdout] warning: fields `ty_id`, `spec_const_id`, `opcode`, `a_id`, and `b_id` are never read
[INFO] [stdout]    --> src/instr.rs:239:9
[INFO] [stdout]     |
[INFO] [stdout] 238 |     OpSpecConstantBinaryOpCommonSPQ {
[INFO] [stdout]     |     ------------------------------- fields in this struct
[INFO] [stdout] 239 |         ty_id: TypeId = read_u32(),
[INFO] [stdout]     |         ^^^^^
[INFO] [stdout] 240 |         spec_const_id: SpecConstantId = read_u32(),
[INFO] [stdout]     |         ^^^^^^^^^^^^^
[INFO] [stdout] 241 |         opcode: u32 = read_u32(),
[INFO] [stdout]     |         ^^^^^^
[INFO] [stdout] 242 |         a_id: SpecConstantId = read_u32(),
[INFO] [stdout]     |         ^^^^
[INFO] [stdout] 243 |         b_id: SpecConstantId = read_u32(),
[INFO] [stdout]     |         ^^^^
[INFO] [stdout]     |
[INFO] [stdout]     = note: this warning originates in the macro `define_ops` (in Nightly builds, run with -Z macro-backtrace for more info)
[INFO] [stdout] 
[INFO] [stdout] 
[INFO] [stdout] warning: fields `ty_id`, `spec_const_id`, `opcode`, `a_id`, `b_id`, and `c_id` are never read
[INFO] [stdout]    --> src/instr.rs:246:9
[INFO] [stdout]     |
[INFO] [stdout] 245 |     OpSpecConstantTertiaryOpCommonSPQ {
[INFO] [stdout]     |     --------------------------------- fields in this struct
[INFO] [stdout] 246 |         ty_id: TypeId = read_u32(),
[INFO] [stdout]     |         ^^^^^
[INFO] [stdout] 247 |         spec_const_id: SpecConstantId = read_u32(),
[INFO] [stdout]     |         ^^^^^^^^^^^^^
[INFO] [stdout] 248 |         opcode: u32 = read_u32(),
[INFO] [stdout]     |         ^^^^^^
[INFO] [stdout] 249 |         a_id: SpecConstantId = read_u32(),
[INFO] [stdout]     |         ^^^^
[INFO] [stdout] 250 |         b_id: SpecConstantId = read_u32(),
[INFO] [stdout]     |         ^^^^
[INFO] [stdout] 251 |         c_id: SpecConstantId = read_u32(),
[INFO] [stdout]     |         ^^^^
[INFO] [stdout]     |
[INFO] [stdout]     = note: this warning originates in the macro `define_ops` (in Nightly builds, run with -Z macro-backtrace for more info)
[INFO] [stdout] 
[INFO] [stdout] 
[INFO] [stderr]     Finished `dev` profile [unoptimized + debuginfo] target(s) in 5.18s
[INFO] running `Command { std: "docker" "inspect" "b6cc4fd703bc3277febf6c9ade1968e1c11d15b18ee7f2b5cda05a38f6a57154", kill_on_drop: false }`
[INFO] running `Command { std: "docker" "rm" "-f" "b6cc4fd703bc3277febf6c9ade1968e1c11d15b18ee7f2b5cda05a38f6a57154", kill_on_drop: false }`
[INFO] [stdout] b6cc4fd703bc3277febf6c9ade1968e1c11d15b18ee7f2b5cda05a38f6a57154
[INFO] running `Command { std: "docker" "create" "-v" "/var/lib/crater-agent-workspace/builds/worker-0-tc1/target:/opt/rustwide/target:rw,Z" "-v" "/var/lib/crater-agent-workspace/builds/worker-0-tc1/source:/opt/rustwide/workdir:ro,Z" "-v" "/var/lib/crater-agent-workspace/cargo-home:/opt/rustwide/cargo-home:ro,Z" "-v" "/var/lib/crater-agent-workspace/rustup-home:/opt/rustwide/rustup-home:ro,Z" "-e" "SOURCE_DIR=/opt/rustwide/workdir" "-e" "CARGO_TARGET_DIR=/opt/rustwide/target" "-e" "CARGO_INCREMENTAL=0" "-e" "RUST_BACKTRACE=full" "-e" "RUSTFLAGS=--cap-lints=forbid" "-e" "RUSTDOCFLAGS=--cap-lints=forbid" "-e" "CARGO_HOME=/opt/rustwide/cargo-home" "-e" "RUSTUP_HOME=/opt/rustwide/rustup-home" "-w" "/opt/rustwide/workdir" "-m" "1610612736" "--user" "0:0" "--network" "none" "ghcr.io/rust-lang/crates-build-env/linux@sha256:4a844ea9eb2546a2d2c7022eacef16ef2e8229c7fbb2c7d4d55a9ceca922f72d" "/opt/rustwide/cargo-home/bin/cargo" "+nightly-2024-10-28" "test" "--frozen" "--no-run" "--message-format=json", kill_on_drop: false }`
[INFO] [stdout] ef67bb11d600b3ec9d9a0c3cf3e4d88431dd5ccee7cf6c32e7c8169aa5150715
[INFO] running `Command { std: "docker" "start" "-a" "ef67bb11d600b3ec9d9a0c3cf3e4d88431dd5ccee7cf6c32e7c8169aa5150715", kill_on_drop: false }`
[INFO] [stderr]    Compiling cc v1.0.90
[INFO] [stderr]    Compiling libc v0.2.153
[INFO] [stderr]    Compiling bytes v1.5.0
[INFO] [stdout] warning: elided lifetime has a name
[INFO] [stdout]   --> src/inspect.rs:11:75
[INFO] [stdout]    |
[INFO] [stdout] 11 |     fn chain<'a, I2: Inspector>(&'a mut self, second: &'a mut I2) -> Chain<Self, I2>
[INFO] [stdout]    |              -- lifetime `'a` declared here                               ^ this elided lifetime gets resolved as `'a`
[INFO] [stdout]    |
[INFO] [stdout]    = note: `#[warn(elided_named_lifetimes)]` on by default
[INFO] [stdout] 
[INFO] [stdout] 
[INFO] [stderr]    Compiling ordered-float v3.9.2
[INFO] [stdout] warning: fields `func_id`, `execution_mode`, and `params` are never read
[INFO] [stdout]   --> src/instr.rs:68:9
[INFO] [stdout]    |
[INFO] [stdout] 67 |     OpExecutionModeCommonSPQ {
[INFO] [stdout]    |     ------------------------ fields in this struct
[INFO] [stdout] 68 |         func_id: FunctionId = read_u32(),
[INFO] [stdout]    |         ^^^^^^^
[INFO] [stdout] 69 |         execution_mode: ExecutionMode = read_enum(),
[INFO] [stdout]    |         ^^^^^^^^^^^^^^
[INFO] [stdout] 70 |         params: &'a [u32] = read_list(),
[INFO] [stdout]    |         ^^^^^^
[INFO] [stdout]    |
[INFO] [stdout]    = note: `#[warn(dead_code)]` on by default
[INFO] [stdout]    = note: this warning originates in the macro `define_ops` (in Nightly builds, run with -Z macro-backtrace for more info)
[INFO] [stdout] 
[INFO] [stdout] 
[INFO] [stdout] warning: field `store_cls` is never read
[INFO] [stdout]    --> src/instr.rs:157:9
[INFO] [stdout]     |
[INFO] [stdout] 155 |     OpTypeForwardPointer {
[INFO] [stdout]     |     -------------------- field in this struct
[INFO] [stdout] 156 |         ty_id: TypeId = read_u32(),
[INFO] [stdout] 157 |         store_cls: StorageClass = read_enum(),
[INFO] [stdout]     |         ^^^^^^^^^
[INFO] [stdout]     |
[INFO] [stdout]     = note: this warning originates in the macro `define_ops` (in Nightly builds, run with -Z macro-backtrace for more info)
[INFO] [stdout] 
[INFO] [stdout] 
[INFO] [stdout] warning: fields `ty_id` and `const_id` are never read
[INFO] [stdout]    --> src/instr.rs:160:9
[INFO] [stdout]     |
[INFO] [stdout] 159 |     OpConstantTrue {
[INFO] [stdout]     |     -------------- fields in this struct
[INFO] [stdout] 160 |         ty_id: TypeId = read_u32(),
[INFO] [stdout]     |         ^^^^^
[INFO] [stdout] 161 |         const_id: ConstantId = read_u32(),
[INFO] [stdout]     |         ^^^^^^^^
[INFO] [stdout]     |
[INFO] [stdout]     = note: this warning originates in the macro `define_ops` (in Nightly builds, run with -Z macro-backtrace for more info)
[INFO] [stdout] 
[INFO] [stdout] 
[INFO] [stdout] warning: fields `ty_id` and `const_id` are never read
[INFO] [stdout]    --> src/instr.rs:164:9
[INFO] [stdout]     |
[INFO] [stdout] 163 |     OpConstantFalse {
[INFO] [stdout]     |     --------------- fields in this struct
[INFO] [stdout] 164 |         ty_id: TypeId = read_u32(),
[INFO] [stdout]     |         ^^^^^
[INFO] [stdout] 165 |         const_id: ConstantId = read_u32(),
[INFO] [stdout]     |         ^^^^^^^^
[INFO] [stdout]     |
[INFO] [stdout]     = note: this warning originates in the macro `define_ops` (in Nightly builds, run with -Z macro-backtrace for more info)
[INFO] [stdout] 
[INFO] [stdout] 
[INFO] [stdout] warning: fields `ty_id`, `const_id`, and `value` are never read
[INFO] [stdout]    --> src/instr.rs:168:9
[INFO] [stdout]     |
[INFO] [stdout] 167 |     OpConstant {
[INFO] [stdout]     |     ---------- fields in this struct
[INFO] [stdout] 168 |         ty_id: TypeId = read_u32(),
[INFO] [stdout]     |         ^^^^^
[INFO] [stdout] 169 |         const_id: ConstantId = read_u32(),
[INFO] [stdout]     |         ^^^^^^^^
[INFO] [stdout] 170 |         value: &'a [u32] = read_list(),
[INFO] [stdout]     |         ^^^^^
[INFO] [stdout]     |
[INFO] [stdout]     = note: this warning originates in the macro `define_ops` (in Nightly builds, run with -Z macro-backtrace for more info)
[INFO] [stdout] 
[INFO] [stdout] 
[INFO] [stdout] warning: fields `ty_id` and `spec_const_id` are never read
[INFO] [stdout]    --> src/instr.rs:173:9
[INFO] [stdout]     |
[INFO] [stdout] 172 |     OpSpecConstantTrue {
[INFO] [stdout]     |     ------------------ fields in this struct
[INFO] [stdout] 173 |         ty_id: TypeId = read_u32(),
[INFO] [stdout]     |         ^^^^^
[INFO] [stdout] 174 |         spec_const_id: SpecConstantId = read_u32(),
[INFO] [stdout]     |         ^^^^^^^^^^^^^
[INFO] [stdout]     |
[INFO] [stdout]     = note: this warning originates in the macro `define_ops` (in Nightly builds, run with -Z macro-backtrace for more info)
[INFO] [stdout] 
[INFO] [stdout] 
[INFO] [stdout] warning: fields `ty_id` and `spec_const_id` are never read
[INFO] [stdout]    --> src/instr.rs:177:9
[INFO] [stdout]     |
[INFO] [stdout] 176 |     OpSpecConstantFalse {
[INFO] [stdout]     |     ------------------- fields in this struct
[INFO] [stdout] 177 |         ty_id: TypeId = read_u32(),
[INFO] [stdout]     |         ^^^^^
[INFO] [stdout] 178 |         spec_const_id: SpecConstantId = read_u32(),
[INFO] [stdout]     |         ^^^^^^^^^^^^^
[INFO] [stdout]     |
[INFO] [stdout]     = note: this warning originates in the macro `define_ops` (in Nightly builds, run with -Z macro-backtrace for more info)
[INFO] [stdout] 
[INFO] [stdout] 
[INFO] [stdout] warning: fields `ty_id`, `spec_const_id`, and `value` are never read
[INFO] [stdout]    --> src/instr.rs:181:9
[INFO] [stdout]     |
[INFO] [stdout] 180 |     OpSpecConstant {
[INFO] [stdout]     |     -------------- fields in this struct
[INFO] [stdout] 181 |         ty_id: TypeId = read_u32(),
[INFO] [stdout]     |         ^^^^^
[INFO] [stdout] 182 |         spec_const_id: SpecConstantId = read_u32(),
[INFO] [stdout]     |         ^^^^^^^^^^^^^
[INFO] [stdout] 183 |         value: &'a [u32] = read_list(),
[INFO] [stdout]     |         ^^^^^
[INFO] [stdout]     |
[INFO] [stdout]     = note: this warning originates in the macro `define_ops` (in Nightly builds, run with -Z macro-backtrace for more info)
[INFO] [stdout] 
[INFO] [stdout] 
[INFO] [stdout] warning: fields `ty_id`, `spec_const_id`, and `value` are never read
[INFO] [stdout]    --> src/instr.rs:186:9
[INFO] [stdout]     |
[INFO] [stdout] 185 |     OpSpecConstantComposite {
[INFO] [stdout]     |     ----------------------- fields in this struct
[INFO] [stdout] 186 |         ty_id: TypeId = read_u32(),
[INFO] [stdout]     |         ^^^^^
[INFO] [stdout] 187 |         spec_const_id: SpecConstantId = read_u32(),
[INFO] [stdout]     |         ^^^^^^^^^^^^^
[INFO] [stdout] 188 |         value: &'a [SpecConstantId] = read_list(),
[INFO] [stdout]     |         ^^^^^
[INFO] [stdout]     |
[INFO] [stdout]     = note: this warning originates in the macro `define_ops` (in Nightly builds, run with -Z macro-backtrace for more info)
[INFO] [stdout] 
[INFO] [stdout] 
[INFO] [stdout] warning: field `return_ty_id` is never read
[INFO] [stdout]    --> src/instr.rs:197:9
[INFO] [stdout]     |
[INFO] [stdout] 196 |     OpFunction {
[INFO] [stdout]     |     ---------- field in this struct
[INFO] [stdout] 197 |         return_ty_id: TypeId = read_u32(),
[INFO] [stdout]     |         ^^^^^^^^^^^^
[INFO] [stdout]     |
[INFO] [stdout]     = note: this warning originates in the macro `define_ops` (in Nightly builds, run with -Z macro-backtrace for more info)
[INFO] [stdout] 
[INFO] [stdout] 
[INFO] [stdout] warning: fields `return_ty_id` and `return_id` are never read
[INFO] [stdout]    --> src/instr.rs:201:9
[INFO] [stdout]     |
[INFO] [stdout] 200 |     OpFunctionCall {
[INFO] [stdout]     |     -------------- fields in this struct
[INFO] [stdout] 201 |         return_ty_id: TypeId = read_u32(),
[INFO] [stdout]     |         ^^^^^^^^^^^^
[INFO] [stdout] 202 |         return_id: InstrId = read_u32(),
[INFO] [stdout]     |         ^^^^^^^^^
[INFO] [stdout]     |
[INFO] [stdout]     = note: this warning originates in the macro `define_ops` (in Nightly builds, run with -Z macro-backtrace for more info)
[INFO] [stdout] 
[INFO] [stdout] 
[INFO] [stdout] warning: fields `return_ty_id` and `return_id` are never read
[INFO] [stdout]    --> src/instr.rs:206:9
[INFO] [stdout]     |
[INFO] [stdout] 205 |     OpLoad {
[INFO] [stdout]     |     ------ fields in this struct
[INFO] [stdout] 206 |         return_ty_id: TypeId = read_u32(),
[INFO] [stdout]     |         ^^^^^^^^^^^^
[INFO] [stdout] 207 |         return_id: InstrId = read_u32(),
[INFO] [stdout]     |         ^^^^^^^^^
[INFO] [stdout]     |
[INFO] [stdout]     = note: this warning originates in the macro `define_ops` (in Nightly builds, run with -Z macro-backtrace for more info)
[INFO] [stdout] 
[INFO] [stdout] 
[INFO] [stdout] warning: field `var_ty_id` is never read
[INFO] [stdout]    --> src/instr.rs:214:9
[INFO] [stdout]     |
[INFO] [stdout] 213 |     OpAccessChain {
[INFO] [stdout]     |     ------------- field in this struct
[INFO] [stdout] 214 |         var_ty_id: TypeId = read_u32(),
[INFO] [stdout]     |         ^^^^^^^^^
[INFO] [stdout]     |
[INFO] [stdout]     = note: this warning originates in the macro `define_ops` (in Nightly builds, run with -Z macro-backtrace for more info)
[INFO] [stdout] 
[INFO] [stdout] 
[INFO] [stdout] warning: fields `ty_id`, `spec_const_id`, `opcode`, and `a_id` are never read
[INFO] [stdout]    --> src/instr.rs:233:9
[INFO] [stdout]     |
[INFO] [stdout] 232 |     OpSpecConstantUnaryOpCommonSPQ {
[INFO] [stdout]     |     ------------------------------ fields in this struct
[INFO] [stdout] 233 |         ty_id: TypeId = read_u32(),
[INFO] [stdout]     |         ^^^^^
[INFO] [stdout] 234 |         spec_const_id: SpecConstantId = read_u32(),
[INFO] [stdout]     |         ^^^^^^^^^^^^^
[INFO] [stdout] 235 |         opcode: u32 = read_u32(),
[INFO] [stdout]     |         ^^^^^^
[INFO] [stdout] 236 |         a_id: SpecConstantId = read_u32(),
[INFO] [stdout]     |         ^^^^
[INFO] [stdout]     |
[INFO] [stdout]     = note: this warning originates in the macro `define_ops` (in Nightly builds, run with -Z macro-backtrace for more info)
[INFO] [stdout] 
[INFO] [stdout] 
[INFO] [stdout] warning: fields `ty_id`, `spec_const_id`, `opcode`, `a_id`, and `b_id` are never read
[INFO] [stdout]    --> src/instr.rs:239:9
[INFO] [stdout]     |
[INFO] [stdout] 238 |     OpSpecConstantBinaryOpCommonSPQ {
[INFO] [stdout]     |     ------------------------------- fields in this struct
[INFO] [stdout] 239 |         ty_id: TypeId = read_u32(),
[INFO] [stdout]     |         ^^^^^
[INFO] [stdout] 240 |         spec_const_id: SpecConstantId = read_u32(),
[INFO] [stdout]     |         ^^^^^^^^^^^^^
[INFO] [stdout] 241 |         opcode: u32 = read_u32(),
[INFO] [stdout]     |         ^^^^^^
[INFO] [stdout] 242 |         a_id: SpecConstantId = read_u32(),
[INFO] [stdout]     |         ^^^^
[INFO] [stdout] 243 |         b_id: SpecConstantId = read_u32(),
[INFO] [stdout]     |         ^^^^
[INFO] [stdout]     |
[INFO] [stdout]     = note: this warning originates in the macro `define_ops` (in Nightly builds, run with -Z macro-backtrace for more info)
[INFO] [stdout] 
[INFO] [stdout] 
[INFO] [stdout] warning: fields `ty_id`, `spec_const_id`, `opcode`, `a_id`, `b_id`, and `c_id` are never read
[INFO] [stdout]    --> src/instr.rs:246:9
[INFO] [stdout]     |
[INFO] [stdout] 245 |     OpSpecConstantTertiaryOpCommonSPQ {
[INFO] [stdout]     |     --------------------------------- fields in this struct
[INFO] [stdout] 246 |         ty_id: TypeId = read_u32(),
[INFO] [stdout]     |         ^^^^^
[INFO] [stdout] 247 |         spec_const_id: SpecConstantId = read_u32(),
[INFO] [stdout]     |         ^^^^^^^^^^^^^
[INFO] [stdout] 248 |         opcode: u32 = read_u32(),
[INFO] [stdout]     |         ^^^^^^
[INFO] [stdout] 249 |         a_id: SpecConstantId = read_u32(),
[INFO] [stdout]     |         ^^^^
[INFO] [stdout] 250 |         b_id: SpecConstantId = read_u32(),
[INFO] [stdout]     |         ^^^^
[INFO] [stdout] 251 |         c_id: SpecConstantId = read_u32(),
[INFO] [stdout]     |         ^^^^
[INFO] [stdout]     |
[INFO] [stdout]     = note: this warning originates in the macro `define_ops` (in Nightly builds, run with -Z macro-backtrace for more info)
[INFO] [stdout] 
[INFO] [stdout] 
[INFO] [stderr]    Compiling spirq-core v1.0.4
[INFO] [stderr]    Compiling cmake v0.1.50
[INFO] [stderr]    Compiling spirq v1.1.3
[INFO] [stderr]    Compiling shaderc-sys v0.7.4
[INFO] [stderr]    Compiling spirq-spvasm v0.1.4
[INFO] [stderr] The following warnings were emitted during compilation:
[INFO] [stderr] 
[INFO] [stderr] warning: shaderc-sys@0.7.4: shaderc: searching for native shaderc libraries on system;  use '--features build-from-source' to force building from source code
[INFO] [stderr] warning: shaderc-sys@0.7.4: shaderc: cannot find native shaderc library on system; falling back to build from source
[INFO] [stderr] warning: shaderc-sys@0.7.4: Compiler version doesn't include clang or GCC: "cc" "--version"
[INFO] [stderr] warning: shaderc-sys@0.7.4: Compiler version doesn't include clang or GCC: "c++" "--version"
[INFO] [stderr] 
[INFO] [stderr] error: failed to run custom build command for `shaderc-sys v0.7.4`
[INFO] [stderr] note: To improve backtraces for build dependencies, set the CARGO_PROFILE_TEST_BUILD_OVERRIDE_DEBUG=true environment variable to enable debug information generation.
[INFO] [stderr] 
[INFO] [stderr] Caused by:
[INFO] [stderr]   process didn't exit successfully: `/opt/rustwide/target/debug/build/shaderc-sys-b605f5a7103784d4/build-script-build` (exit status: 101)
[INFO] [stderr]   --- stdout
[INFO] [stderr]   cargo:warning=shaderc: searching for native shaderc libraries on system;  use '--features build-from-source' to force building from source code
[INFO] [stderr]   cargo:warning=shaderc: cannot find native shaderc library on system; falling back to build from source
[INFO] [stderr]   CMAKE_TOOLCHAIN_FILE_x86_64-unknown-linux-gnu = None
[INFO] [stderr]   CMAKE_TOOLCHAIN_FILE_x86_64_unknown_linux_gnu = None
[INFO] [stderr]   HOST_CMAKE_TOOLCHAIN_FILE = None
[INFO] [stderr]   CMAKE_TOOLCHAIN_FILE = None
[INFO] [stderr]   cargo:warning=Compiler version doesn't include clang or GCC: "cc" "--version"
[INFO] [stderr]   cargo:warning=Compiler version doesn't include clang or GCC: "c++" "--version"
[INFO] [stderr]   CMAKE_PREFIX_PATH_x86_64-unknown-linux-gnu = None
[INFO] [stderr]   CMAKE_PREFIX_PATH_x86_64_unknown_linux_gnu = None
[INFO] [stderr]   HOST_CMAKE_PREFIX_PATH = None
[INFO] [stderr]   CMAKE_PREFIX_PATH = None
[INFO] [stderr]   CMAKE_x86_64-unknown-linux-gnu = None
[INFO] [stderr]   CMAKE_x86_64_unknown_linux_gnu = None
[INFO] [stderr]   HOST_CMAKE = None
[INFO] [stderr]   CMAKE = None
[INFO] [stderr]   running: cd "/opt/rustwide/target/debug/build/shaderc-sys-1f7c78bd8bf5d189/out/build" && CMAKE_PREFIX_PATH="" "cmake" "/opt/rustwide/cargo-home/registry/src/index.crates.io-6f17d22bba15001f/shaderc-sys-0.7.4/build" "-G" "Ninja" "-DCMAKE_INSTALL_LIBDIR=lib" "-DCMAKE_POSITION_INDEPENDENT_CODE=ON" "-DENABLE_SPVREMAPPER=OFF" "-DENABLE_GLSLANG_BINARIES=OFF" "-DSHADERC_SKIP_TESTS=ON" "-DSPIRV_SKIP_EXECUTABLES=ON" "-DSPIRV_WERROR=OFF" "-DCMAKE_INSTALL_PREFIX=/opt/rustwide/target/debug/build/shaderc-sys-1f7c78bd8bf5d189/out" "-DCMAKE_C_FLAGS= -ffunction-sections -fdata-sections -fPIC -m64" "-DCMAKE_C_COMPILER=/usr/bin/cc" "-DCMAKE_CXX_FLAGS= -ffunction-sections -fdata-sections -fPIC -m64" "-DCMAKE_CXX_COMPILER=/usr/bin/c++" "-DCMAKE_ASM_FLAGS= -ffunction-sections -fdata-sections -fPIC -m64" "-DCMAKE_ASM_COMPILER=/usr/bin/cc" "-DCMAKE_BUILD_TYPE=Release"
[INFO] [stderr]   -- The C compiler identification is GNU 11.4.0
[INFO] [stderr]   -- The CXX compiler identification is GNU 11.4.0
[INFO] [stderr]   -- Detecting C compiler ABI info
[INFO] [stderr]   -- Detecting C compiler ABI info - done
[INFO] [stderr]   -- Check for working C compiler: /usr/bin/cc - skipped
[INFO] [stderr]   -- Detecting C compile features
[INFO] [stderr]   -- Detecting C compile features - done
[INFO] [stderr]   -- Detecting CXX compiler ABI info
[INFO] [stderr]   -- Detecting CXX compiler ABI info - done
[INFO] [stderr]   -- Check for working CXX compiler: /usr/bin/c++ - skipped
[INFO] [stderr]   -- Detecting CXX compile features
[INFO] [stderr]   -- Detecting CXX compile features - done
[INFO] [stderr]   -- Building SPIRV-Header examples
[INFO] [stderr]   -- Installing SPIRV-Header
[INFO] [stderr]   -- Found PythonInterp: /usr/bin/python3 (found suitable version "3.10.12", minimum required is "3") 
[INFO] [stderr]   -- Google Mock was not found - tests based on that will not build
[INFO] [stderr]   -- optimizer enabled
[INFO] [stderr]   -- Looking for pthread.h
[INFO] [stderr]   -- Looking for pthread.h - found
[INFO] [stderr]   -- Performing Test CMAKE_HAVE_LIBC_PTHREAD
[INFO] [stderr]   -- Performing Test CMAKE_HAVE_LIBC_PTHREAD - Success
[INFO] [stderr]   -- Found Threads: TRUE  
[INFO] [stderr]   -- Shaderc: build type is "Release".
[INFO] [stderr]   -- Configuring Shaderc to avoid building tests.
[INFO] [stderr]   -- Configuring Shaderc to build examples.
[INFO] [stderr]   -- Configuring Shaderc to check copyrights.
[INFO] [stderr]   -- asciidoctor was not found - no documentation will be generated
[INFO] [stderr]   -- Performing Test COMPILER_SUPPORTS_FALLTHROUGH_WARNING
[INFO] [stderr]   -- Performing Test COMPILER_SUPPORTS_FALLTHROUGH_WARNING - Success
[INFO] [stderr]   -- Performing Test COMPILER_SUPPORTS_EXTRA_SEMI_WARNING
[INFO] [stderr]   -- Performing Test COMPILER_SUPPORTS_EXTRA_SEMI_WARNING - Success
[INFO] [stderr]   -- Performing Test COMPILER_SUPPORTS_PIC
[INFO] [stderr]   -- Performing Test COMPILER_SUPPORTS_PIC - Success
[INFO] [stderr]   -- Configuring done
[INFO] [stderr]   -- Generating done
[INFO] [stderr]   -- Build files have been written to: /opt/rustwide/target/debug/build/shaderc-sys-1f7c78bd8bf5d189/out/build
[INFO] [stderr]   running: cd "/opt/rustwide/target/debug/build/shaderc-sys-1f7c78bd8bf5d189/out/build" && "cmake" "--build" "." "--target" "install" "--config" "Release" "--parallel" "16"
[INFO] [stderr]   [1/391] cd /opt/rustwide/target/debug/build/shaderc-sys-1f7c78bd8bf5d189/out/build/spirv-tools && /usr/bin/cmake -DCHANGES_FILE=/opt/rustwide/cargo-home/registry/src/index.crates.io-6f17d22bba15001f/shaderc-sys-0.7.4/build/spirv-tools/CHANGES -DTEMPLATE_FILE=/opt/rustwide/cargo-home/registry/src/index.crates.io-6f17d22bba15001f/shaderc-sys-0.7.4/build/spirv-tools/cmake/SPIRV-Tools-shared.pc.in -DOUT_FILE=/opt/rustwide/target/debug/build/shaderc-sys-1f7c78bd8bf5d189/out/build/spirv-tools/SPIRV-Tools-shared.pc -DCMAKE_INSTALL_PREFIX=/opt/rustwide/target/debug/build/shaderc-sys-1f7c78bd8bf5d189/out -DCMAKE_INSTALL_LIBDIR=lib -DCMAKE_INSTALL_INCLUDEDIR=include -DSPIRV_SHARED_LIBRARIES=-lSPIRV-Tools-shared -P /opt/rustwide/cargo-home/registry/src/index.crates.io-6f17d22bba15001f/shaderc-sys-0.7.4/build/spirv-tools/cmake/write_pkg_config.cmake
[INFO] [stderr]   [2/391] cd /opt/rustwide/target/debug/build/shaderc-sys-1f7c78bd8bf5d189/out/build/spirv-tools && /usr/bin/cmake -DCHANGES_FILE=/opt/rustwide/cargo-home/registry/src/index.crates.io-6f17d22bba15001f/shaderc-sys-0.7.4/build/spirv-tools/CHANGES -DTEMPLATE_FILE=/opt/rustwide/cargo-home/registry/src/index.crates.io-6f17d22bba15001f/shaderc-sys-0.7.4/build/spirv-tools/cmake/SPIRV-Tools.pc.in -DOUT_FILE=/opt/rustwide/target/debug/build/shaderc-sys-1f7c78bd8bf5d189/out/build/spirv-tools/SPIRV-Tools.pc -DCMAKE_INSTALL_PREFIX=/opt/rustwide/target/debug/build/shaderc-sys-1f7c78bd8bf5d189/out -DCMAKE_INSTALL_LIBDIR=lib -DCMAKE_INSTALL_INCLUDEDIR=include -DSPIRV_LIBRARIES=-lSPIRV-Tools-opt\ -lSPIRV-Tools\ -lSPIRV-Tools-link -P /opt/rustwide/cargo-home/registry/src/index.crates.io-6f17d22bba15001f/shaderc-sys-0.7.4/build/spirv-tools/cmake/write_pkg_config.cmake
[INFO] [stderr]   [3/391] Building CXX object spirv-headers/example/CMakeFiles/SPIRV-Headers-example.dir/example.cpp.o
[INFO] [stderr]   [4/391] Generate extended instruction tables for spv-amd-gcn-shader.
[INFO] [stderr]   [5/391] Generate extended instruction tables for spv-amd-shader-ballot.
[INFO] [stderr]   [6/391] Generate extended instruction tables for debuginfo.
[INFO] [stderr]   [7/391] Generate extended instruction tables for nonsemantic.shader.debuginfo.100.
[INFO] [stderr]   [8/391] Generate language specific header for DebugInfo.
[INFO] [stderr]   [9/391] Generate extended instruction tables for spv-amd-shader-trinary-minmax.
[INFO] [stderr]   [10/391] Generate language specific header for NonSemanticShaderDebugInfo100.
[INFO] [stderr]   [11/391] Generate enum-string mapping for SPIR-V vunified1.
[INFO] [stderr]   [12/391] Generate extended instruction tables for spv-amd-shader-explicit-vertex-parameter.
[INFO] [stderr]   [13/391] Generate extended instruction tables for opencl.debuginfo.100.
[INFO] [stderr]   [14/391] Generate extended instruction tables for nonsemantic.clspvreflection.
[INFO] [stderr]   [15/391] Generate language specific header for OpenCLDebugInfo100.
[INFO] [stderr]   [16/391] Generate tables based on the SPIR-V XML registry.
[INFO] [stderr]   [17/391] Update build-version.inc in the SPIRV-Tools build directory (if necessary).
[INFO] [stderr]   [18/391] Linking CXX static library spirv-headers/example/libSPIRV-Headers-example.a
[INFO] [stderr]   [19/391] cd /opt/rustwide/target/debug/build/shaderc-sys-1f7c78bd8bf5d189/out/build/shaderc && /usr/bin/cmake -DCHANGES_FILE=/opt/rustwide/cargo-home/registry/src/index.crates.io-6f17d22bba15001f/shaderc-sys-0.7.4/build/shaderc/CHANGES -DTEMPLATE_FILE=/opt/rustwide/cargo-home/registry/src/index.crates.io-6f17d22bba15001f/shaderc-sys-0.7.4/build/shaderc/cmake/shaderc_static.pc.in -DOUT_FILE=/opt/rustwide/target/debug/build/shaderc-sys-1f7c78bd8bf5d189/out/build/shaderc/shaderc_static.pc -DCMAKE_INSTALL_PREFIX=/opt/rustwide/target/debug/build/shaderc-sys-1f7c78bd8bf5d189/out -DCMAKE_INSTALL_LIBDIR=lib -DCMAKE_INSTALL_INCLUDEDIR=include -DLIBS=-lshaderc\ \ -lshaderc_util -P /opt/rustwide/cargo-home/registry/src/index.crates.io-6f17d22bba15001f/shaderc-sys-0.7.4/build/shaderc/cmake/write_pkg_config.cmake
[INFO] [stderr]   [20/391] Building CXX object glslang/hlsl/CMakeFiles/HLSL.dir/stub.cpp.o
[INFO] [stderr]   [21/391] cd /opt/rustwide/target/debug/build/shaderc-sys-1f7c78bd8bf5d189/out/build/shaderc && /usr/bin/cmake -DCHANGES_FILE=/opt/rustwide/cargo-home/registry/src/index.crates.io-6f17d22bba15001f/shaderc-sys-0.7.4/build/shaderc/CHANGES -DTEMPLATE_FILE=/opt/rustwide/cargo-home/registry/src/index.crates.io-6f17d22bba15001f/shaderc-sys-0.7.4/build/shaderc/cmake/shaderc_combined.pc.in -DOUT_FILE=/opt/rustwide/target/debug/build/shaderc-sys-1f7c78bd8bf5d189/out/build/shaderc/shaderc_combined.pc -DCMAKE_INSTALL_PREFIX=/opt/rustwide/target/debug/build/shaderc-sys-1f7c78bd8bf5d189/out -DCMAKE_INSTALL_LIBDIR=lib -DCMAKE_INSTALL_INCLUDEDIR=include -DLIBS=-lshaderc_combined -P /opt/rustwide/cargo-home/registry/src/index.crates.io-6f17d22bba15001f/shaderc-sys-0.7.4/build/shaderc/cmake/write_pkg_config.cmake
[INFO] [stderr]   [22/391] cd /opt/rustwide/target/debug/build/shaderc-sys-1f7c78bd8bf5d189/out/build/shaderc && /usr/bin/cmake -DCHANGES_FILE=/opt/rustwide/cargo-home/registry/src/index.crates.io-6f17d22bba15001f/shaderc-sys-0.7.4/build/shaderc/CHANGES -DTEMPLATE_FILE=/opt/rustwide/cargo-home/registry/src/index.crates.io-6f17d22bba15001f/shaderc-sys-0.7.4/build/shaderc/cmake/shaderc.pc.in -DOUT_FILE=/opt/rustwide/target/debug/build/shaderc-sys-1f7c78bd8bf5d189/out/build/shaderc/shaderc.pc -DCMAKE_INSTALL_PREFIX=/opt/rustwide/target/debug/build/shaderc-sys-1f7c78bd8bf5d189/out -DCMAKE_INSTALL_LIBDIR=lib -DCMAKE_INSTALL_INCLUDEDIR=include -DLIBS=-lshaderc_shared -P /opt/rustwide/cargo-home/registry/src/index.crates.io-6f17d22bba15001f/shaderc-sys-0.7.4/build/shaderc/cmake/write_pkg_config.cmake
[INFO] [stderr]   [23/391] Generate info tables for SPIR-V vunified1 core instructions and operands.
[INFO] [stderr]   [24/391] Update build-version.inc in the Shaderc build directory (if necessary).
[INFO] [stderr]   [25/391] Generate info tables for GLSL extended instructions and operands vunified1.
[INFO] [stderr]   [26/391] Generate info tables for OpenCL extended instructions and operands vunified1.
[INFO] [stderr]   [27/391] Building CXX object glslang/glslang/OSDependent/Unix/CMakeFiles/OSDependent.dir/ossource.cpp.o
[INFO] [stderr]   [28/391] Check copyright
[INFO] [stderr]   [29/391] Linking CXX static library glslang/hlsl/libHLSL.a
[INFO] [stderr]   [30/391] Building CXX object glslang/OGLCompilersDLL/CMakeFiles/OGLCompiler.dir/InitializeDll.cpp.o
[INFO] [stderr]   [31/391] Building CXX object glslang/glslang/CMakeFiles/GenericCodeGen.dir/GenericCodeGen/CodeGen.cpp.o
[INFO] [stderr]   [32/391] Building CXX object glslang/glslang/CMakeFiles/GenericCodeGen.dir/GenericCodeGen/Link.cpp.o
[INFO] [stderr]   [33/391] Building CXX object spirv-tools/source/CMakeFiles/SPIRV-Tools-shared.dir/enum_string_mapping.cpp.o
[INFO] [stderr]   [34/391] Building CXX object spirv-tools/source/CMakeFiles/SPIRV-Tools-shared.dir/ext_inst.cpp.o
[INFO] [stderr]   [35/391] Building CXX object spirv-tools/source/CMakeFiles/SPIRV-Tools-shared.dir/util/string_utils.cpp.o
[INFO] [stderr]   [36/391] Building CXX object spirv-tools/source/CMakeFiles/SPIRV-Tools-shared.dir/software_version.cpp.o
[INFO] [stderr]   [37/391] Building CXX object spirv-tools/source/CMakeFiles/SPIRV-Tools-shared.dir/util/bit_vector.cpp.o
[INFO] [stderr]   [38/391] Building CXX object spirv-tools/source/CMakeFiles/SPIRV-Tools-shared.dir/libspirv.cpp.o
[INFO] [stderr]   [39/391] Building CXX object spirv-tools/source/CMakeFiles/SPIRV-Tools-shared.dir/spirv_endian.cpp.o
[INFO] [stderr]   [40/391] Building CXX object spirv-tools/source/CMakeFiles/SPIRV-Tools-shared.dir/spirv_optimizer_options.cpp.o
[INFO] [stderr]   [41/391] Building CXX object spirv-tools/source/CMakeFiles/SPIRV-Tools-shared.dir/assembly_grammar.cpp.o
[INFO] [stderr]   [42/391] Building CXX object glslang/glslang/CMakeFiles/glslang.dir/CInterface/glslang_c_interface.cpp.o
[INFO] [stderr]   [43/391] Building CXX object spirv-tools/source/CMakeFiles/SPIRV-Tools-shared.dir/spirv_validator_options.cpp.o
[INFO] [stderr]   [44/391] Building CXX object spirv-tools/source/CMakeFiles/SPIRV-Tools-shared.dir/extensions.cpp.o
[INFO] [stderr]   [45/391] Building CXX object spirv-tools/source/CMakeFiles/SPIRV-Tools-shared.dir/spirv_reducer_options.cpp.o
[INFO] [stderr]   [46/391] Building CXX object spirv-tools/source/CMakeFiles/SPIRV-Tools-shared.dir/print.cpp.o
[INFO] [stderr]   [47/391] Building CXX object spirv-tools/source/CMakeFiles/SPIRV-Tools-shared.dir/spirv_fuzzer_options.cpp.o
[INFO] [stderr]   [48/391] Building CXX object spirv-tools/source/CMakeFiles/SPIRV-Tools-shared.dir/diagnostic.cpp.o
[INFO] [stderr]   [49/391] Building CXX object spirv-tools/source/CMakeFiles/SPIRV-Tools-shared.dir/opcode.cpp.o
[INFO] [stderr]   [50/391] Building CXX object spirv-tools/source/CMakeFiles/SPIRV-Tools-shared.dir/spirv_target_env.cpp.o
[INFO] [stderr]   [51/391] Building CXX object spirv-tools/source/CMakeFiles/SPIRV-Tools-shared.dir/table.cpp.o
[INFO] [stderr]   [52/391] Building CXX object spirv-tools/source/CMakeFiles/SPIRV-Tools-shared.dir/parsed_operand.cpp.o
[INFO] [stderr]   [53/391] Building CXX object spirv-tools/source/CMakeFiles/SPIRV-Tools-shared.dir/operand.cpp.o
[INFO] [stderr]   [54/391] Building CXX object spirv-tools/source/CMakeFiles/SPIRV-Tools-shared.dir/name_mapper.cpp.o
[INFO] [stderr]   [55/391] Building CXX object spirv-tools/source/CMakeFiles/SPIRV-Tools-shared.dir/disassemble.cpp.o
[INFO] [stderr]   [56/391] Building CXX object glslang/glslang/CMakeFiles/MachineIndependent.dir/cmake_pch.hxx.gch
[INFO] [stderr]   FAILED: glslang/glslang/CMakeFiles/MachineIndependent.dir/cmake_pch.hxx.gch 
[INFO] [stderr]   /usr/bin/c++ -DENABLE_HLSL -DENABLE_OPT=1 -DGLSLANG_OSINCLUDE_UNIX -I/opt/rustwide/target/debug/build/shaderc-sys-1f7c78bd8bf5d189/out/build/include -ffunction-sections -fdata-sections -fPIC -m64 -O3 -DNDEBUG -fPIC -Wall -Wmaybe-uninitialized -Wuninitialized -Wunused -Wunused-local-typedefs -Wunused-parameter -Wunused-value -Wunused-variable -Wunused-but-set-parameter -Wunused-but-set-variable -fno-exceptions -Wno-reorder -fno-rtti -Werror=deprecated-copy -std=c++11 -Winvalid-pch -x c++-header -include /opt/rustwide/target/debug/build/shaderc-sys-1f7c78bd8bf5d189/out/build/glslang/glslang/CMakeFiles/MachineIndependent.dir/cmake_pch.hxx -MD -MT glslang/glslang/CMakeFiles/MachineIndependent.dir/cmake_pch.hxx.gch -MF glslang/glslang/CMakeFiles/MachineIndependent.dir/cmake_pch.hxx.gch.d -o glslang/glslang/CMakeFiles/MachineIndependent.dir/cmake_pch.hxx.gch -c /opt/rustwide/target/debug/build/shaderc-sys-1f7c78bd8bf5d189/out/build/glslang/glslang/CMakeFiles/MachineIndependent.dir/cmake_pch.hxx.cxx
[INFO] [stderr]   c++: fatal error: Killed signal terminated program cc1plus
[INFO] [stderr]   compilation terminated.
[INFO] [stderr]   [57/391] Building CXX object spirv-tools/source/CMakeFiles/SPIRV-Tools-shared.dir/val/validate_adjacency.cpp.o
[INFO] [stderr]   [58/391] Building CXX object spirv-tools/source/CMakeFiles/SPIRV-Tools-shared.dir/val/validate_arithmetics.cpp.o
[INFO] [stderr]   FAILED: spirv-tools/source/CMakeFiles/SPIRV-Tools-shared.dir/val/validate_arithmetics.cpp.o 
[INFO] [stderr]   /usr/bin/c++ -DSPIRV_COLOR_TERMINAL -DSPIRV_LINUX -DSPIRV_TIMER_ENABLED -DSPIRV_TOOLS_IMPLEMENTATION -DSPIRV_TOOLS_SHAREDLIB -DSPIRV_Tools_shared_EXPORTS -I/opt/rustwide/cargo-home/registry/src/index.crates.io-6f17d22bba15001f/shaderc-sys-0.7.4/build/spirv-tools -I/opt/rustwide/cargo-home/registry/src/index.crates.io-6f17d22bba15001f/shaderc-sys-0.7.4/build/spirv-tools/include -I/opt/rustwide/target/debug/build/shaderc-sys-1f7c78bd8bf5d189/out/build/spirv-tools -I/opt/rustwide/cargo-home/registry/src/index.crates.io-6f17d22bba15001f/shaderc-sys-0.7.4/build/spirv-headers/include -ffunction-sections -fdata-sections -fPIC -m64 -O3 -DNDEBUG -fPIC -fvisibility=hidden -Wall -Wextra -Wnon-virtual-dtor -Wno-missing-field-initializers -std=c++11 -fno-exceptions -Wno-long-long -Wshadow -Wundef -Wconversion -Wno-sign-conversion -std=gnu++11 -MD -MT spirv-tools/source/CMakeFiles/SPIRV-Tools-shared.dir/val/validate_arithmetics.cpp.o -MF spirv-tools/source/CMakeFiles/SPIRV-Tools-shared.dir/val/validate_arithmetics.cpp.o.d -o spirv-tools/source/CMakeFiles/SPIRV-Tools-shared.dir/val/validate_arithmetics.cpp.o -c /opt/rustwide/cargo-home/registry/src/index.crates.io-6f17d22bba15001f/shaderc-sys-0.7.4/build/spirv-tools/source/val/validate_arithmetics.cpp
[INFO] [stderr]   c++: fatal error: Killed signal terminated program cc1plus
[INFO] [stderr]   compilation terminated.
[INFO] [stderr]   [59/391] Building CXX object spirv-tools/source/CMakeFiles/SPIRV-Tools-shared.dir/val/validate.cpp.o
[INFO] [stderr]   FAILED: spirv-tools/source/CMakeFiles/SPIRV-Tools-shared.dir/val/validate.cpp.o 
[INFO] [stderr]   /usr/bin/c++ -DSPIRV_COLOR_TERMINAL -DSPIRV_LINUX -DSPIRV_TIMER_ENABLED -DSPIRV_TOOLS_IMPLEMENTATION -DSPIRV_TOOLS_SHAREDLIB -DSPIRV_Tools_shared_EXPORTS -I/opt/rustwide/cargo-home/registry/src/index.crates.io-6f17d22bba15001f/shaderc-sys-0.7.4/build/spirv-tools -I/opt/rustwide/cargo-home/registry/src/index.crates.io-6f17d22bba15001f/shaderc-sys-0.7.4/build/spirv-tools/include -I/opt/rustwide/target/debug/build/shaderc-sys-1f7c78bd8bf5d189/out/build/spirv-tools -I/opt/rustwide/cargo-home/registry/src/index.crates.io-6f17d22bba15001f/shaderc-sys-0.7.4/build/spirv-headers/include -ffunction-sections -fdata-sections -fPIC -m64 -O3 -DNDEBUG -fPIC -fvisibility=hidden -Wall -Wextra -Wnon-virtual-dtor -Wno-missing-field-initializers -std=c++11 -fno-exceptions -Wno-long-long -Wshadow -Wundef -Wconversion -Wno-sign-conversion -std=gnu++11 -MD -MT spirv-tools/source/CMakeFiles/SPIRV-Tools-shared.dir/val/validate.cpp.o -MF spirv-tools/source/CMakeFiles/SPIRV-Tools-shared.dir/val/validate.cpp.o.d -o spirv-tools/source/CMakeFiles/SPIRV-Tools-shared.dir/val/validate.cpp.o -c /opt/rustwide/cargo-home/registry/src/index.crates.io-6f17d22bba15001f/shaderc-sys-0.7.4/build/spirv-tools/source/val/validate.cpp
[INFO] [stderr]   c++: fatal error: Killed signal terminated program cc1plus
[INFO] [stderr]   compilation terminated.
[INFO] [stderr]   [60/391] Building CXX object spirv-tools/source/CMakeFiles/SPIRV-Tools-shared.dir/binary.cpp.o
[INFO] [stderr]   [61/391] Building CXX object spirv-tools/source/CMakeFiles/SPIRV-Tools-shared.dir/util/parse_number.cpp.o
[INFO] [stderr]   [62/391] Building CXX object spirv-tools/source/CMakeFiles/SPIRV-Tools-shared.dir/val/validate_bitwise.cpp.o
[INFO] [stderr]   [63/391] Building CXX object spirv-tools/source/CMakeFiles/SPIRV-Tools-shared.dir/text_handler.cpp.o
[INFO] [stderr]   [64/391] Building CXX object spirv-tools/source/CMakeFiles/SPIRV-Tools-shared.dir/val/validate_barriers.cpp.o
[INFO] [stderr]   [65/391] Building CXX object spirv-tools/source/CMakeFiles/SPIRV-Tools-shared.dir/val/validate_atomics.cpp.o
[INFO] [stderr]   [66/391] Building CXX object spirv-tools/source/CMakeFiles/SPIRV-Tools-shared.dir/val/validate_annotation.cpp.o
[INFO] [stderr]   [67/391] Building CXX object spirv-tools/source/CMakeFiles/SPIRV-Tools-shared.dir/val/validate_capability.cpp.o
[INFO] [stderr]   [68/391] Building CXX object spirv-tools/source/CMakeFiles/SPIRV-Tools-shared.dir/val/validate_composites.cpp.o
[INFO] [stderr]   [69/391] Building CXX object spirv-tools/source/CMakeFiles/SPIRV-Tools-shared.dir/text.cpp.o
[INFO] [stderr]   [70/391] Building CXX object spirv-tools/source/CMakeFiles/SPIRV-Tools-shared.dir/val/validate_cfg.cpp.o
[INFO] [stderr]   [71/391] Building CXX object spirv-tools/source/CMakeFiles/SPIRV-Tools-shared.dir/val/validate_builtins.cpp.o
[INFO] [stderr]   ninja: build stopped: subcommand failed.
[INFO] [stderr] 
[INFO] [stderr]   --- stderr
[INFO] [stderr]   CMake Warning:
[INFO] [stderr]     Manually-specified variables were not used by the project:
[INFO] [stderr] 
[INFO] [stderr]       CMAKE_ASM_COMPILER
[INFO] [stderr]       CMAKE_ASM_FLAGS
[INFO] [stderr] 
[INFO] [stderr] 
[INFO] [stderr]   thread 'main' panicked at /opt/rustwide/cargo-home/registry/src/index.crates.io-6f17d22bba15001f/cmake-0.1.50/src/lib.rs:1098:5:
[INFO] [stderr] 
[INFO] [stderr]   command did not execute successfully, got: exit status: 1
[INFO] [stderr] 
[INFO] [stderr]   build script failed, must exit now
[INFO] [stderr]   stack backtrace:
[INFO] [stderr]      0:     0x5969761b40da - std::backtrace_rs::backtrace::libunwind::trace::h207520d6e9873551
[INFO] [stderr]                                  at /rustc/df4ca44d3fbc9301ee17f30f4d474e6ae4b05252/library/std/src/../../backtrace/src/backtrace/libunwind.rs:116:5
[INFO] [stderr]      1:     0x5969761b40da - std::backtrace_rs::backtrace::trace_unsynchronized::h2ed7433f370e3eca
[INFO] [stderr]                                  at /rustc/df4ca44d3fbc9301ee17f30f4d474e6ae4b05252/library/std/src/../../backtrace/src/backtrace/mod.rs:66:5
[INFO] [stderr]      2:     0x5969761b40da - std::sys::backtrace::_print_fmt::h916fac51166b18d7
[INFO] [stderr]                                  at /rustc/df4ca44d3fbc9301ee17f30f4d474e6ae4b05252/library/std/src/sys/backtrace.rs:66:9
[INFO] [stderr]      3:     0x5969761b40da - <std::sys::backtrace::BacktraceLock::print::DisplayBacktrace as core::fmt::Display>::fmt::ha0a4c9b8ce3802e6
[INFO] [stderr]                                  at /rustc/df4ca44d3fbc9301ee17f30f4d474e6ae4b05252/library/std/src/sys/backtrace.rs:39:26
[INFO] [stderr]      4:     0x5969761d71a3 - core::fmt::rt::Argument::fmt::h4cfc8587d52b3eb5
[INFO] [stderr]                                  at /rustc/df4ca44d3fbc9301ee17f30f4d474e6ae4b05252/library/core/src/fmt/rt.rs:177:76
[INFO] [stderr]      5:     0x5969761d71a3 - core::fmt::write::h522cc39e5b36ae9f
[INFO] [stderr]                                  at /rustc/df4ca44d3fbc9301ee17f30f4d474e6ae4b05252/library/core/src/fmt/mod.rs:1190:21
[INFO] [stderr]      6:     0x5969761b0893 - std::io::Write::write_fmt::hf1c1dcc8cc1287f0
[INFO] [stderr]                                  at /rustc/df4ca44d3fbc9301ee17f30f4d474e6ae4b05252/library/std/src/io/mod.rs:1839:15
[INFO] [stderr]      7:     0x5969761b3f22 - std::sys::backtrace::BacktraceLock::print::h4b9e00b29e9c0942
[INFO] [stderr]                                  at /rustc/df4ca44d3fbc9301ee17f30f4d474e6ae4b05252/library/std/src/sys/backtrace.rs:42:9
[INFO] [stderr]      8:     0x5969761b511c - std::panicking::default_hook::{{closure}}::hb59b88280d0324d9
[INFO] [stderr]                                  at /rustc/df4ca44d3fbc9301ee17f30f4d474e6ae4b05252/library/std/src/panicking.rs:268:22
[INFO] [stderr]      9:     0x5969761b4f62 - std::panicking::default_hook::he1dd496665be4a29
[INFO] [stderr]                                  at /rustc/df4ca44d3fbc9301ee17f30f4d474e6ae4b05252/library/std/src/panicking.rs:295:9
[INFO] [stderr]     10:     0x5969761b5717 - std::panicking::rust_panic_with_hook::h2ff17fe8f26dfcf8
[INFO] [stderr]                                  at /rustc/df4ca44d3fbc9301ee17f30f4d474e6ae4b05252/library/std/src/panicking.rs:801:13
[INFO] [stderr]     11:     0x5969761b55aa - std::panicking::begin_panic_handler::{{closure}}::h4fad77951c07e101
[INFO] [stderr]                                  at /rustc/df4ca44d3fbc9301ee17f30f4d474e6ae4b05252/library/std/src/panicking.rs:674:13
[INFO] [stderr]     12:     0x5969761b45b9 - std::sys::backtrace::__rust_end_short_backtrace::hb1a25b3da5d0ea08
[INFO] [stderr]                                  at /rustc/df4ca44d3fbc9301ee17f30f4d474e6ae4b05252/library/std/src/sys/backtrace.rs:170:18
[INFO] [stderr]     13:     0x5969761b523c - rust_begin_unwind
[INFO] [stderr]                                  at /rustc/df4ca44d3fbc9301ee17f30f4d474e6ae4b05252/library/std/src/panicking.rs:665:5
[INFO] [stderr]     14:     0x5969761d5ff0 - core::panicking::panic_fmt::ha9db07b529f9b256
[INFO] [stderr]                                  at /rustc/df4ca44d3fbc9301ee17f30f4d474e6ae4b05252/library/core/src/panicking.rs:75:14
[INFO] [stderr]     15:     0x596976134c92 - cmake::fail::h2265c6f599a557dc
[INFO] [stderr]     16:     0x596976134469 - cmake::run::hcf41ec6d504c2102
[INFO] [stderr]     17:     0x596976130df6 - cmake::Config::build::h56b6aeae6e421412
[INFO] [stderr]     18:     0x596976125ee1 - build_script_build::build_shaderc_unix::hd122e3d340538486
[INFO] [stderr]     19:     0x5969761293c0 - build_script_build::main::h889673b41d0f3f5e
[INFO] [stderr]     20:     0x596976121b53 - core::ops::function::FnOnce::call_once::hddcec00c1309125e
[INFO] [stderr]     21:     0x5969761210c6 - std::sys::backtrace::__rust_begin_short_backtrace::h854e1009bc84116d
[INFO] [stderr]     22:     0x596976120fe9 - std::rt::lang_start::{{closure}}::h1ac78c1980ad78f7
[INFO] [stderr]     23:     0x5969761acd17 - core::ops::function::impls::<impl core::ops::function::FnOnce<A> for &F>::call_once::hd87d66b906e0ccaf
[INFO] [stderr]                                  at /rustc/df4ca44d3fbc9301ee17f30f4d474e6ae4b05252/library/core/src/ops/function.rs:284:13
[INFO] [stderr]     24:     0x5969761acd17 - std::panicking::try::do_call::hae3703de71fc9e3a
[INFO] [stderr]                                  at /rustc/df4ca44d3fbc9301ee17f30f4d474e6ae4b05252/library/std/src/panicking.rs:557:40
[INFO] [stderr]     25:     0x5969761acd17 - std::panicking::try::h1178330e9a2b2645
[INFO] [stderr]                                  at /rustc/df4ca44d3fbc9301ee17f30f4d474e6ae4b05252/library/std/src/panicking.rs:520:19
[INFO] [stderr]     26:     0x5969761acd17 - std::panic::catch_unwind::h0acf49d2305d32ad
[INFO] [stderr]                                  at /rustc/df4ca44d3fbc9301ee17f30f4d474e6ae4b05252/library/std/src/panic.rs:358:14
[INFO] [stderr]     27:     0x5969761acd17 - std::rt::lang_start_internal::{{closure}}::h2d95182d798177be
[INFO] [stderr]                                  at /rustc/df4ca44d3fbc9301ee17f30f4d474e6ae4b05252/library/std/src/rt.rs:174:48
[INFO] [stderr]     28:     0x5969761acd17 - std::panicking::try::do_call::hb506f5bfe11fd30c
[INFO] [stderr]                                  at /rustc/df4ca44d3fbc9301ee17f30f4d474e6ae4b05252/library/std/src/panicking.rs:557:40
[INFO] [stderr]     29:     0x5969761acd17 - std::panicking::try::h54d825c46bd0fa95
[INFO] [stderr]                                  at /rustc/df4ca44d3fbc9301ee17f30f4d474e6ae4b05252/library/std/src/panicking.rs:520:19
[INFO] [stderr]     30:     0x5969761acd17 - std::panic::catch_unwind::hffbb0ad20c4e9fac
[INFO] [stderr]                                  at /rustc/df4ca44d3fbc9301ee17f30f4d474e6ae4b05252/library/std/src/panic.rs:358:14
[INFO] [stderr]     31:     0x5969761acd17 - std::rt::lang_start_internal::h52c291ef1962c925
[INFO] [stderr]                                  at /rustc/df4ca44d3fbc9301ee17f30f4d474e6ae4b05252/library/std/src/rt.rs:174:20
[INFO] [stderr]     32:     0x596976120fc7 - std::rt::lang_start::h622dd7372603f060
[INFO] [stderr]     33:     0x596976129bd5 - main
[INFO] [stderr]     34:     0x73e912947d90 - <unknown>
[INFO] [stderr]     35:     0x73e912947e40 - __libc_start_main
[INFO] [stderr]     36:     0x5969761203d5 - _start
[INFO] [stderr]     37:                0x0 - <unknown>
[INFO] running `Command { std: "docker" "inspect" "ef67bb11d600b3ec9d9a0c3cf3e4d88431dd5ccee7cf6c32e7c8169aa5150715", kill_on_drop: false }`
[INFO] running `Command { std: "docker" "rm" "-f" "ef67bb11d600b3ec9d9a0c3cf3e4d88431dd5ccee7cf6c32e7c8169aa5150715", kill_on_drop: false }`
[INFO] [stdout] ef67bb11d600b3ec9d9a0c3cf3e4d88431dd5ccee7cf6c32e7c8169aa5150715
