[INFO] fetching crate sparkles 0.1.4...
[INFO] testing sparkles-0.1.4 against nightly-2024-10-28+rustflags=-Zrandomize-layout for randomize-layout
[INFO] extracting crate sparkles 0.1.4 into /workspace/builds/worker-1-tc2/source
[INFO] validating manifest of crates.io crate sparkles 0.1.4 on toolchain nightly-2024-10-28
[INFO] running `Command { std: CARGO_HOME="/workspace/cargo-home" RUSTUP_HOME="/workspace/rustup-home" "/workspace/cargo-home/bin/cargo" "+nightly-2024-10-28" "metadata" "--manifest-path" "Cargo.toml" "--no-deps", kill_on_drop: false }`
[INFO] started tweaking crates.io crate sparkles 0.1.4
[INFO] removed 0 missing examples
[INFO] finished tweaking crates.io crate sparkles 0.1.4
[INFO] tweaked toml for crates.io crate sparkles 0.1.4 written to /workspace/builds/worker-1-tc2/source/Cargo.toml
[INFO] crate crates.io crate sparkles 0.1.4 already has a lockfile, it will not be regenerated
[INFO] running `Command { std: CARGO_HOME="/workspace/cargo-home" RUSTUP_HOME="/workspace/rustup-home" "/workspace/cargo-home/bin/cargo" "+nightly-2024-10-28" "fetch" "--manifest-path" "Cargo.toml", kill_on_drop: false }`
[INFO] [stderr]     Blocking waiting for file lock on package cache
[INFO] running `Command { std: "docker" "create" "-v" "/var/lib/crater-agent-workspace/builds/worker-1-tc2/target:/opt/rustwide/target:rw,Z" "-v" "/var/lib/crater-agent-workspace/builds/worker-1-tc2/source:/opt/rustwide/workdir:ro,Z" "-v" "/var/lib/crater-agent-workspace/cargo-home:/opt/rustwide/cargo-home:ro,Z" "-v" "/var/lib/crater-agent-workspace/rustup-home:/opt/rustwide/rustup-home:ro,Z" "-e" "SOURCE_DIR=/opt/rustwide/workdir" "-e" "CARGO_TARGET_DIR=/opt/rustwide/target" "-e" "CARGO_HOME=/opt/rustwide/cargo-home" "-e" "RUSTUP_HOME=/opt/rustwide/rustup-home" "-w" "/opt/rustwide/workdir" "-m" "1610612736" "--user" "0:0" "--network" "none" "ghcr.io/rust-lang/crates-build-env/linux@sha256:4a844ea9eb2546a2d2c7022eacef16ef2e8229c7fbb2c7d4d55a9ceca922f72d" "/opt/rustwide/cargo-home/bin/cargo" "+nightly-2024-10-28" "metadata" "--no-deps" "--format-version=1", kill_on_drop: false }`
[INFO] [stdout] e33ef4ba6c2077b1cd2f8e3ee05823be3668eb30f1c116a1039d04097ca8ba25
[INFO] running `Command { std: "docker" "start" "-a" "e33ef4ba6c2077b1cd2f8e3ee05823be3668eb30f1c116a1039d04097ca8ba25", kill_on_drop: false }`
[INFO] running `Command { std: "docker" "inspect" "e33ef4ba6c2077b1cd2f8e3ee05823be3668eb30f1c116a1039d04097ca8ba25", kill_on_drop: false }`
[INFO] running `Command { std: "docker" "rm" "-f" "e33ef4ba6c2077b1cd2f8e3ee05823be3668eb30f1c116a1039d04097ca8ba25", kill_on_drop: false }`
[INFO] [stdout] e33ef4ba6c2077b1cd2f8e3ee05823be3668eb30f1c116a1039d04097ca8ba25
[INFO] running `Command { std: "docker" "create" "-v" "/var/lib/crater-agent-workspace/builds/worker-1-tc2/target:/opt/rustwide/target:rw,Z" "-v" "/var/lib/crater-agent-workspace/builds/worker-1-tc2/source:/opt/rustwide/workdir:ro,Z" "-v" "/var/lib/crater-agent-workspace/cargo-home:/opt/rustwide/cargo-home:ro,Z" "-v" "/var/lib/crater-agent-workspace/rustup-home:/opt/rustwide/rustup-home:ro,Z" "-e" "SOURCE_DIR=/opt/rustwide/workdir" "-e" "CARGO_TARGET_DIR=/opt/rustwide/target" "-e" "CARGO_INCREMENTAL=0" "-e" "RUST_BACKTRACE=full" "-e" "RUSTFLAGS=--cap-lints=forbid -Zrandomize-layout" "-e" "RUSTDOCFLAGS=--cap-lints=forbid" "-e" "CARGO_HOME=/opt/rustwide/cargo-home" "-e" "RUSTUP_HOME=/opt/rustwide/rustup-home" "-w" "/opt/rustwide/workdir" "-m" "1610612736" "--user" "0:0" "--network" "none" "ghcr.io/rust-lang/crates-build-env/linux@sha256:4a844ea9eb2546a2d2c7022eacef16ef2e8229c7fbb2c7d4d55a9ceca922f72d" "/opt/rustwide/cargo-home/bin/cargo" "+nightly-2024-10-28" "build" "--frozen" "--message-format=json", kill_on_drop: false }`
[INFO] [stdout] 3c8e4a8a87f6e4b50a45f3aeb0b9c05e08ef6d4cc08defbe084d0996cf32cbe1
[INFO] running `Command { std: "docker" "start" "-a" "3c8e4a8a87f6e4b50a45f3aeb0b9c05e08ef6d4cc08defbe084d0996cf32cbe1", kill_on_drop: false }`
[INFO] [stderr]    Compiling proc-macro2 v1.0.86
[INFO] [stderr]    Compiling serde v1.0.210
[INFO] [stderr]    Compiling autocfg v1.3.0
[INFO] [stderr]    Compiling crossbeam-utils v0.8.20
[INFO] [stderr]    Compiling libc v0.2.158
[INFO] [stderr]    Compiling sparkles-core v0.1.4
[INFO] [stderr]    Compiling drop_guard v0.3.0
[INFO] [stderr]    Compiling log v0.4.22
[INFO] [stderr]    Compiling num-traits v0.2.19
[INFO] [stderr]    Compiling ringbuf v0.4.4
[INFO] [stderr]    Compiling quote v1.0.37
[INFO] [stderr]    Compiling thread-id v4.2.2
[INFO] [stderr]    Compiling syn v2.0.77
[INFO] [stderr]    Compiling chrono v0.4.38
[INFO] [stderr]    Compiling serde_derive v1.0.210
[INFO] [stderr]    Compiling bincode v1.3.3
[INFO] [stderr]    Compiling sparkles v0.1.4 (/opt/rustwide/workdir)
[INFO] [stdout] warning: unused variable: `grd`
[INFO] [stdout]    --> src/global_storage.rs:161:25
[INFO] [stdout]     |
[INFO] [stdout] 161 | ...   let grd = crate::range_event_start(crate::calculate_hash("[internal] Taking stored events"), "[internal] Taking stored events");
[INFO] [stdout]     |           ^^^ help: if this is intentional, prefix it with an underscore: `_grd`
[INFO] [stdout]     |
[INFO] [stdout]     = note: `#[warn(unused_variables)]` on by default
[INFO] [stdout] 
[INFO] [stdout] 
[INFO] [stdout] warning: unused variable: `grd`
[INFO] [stdout]    --> src/global_storage.rs:176:21
[INFO] [stdout]     |
[INFO] [stdout] 176 |                 let grd = crate::range_event_start(crate::calculate_hash("[internal] Send data bytes"), "[internal] Send data bytes");
[INFO] [stdout]     |                     ^^^ help: if this is intentional, prefix it with an underscore: `_grd`
[INFO] [stdout] 
[INFO] [stdout] 
[INFO] [stderr]     Finished `dev` profile [unoptimized + debuginfo] target(s) in 9.87s
[INFO] running `Command { std: "docker" "inspect" "3c8e4a8a87f6e4b50a45f3aeb0b9c05e08ef6d4cc08defbe084d0996cf32cbe1", kill_on_drop: false }`
[INFO] running `Command { std: "docker" "rm" "-f" "3c8e4a8a87f6e4b50a45f3aeb0b9c05e08ef6d4cc08defbe084d0996cf32cbe1", kill_on_drop: false }`
[INFO] [stdout] 3c8e4a8a87f6e4b50a45f3aeb0b9c05e08ef6d4cc08defbe084d0996cf32cbe1
[INFO] running `Command { std: "docker" "create" "-v" "/var/lib/crater-agent-workspace/builds/worker-1-tc2/target:/opt/rustwide/target:rw,Z" "-v" "/var/lib/crater-agent-workspace/builds/worker-1-tc2/source:/opt/rustwide/workdir:ro,Z" "-v" "/var/lib/crater-agent-workspace/cargo-home:/opt/rustwide/cargo-home:ro,Z" "-v" "/var/lib/crater-agent-workspace/rustup-home:/opt/rustwide/rustup-home:ro,Z" "-e" "SOURCE_DIR=/opt/rustwide/workdir" "-e" "CARGO_TARGET_DIR=/opt/rustwide/target" "-e" "CARGO_INCREMENTAL=0" "-e" "RUST_BACKTRACE=full" "-e" "RUSTFLAGS=--cap-lints=forbid -Zrandomize-layout" "-e" "RUSTDOCFLAGS=--cap-lints=forbid" "-e" "CARGO_HOME=/opt/rustwide/cargo-home" "-e" "RUSTUP_HOME=/opt/rustwide/rustup-home" "-w" "/opt/rustwide/workdir" "-m" "1610612736" "--user" "0:0" "--network" "none" "ghcr.io/rust-lang/crates-build-env/linux@sha256:4a844ea9eb2546a2d2c7022eacef16ef2e8229c7fbb2c7d4d55a9ceca922f72d" "/opt/rustwide/cargo-home/bin/cargo" "+nightly-2024-10-28" "test" "--frozen" "--no-run" "--message-format=json", kill_on_drop: false }`
[INFO] [stdout] 38e9a7b282d77f89958f3f135ff8528a8de8d1328954e5a8f61ccc9c470de277
[INFO] running `Command { std: "docker" "start" "-a" "38e9a7b282d77f89958f3f135ff8528a8de8d1328954e5a8f61ccc9c470de277", kill_on_drop: false }`
[INFO] [stderr]    Compiling proc-macro2 v1.0.86
[INFO] [stderr]    Compiling cfg-if v1.0.0
[INFO] [stderr]    Compiling anyhow v1.0.88
[INFO] [stderr]    Compiling once_cell v1.20.0
[INFO] [stderr]    Compiling either v1.13.0
[INFO] [stderr]    Compiling shlex v1.3.0
[INFO] [stderr]    Compiling rustix v0.38.37
[INFO] [stderr]    Compiling serde v1.0.210
[INFO] [stderr]    Compiling byteorder v1.5.0
[INFO] [stderr]    Compiling regex-syntax v0.8.4
[INFO] [stderr]    Compiling log v0.4.22
[INFO] [stderr]    Compiling crossbeam-utils v0.8.20
[INFO] [stderr]    Compiling prettyplease v0.2.22
[INFO] [stderr]    Compiling hashbrown v0.14.5
[INFO] [stderr]    Compiling bytes v1.7.2
[INFO] [stderr]    Compiling smallvec v1.13.2
[INFO] [stderr]    Compiling bitflags v2.6.0
[INFO] [stderr]    Compiling linux-raw-sys v0.4.14
[INFO] [stderr]    Compiling itertools v0.10.5
[INFO] [stderr]    Compiling cc v1.1.21
[INFO] [stderr]    Compiling lock_api v0.4.12
[INFO] [stderr]    Compiling parking_lot_core v0.9.10
[INFO] [stderr]    Compiling fastrand v2.1.1
[INFO] [stderr]    Compiling fixedbitset v0.4.2
[INFO] [stderr]    Compiling tracing-core v0.1.32
[INFO] [stderr]    Compiling getrandom v0.2.15
[INFO] [stderr]    Compiling multimap v0.10.0
[INFO] [stderr]    Compiling scopeguard v1.2.0
[INFO] [stderr]    Compiling heck v0.5.0
[INFO] [stderr]    Compiling indexmap v2.5.0
[INFO] [stderr]    Compiling rand_core v0.6.4
[INFO] [stderr]    Compiling time-core v0.1.2
[INFO] [stderr]    Compiling num-conv v0.1.0
[INFO] [stderr]    Compiling powerfmt v0.2.0
[INFO] [stderr]    Compiling overload v0.1.1
[INFO] [stderr]    Compiling nu-ansi-term v0.46.0
[INFO] [stderr]    Compiling time-macros v0.2.18
[INFO] [stderr]    Compiling sharded-slab v0.1.7
[INFO] [stderr]    Compiling parking_lot v0.12.3
[INFO] [stderr]    Compiling deranged v0.3.11
[INFO] [stderr]    Compiling thread_local v1.1.8
[INFO] [stderr]    Compiling tracing-log v0.2.0
[INFO] [stderr]    Compiling pin-project-lite v0.2.14
[INFO] [stderr]    Compiling quote v1.0.37
[INFO] [stderr]    Compiling cmake v0.1.51
[INFO] [stderr]    Compiling num_threads v0.1.7
[INFO] [stderr]    Compiling syn v2.0.77
[INFO] [stderr]    Compiling lz4_flex v0.11.3
[INFO] [stderr]    Compiling ringbuf v0.4.4
[INFO] [stderr]    Compiling petgraph v0.6.5
[INFO] [stderr]    Compiling crossbeam-channel v0.5.13
[INFO] [stderr]    Compiling colored v2.1.0
[INFO] [stderr]    Compiling tracing-subscriber v0.3.18
[INFO] [stderr]    Compiling regex-automata v0.4.7
[INFO] [stderr]    Compiling protobuf-src v2.1.0+27.1
[INFO] [stderr]    Compiling time v0.3.36
[INFO] [stderr]    Compiling tempfile v3.12.0
[INFO] [stderr]    Compiling regex v1.10.6
[INFO] [stderr]    Compiling simple_logger v5.0.0
[INFO] [stderr]    Compiling prost-derive v0.12.6
[INFO] [stderr]    Compiling serde_derive v1.0.210
[INFO] [stderr]    Compiling zerocopy-derive v0.7.35
[INFO] [stderr]    Compiling tracing-attributes v0.1.27
[INFO] [stderr]    Compiling zerocopy v0.7.35
[INFO] [stderr]    Compiling tracing v0.1.40
[INFO] [stderr]    Compiling prost v0.12.6
[INFO] [stderr]    Compiling ppv-lite86 v0.2.20
[INFO] [stderr]    Compiling prost-types v0.12.6
[INFO] [stderr]    Compiling rand_chacha v0.3.1
[INFO] [stderr]    Compiling rand v0.8.5
[INFO] [stderr]    Compiling prost-build v0.12.6
[INFO] [stderr]    Compiling bincode v1.3.3
[INFO] [stderr]    Compiling sparkles-core v0.1.4
[INFO] [stderr]    Compiling puffin v0.19.1
[INFO] [stderr]    Compiling sparkles v0.1.4 (/opt/rustwide/workdir)
[INFO] [stdout] warning: unused variable: `grd`
[INFO] [stdout]    --> src/global_storage.rs:161:25
[INFO] [stdout]     |
[INFO] [stdout] 161 | ...   let grd = crate::range_event_start(crate::calculate_hash("[internal] Taking stored events"), "[internal] Taking stored events");
[INFO] [stdout]     |           ^^^ help: if this is intentional, prefix it with an underscore: `_grd`
[INFO] [stdout]     |
[INFO] [stdout]     = note: `#[warn(unused_variables)]` on by default
[INFO] [stdout] 
[INFO] [stdout] 
[INFO] [stdout] warning: unused variable: `grd`
[INFO] [stdout]    --> src/global_storage.rs:176:21
[INFO] [stdout]     |
[INFO] [stdout] 176 |                 let grd = crate::range_event_start(crate::calculate_hash("[internal] Send data bytes"), "[internal] Send data bytes");
[INFO] [stdout]     |                     ^^^ help: if this is intentional, prefix it with an underscore: `_grd`
[INFO] [stdout] 
[INFO] [stdout] 
[INFO] [stderr]    Compiling puffin_http v0.16.1
[INFO] [stderr] error: failed to run custom build command for `protobuf-src v2.1.0+27.1`
[INFO] [stderr] note: To improve backtraces for build dependencies, set the CARGO_PROFILE_TEST_BUILD_OVERRIDE_DEBUG=true environment variable to enable debug information generation.
[INFO] [stderr] 
[INFO] [stderr] Caused by:
[INFO] [stderr]   process didn't exit successfully: `/opt/rustwide/target/debug/build/protobuf-src-a667f1641a0760dc/build-script-build` (exit status: 101)
[INFO] [stderr]   --- stdout
[INFO] [stderr]   CMAKE_TOOLCHAIN_FILE_x86_64-unknown-linux-gnu = None
[INFO] [stderr]   CMAKE_TOOLCHAIN_FILE_x86_64_unknown_linux_gnu = None
[INFO] [stderr]   HOST_CMAKE_TOOLCHAIN_FILE = None
[INFO] [stderr]   CMAKE_TOOLCHAIN_FILE = None
[INFO] [stderr]   CMAKE_GENERATOR_x86_64-unknown-linux-gnu = None
[INFO] [stderr]   CMAKE_GENERATOR_x86_64_unknown_linux_gnu = None
[INFO] [stderr]   HOST_CMAKE_GENERATOR = None
[INFO] [stderr]   CMAKE_GENERATOR = None
[INFO] [stderr]   CMAKE_PREFIX_PATH_x86_64-unknown-linux-gnu = None
[INFO] [stderr]   CMAKE_PREFIX_PATH_x86_64_unknown_linux_gnu = None
[INFO] [stderr]   HOST_CMAKE_PREFIX_PATH = None
[INFO] [stderr]   CMAKE_PREFIX_PATH = None
[INFO] [stderr]   CMAKE_x86_64-unknown-linux-gnu = None
[INFO] [stderr]   CMAKE_x86_64_unknown_linux_gnu = None
[INFO] [stderr]   HOST_CMAKE = None
[INFO] [stderr]   CMAKE = None
[INFO] [stderr]   running: cd "/opt/rustwide/target/debug/build/protobuf-src-a3c7a46202b88985/out/build" && CMAKE_PREFIX_PATH="" "cmake" "/opt/rustwide/cargo-home/registry/src/index.crates.io-6f17d22bba15001f/protobuf-src-2.1.0+27.1/protobuf" "-DABSL_PROPAGATE_CXX_STD=ON" "-Dprotobuf_BUILD_TESTS=OFF" "-Dprotobuf_DEBUG_POSTFIX=" "-DCMAKE_CXX_STANDARD=14" "-DCMAKE_INSTALL_LIBDIR=lib" "-DCMAKE_INSTALL_PREFIX=/opt/rustwide/target/debug/build/protobuf-src-a3c7a46202b88985/out" "-DCMAKE_C_FLAGS= -ffunction-sections -fdata-sections -fPIC -m64" "-DCMAKE_C_COMPILER=/usr/bin/cc" "-DCMAKE_CXX_FLAGS= -ffunction-sections -fdata-sections -fPIC -m64" "-DCMAKE_CXX_COMPILER=/usr/bin/c++" "-DCMAKE_ASM_FLAGS= -ffunction-sections -fdata-sections -fPIC -m64" "-DCMAKE_ASM_COMPILER=/usr/bin/cc" "-DCMAKE_BUILD_TYPE=Debug"
[INFO] [stderr]   -- The C compiler identification is GNU 11.4.0
[INFO] [stderr]   -- The CXX compiler identification is GNU 11.4.0
[INFO] [stderr]   -- Detecting C compiler ABI info
[INFO] [stderr]   -- Detecting C compiler ABI info - done
[INFO] [stderr]   -- Check for working C compiler: /usr/bin/cc - skipped
[INFO] [stderr]   -- Detecting C compile features
[INFO] [stderr]   -- Detecting C compile features - done
[INFO] [stderr]   -- Detecting CXX compiler ABI info
[INFO] [stderr]   -- Detecting CXX compiler ABI info - done
[INFO] [stderr]   -- Check for working CXX compiler: /usr/bin/c++ - skipped
[INFO] [stderr]   -- Detecting CXX compile features
[INFO] [stderr]   -- Detecting CXX compile features - done
[INFO] [stderr]   -- 
[INFO] [stderr]   -- 27.2.0
[INFO] [stderr]   -- Performing Test protobuf_HAVE_LD_VERSION_SCRIPT
[INFO] [stderr]   -- Performing Test protobuf_HAVE_LD_VERSION_SCRIPT - Success
[INFO] [stderr]   -- Looking for pthread.h
[INFO] [stderr]   -- Looking for pthread.h - found
[INFO] [stderr]   -- Performing Test CMAKE_HAVE_LIBC_PTHREAD
[INFO] [stderr]   -- Performing Test CMAKE_HAVE_LIBC_PTHREAD - Success
[INFO] [stderr]   -- Found Threads: TRUE  
[INFO] [stderr]   -- Found ZLIB: /usr/lib/x86_64-linux-gnu/libz.so (found version "1.2.11") 
[INFO] [stderr]   -- Performing Test protobuf_HAVE_BUILTIN_ATOMICS
[INFO] [stderr]   -- Performing Test protobuf_HAVE_BUILTIN_ATOMICS - Success
[INFO] [stderr]   -- Performing Test ABSL_INTERNAL_AT_LEAST_CXX17
[INFO] [stderr]   -- Performing Test ABSL_INTERNAL_AT_LEAST_CXX17 - Failed
[INFO] [stderr]   -- Performing Test ABSL_INTERNAL_AT_LEAST_CXX20
[INFO] [stderr]   -- Performing Test ABSL_INTERNAL_AT_LEAST_CXX20 - Failed
[INFO] [stderr]   -- Configuring done
[INFO] [stderr]   -- Generating done
[INFO] [stderr]   -- Build files have been written to: /opt/rustwide/target/debug/build/protobuf-src-a3c7a46202b88985/out/build
[INFO] [stderr]   running: cd "/opt/rustwide/target/debug/build/protobuf-src-a3c7a46202b88985/out/build" && MAKEFLAGS="-j --jobserver-fds=8,9 --jobserver-auth=8,9" "cmake" "--build" "." "--target" "install" "--config" "Debug"
[INFO] [stderr]   [  1%] Building CXX object third_party/abseil-cpp/absl/profiling/CMakeFiles/exponential_biased.dir/internal/exponential_biased.cc.o
[INFO] [stderr]   [  1%] Building CXX object third_party/abseil-cpp/absl/base/CMakeFiles/spinlock_wait.dir/internal/spinlock_wait.cc.o
[INFO] [stderr]   [  1%] Building CXX object third_party/abseil-cpp/absl/base/CMakeFiles/strerror.dir/internal/strerror.cc.o
[INFO] [stderr]   [  2%] Building CXX object third_party/abseil-cpp/absl/numeric/CMakeFiles/int128.dir/int128.cc.o
[INFO] [stderr]   [  2%] Building CXX object third_party/abseil-cpp/absl/debugging/CMakeFiles/leak_check.dir/leak_check.cc.o
[INFO] [stderr]   [  2%] Building CXX object third_party/abseil-cpp/absl/time/CMakeFiles/civil_time.dir/internal/cctz/src/civil_time_detail.cc.o
[INFO] [stderr]   [  2%] Building CXX object third_party/abseil-cpp/absl/time/CMakeFiles/time_zone.dir/internal/cctz/src/time_zone_fixed.cc.o
[INFO] [stderr]   [  2%] Building CXX object third_party/abseil-cpp/absl/flags/CMakeFiles/flags_commandlineflag_internal.dir/internal/commandlineflag.cc.o
[INFO] [stderr]   [  2%] Building CXX object third_party/abseil-cpp/absl/debugging/CMakeFiles/utf8_for_code_point.dir/internal/utf8_for_code_point.cc.o
[INFO] [stderr]   [  2%] Building CXX object third_party/abseil-cpp/absl/base/CMakeFiles/log_severity.dir/log_severity.cc.o
[INFO] [stderr]   [  3%] Building CXX object third_party/abseil-cpp/absl/log/CMakeFiles/log_internal_nullguard.dir/internal/nullguard.cc.o
[INFO] [stderr]   [  3%] Linking CXX static library libabsl_leak_check.a
[INFO] [stderr]   [  3%] Linking CXX static library libabsl_flags_commandlineflag_internal.a
[INFO] [stderr]   [  3%] Linking CXX static library libabsl_utf8_for_code_point.a
[INFO] [stderr]   [  3%] Building CXX object third_party/abseil-cpp/absl/time/CMakeFiles/time_zone.dir/internal/cctz/src/time_zone_format.cc.o
[INFO] [stderr]   [  4%] Building CXX object third_party/abseil-cpp/absl/time/CMakeFiles/time_zone.dir/internal/cctz/src/time_zone_if.cc.o
[INFO] [stderr]   [  4%] Linking CXX static library libabsl_log_internal_nullguard.a
[INFO] [stderr]   [  4%] Built target flags_commandlineflag_internal
[INFO] [stderr]   [  4%] Linking CXX static library libabsl_spinlock_wait.a
[INFO] [stderr]   [  4%] Built target utf8_for_code_point
[INFO] [stderr]   [  4%] Built target leak_check
[INFO] [stderr]   [  4%] Building CXX object third_party/abseil-cpp/absl/time/CMakeFiles/time_zone.dir/internal/cctz/src/time_zone_impl.cc.o
[INFO] [stderr]   [  4%] Linking CXX static library libabsl_exponential_biased.a
[INFO] [stderr]   [  4%] Building CXX object third_party/abseil-cpp/absl/random/CMakeFiles/random_seed_gen_exception.dir/seed_gen_exception.cc.o
[INFO] [stderr]   [  4%] Built target spinlock_wait
[INFO] [stderr]   [  4%] Built target log_internal_nullguard
[INFO] [stderr]   [  4%] Linking CXX static library libabsl_strerror.a
[INFO] [stderr]   [  4%] Built target exponential_biased
[INFO] [stderr]   [  5%] Building CXX object third_party/abseil-cpp/absl/random/CMakeFiles/random_internal_platform.dir/internal/randen_round_keys.cc.o
[INFO] [stderr]   [  5%] Building CXX object third_party/abseil-cpp/absl/time/CMakeFiles/time_zone.dir/internal/cctz/src/time_zone_info.cc.o
[INFO] [stderr]   [  5%] Linking CXX static library libabsl_random_internal_platform.a
[INFO] [stderr]   [  5%] Built target strerror
[INFO] [stderr]   [  5%] Building CXX object third_party/abseil-cpp/absl/time/CMakeFiles/time_zone.dir/internal/cctz/src/time_zone_libc.cc.o
[INFO] [stderr]   [  5%] Building C object third_party/utf8_range/CMakeFiles/utf8_range.dir/utf8_range.c.o
[INFO] [stderr]   [  6%] Linking C static library libutf8_range.a
[INFO] [stderr]   [  6%] Building CXX object third_party/abseil-cpp/absl/time/CMakeFiles/time_zone.dir/internal/cctz/src/time_zone_lookup.cc.o
[INFO] [stderr]   [  7%] Building CXX object third_party/abseil-cpp/absl/time/CMakeFiles/time_zone.dir/internal/cctz/src/time_zone_posix.cc.o
[INFO] [stderr]   [  7%] Built target random_internal_platform
[INFO] [stderr]   [  7%] Building CXX object third_party/abseil-cpp/absl/time/CMakeFiles/time_zone.dir/internal/cctz/src/zone_info_source.cc.o
[INFO] [stderr]   [  7%] Built target utf8_range
[INFO] [stderr]   [  7%] Building CXX object third_party/abseil-cpp/absl/profiling/CMakeFiles/periodic_sampler.dir/internal/periodic_sampler.cc.o
[INFO] [stderr]   [  7%] Linking CXX static library libabsl_int128.a
[INFO] [stderr]   [  7%] Linking CXX static library libabsl_random_seed_gen_exception.a
[INFO] [stderr]   [  7%] Linking CXX static library libabsl_log_severity.a
[INFO] [stderr]   [  7%] Linking CXX static library libabsl_periodic_sampler.a
[INFO] [stderr]   [  7%] Linking CXX static library libabsl_civil_time.a
[INFO] [stderr]   [  7%] Built target random_seed_gen_exception
[INFO] [stderr]   [  7%] Built target log_severity
[INFO] [stderr]   [  7%] Building CXX object third_party/abseil-cpp/absl/random/CMakeFiles/random_internal_randen_hwaes_impl.dir/internal/randen_hwaes.cc.o
[INFO] [stderr]   [  7%] Building CXX object third_party/abseil-cpp/absl/debugging/CMakeFiles/decode_rust_punycode.dir/internal/decode_rust_punycode.cc.o
[INFO] [stderr]   [  8%] Building C object CMakeFiles/libupb.dir/upb/base/status.c.o
[INFO] [stderr]   [  8%] Building CXX object third_party/abseil-cpp/absl/random/CMakeFiles/random_internal_randen_slow.dir/internal/randen_slow.cc.o
[INFO] [stderr]   [  8%] Building CXX object third_party/abseil-cpp/absl/base/CMakeFiles/raw_logging_internal.dir/internal/raw_logging.cc.o
[INFO] [stderr]   [  8%] Built target civil_time
[INFO] [stderr]   [  8%] Building C object CMakeFiles/libupb.dir/upb/json/decode.c.o
[INFO] [stderr]   [  8%] Building C object CMakeFiles/libupb.dir/upb/hash/common.c.o
[INFO] [stderr]   [  8%] Built target int128
[INFO] [stderr]   [  8%] Built target periodic_sampler
[INFO] [stderr]   [  8%] Building C object CMakeFiles/libupb.dir/upb/json/encode.c.o
[INFO] [stderr]   [  8%] Building C object CMakeFiles/libupb.dir/upb/lex/atoi.c.o
[INFO] [stderr]   [  8%] Building C object CMakeFiles/libupb.dir/upb/lex/round_trip.c.o
[INFO] [stderr]   [  8%] Building C object CMakeFiles/libupb.dir/upb/lex/unicode.c.o
[INFO] [stderr]   [  9%] Building C object CMakeFiles/libupb.dir/upb/lex/strtod.c.o
[INFO] [stderr]   [  9%] Building C object CMakeFiles/libupb.dir/upb/mem/alloc.c.o
[INFO] [stderr]   [  9%] Building C object CMakeFiles/libupb.dir/upb/message/accessors.c.o
[INFO] [stderr]   [  9%] Building C object CMakeFiles/libupb.dir/upb/mem/arena.c.o
[INFO] [stderr]   [  9%] Linking CXX static library libabsl_raw_logging_internal.a
[INFO] [stderr]   [ 10%] Building C object CMakeFiles/libupb.dir/upb/message/array.c.o
[INFO] [stderr]   [ 10%] Building C object CMakeFiles/libupb.dir/upb/message/compare.c.o
[INFO] [stderr]   [ 10%] Building C object CMakeFiles/libupb.dir/upb/message/compat.c.o
[INFO] [stderr]   [ 11%] Linking CXX static library libabsl_random_internal_randen_slow.a
[INFO] [stderr]   [ 11%] Building C object CMakeFiles/libupb.dir/upb/message/copy.c.o
[INFO] [stderr]   [ 11%] Building C object CMakeFiles/libupb.dir/upb/message/internal/compare_unknown.c.o
[INFO] [stderr]   [ 11%] Building C object CMakeFiles/libupb.dir/upb/message/internal/extension.c.o
[INFO] [stderr]   [ 12%] Building C object CMakeFiles/libupb.dir/upb/message/internal/message.c.o
[INFO] [stderr]   [ 12%] Building C object CMakeFiles/libupb.dir/upb/message/map.c.o
[INFO] [stderr]   [ 12%] Linking CXX static library libabsl_decode_rust_punycode.a
[INFO] [stderr]   [ 12%] Building C object CMakeFiles/libupb.dir/upb/message/map_sorter.c.o
[INFO] [stderr]   [ 12%] Built target raw_logging_internal
[INFO] [stderr]   [ 12%] Building C object CMakeFiles/libupb.dir/upb/message/message.c.o
[INFO] [stderr]   [ 12%] Building C object CMakeFiles/libupb.dir/upb/mini_descriptor/build_enum.c.o
[INFO] [stderr]   [ 13%] Building C object CMakeFiles/libupb.dir/upb/mini_descriptor/decode.c.o
[INFO] [stderr]   [ 13%] Building C object CMakeFiles/libupb.dir/upb/mini_descriptor/internal/base92.c.o
[INFO] [stderr]   [ 13%] Built target random_internal_randen_slow
[INFO] [stderr]   [ 13%] Building CXX object third_party/abseil-cpp/absl/base/CMakeFiles/base.dir/internal/cycleclock.cc.o
[INFO] [stderr]   [ 13%] Building CXX object third_party/abseil-cpp/absl/base/CMakeFiles/throw_delegate.dir/internal/throw_delegate.cc.o
[INFO] [stderr]   [ 13%] Building C object CMakeFiles/libupb.dir/upb/mini_descriptor/internal/encode.c.o
[INFO] [stderr]   [ 13%] Building CXX object third_party/abseil-cpp/absl/base/CMakeFiles/base.dir/internal/spinlock.cc.o
[INFO] [stderr]   [ 13%] Built target decode_rust_punycode
[INFO] [stderr]   [ 13%] Building CXX object third_party/abseil-cpp/absl/base/CMakeFiles/base.dir/internal/thread_identity.cc.o
[INFO] [stderr]   [ 13%] Building CXX object third_party/abseil-cpp/absl/debugging/CMakeFiles/debugging_internal.dir/internal/address_is_readable.cc.o
[INFO] [stderr]   [ 13%] Building CXX object third_party/abseil-cpp/absl/base/CMakeFiles/base.dir/internal/sysinfo.cc.o
[INFO] [stderr]   [ 13%] Building CXX object third_party/abseil-cpp/absl/debugging/CMakeFiles/debugging_internal.dir/internal/elf_mem_image.cc.o
[INFO] [stderr]   [ 13%] Building CXX object third_party/abseil-cpp/absl/types/CMakeFiles/bad_variant_access.dir/bad_variant_access.cc.o
[INFO] [stderr]   [ 13%] Linking CXX static library libabsl_time_zone.a
[INFO] [stderr]   [ 13%] Building C object CMakeFiles/libupb.dir/upb/mini_descriptor/link.c.o
[INFO] [stderr]   [ 13%] Building CXX object third_party/abseil-cpp/absl/types/CMakeFiles/bad_optional_access.dir/bad_optional_access.cc.o
[INFO] [stderr]   [ 13%] Building CXX object third_party/abseil-cpp/absl/debugging/CMakeFiles/debugging_internal.dir/internal/vdso_support.cc.o
[INFO] [stderr]   [ 13%] Building C object CMakeFiles/libupb.dir/upb/mini_table/extension_registry.c.o
[INFO] [stderr]   [ 13%] Built target time_zone
[INFO] [stderr]   [ 13%] Building C object CMakeFiles/libupb.dir/upb/mini_table/internal/message.c.o
[INFO] [stderr]   [ 14%] Building C object CMakeFiles/libupb.dir/upb/mini_table/message.c.o
[INFO] [stderr]   [ 14%] Building C object CMakeFiles/libupb.dir/upb/reflection/def_pool.c.o
[INFO] [stderr]   [ 15%] Linking CXX static library libabsl_bad_variant_access.a
[INFO] [stderr]   [ 15%] Linking CXX static library libabsl_throw_delegate.a
[INFO] [stderr]   [ 15%] Built target bad_variant_access
[INFO] [stderr]   [ 15%] Building CXX object third_party/abseil-cpp/absl/base/CMakeFiles/base.dir/internal/unscaledcycleclock.cc.o
[INFO] [stderr]   [ 15%] Built target throw_delegate
[INFO] [stderr]   [ 16%] Building CXX object third_party/abseil-cpp/absl/strings/CMakeFiles/cordz_functions.dir/internal/cordz_functions.cc.o
[INFO] [stderr]   [ 17%] Building CXX object third_party/abseil-cpp/absl/base/CMakeFiles/scoped_set_env.dir/internal/scoped_set_env.cc.o
[INFO] [stderr]   [ 17%] Building C object CMakeFiles/libupb.dir/upb/reflection/def_type.c.o
[INFO] [stderr]   [ 17%] Building C object CMakeFiles/libupb.dir/upb/reflection/desc_state.c.o
[INFO] [stderr]   [ 17%] Building C object CMakeFiles/libupb.dir/upb/reflection/enum_def.c.o
[INFO] [stderr]   [ 18%] Building C object CMakeFiles/libupb.dir/upb/reflection/enum_value_def.c.o
[INFO] [stderr]   [ 18%] Linking CXX static library libabsl_random_internal_randen_hwaes_impl.a
[INFO] [stderr]   [ 18%] Building C object CMakeFiles/libupb.dir/upb/reflection/enum_reserved_range.c.o
[INFO] [stderr]   [ 18%] Building C object CMakeFiles/libupb.dir/upb/reflection/extension_range.c.o
[INFO] [stderr]   [ 18%] Building CXX object third_party/abseil-cpp/absl/types/CMakeFiles/bad_any_cast_impl.dir/bad_any_cast.cc.o
[INFO] [stderr]   [ 18%] Building C object CMakeFiles/libupb.dir/upb/reflection/field_def.c.o
[INFO] [stderr]   [ 19%] Linking CXX static library libabsl_base.a
[INFO] [stderr]   [ 19%] Building C object CMakeFiles/libupb.dir/upb/reflection/file_def.c.o
[INFO] [stderr]   [ 19%] Linking CXX static library libabsl_bad_optional_access.a
[INFO] [stderr]   [ 20%] Linking CXX static library libabsl_debugging_internal.a
[INFO] [stderr]   [ 20%] Built target base
[INFO] [stderr]   [ 20%] Building C object CMakeFiles/libupb.dir/upb/reflection/internal/def_builder.c.o
[INFO] [stderr]   [ 20%] Built target random_internal_randen_hwaes_impl
[INFO] [stderr]   [ 20%] Building CXX object third_party/abseil-cpp/absl/strings/CMakeFiles/strings_internal.dir/internal/ostringstream.cc.o
[INFO] [stderr]   [ 20%] Built target bad_optional_access
[INFO] [stderr]   [ 20%] Building CXX object third_party/abseil-cpp/absl/base/CMakeFiles/malloc_internal.dir/internal/low_level_alloc.cc.o
[INFO] [stderr]   [ 20%] Building CXX object third_party/abseil-cpp/absl/strings/CMakeFiles/string_view.dir/string_view.cc.o
[INFO] [stderr]   [ 21%] Building C object CMakeFiles/libupb.dir/upb/reflection/internal/strdup2.c.o
[INFO] [stderr]   [ 21%] Built target debugging_internal
[INFO] [stderr]   [ 22%] Building CXX object third_party/abseil-cpp/absl/debugging/CMakeFiles/demangle_rust.dir/internal/demangle_rust.cc.o
[INFO] [stderr]   [ 22%] Building C object CMakeFiles/libupb.dir/upb/reflection/message.c.o
[INFO] [stderr]   [ 23%] Building CXX object third_party/abseil-cpp/absl/strings/CMakeFiles/strings_internal.dir/internal/utf8.cc.o
[INFO] [stderr]   [ 23%] Building CXX object third_party/abseil-cpp/absl/hash/CMakeFiles/city.dir/internal/city.cc.o
[INFO] [stderr]   [ 23%] Building CXX object third_party/abseil-cpp/absl/strings/CMakeFiles/strings_internal.dir/internal/escaping.cc.o
[INFO] [stderr]   [ 23%] Building C object CMakeFiles/libupb.dir/upb/reflection/message_def.c.o
[INFO] [stderr]   [ 23%] Building C object CMakeFiles/libupb.dir/upb/reflection/message_reserved_range.c.o
[INFO] [stderr]   [ 23%] Building CXX object third_party/abseil-cpp/absl/hash/CMakeFiles/low_level_hash.dir/internal/low_level_hash.cc.o
[INFO] [stderr]   [ 23%] Linking CXX static library libabsl_cordz_functions.a
[INFO] [stderr]   [ 23%] Linking CXX static library libabsl_demangle_rust.a
[INFO] [stderr]   [ 23%] Linking CXX static library libabsl_scoped_set_env.a
[INFO] [stderr]   [ 23%] Building CXX object third_party/abseil-cpp/absl/crc/CMakeFiles/crc_cpu_detect.dir/internal/cpu_detect.cc.o
[INFO] [stderr]   [ 23%] Linking CXX static library libabsl_bad_any_cast_impl.a
[INFO] [stderr]   [ 23%] Built target cordz_functions
[INFO] [stderr]   [ 23%] Building CXX object third_party/abseil-cpp/absl/log/CMakeFiles/log_internal_conditions.dir/internal/conditions.cc.o
[INFO] [stderr]   [ 23%] Built target demangle_rust
[INFO] [stderr]   [ 23%] Building C object CMakeFiles/libupb.dir/upb/reflection/method_def.c.o
[INFO] [stderr]   [ 23%] Building C object CMakeFiles/libupb.dir/upb/reflection/oneof_def.c.o
[INFO] [stderr]   [ 23%] Built target scoped_set_env
[INFO] [stderr]   [ 23%] Built target bad_any_cast_impl
[INFO] [stderr]   [ 24%] Building C object CMakeFiles/libupb.dir/upb/reflection/service_def.c.o
[INFO] [stderr]   [ 24%] Building C object CMakeFiles/libupb.dir/upb/text/encode.c.o
[INFO] [stderr]   [ 25%] Linking CXX static library libabsl_log_internal_conditions.a
[INFO] [stderr]   [ 26%] Linking CXX static library libabsl_string_view.a
[INFO] [stderr]   [ 27%] Linking CXX static library libabsl_malloc_internal.a
[INFO] [stderr]   [ 27%] Building C object CMakeFiles/libupb.dir/upb/util/def_to_proto.c.o
[INFO] [stderr]   [ 27%] Built target log_internal_conditions
[INFO] [stderr]   [ 27%] Built target string_view
[INFO] [stderr]   [ 27%] Building C object CMakeFiles/libupb.dir/upb/util/required_fields.c.o
[INFO] [stderr]   [ 27%] Linking CXX static library libabsl_city.a
[INFO] [stderr]   [ 27%] Building CXX object third_party/abseil-cpp/absl/random/CMakeFiles/random_internal_randen_hwaes.dir/internal/randen_detect.cc.o
[INFO] [stderr]   [ 27%] Built target malloc_internal
[INFO] [stderr]   [ 28%] Building C object CMakeFiles/libupb.dir/upb/wire/encode.c.o
[INFO] [stderr]   [ 27%] Building C object CMakeFiles/libupb.dir/upb/wire/decode.c.o
[INFO] [stderr]   [ 28%] Linking CXX static library libabsl_crc_cpu_detect.a
[INFO] [stderr]   [ 28%] Linking CXX static library libabsl_random_internal_randen_hwaes.a
[INFO] [stderr]   [ 28%] Building CXX object third_party/abseil-cpp/absl/debugging/CMakeFiles/demangle_internal.dir/internal/demangle.cc.o
[INFO] [stderr]   [ 28%] Building CXX object third_party/abseil-cpp/absl/debugging/CMakeFiles/stacktrace.dir/stacktrace.cc.o
[INFO] [stderr]   [ 28%] Building CXX object third_party/abseil-cpp/absl/synchronization/CMakeFiles/graphcycles_internal.dir/internal/graphcycles.cc.o
[INFO] [stderr]   [ 28%] Built target city
[INFO] [stderr]   [ 28%] Building CXX object third_party/abseil-cpp/absl/base/CMakeFiles/poison.dir/internal/poison.cc.o
[INFO] [stderr]   [ 28%] Linking CXX static library libabsl_low_level_hash.a
[INFO] [stderr]   [ 28%] Linking CXX static library libabsl_stacktrace.a
[INFO] [stderr]   [ 28%] Building C object CMakeFiles/libupb.dir/upb/wire/eps_copy_input_stream.c.o
[INFO] [stderr]   [ 28%] Building C object CMakeFiles/libupb.dir/upb/wire/internal/decode_fast.c.o
[INFO] [stderr]   [ 28%] Built target random_internal_randen_hwaes
[INFO] [stderr]   [ 28%] Built target crc_cpu_detect
[INFO] [stderr]   [ 28%] Building C object CMakeFiles/libupb.dir/upb/wire/reader.c.o
[INFO] [stderr]   [ 28%] Building CXX object third_party/abseil-cpp/absl/random/CMakeFiles/random_internal_randen.dir/internal/randen.cc.o
[INFO] [stderr]   [ 28%] Linking CXX static library libabsl_poison.a
[INFO] [stderr]   [ 29%] Building CXX object third_party/abseil-cpp/absl/crc/CMakeFiles/crc_internal.dir/internal/crc.cc.o
[INFO] [stderr]   [ 29%] Building C object CMakeFiles/libupb.dir/upb/reflection/cmake/google/protobuf/descriptor.upb_minitable.c.o
[INFO] [stderr]   [ 29%] Building CXX object third_party/abseil-cpp/absl/crc/CMakeFiles/crc_internal.dir/internal/crc_x86_arm_combined.cc.o
[INFO] [stderr]   [ 29%] Built target low_level_hash
[INFO] [stderr]   [ 29%] Built target stacktrace
[INFO] [stderr]   [ 29%] Linking C static library libupb.a
[INFO] [stderr]   [ 29%] Built target poison
[INFO] [stderr]   [ 29%] Linking CXX static library libabsl_strings_internal.a
[INFO] [stderr]   [ 29%] Linking CXX static library libabsl_demangle_internal.a
[INFO] [stderr]   [ 29%] Built target strings_internal
[INFO] [stderr]   [ 29%] Building CXX object third_party/abseil-cpp/absl/strings/CMakeFiles/strings.dir/ascii.cc.o
[INFO] [stderr]   [ 29%] Building CXX object third_party/abseil-cpp/absl/strings/CMakeFiles/strings.dir/charconv.cc.o
[INFO] [stderr]   [ 29%] Building CXX object third_party/abseil-cpp/absl/strings/CMakeFiles/strings.dir/internal/memutil.cc.o
[INFO] [stderr]   [ 29%] Building CXX object third_party/abseil-cpp/absl/strings/CMakeFiles/strings.dir/internal/charconv_parse.cc.o
[INFO] [stderr]   [ 29%] Building CXX object third_party/abseil-cpp/absl/strings/CMakeFiles/strings.dir/internal/charconv_bigint.cc.o
[INFO] [stderr]   [ 29%] Building CXX object third_party/abseil-cpp/absl/strings/CMakeFiles/strings.dir/escaping.cc.o
[INFO] [stderr]   [ 30%] Building CXX object third_party/abseil-cpp/absl/strings/CMakeFiles/strings.dir/internal/damerau_levenshtein_distance.cc.o
[INFO] [stderr]   [ 30%] Built target libupb
[INFO] [stderr]   [ 30%] Building CXX object third_party/abseil-cpp/absl/strings/CMakeFiles/strings.dir/internal/stringify_sink.cc.o
[INFO] [stderr]   [ 30%] Building CXX object third_party/abseil-cpp/absl/strings/CMakeFiles/strings.dir/match.cc.o
[INFO] [stderr]   [ 30%] Built target demangle_internal
[INFO] [stderr]   [ 30%] Building CXX object third_party/abseil-cpp/absl/strings/CMakeFiles/strings.dir/numbers.cc.o
[INFO] [stderr]   [ 30%] Linking CXX static library libabsl_graphcycles_internal.a
[INFO] [stderr]   [ 31%] Linking CXX static library libabsl_random_internal_randen.a
[INFO] [stderr]   [ 32%] Building CXX object third_party/abseil-cpp/absl/strings/CMakeFiles/strings.dir/str_cat.cc.o
[INFO] [stderr]   [ 32%] Built target random_internal_randen
[INFO] [stderr]   [ 32%] Building CXX object third_party/abseil-cpp/absl/strings/CMakeFiles/strings.dir/str_replace.cc.o
[INFO] [stderr]   [ 32%] Built target graphcycles_internal
[INFO] [stderr]   [ 32%] Building CXX object third_party/abseil-cpp/absl/strings/CMakeFiles/strings.dir/str_split.cc.o
[INFO] [stderr]   [ 32%] Building CXX object third_party/abseil-cpp/absl/strings/CMakeFiles/strings.dir/substitute.cc.o
[INFO] [stderr]   [ 32%] Linking CXX static library libabsl_crc_internal.a
[INFO] [stderr]   [ 32%] Built target crc_internal
[INFO] [stderr]   [ 32%] Linking CXX static library libabsl_strings.a
[INFO] [stderr]   [ 32%] Built target strings
[INFO] [stderr]   [ 32%] Building CXX object third_party/utf8_range/CMakeFiles/utf8_validity.dir/utf8_validity.cc.o
[INFO] [stderr]   [ 32%] Building C object third_party/utf8_range/CMakeFiles/utf8_validity.dir/utf8_range.c.o
[INFO] [stderr]   [ 32%] Building CXX object third_party/abseil-cpp/absl/time/CMakeFiles/time.dir/clock.cc.o
[INFO] [stderr]   [ 32%] Building CXX object third_party/abseil-cpp/absl/strings/CMakeFiles/str_format_internal.dir/internal/str_format/arg.cc.o
[INFO] [stderr]   [ 32%] Building CXX object third_party/abseil-cpp/absl/time/CMakeFiles/time.dir/civil_time.cc.o
[INFO] [stderr]   [ 33%] Building CXX object third_party/abseil-cpp/absl/hash/CMakeFiles/hash.dir/internal/hash.cc.o
[INFO] [stderr]   [ 33%] Building CXX object third_party/abseil-cpp/absl/debugging/CMakeFiles/symbolize.dir/symbolize.cc.o
[INFO] [stderr]   [ 33%] Building CXX object third_party/abseil-cpp/absl/log/CMakeFiles/log_internal_fnmatch.dir/internal/fnmatch.cc.o
[INFO] [stderr]   [ 33%] Building CXX object third_party/abseil-cpp/absl/strings/CMakeFiles/str_format_internal.dir/internal/str_format/bind.cc.o
[INFO] [stderr]   [ 33%] Building CXX object third_party/abseil-cpp/absl/log/CMakeFiles/log_internal_proto.dir/internal/proto.cc.o
[INFO] [stderr]   [ 34%] Building CXX object third_party/abseil-cpp/absl/flags/CMakeFiles/flags_commandlineflag.dir/commandlineflag.cc.o
[INFO] [stderr]   [ 35%] Building CXX object third_party/abseil-cpp/absl/time/CMakeFiles/time.dir/duration.cc.o
[INFO] [stderr]   [ 35%] Building CXX object third_party/abseil-cpp/absl/random/CMakeFiles/random_distributions.dir/discrete_distribution.cc.o
[INFO] [stderr]   [ 34%] Building CXX object third_party/abseil-cpp/absl/time/CMakeFiles/time.dir/format.cc.o
[INFO] [stderr]   [ 34%] Building CXX object third_party/abseil-cpp/absl/random/CMakeFiles/random_internal_seed_material.dir/internal/seed_material.cc.o
[INFO] [stderr]   [ 35%] Building CXX object third_party/abseil-cpp/absl/strings/CMakeFiles/str_format_internal.dir/internal/str_format/extension.cc.o
[INFO] [stderr]   [ 35%] Linking CXX static library libutf8_validity.a
[INFO] [stderr]   [ 35%] Linking CXX static library libabsl_log_internal_fnmatch.a
[INFO] [stderr]   [ 35%] Built target utf8_validity
[INFO] [stderr]   [ 35%] Building CXX object third_party/abseil-cpp/absl/strings/CMakeFiles/str_format_internal.dir/internal/str_format/float_conversion.cc.o
[INFO] [stderr]   [ 35%] Building CXX object third_party/abseil-cpp/absl/random/CMakeFiles/random_distributions.dir/gaussian_distribution.cc.o
[INFO] [stderr]   [ 35%] Linking CXX static library libabsl_log_internal_proto.a
[INFO] [stderr]   [ 36%] Linking CXX static library libabsl_flags_commandlineflag.a
[INFO] [stderr]   [ 36%] Built target log_internal_fnmatch
[INFO] [stderr]   [ 36%] Building CXX object third_party/abseil-cpp/absl/time/CMakeFiles/time.dir/time.cc.o
[INFO] [stderr]   [ 36%] Built target log_internal_proto
[INFO] [stderr]   [ 36%] Building CXX object third_party/abseil-cpp/absl/strings/CMakeFiles/str_format_internal.dir/internal/str_format/output.cc.o
[INFO] [stderr]   [ 36%] Linking CXX static library libabsl_hash.a
[INFO] [stderr]   [ 36%] Linking CXX static library libabsl_random_internal_seed_material.a
[INFO] [stderr]   [ 37%] Building CXX object third_party/abseil-cpp/absl/strings/CMakeFiles/str_format_internal.dir/internal/str_format/parser.cc.o
[INFO] [stderr]   [ 37%] Linking CXX static library libabsl_symbolize.a
[INFO] [stderr]   [ 37%] Built target flags_commandlineflag
[INFO] [stderr]   [ 38%] Building CXX object third_party/abseil-cpp/absl/flags/CMakeFiles/flags_private_handle_accessor.dir/internal/private_handle_accessor.cc.o
[INFO] [stderr]   [ 38%] Built target hash
[INFO] [stderr]   [ 38%] Built target random_internal_seed_material
[INFO] [stderr]   [ 38%] Building CXX object third_party/abseil-cpp/absl/random/CMakeFiles/random_internal_pool_urbg.dir/internal/pool_urbg.cc.o
[INFO] [stderr]   [ 38%] Built target symbolize
[INFO] [stderr]   [ 38%] Building CXX object third_party/abseil-cpp/absl/debugging/CMakeFiles/examine_stack.dir/internal/examine_stack.cc.o
[INFO] [stderr]   [ 38%] Linking CXX static library libabsl_flags_private_handle_accessor.a
[INFO] [stderr]   [ 38%] Linking CXX static library libabsl_random_distributions.a
[INFO] [stderr]   [ 38%] Linking CXX static library libabsl_examine_stack.a
[INFO] [stderr]   [ 38%] Linking CXX static library libabsl_random_internal_pool_urbg.a
[INFO] [stderr]   [ 38%] Built target random_distributions
[INFO] [stderr]   [ 38%] Built target flags_private_handle_accessor
[INFO] [stderr]   [ 38%] Linking CXX static library libabsl_time.a
[INFO] [stderr]   [ 38%] Built target examine_stack
[INFO] [stderr]   [ 38%] Built target random_internal_pool_urbg
[INFO] [stderr]   [ 38%] Building CXX object third_party/abseil-cpp/absl/debugging/CMakeFiles/failure_signal_handler.dir/failure_signal_handler.cc.o
[INFO] [stderr]   [ 39%] Building CXX object third_party/abseil-cpp/absl/random/CMakeFiles/random_seed_sequences.dir/seed_sequences.cc.o
[INFO] [stderr]   [ 39%] Built target time
[INFO] [stderr]   [ 39%] Building CXX object third_party/abseil-cpp/absl/synchronization/CMakeFiles/kernel_timeout_internal.dir/internal/kernel_timeout.cc.o
[INFO] [stderr]   [ 40%] Building CXX object third_party/abseil-cpp/absl/log/CMakeFiles/log_entry.dir/log_entry.cc.o
[INFO] [stderr]   [ 40%] Building CXX object third_party/abseil-cpp/absl/log/CMakeFiles/log_internal_globals.dir/internal/globals.cc.o
[INFO] [stderr]   [ 40%] Linking CXX static library libabsl_str_format_internal.a
[INFO] [stderr]   [ 40%] Linking CXX static library libabsl_failure_signal_handler.a
[INFO] [stderr]   [ 40%] Built target str_format_internal
[INFO] [stderr]   [ 40%] Building CXX object third_party/abseil-cpp/absl/flags/CMakeFiles/flags_marshalling.dir/marshalling.cc.o
[INFO] [stderr]   [ 40%] Building CXX object third_party/abseil-cpp/absl/crc/CMakeFiles/crc32c.dir/crc32c.cc.o
[INFO] [stderr]   [ 40%] Building CXX object third_party/abseil-cpp/absl/crc/CMakeFiles/crc32c.dir/internal/crc_memcpy_fallback.cc.o
[INFO] [stderr]   [ 40%] Building CXX object third_party/abseil-cpp/absl/crc/CMakeFiles/crc32c.dir/internal/crc_memcpy_x86_arm_combined.cc.o
[INFO] [stderr]   [ 40%] Building CXX object third_party/abseil-cpp/absl/random/CMakeFiles/random_internal_distribution_test_util.dir/internal/distribution_test_util.cc.o
[INFO] [stderr]   [ 40%] Building CXX object third_party/abseil-cpp/absl/random/CMakeFiles/random_internal_distribution_test_util.dir/internal/chi_square.cc.o
[INFO] [stderr]   [ 41%] Building CXX object third_party/abseil-cpp/absl/crc/CMakeFiles/crc32c.dir/internal/crc_non_temporal_memcpy.cc.o
[INFO] [stderr]   [ 41%] Built target failure_signal_handler
[INFO] [stderr]   [ 41%] Linking CXX static library libabsl_log_entry.a
[INFO] [stderr]   [ 42%] Linking CXX static library libabsl_log_internal_globals.a
[INFO] [stderr]   [ 42%] Linking CXX static library libabsl_kernel_timeout_internal.a
[INFO] [stderr]   [ 42%] Built target log_entry
[INFO] [stderr]   [ 42%] Linking CXX static library libabsl_random_seed_sequences.a
[INFO] [stderr]   [ 43%] Building CXX object third_party/abseil-cpp/absl/log/CMakeFiles/log_sink.dir/log_sink.cc.o
[INFO] [stderr]   [ 43%] Built target log_internal_globals
[INFO] [stderr]   [ 43%] Built target kernel_timeout_internal
[INFO] [stderr]   [ 43%] Building CXX object third_party/abseil-cpp/absl/log/CMakeFiles/log_internal_format.dir/internal/log_format.cc.o
[INFO] [stderr]   [ 43%] Building CXX object third_party/abseil-cpp/absl/synchronization/CMakeFiles/synchronization.dir/barrier.cc.o
[INFO] [stderr]   [ 43%] Built target random_seed_sequences
[INFO] [stderr]   [ 44%] Building CXX object third_party/abseil-cpp/absl/synchronization/CMakeFiles/synchronization.dir/blocking_counter.cc.o
[INFO] [stderr]   [ 44%] Building CXX object third_party/abseil-cpp/absl/synchronization/CMakeFiles/synchronization.dir/internal/create_thread_identity.cc.o
[INFO] [stderr]   [ 44%] Building CXX object third_party/abseil-cpp/absl/synchronization/CMakeFiles/synchronization.dir/internal/futex_waiter.cc.o
[INFO] [stderr]   [ 44%] Building CXX object third_party/abseil-cpp/absl/synchronization/CMakeFiles/synchronization.dir/internal/per_thread_sem.cc.o
[INFO] [stderr]   [ 44%] Linking CXX static library libabsl_random_internal_distribution_test_util.a
[INFO] [stderr]   [ 44%] Building CXX object third_party/abseil-cpp/absl/synchronization/CMakeFiles/synchronization.dir/internal/pthread_waiter.cc.o
[INFO] [stderr]   [ 45%] Building CXX object third_party/abseil-cpp/absl/synchronization/CMakeFiles/synchronization.dir/internal/sem_waiter.cc.o
[INFO] [stderr]   [ 45%] Built target random_internal_distribution_test_util
[INFO] [stderr]   [ 45%] Building CXX object third_party/abseil-cpp/absl/synchronization/CMakeFiles/synchronization.dir/internal/stdcpp_waiter.cc.o
[INFO] [stderr]   [ 45%] Building CXX object third_party/abseil-cpp/absl/synchronization/CMakeFiles/synchronization.dir/internal/waiter_base.cc.o
[INFO] [stderr]   [ 45%] Building CXX object third_party/abseil-cpp/absl/synchronization/CMakeFiles/synchronization.dir/internal/win32_waiter.cc.o
[INFO] [stderr]   [ 45%] Linking CXX static library libabsl_log_sink.a
[INFO] [stderr]   [ 45%] Building CXX object third_party/abseil-cpp/absl/synchronization/CMakeFiles/synchronization.dir/notification.cc.o
[INFO] [stderr]   [ 45%] Building CXX object third_party/abseil-cpp/absl/synchronization/CMakeFiles/synchronization.dir/mutex.cc.o
[INFO] [stderr]   [ 45%] Built target log_sink
[INFO] [stderr]   [ 45%] Linking CXX static library libabsl_log_internal_format.a
[INFO] [stderr]   [ 45%] Linking CXX static library libabsl_flags_marshalling.a
[INFO] [stderr]   [ 45%] Built target log_internal_format
[INFO] [stderr]   [ 45%] Linking CXX static library libabsl_crc32c.a
[INFO] [stderr]   [ 45%] Built target flags_marshalling
[INFO] [stderr]   [ 45%] Built target crc32c
[INFO] [stderr]   [ 45%] Building CXX object third_party/abseil-cpp/absl/crc/CMakeFiles/crc_cord_state.dir/internal/crc_cord_state.cc.o
[INFO] [stderr]   [ 46%] Linking CXX static library libabsl_synchronization.a
[INFO] [stderr]   [ 46%] Built target synchronization
[INFO] [stderr]   [ 46%] Building CXX object third_party/abseil-cpp/absl/flags/CMakeFiles/flags_program_name.dir/internal/program_name.cc.o
[INFO] [stderr]   [ 46%] Building CXX object third_party/abseil-cpp/absl/strings/CMakeFiles/cordz_handle.dir/internal/cordz_handle.cc.o
[INFO] [stderr]   [ 46%] Building CXX object third_party/abseil-cpp/absl/container/CMakeFiles/hashtablez_sampler.dir/internal/hashtablez_sampler_force_weak_definition.cc.o
[INFO] [stderr]   [ 46%] Building CXX object third_party/abseil-cpp/absl/log/CMakeFiles/vlog_config_internal.dir/internal/vlog_config.cc.o
[INFO] [stderr]   [ 46%] Building CXX object third_party/abseil-cpp/absl/container/CMakeFiles/hashtablez_sampler.dir/internal/hashtablez_sampler.cc.o
[INFO] [stderr]   [ 46%] Linking CXX static library libabsl_crc_cord_state.a
[INFO] [stderr]   [ 46%] Built target crc_cord_state
[INFO] [stderr]   [ 46%] Building CXX object third_party/abseil-cpp/absl/strings/CMakeFiles/cord_internal.dir/internal/cord_rep_btree.cc.o
[INFO] [stderr]   [ 46%] Building CXX object third_party/abseil-cpp/absl/strings/CMakeFiles/cord_internal.dir/internal/cord_rep_btree_reader.cc.o
[INFO] [stderr]   [ 47%] Building CXX object third_party/abseil-cpp/absl/strings/CMakeFiles/cord_internal.dir/internal/cord_internal.cc.o
[INFO] [stderr]   [ 47%] Building CXX object third_party/abseil-cpp/absl/strings/CMakeFiles/cord_internal.dir/internal/cord_rep_crc.cc.o
[INFO] [stderr]   [ 47%] Building CXX object third_party/abseil-cpp/absl/strings/CMakeFiles/cord_internal.dir/internal/cord_rep_btree_navigator.cc.o
[INFO] [stderr]   [ 47%] Building CXX object third_party/abseil-cpp/absl/strings/CMakeFiles/cord_internal.dir/internal/cord_rep_consume.cc.o
[INFO] [stderr]   [ 47%] Linking CXX static library libabsl_flags_program_name.a
[INFO] [stderr]   [ 47%] Linking CXX static library libabsl_hashtablez_sampler.a
[INFO] [stderr]   [ 47%] Linking CXX static library libabsl_cordz_handle.a
[INFO] [stderr]   [ 47%] Built target flags_program_name
[INFO] [stderr]   [ 47%] Building CXX object third_party/abseil-cpp/absl/flags/CMakeFiles/flags_config.dir/usage_config.cc.o
[INFO] [stderr]   [ 47%] Built target cordz_handle
[INFO] [stderr]   [ 47%] Built target hashtablez_sampler
[INFO] [stderr]   [ 47%] Building CXX object third_party/abseil-cpp/absl/container/CMakeFiles/raw_hash_set.dir/internal/raw_hash_set.cc.o
[INFO] [stderr]   [ 47%] Linking CXX static library libabsl_cord_internal.a
[INFO] [stderr]   [ 48%] Linking CXX static library libabsl_vlog_config_internal.a
[INFO] [stderr]   [ 48%] Built target cord_internal
[INFO] [stderr]   [ 48%] Built target vlog_config_internal
[INFO] [stderr]   [ 48%] Building CXX object third_party/abseil-cpp/absl/strings/CMakeFiles/cordz_info.dir/internal/cordz_info.cc.o
[INFO] [stderr]   [ 48%] Building CXX object third_party/abseil-cpp/absl/log/CMakeFiles/log_globals.dir/globals.cc.o
[INFO] [stderr]   [ 48%] Linking CXX static library libabsl_flags_config.a
[INFO] [stderr]   [ 48%] Built target flags_config
[INFO] [stderr]   [ 48%] Building CXX object third_party/abseil-cpp/absl/flags/CMakeFiles/flags_internal.dir/internal/flag.cc.o
[INFO] [stderr]   [ 48%] Linking CXX static library libabsl_raw_hash_set.a
[INFO] [stderr]   [ 48%] Built target raw_hash_set
[INFO] [stderr]   [ 49%] Linking CXX static library libabsl_log_globals.a
[INFO] [stderr]   [ 49%] Built target log_globals
[INFO] [stderr]   [ 49%] Linking CXX static library libabsl_cordz_info.a
[INFO] [stderr]   [ 49%] Building CXX object third_party/abseil-cpp/absl/log/CMakeFiles/log_internal_log_sink_set.dir/internal/log_sink_set.cc.o
[INFO] [stderr]   [ 49%] Building CXX object third_party/abseil-cpp/absl/log/CMakeFiles/log_initialize.dir/initialize.cc.o
[INFO] [stderr]   [ 49%] Built target cordz_info
[INFO] [stderr]   [ 50%] Building CXX object third_party/abseil-cpp/absl/strings/CMakeFiles/cordz_sample_token.dir/internal/cordz_sample_token.cc.o
[INFO] [stderr]   [ 51%] Building CXX object third_party/abseil-cpp/absl/strings/CMakeFiles/cord.dir/cord.cc.o
[INFO] [stderr]   [ 51%] Building CXX object third_party/abseil-cpp/absl/strings/CMakeFiles/cord.dir/cord_analysis.cc.o
[INFO] [stderr]   [ 51%] Building CXX object third_party/abseil-cpp/absl/strings/CMakeFiles/cord.dir/cord_buffer.cc.o
[INFO] [stderr]   [ 52%] Linking CXX static library libabsl_flags_internal.a
[INFO] [stderr]   [ 52%] Built target flags_internal
[INFO] [stderr]   [ 52%] Linking CXX static library libabsl_log_initialize.a
[INFO] [stderr]   [ 52%] Linking CXX static library libabsl_log_internal_log_sink_set.a
[INFO] [stderr]   [ 52%] Built target log_initialize
[INFO] [stderr]   [ 52%] Built target log_internal_log_sink_set
[INFO] [stderr]   [ 52%] Building CXX object third_party/abseil-cpp/absl/log/CMakeFiles/log_internal_message.dir/internal/log_message.cc.o
[INFO] [stderr]   [ 52%] Linking CXX static library libabsl_cordz_sample_token.a
[INFO] [stderr]   [ 52%] Built target cordz_sample_token
[INFO] [stderr]   [ 52%] Linking CXX static library libabsl_log_internal_message.a
[INFO] [stderr]   [ 52%] Built target log_internal_message
[INFO] [stderr]   [ 52%] Building CXX object third_party/abseil-cpp/absl/log/CMakeFiles/log_internal_check_op.dir/internal/check_op.cc.o
[INFO] [stderr]   [ 52%] Building CXX object third_party/abseil-cpp/absl/log/CMakeFiles/die_if_null.dir/die_if_null.cc.o
[INFO] [stderr]   [ 52%] Linking CXX static library libabsl_cord.a
[INFO] [stderr]   [ 52%] Built target cord
[INFO] [stderr]   [ 52%] Building CXX object third_party/abseil-cpp/absl/flags/CMakeFiles/flags_reflection.dir/reflection.cc.o
[INFO] [stderr]   [ 53%] Building CXX object third_party/abseil-cpp/absl/status/CMakeFiles/status.dir/internal/status_internal.cc.o
[INFO] [stderr]   [ 53%] Building CXX object third_party/abseil-cpp/absl/status/CMakeFiles/status.dir/status.cc.o
[INFO] [stderr]   [ 53%] Building CXX object third_party/abseil-cpp/absl/status/CMakeFiles/status.dir/status_payload_printer.cc.o
[INFO] [stderr]   [ 53%] Linking CXX static library libabsl_log_internal_check_op.a
[INFO] [stderr]   [ 53%] Built target log_internal_check_op
[INFO] [stderr]   [ 53%] Linking CXX static library libabsl_die_if_null.a
[INFO] [stderr]   [ 53%] Built target die_if_null
[INFO] [stderr]   [ 53%] Linking CXX static library libabsl_status.a
[INFO] [stderr]   [ 53%] Built target status
[INFO] [stderr]   [ 53%] Building CXX object third_party/abseil-cpp/absl/status/CMakeFiles/statusor.dir/statusor.cc.o
[INFO] [stderr]   [ 53%] Linking CXX static library libabsl_flags_reflection.a
[INFO] [stderr]   [ 53%] Built target flags_reflection
[INFO] [stderr]   [ 53%] Building CXX object third_party/abseil-cpp/absl/log/CMakeFiles/log_flags.dir/flags.cc.o
[INFO] [stderr]   [ 53%] Building CXX object third_party/abseil-cpp/absl/flags/CMakeFiles/flags_usage_internal.dir/internal/usage.cc.o
[INFO] [stderr]   [ 54%] Linking CXX static library libabsl_statusor.a
[INFO] [stderr]   [ 54%] Built target statusor
[INFO] [stderr]   [ 54%] Building CXX object CMakeFiles/libprotobuf-lite.dir/src/google/protobuf/any_lite.cc.o
[INFO] [stderr]   [ 55%] Building CXX object CMakeFiles/libprotobuf-lite.dir/src/google/protobuf/arena.cc.o
[INFO] [stderr]   [ 56%] Building CXX object CMakeFiles/libprotobuf.dir/src/google/protobuf/any.pb.cc.o
[INFO] [stderr]   [ 56%] Building CXX object CMakeFiles/libprotobuf-lite.dir/src/google/protobuf/arenastring.cc.o
[INFO] [stderr]   [ 56%] Building CXX object CMakeFiles/libprotobuf-lite.dir/src/google/protobuf/generated_message_util.cc.o
[INFO] [stderr]   [ 56%] Building CXX object CMakeFiles/libprotobuf-lite.dir/src/google/protobuf/arena_align.cc.o
[INFO] [stderr]   [ 56%] Building CXX object CMakeFiles/libprotobuf-lite.dir/src/google/protobuf/implicit_weak_message.cc.o
[INFO] [stderr]   [ 56%] Building CXX object CMakeFiles/libprotobuf.dir/src/google/protobuf/api.pb.cc.o
[INFO] [stderr]   [ 56%] Building CXX object CMakeFiles/libprotobuf-lite.dir/src/google/protobuf/arenaz_sampler.cc.o
[INFO] [stderr]   [ 56%] Building CXX object CMakeFiles/libprotobuf.dir/src/google/protobuf/duration.pb.cc.o
[INFO] [stderr]   [ 56%] Building CXX object CMakeFiles/libprotobuf.dir/src/google/protobuf/empty.pb.cc.o
[INFO] [stderr]   [ 57%] Building CXX object CMakeFiles/libprotobuf-lite.dir/src/google/protobuf/generated_enum_util.cc.o
[INFO] [stderr]   [ 57%] Building CXX object CMakeFiles/libprotobuf-lite.dir/src/google/protobuf/extension_set.cc.o
[INFO] [stderr]   [ 57%] Building CXX object CMakeFiles/libprotobuf-lite.dir/src/google/protobuf/generated_message_tctable_lite.cc.o
[INFO] [stderr]   [ 57%] Building CXX object CMakeFiles/libprotobuf-lite.dir/src/google/protobuf/inlined_string_field.cc.o
[INFO] [stderr]   [ 57%] Linking CXX static library libabsl_log_flags.a
[INFO] [stderr]   [ 57%] Built target log_flags
[INFO] [stderr]   [ 57%] Building CXX object CMakeFiles/libprotobuf.dir/src/google/protobuf/field_mask.pb.cc.o
[INFO] [stderr]   [ 57%] Building CXX object CMakeFiles/libprotobuf-lite.dir/src/google/protobuf/io/coded_stream.cc.o
[INFO] [stderr]   [ 57%] Linking CXX static library libabsl_flags_usage_internal.a
[INFO] [stderr]   [ 58%] Building CXX object CMakeFiles/libprotobuf-lite.dir/src/google/protobuf/io/io_win32.cc.o
[INFO] [stderr]   [ 58%] Built target flags_usage_internal
[INFO] [stderr]   [ 59%] Building CXX object third_party/abseil-cpp/absl/flags/CMakeFiles/flags_usage.dir/usage.cc.o
[INFO] [stderr]   [ 59%] Linking CXX static library libabsl_flags_usage.a
[INFO] [stderr]   [ 59%] Built target flags_usage
[INFO] [stderr]   [ 59%] Building CXX object third_party/abseil-cpp/absl/flags/CMakeFiles/flags_parse.dir/parse.cc.o
[INFO] [stderr]   [ 59%] Linking CXX static library libabsl_flags_parse.a
[INFO] [stderr]   [ 59%] Built target flags_parse
[INFO] [stderr] 
[INFO] [stderr]   --- stderr
[INFO] [stderr]   CMake Warning:
[INFO] [stderr]     Manually-specified variables were not used by the project:
[INFO] [stderr] 
[INFO] [stderr]       CMAKE_ASM_COMPILER
[INFO] [stderr]       CMAKE_ASM_FLAGS
[INFO] [stderr] 
[INFO] [stderr] 
[INFO] [stderr]   c++: fatal error: Killed signal terminated program cc1plus
[INFO] [stderr]   compilation terminated.
[INFO] [stderr]   gmake[2]: *** [CMakeFiles/libprotobuf.dir/build.make:90: CMakeFiles/libprotobuf.dir/src/google/protobuf/api.pb.cc.o] Error 1
[INFO] [stderr]   gmake[2]: *** Waiting for unfinished jobs....
[INFO] [stderr]   c++: fatal error: Killed signal terminated program cc1plus
[INFO] [stderr]   compilation terminated.
[INFO] [stderr]   gmake[2]: *** [CMakeFiles/libprotobuf-lite.dir/build.make:146: CMakeFiles/libprotobuf-lite.dir/src/google/protobuf/extension_set.cc.o] Error 1
[INFO] [stderr]   gmake[2]: *** Waiting for unfinished jobs....
[INFO] [stderr]   c++: fatal error: Killed signal terminated program cc1plus
[INFO] [stderr]   compilation terminated.
[INFO] [stderr]   gmake[2]: *** [CMakeFiles/libprotobuf-lite.dir/build.make:188: CMakeFiles/libprotobuf-lite.dir/src/google/protobuf/generated_message_util.cc.o] Error 1
[INFO] [stderr]   c++: fatal error: Killed signal terminated program cc1plus
[INFO] [stderr]   compilation terminated.
[INFO] [stderr]   gmake[2]: *** [CMakeFiles/libprotobuf.dir/build.make:104: CMakeFiles/libprotobuf.dir/src/google/protobuf/duration.pb.cc.o] Error 1
[INFO] [stderr]   c++: fatal error: Killed signal terminated program cc1plus
[INFO] [stderr]   compilation terminated.
[INFO] [stderr]   gmake[2]: *** [CMakeFiles/libprotobuf-lite.dir/build.make:76: CMakeFiles/libprotobuf-lite.dir/src/google/protobuf/any_lite.cc.o] Error 1
[INFO] [stderr]   /opt/rustwide/cargo-home/registry/src/index.crates.io-6f17d22bba15001f/protobuf-src-2.1.0+27.1/protobuf/src/google/protobuf/generated_message_tctable_lite.cc:807:36: warning: 'always_inline' function might not be inlinable [-Wattributes]
[INFO] [stderr]     807 | PROTOBUF_ALWAYS_INLINE const char* TcParser::FastVarintS1(
[INFO] [stderr]         |                                    ^~~~~~~~
[INFO] [stderr]   /opt/rustwide/cargo-home/registry/src/index.crates.io-6f17d22bba15001f/protobuf-src-2.1.0+27.1/protobuf/src/google/protobuf/generated_message_tctable_lite.cc:807:36: warning: 'always_inline' function might not be inlinable [-Wattributes]
[INFO] [stderr]   /opt/rustwide/cargo-home/registry/src/index.crates.io-6f17d22bba15001f/protobuf-src-2.1.0+27.1/protobuf/src/google/protobuf/generated_message_tctable_lite.cc:730:29: warning: 'always_inline' function might not be inlinable [-Wattributes]
[INFO] [stderr]     730 | PROTOBUF_ALWAYS_INLINE bool EnumIsValidAux(int32_t val, uint16_t xform_val,
[INFO] [stderr]         |                             ^~~~~~~~~~~~~~
[INFO] [stderr]   /opt/rustwide/cargo-home/registry/src/index.crates.io-6f17d22bba15001f/protobuf-src-2.1.0+27.1/protobuf/src/google/protobuf/generated_message_tctable_lite.cc:718:29: warning: 'always_inline' function might not be inlinable [-Wattributes]
[INFO] [stderr]     718 | PROTOBUF_ALWAYS_INLINE void PrefetchEnumData(uint16_t xform_val,
[INFO] [stderr]         |                             ^~~~~~~~~~~~~~~~
[INFO] [stderr]   gmake[1]: *** [CMakeFiles/Makefile2:886: CMakeFiles/libprotobuf.dir/all] Error 2
[INFO] [stderr]   gmake[1]: *** Waiting for unfinished jobs....
[INFO] [stderr]   gmake[1]: *** [CMakeFiles/Makefile2:781: CMakeFiles/libprotobuf-lite.dir/all] Error 2
[INFO] [stderr]   gmake: *** [Makefile:136: all] Error 2
[INFO] [stderr]   thread 'main' panicked at /opt/rustwide/cargo-home/registry/src/index.crates.io-6f17d22bba15001f/cmake-0.1.51/src/lib.rs:1100:5:
[INFO] [stderr] 
[INFO] [stderr]   command did not execute successfully, got: exit status: 2
[INFO] [stderr] 
[INFO] [stderr]   build script failed, must exit now
[INFO] [stderr]   stack backtrace:
[INFO] [stderr]      0:     0x5ef41a7bac0a - std::backtrace_rs::backtrace::libunwind::trace::h207520d6e9873551
[INFO] [stderr]                                  at /rustc/df4ca44d3fbc9301ee17f30f4d474e6ae4b05252/library/std/src/../../backtrace/src/backtrace/libunwind.rs:116:5
[INFO] [stderr]      1:     0x5ef41a7bac0a - std::backtrace_rs::backtrace::trace_unsynchronized::h2ed7433f370e3eca
[INFO] [stderr]                                  at /rustc/df4ca44d3fbc9301ee17f30f4d474e6ae4b05252/library/std/src/../../backtrace/src/backtrace/mod.rs:66:5
[INFO] [stderr]      2:     0x5ef41a7bac0a - std::sys::backtrace::_print_fmt::h916fac51166b18d7
[INFO] [stderr]                                  at /rustc/df4ca44d3fbc9301ee17f30f4d474e6ae4b05252/library/std/src/sys/backtrace.rs:66:9
[INFO] [stderr]      3:     0x5ef41a7bac0a - <std::sys::backtrace::BacktraceLock::print::DisplayBacktrace as core::fmt::Display>::fmt::ha0a4c9b8ce3802e6
[INFO] [stderr]                                  at /rustc/df4ca44d3fbc9301ee17f30f4d474e6ae4b05252/library/std/src/sys/backtrace.rs:39:26
[INFO] [stderr]      4:     0x5ef41a7ddf83 - core::fmt::rt::Argument::fmt::h4cfc8587d52b3eb5
[INFO] [stderr]                                  at /rustc/df4ca44d3fbc9301ee17f30f4d474e6ae4b05252/library/core/src/fmt/rt.rs:177:76
[INFO] [stderr]      5:     0x5ef41a7ddf83 - core::fmt::write::h522cc39e5b36ae9f
[INFO] [stderr]                                  at /rustc/df4ca44d3fbc9301ee17f30f4d474e6ae4b05252/library/core/src/fmt/mod.rs:1190:21
[INFO] [stderr]      6:     0x5ef41a7b76d3 - std::io::Write::write_fmt::hf1c1dcc8cc1287f0
[INFO] [stderr]                                  at /rustc/df4ca44d3fbc9301ee17f30f4d474e6ae4b05252/library/std/src/io/mod.rs:1839:15
[INFO] [stderr]      7:     0x5ef41a7baa52 - std::sys::backtrace::BacktraceLock::print::h4b9e00b29e9c0942
[INFO] [stderr]                                  at /rustc/df4ca44d3fbc9301ee17f30f4d474e6ae4b05252/library/std/src/sys/backtrace.rs:42:9
[INFO] [stderr]      8:     0x5ef41a7bbc4c - std::panicking::default_hook::{{closure}}::hb59b88280d0324d9
[INFO] [stderr]                                  at /rustc/df4ca44d3fbc9301ee17f30f4d474e6ae4b05252/library/std/src/panicking.rs:268:22
[INFO] [stderr]      9:     0x5ef41a7bba92 - std::panicking::default_hook::he1dd496665be4a29
[INFO] [stderr]                                  at /rustc/df4ca44d3fbc9301ee17f30f4d474e6ae4b05252/library/std/src/panicking.rs:295:9
[INFO] [stderr]     10:     0x5ef41a7bc247 - std::panicking::rust_panic_with_hook::h2ff17fe8f26dfcf8
[INFO] [stderr]                                  at /rustc/df4ca44d3fbc9301ee17f30f4d474e6ae4b05252/library/std/src/panicking.rs:801:13
[INFO] [stderr]     11:     0x5ef41a7bc0da - std::panicking::begin_panic_handler::{{closure}}::h4fad77951c07e101
[INFO] [stderr]                                  at /rustc/df4ca44d3fbc9301ee17f30f4d474e6ae4b05252/library/std/src/panicking.rs:674:13
[INFO] [stderr]     12:     0x5ef41a7bb0e9 - std::sys::backtrace::__rust_end_short_backtrace::hb1a25b3da5d0ea08
[INFO] [stderr]                                  at /rustc/df4ca44d3fbc9301ee17f30f4d474e6ae4b05252/library/std/src/sys/backtrace.rs:170:18
[INFO] [stderr]     13:     0x5ef41a7bbd6c - rust_begin_unwind
[INFO] [stderr]                                  at /rustc/df4ca44d3fbc9301ee17f30f4d474e6ae4b05252/library/std/src/panicking.rs:665:5
[INFO] [stderr]     14:     0x5ef41a7dcd30 - core::panicking::panic_fmt::ha9db07b529f9b256
[INFO] [stderr]                                  at /rustc/df4ca44d3fbc9301ee17f30f4d474e6ae4b05252/library/core/src/panicking.rs:75:14
[INFO] [stderr]     15:     0x5ef41a739a52 - cmake::fail::h4dc2cdd6d550d268
[INFO] [stderr]     16:     0x5ef41a739229 - cmake::run::hba6149964f69a23d
[INFO] [stderr]     17:     0x5ef41a735c2a - cmake::Config::build::h67b08af3156c8104
[INFO] [stderr]     18:     0x5ef41a72a416 - build_script_build::main::h8a782a5305e40530
[INFO] [stderr]     19:     0x5ef41a728ae3 - core::ops::function::FnOnce::call_once::h259b2da9026172ee
[INFO] [stderr]     20:     0x5ef41a728ab6 - std::sys::backtrace::__rust_begin_short_backtrace::h0e124767768e98c7
[INFO] [stderr]     21:     0x5ef41a728a19 - std::rt::lang_start::{{closure}}::h17e123488490f6d6
[INFO] [stderr]     22:     0x5ef41a7b3917 - core::ops::function::impls::<impl core::ops::function::FnOnce<A> for &F>::call_once::hd87d66b906e0ccaf
[INFO] [stderr]                                  at /rustc/df4ca44d3fbc9301ee17f30f4d474e6ae4b05252/library/core/src/ops/function.rs:284:13
[INFO] [stderr]     23:     0x5ef41a7b3917 - std::panicking::try::do_call::hae3703de71fc9e3a
[INFO] [stderr]                                  at /rustc/df4ca44d3fbc9301ee17f30f4d474e6ae4b05252/library/std/src/panicking.rs:557:40
[INFO] [stderr]     24:     0x5ef41a7b3917 - std::panicking::try::h1178330e9a2b2645
[INFO] [stderr]                                  at /rustc/df4ca44d3fbc9301ee17f30f4d474e6ae4b05252/library/std/src/panicking.rs:520:19
[INFO] [stderr]     25:     0x5ef41a7b3917 - std::panic::catch_unwind::h0acf49d2305d32ad
[INFO] [stderr]                                  at /rustc/df4ca44d3fbc9301ee17f30f4d474e6ae4b05252/library/std/src/panic.rs:358:14
[INFO] [stderr]     26:     0x5ef41a7b3917 - std::rt::lang_start_internal::{{closure}}::h2d95182d798177be
[INFO] [stderr]                                  at /rustc/df4ca44d3fbc9301ee17f30f4d474e6ae4b05252/library/std/src/rt.rs:174:48
[INFO] [stderr]     27:     0x5ef41a7b3917 - std::panicking::try::do_call::hb506f5bfe11fd30c
[INFO] [stderr]                                  at /rustc/df4ca44d3fbc9301ee17f30f4d474e6ae4b05252/library/std/src/panicking.rs:557:40
[INFO] [stderr]     28:     0x5ef41a7b3917 - std::panicking::try::h54d825c46bd0fa95
[INFO] [stderr]                                  at /rustc/df4ca44d3fbc9301ee17f30f4d474e6ae4b05252/library/std/src/panicking.rs:520:19
[INFO] [stderr]     29:     0x5ef41a7b3917 - std::panic::catch_unwind::hffbb0ad20c4e9fac
[INFO] [stderr]                                  at /rustc/df4ca44d3fbc9301ee17f30f4d474e6ae4b05252/library/std/src/panic.rs:358:14
[INFO] [stderr]     30:     0x5ef41a7b3917 - std::rt::lang_start_internal::h52c291ef1962c925
[INFO] [stderr]                                  at /rustc/df4ca44d3fbc9301ee17f30f4d474e6ae4b05252/library/std/src/rt.rs:174:20
[INFO] [stderr]     31:     0x5ef41a7289f7 - std::rt::lang_start::ha09039852af0f02d
[INFO] [stderr]     32:     0x5ef41a72a655 - main
[INFO] [stderr]     33:     0x76d5dd946d90 - <unknown>
[INFO] [stderr]     34:     0x76d5dd946e40 - __libc_start_main
[INFO] [stderr]     35:     0x5ef41a728825 - _start
[INFO] [stderr]     36:                0x0 - <unknown>
[INFO] running `Command { std: "docker" "inspect" "38e9a7b282d77f89958f3f135ff8528a8de8d1328954e5a8f61ccc9c470de277", kill_on_drop: false }`
[INFO] running `Command { std: "docker" "rm" "-f" "38e9a7b282d77f89958f3f135ff8528a8de8d1328954e5a8f61ccc9c470de277", kill_on_drop: false }`
[INFO] [stdout] 38e9a7b282d77f89958f3f135ff8528a8de8d1328954e5a8f61ccc9c470de277
