[INFO] fetching crate spacetimedb-schema 0.12.0...
[INFO] testing spacetimedb-schema-0.12.0 against nightly-2024-10-28+rustflags=-Zrandomize-layout for randomize-layout
[INFO] extracting crate spacetimedb-schema 0.12.0 into /workspace/builds/worker-6-tc2/source
[INFO] validating manifest of crates.io crate spacetimedb-schema 0.12.0 on toolchain nightly-2024-10-28
[INFO] running `Command { std: CARGO_HOME="/workspace/cargo-home" RUSTUP_HOME="/workspace/rustup-home" "/workspace/cargo-home/bin/cargo" "+nightly-2024-10-28" "metadata" "--manifest-path" "Cargo.toml" "--no-deps", kill_on_drop: false }`
[INFO] started tweaking crates.io crate spacetimedb-schema 0.12.0
[INFO] finished tweaking crates.io crate spacetimedb-schema 0.12.0
[INFO] tweaked toml for crates.io crate spacetimedb-schema 0.12.0 written to /workspace/builds/worker-6-tc2/source/Cargo.toml
[INFO] running `Command { std: CARGO_HOME="/workspace/cargo-home" RUSTUP_HOME="/workspace/rustup-home" "/workspace/cargo-home/bin/cargo" "+nightly-2024-10-28" "generate-lockfile" "--manifest-path" "Cargo.toml", kill_on_drop: false }`
[INFO] [stderr]     Updating crates.io index
[INFO] [stderr]      Locking 103 packages to latest compatible versions
[INFO] [stderr]       Adding hashbrown v0.14.5 (available: v0.15.0)
[INFO] [stderr]       Adding itertools v0.12.1 (available: v0.13.0)
[INFO] running `Command { std: CARGO_HOME="/workspace/cargo-home" RUSTUP_HOME="/workspace/rustup-home" "/workspace/cargo-home/bin/cargo" "+nightly-2024-10-28" "fetch" "--manifest-path" "Cargo.toml", kill_on_drop: false }`
[INFO] running `Command { std: "docker" "create" "-v" "/var/lib/crater-agent-workspace/builds/worker-6-tc2/target:/opt/rustwide/target:rw,Z" "-v" "/var/lib/crater-agent-workspace/builds/worker-6-tc2/source:/opt/rustwide/workdir:ro,Z" "-v" "/var/lib/crater-agent-workspace/cargo-home:/opt/rustwide/cargo-home:ro,Z" "-v" "/var/lib/crater-agent-workspace/rustup-home:/opt/rustwide/rustup-home:ro,Z" "-e" "SOURCE_DIR=/opt/rustwide/workdir" "-e" "CARGO_TARGET_DIR=/opt/rustwide/target" "-e" "CARGO_HOME=/opt/rustwide/cargo-home" "-e" "RUSTUP_HOME=/opt/rustwide/rustup-home" "-w" "/opt/rustwide/workdir" "-m" "1610612736" "--user" "0:0" "--network" "none" "ghcr.io/rust-lang/crates-build-env/linux@sha256:4a844ea9eb2546a2d2c7022eacef16ef2e8229c7fbb2c7d4d55a9ceca922f72d" "/opt/rustwide/cargo-home/bin/cargo" "+nightly-2024-10-28" "metadata" "--no-deps" "--format-version=1", kill_on_drop: false }`
[INFO] [stdout] 9f57888d039e5bda25d7336e2c4aae7c7e1ca381b9f8224d7e91f9f22ef16928
[INFO] running `Command { std: "docker" "start" "-a" "9f57888d039e5bda25d7336e2c4aae7c7e1ca381b9f8224d7e91f9f22ef16928", kill_on_drop: false }`
[INFO] running `Command { std: "docker" "inspect" "9f57888d039e5bda25d7336e2c4aae7c7e1ca381b9f8224d7e91f9f22ef16928", kill_on_drop: false }`
[INFO] running `Command { std: "docker" "rm" "-f" "9f57888d039e5bda25d7336e2c4aae7c7e1ca381b9f8224d7e91f9f22ef16928", kill_on_drop: false }`
[INFO] [stdout] 9f57888d039e5bda25d7336e2c4aae7c7e1ca381b9f8224d7e91f9f22ef16928
[INFO] running `Command { std: "docker" "create" "-v" "/var/lib/crater-agent-workspace/builds/worker-6-tc2/target:/opt/rustwide/target:rw,Z" "-v" "/var/lib/crater-agent-workspace/builds/worker-6-tc2/source:/opt/rustwide/workdir:ro,Z" "-v" "/var/lib/crater-agent-workspace/cargo-home:/opt/rustwide/cargo-home:ro,Z" "-v" "/var/lib/crater-agent-workspace/rustup-home:/opt/rustwide/rustup-home:ro,Z" "-e" "SOURCE_DIR=/opt/rustwide/workdir" "-e" "CARGO_TARGET_DIR=/opt/rustwide/target" "-e" "CARGO_INCREMENTAL=0" "-e" "RUST_BACKTRACE=full" "-e" "RUSTFLAGS=--cap-lints=forbid -Zrandomize-layout" "-e" "RUSTDOCFLAGS=--cap-lints=forbid" "-e" "CARGO_HOME=/opt/rustwide/cargo-home" "-e" "RUSTUP_HOME=/opt/rustwide/rustup-home" "-w" "/opt/rustwide/workdir" "-m" "1610612736" "--user" "0:0" "--network" "none" "ghcr.io/rust-lang/crates-build-env/linux@sha256:4a844ea9eb2546a2d2c7022eacef16ef2e8229c7fbb2c7d4d55a9ceca922f72d" "/opt/rustwide/cargo-home/bin/cargo" "+nightly-2024-10-28" "build" "--frozen" "--message-format=json", kill_on_drop: false }`
[INFO] [stdout] 657a92b3773cc700051f490911ef70b411dcd1e498a65fbecdfcd332c31d2a40
[INFO] running `Command { std: "docker" "start" "-a" "657a92b3773cc700051f490911ef70b411dcd1e498a65fbecdfcd332c31d2a40", kill_on_drop: false }`
[INFO] [stderr]    Compiling unicode-ident v1.0.13
[INFO] [stderr]    Compiling generic-array v0.14.7
[INFO] [stderr]    Compiling serde v1.0.214
[INFO] [stderr]    Compiling nohash-hasher v0.2.0
[INFO] [stderr]    Compiling num-traits v0.2.19
[INFO] [stderr]    Compiling itertools v0.12.1
[INFO] [stderr]    Compiling bitflags v2.6.0
[INFO] [stderr]    Compiling smallvec v1.13.2
[INFO] [stderr]    Compiling proc-macro2 v1.0.89
[INFO] [stderr]    Compiling heck v0.4.1
[INFO] [stderr]    Compiling humantime v2.1.0
[INFO] [stderr]    Compiling hashbrown v0.14.5
[INFO] [stderr]    Compiling bytes v1.8.0
[INFO] [stderr]    Compiling hashbrown v0.15.0
[INFO] [stderr]    Compiling quote v1.0.37
[INFO] [stderr]    Compiling hex v0.4.3
[INFO] [stderr]    Compiling syn v2.0.86
[INFO] [stderr]    Compiling block-buffer v0.10.4
[INFO] [stderr]    Compiling crypto-common v0.1.6
[INFO] [stderr]    Compiling arrayvec v0.7.6
[INFO] [stderr]    Compiling digest v0.10.7
[INFO] [stderr]    Compiling bytemuck v1.19.0
[INFO] [stderr]    Compiling second-stack v0.3.5
[INFO] [stderr]    Compiling approx v0.3.2
[INFO] [stderr]    Compiling sha3 v0.10.8
[INFO] [stderr]    Compiling serde_json v1.0.132
[INFO] [stderr]    Compiling equivalent v1.0.1
[INFO] [stderr]    Compiling fixedbitset v0.4.2
[INFO] [stderr]    Compiling indexmap v2.6.0
[INFO] [stderr]    Compiling decorum v0.3.1
[INFO] [stderr]    Compiling spacetimedb-primitives v0.12.0
[INFO] [stderr]    Compiling petgraph v0.6.5
[INFO] [stderr]    Compiling ethnum v1.5.0
[INFO] [stderr]    Compiling thiserror-impl v1.0.66
[INFO] [stderr]    Compiling derive_more v0.99.18
[INFO] [stderr]    Compiling enum-as-inner v0.6.1
[INFO] [stderr]    Compiling spacetimedb-bindings-macro v0.12.0
[INFO] [stderr]    Compiling thiserror v1.0.66
[INFO] [stderr]    Compiling spacetimedb-data-structures v0.12.0
[INFO] [stderr]    Compiling spacetimedb-sats v0.12.0
[INFO] [stderr]    Compiling spacetimedb-lib v0.12.0
[INFO] [stderr]    Compiling spacetimedb-schema v0.12.0 (/opt/rustwide/workdir)
[INFO] [stderr]     Finished `dev` profile [unoptimized + debuginfo] target(s) in 30.08s
[INFO] running `Command { std: "docker" "inspect" "657a92b3773cc700051f490911ef70b411dcd1e498a65fbecdfcd332c31d2a40", kill_on_drop: false }`
[INFO] running `Command { std: "docker" "rm" "-f" "657a92b3773cc700051f490911ef70b411dcd1e498a65fbecdfcd332c31d2a40", kill_on_drop: false }`
[INFO] [stdout] 657a92b3773cc700051f490911ef70b411dcd1e498a65fbecdfcd332c31d2a40
[INFO] running `Command { std: "docker" "create" "-v" "/var/lib/crater-agent-workspace/builds/worker-6-tc2/target:/opt/rustwide/target:rw,Z" "-v" "/var/lib/crater-agent-workspace/builds/worker-6-tc2/source:/opt/rustwide/workdir:ro,Z" "-v" "/var/lib/crater-agent-workspace/cargo-home:/opt/rustwide/cargo-home:ro,Z" "-v" "/var/lib/crater-agent-workspace/rustup-home:/opt/rustwide/rustup-home:ro,Z" "-e" "SOURCE_DIR=/opt/rustwide/workdir" "-e" "CARGO_TARGET_DIR=/opt/rustwide/target" "-e" "CARGO_INCREMENTAL=0" "-e" "RUST_BACKTRACE=full" "-e" "RUSTFLAGS=--cap-lints=forbid -Zrandomize-layout" "-e" "RUSTDOCFLAGS=--cap-lints=forbid" "-e" "CARGO_HOME=/opt/rustwide/cargo-home" "-e" "RUSTUP_HOME=/opt/rustwide/rustup-home" "-w" "/opt/rustwide/workdir" "-m" "1610612736" "--user" "0:0" "--network" "none" "ghcr.io/rust-lang/crates-build-env/linux@sha256:4a844ea9eb2546a2d2c7022eacef16ef2e8229c7fbb2c7d4d55a9ceca922f72d" "/opt/rustwide/cargo-home/bin/cargo" "+nightly-2024-10-28" "test" "--frozen" "--no-run" "--message-format=json", kill_on_drop: false }`
[INFO] [stdout] f9ad2b7e331cbd8cb3fe2335d3193c6182f5cfddf2c39f1b2881b6ace7314dba
[INFO] running `Command { std: "docker" "start" "-a" "f9ad2b7e331cbd8cb3fe2335d3193c6182f5cfddf2c39f1b2881b6ace7314dba", kill_on_drop: false }`
[INFO] [stderr]    Compiling byteorder v1.5.0
[INFO] [stderr]    Compiling once_cell v1.20.2
[INFO] [stderr]    Compiling num-traits v0.2.19
[INFO] [stderr]    Compiling getrandom v0.2.15
[INFO] [stderr]    Compiling rustix v0.38.38
[INFO] [stderr]    Compiling zerocopy-derive v0.7.35
[INFO] [stderr]    Compiling linux-raw-sys v0.4.14
[INFO] [stderr]    Compiling syn v1.0.109
[INFO] [stderr]    Compiling fastrand v2.1.1
[INFO] [stderr]    Compiling rand_core v0.6.4
[INFO] [stderr]    Compiling wait-timeout v0.2.0
[INFO] [stderr]    Compiling bit-vec v0.6.3
[INFO] [stderr]    Compiling quick-error v1.2.3
[INFO] [stderr]    Compiling spacetimedb-primitives v0.12.0
[INFO] [stderr]    Compiling bit-set v0.5.3
[INFO] [stderr]    Compiling rand_xorshift v0.3.0
[INFO] [stderr]    Compiling unarray v0.1.4
[INFO] [stderr]    Compiling spacetimedb-bindings-macro v0.12.0
[INFO] [stderr]    Compiling zerocopy v0.7.35
[INFO] [stderr]    Compiling approx v0.3.2
[INFO] [stderr]    Compiling decorum v0.3.1
[INFO] [stderr]    Compiling ppv-lite86 v0.2.20
[INFO] [stderr]    Compiling ahash v0.8.11
[INFO] [stderr]    Compiling hashbrown v0.14.5
[INFO] [stderr]    Compiling rand_chacha v0.3.1
[INFO] [stderr]    Compiling rand v0.8.5
[INFO] [stderr]    Compiling tempfile v3.13.0
[INFO] [stderr]    Compiling rusty-fork v0.3.0
[INFO] [stderr]    Compiling spacetimedb-data-structures v0.12.0
[INFO] [stderr]    Compiling proptest v1.5.0
[INFO] [stderr]    Compiling proptest-derive v0.4.0
[INFO] [stderr]    Compiling spacetimedb-sats v0.12.0
[INFO] [stderr]    Compiling spacetimedb-lib v0.12.0
[INFO] [stderr]    Compiling spacetimedb-schema v0.12.0 (/opt/rustwide/workdir)
[INFO] [stdout] error[E0433]: failed to resolve: use of undeclared crate or module `spacetimedb_cli`
[INFO] [stdout]  --> tests/validate_integration.rs:6:5
[INFO] [stdout]   |
[INFO] [stdout] 6 | use spacetimedb_cli::generate::extract_descriptions;
[INFO] [stdout]   |     ^^^^^^^^^^^^^^^ use of undeclared crate or module `spacetimedb_cli`
[INFO] [stdout]   |
[INFO] [stdout] help: there is a crate or module with a similar name
[INFO] [stdout]   |
[INFO] [stdout] 6 | use spacetimedb_lib::generate::extract_descriptions;
[INFO] [stdout]   |     ~~~~~~~~~~~~~~~
[INFO] [stdout] 
[INFO] [stdout] 
[INFO] [stdout] error[E0433]: failed to resolve: use of undeclared crate or module `spacetimedb_testing`
[INFO] [stdout]   --> tests/validate_integration.rs:14:5
[INFO] [stdout]    |
[INFO] [stdout] 14 | use spacetimedb_testing::modules::{CompilationMode, CompiledModule};
[INFO] [stdout]    |     ^^^^^^^^^^^^^^^^^^^ use of undeclared crate or module `spacetimedb_testing`
[INFO] [stdout]    |
[INFO] [stdout] help: there is a crate or module with a similar name
[INFO] [stdout]    |
[INFO] [stdout] 14 | use spacetimedb_lib::modules::{CompilationMode, CompiledModule};
[INFO] [stdout]    |     ~~~~~~~~~~~~~~~
[INFO] [stdout] 
[INFO] [stdout] 
[INFO] [stdout] error[E0432]: unresolved import `spacetimedb_lib::ser::serde`
[INFO] [stdout]  --> tests/validate_integration.rs:7:61
[INFO] [stdout]   |
[INFO] [stdout] 7 | use spacetimedb_lib::{db::raw_def::v9::RawModuleDefV9, ser::serde::SerializeWrapper, RawModuleDef};
[INFO] [stdout]   |                                                             ^^^^^ could not find `serde` in `ser`
[INFO] [stdout]   |
[INFO] [stdout] note: found an item that was configured out
[INFO] [stdout]  --> /opt/rustwide/cargo-home/registry/src/index.crates.io-6f17d22bba15001f/spacetimedb-sats-0.12.0/src/ser.rs:6:9
[INFO] [stdout]   |
[INFO] [stdout] 6 | pub mod serde;
[INFO] [stdout]   |         ^^^^^
[INFO] [stdout] note: the item is gated behind the `serde` feature
[INFO] [stdout]  --> /opt/rustwide/cargo-home/registry/src/index.crates.io-6f17d22bba15001f/spacetimedb-sats-0.12.0/src/ser.rs:5:7
[INFO] [stdout]   |
[INFO] [stdout] 5 | #[cfg(feature = "serde")]
[INFO] [stdout]   |       ^^^^^^^^^^^^^^^^^
[INFO] [stdout] 
[INFO] [stdout] 
[INFO] [stdout] Some errors have detailed explanations: E0432, E0433.
[INFO] [stdout] 
[INFO] [stdout] For more information about an error, try `rustc --explain E0432`.
[INFO] [stdout] 
[INFO] [stderr] error: could not compile `spacetimedb-schema` (test "validate_integration") due to 3 previous errors
[INFO] [stderr] warning: build failed, waiting for other jobs to finish...
[INFO] running `Command { std: "docker" "inspect" "f9ad2b7e331cbd8cb3fe2335d3193c6182f5cfddf2c39f1b2881b6ace7314dba", kill_on_drop: false }`
[INFO] running `Command { std: "docker" "rm" "-f" "f9ad2b7e331cbd8cb3fe2335d3193c6182f5cfddf2c39f1b2881b6ace7314dba", kill_on_drop: false }`
[INFO] [stdout] f9ad2b7e331cbd8cb3fe2335d3193c6182f5cfddf2c39f1b2881b6ace7314dba
