[INFO] fetching crate sp1-server 1.1.1...
[INFO] testing sp1-server-1.1.1 against nightly-2024-10-28 for randomize-layout
[INFO] extracting crate sp1-server 1.1.1 into /workspace/builds/worker-0-tc1/source
[INFO] validating manifest of crates.io crate sp1-server 1.1.1 on toolchain nightly-2024-10-28
[INFO] running `Command { std: CARGO_HOME="/workspace/cargo-home" RUSTUP_HOME="/workspace/rustup-home" "/workspace/cargo-home/bin/cargo" "+nightly-2024-10-28" "metadata" "--manifest-path" "Cargo.toml" "--no-deps", kill_on_drop: false }`
[INFO] started tweaking crates.io crate sp1-server 1.1.1
[INFO] finished tweaking crates.io crate sp1-server 1.1.1
[INFO] tweaked toml for crates.io crate sp1-server 1.1.1 written to /workspace/builds/worker-0-tc1/source/Cargo.toml
[INFO] running `Command { std: CARGO_HOME="/workspace/cargo-home" RUSTUP_HOME="/workspace/rustup-home" "/workspace/cargo-home/bin/cargo" "+nightly-2024-10-28" "generate-lockfile" "--manifest-path" "Cargo.toml", kill_on_drop: false }`
[INFO] [stderr]     Updating crates.io index
[INFO] [stderr]      Locking 405 packages to latest compatible versions
[INFO] [stderr]       Adding prost v0.12.6 (available: v0.13.3)
[INFO] [stderr]       Adding prost-build v0.12.6 (available: v0.13.3)
[INFO] [stderr]       Adding prost-types v0.12.6 (available: v0.13.3)
[INFO] [stderr]       Adding sp1-prover v1.2.0 (available: v3.1.0)
[INFO] running `Command { std: CARGO_HOME="/workspace/cargo-home" RUSTUP_HOME="/workspace/rustup-home" "/workspace/cargo-home/bin/cargo" "+nightly-2024-10-28" "fetch" "--manifest-path" "Cargo.toml", kill_on_drop: false }`
[INFO] [stderr]  Downloading crates ...
[INFO] [stderr]   Downloaded twirp-build-rs v0.3.0
[INFO] [stderr]   Downloaded sp1-prover v1.2.0
[INFO] [stderr]   Downloaded dashu v0.4.2
[INFO] [stderr]   Downloaded p3-blake3 v0.1.3-succinct
[INFO] [stderr]   Downloaded dashu-base v0.4.1
[INFO] [stderr]   Downloaded sp1-derive v1.2.0
[INFO] [stderr]   Downloaded p3-poseidon2 v0.1.3-succinct
[INFO] [stderr]   Downloaded num-order v1.2.0
[INFO] [stderr]   Downloaded sp1-recursion-gnark-ffi v1.2.0
[INFO] [stderr]   Downloaded sp1-recursion-derive v1.2.0
[INFO] [stderr]   Downloaded p3-interpolation v0.1.3-succinct
[INFO] [stderr]   Downloaded p3-bn254-fr v0.1.3-succinct
[INFO] [stderr]   Downloaded sp1-recursion-core-v2 v1.2.0
[INFO] [stderr]   Downloaded sp1-recursion-circuit v1.2.0
[INFO] [stderr]   Downloaded dashu-float v0.4.3
[INFO] [stderr]   Downloaded halo2_proofs v0.1.0
[INFO] [stderr]   Downloaded dashu-ratio v0.4.1
[INFO] [stderr]   Downloaded pasta_curves v0.4.1
[INFO] [stderr]   Downloaded jubjub v0.9.0
[INFO] [stderr]   Downloaded dashu-int v0.4.1
[INFO] [stderr]   Downloaded snowbridge-amcl v1.0.2
[INFO] [stderr]   Downloaded sp1-core v1.1.1
[INFO] [stderr]   Downloaded zkhash v0.2.0
[INFO] [stderr]   Downloaded sp1-core-machine v1.2.0
[INFO] [stderr]   Downloaded sp1-recursion-program v1.2.0
[INFO] [stderr]   Downloaded p3-keccak-air v0.1.3-succinct
[INFO] [stderr]   Downloaded dashu-macros v0.4.1
[INFO] [stderr]   Downloaded num-modular v0.6.1
[INFO] [stderr]   Downloaded rrs-succinct v0.1.0
[INFO] [stderr]   Downloaded p3-merkle-tree v0.1.3-succinct
[INFO] [stderr]   Downloaded sp1-recursion-compiler v1.2.0
[INFO] [stderr]   Downloaded p3-keccak v0.1.3-succinct
[INFO] [stderr]   Downloaded halo2 v0.1.0-beta.2
[INFO] [stderr]   Downloaded p3-air v0.1.3-succinct
[INFO] [stderr]   Downloaded p3-uni-stark v0.1.3-succinct
[INFO] [stderr]   Downloaded p3-baby-bear v0.1.3-succinct
[INFO] [stderr]   Downloaded p3-dft v0.1.3-succinct
[INFO] [stderr]   Downloaded p3-maybe-rayon v0.1.3-succinct
[INFO] [stderr]   Downloaded p3-mds v0.1.3-succinct
[INFO] [stderr]   Downloaded sp1-core-executor v1.2.0
[INFO] [stderr]   Downloaded sp1-recursion-core v1.2.0
[INFO] [stderr]   Downloaded bls12_381 v0.7.1
[INFO] [stderr]   Downloaded p3-commit v0.1.3-succinct
[INFO] [stderr]   Downloaded p3-matrix v0.1.3-succinct
[INFO] [stderr]   Downloaded sp1-curves v1.2.0
[INFO] [stderr]   Downloaded p3-challenger v0.1.3-succinct
[INFO] [stderr]   Downloaded rayon-scan v0.1.1
[INFO] [stderr]   Downloaded p3-field v0.1.3-succinct
[INFO] [stderr]   Downloaded twirp-rs v0.3.0
[INFO] [stderr]   Downloaded size v0.4.1
[INFO] [stderr]   Downloaded memuse v0.2.1
[INFO] [stderr]   Downloaded p3-fri v0.1.3-succinct
[INFO] [stderr]   Downloaded sp1-primitives v1.2.0
[INFO] [stderr]   Downloaded sp1-stark v1.2.0
[INFO] [stderr]   Downloaded p3-util v0.1.3-succinct
[INFO] [stderr]   Downloaded p3-symmetric v0.1.3-succinct
[INFO] running `Command { std: "docker" "create" "-v" "/var/lib/crater-agent-workspace/builds/worker-0-tc1/target:/opt/rustwide/target:rw,Z" "-v" "/var/lib/crater-agent-workspace/builds/worker-0-tc1/source:/opt/rustwide/workdir:ro,Z" "-v" "/var/lib/crater-agent-workspace/cargo-home:/opt/rustwide/cargo-home:ro,Z" "-v" "/var/lib/crater-agent-workspace/rustup-home:/opt/rustwide/rustup-home:ro,Z" "-e" "SOURCE_DIR=/opt/rustwide/workdir" "-e" "CARGO_TARGET_DIR=/opt/rustwide/target" "-e" "CARGO_HOME=/opt/rustwide/cargo-home" "-e" "RUSTUP_HOME=/opt/rustwide/rustup-home" "-w" "/opt/rustwide/workdir" "-m" "1610612736" "--user" "0:0" "--network" "none" "ghcr.io/rust-lang/crates-build-env/linux@sha256:4a844ea9eb2546a2d2c7022eacef16ef2e8229c7fbb2c7d4d55a9ceca922f72d" "/opt/rustwide/cargo-home/bin/cargo" "+nightly-2024-10-28" "metadata" "--no-deps" "--format-version=1", kill_on_drop: false }`
[INFO] [stdout] cf1a9e8ceffaf7be4d2042b486453bff877c51fb8eaf284139e9dedac7fb173a
[INFO] running `Command { std: "docker" "start" "-a" "cf1a9e8ceffaf7be4d2042b486453bff877c51fb8eaf284139e9dedac7fb173a", kill_on_drop: false }`
[INFO] running `Command { std: "docker" "inspect" "cf1a9e8ceffaf7be4d2042b486453bff877c51fb8eaf284139e9dedac7fb173a", kill_on_drop: false }`
[INFO] running `Command { std: "docker" "rm" "-f" "cf1a9e8ceffaf7be4d2042b486453bff877c51fb8eaf284139e9dedac7fb173a", kill_on_drop: false }`
[INFO] [stdout] cf1a9e8ceffaf7be4d2042b486453bff877c51fb8eaf284139e9dedac7fb173a
[INFO] running `Command { std: "docker" "create" "-v" "/var/lib/crater-agent-workspace/builds/worker-0-tc1/target:/opt/rustwide/target:rw,Z" "-v" "/var/lib/crater-agent-workspace/builds/worker-0-tc1/source:/opt/rustwide/workdir:ro,Z" "-v" "/var/lib/crater-agent-workspace/cargo-home:/opt/rustwide/cargo-home:ro,Z" "-v" "/var/lib/crater-agent-workspace/rustup-home:/opt/rustwide/rustup-home:ro,Z" "-e" "SOURCE_DIR=/opt/rustwide/workdir" "-e" "CARGO_TARGET_DIR=/opt/rustwide/target" "-e" "CARGO_INCREMENTAL=0" "-e" "RUST_BACKTRACE=full" "-e" "RUSTFLAGS=--cap-lints=forbid" "-e" "RUSTDOCFLAGS=--cap-lints=forbid" "-e" "CARGO_HOME=/opt/rustwide/cargo-home" "-e" "RUSTUP_HOME=/opt/rustwide/rustup-home" "-w" "/opt/rustwide/workdir" "-m" "1610612736" "--user" "0:0" "--network" "none" "ghcr.io/rust-lang/crates-build-env/linux@sha256:4a844ea9eb2546a2d2c7022eacef16ef2e8229c7fbb2c7d4d55a9ceca922f72d" "/opt/rustwide/cargo-home/bin/cargo" "+nightly-2024-10-28" "build" "--frozen" "--message-format=json", kill_on_drop: false }`
[INFO] [stdout] 32b6b6147b405cc14837d2eb938892c6ec6b12548cf1c39fce0f1831d759e3c4
[INFO] running `Command { std: "docker" "start" "-a" "32b6b6147b405cc14837d2eb938892c6ec6b12548cf1c39fce0f1831d759e3c4", kill_on_drop: false }`
[INFO] [stderr]    Compiling getrandom v0.2.15
[INFO] [stderr]    Compiling byteorder v1.5.0
[INFO] [stderr]    Compiling serde v1.0.214
[INFO] [stderr]    Compiling num-traits v0.2.19
[INFO] [stderr]    Compiling either v1.13.0
[INFO] [stderr]    Compiling subtle v2.6.1
[INFO] [stderr]    Compiling syn v1.0.109
[INFO] [stderr]    Compiling typenum v1.17.0
[INFO] [stderr]    Compiling generic-array v0.14.7
[INFO] [stderr]    Compiling radium v0.7.0
[INFO] [stderr]    Compiling tap v1.0.1
[INFO] [stderr]    Compiling zeroize v1.8.1
[INFO] [stderr]    Compiling const-oid v0.9.6
[INFO] [stderr]    Compiling funty v2.0.0
[INFO] [stderr]    Compiling smallvec v1.13.2
[INFO] [stderr]    Compiling wyz v0.5.1
[INFO] [stderr]    Compiling rand_core v0.6.4
[INFO] [stderr]    Compiling static_assertions v1.1.0
[INFO] [stderr]    Compiling equivalent v1.0.1
[INFO] [stderr]    Compiling rayon v1.10.0
[INFO] [stderr]    Compiling itertools v0.12.1
[INFO] [stderr]    Compiling hashbrown v0.15.0
[INFO] [stderr]    Compiling lazy_static v1.5.0
[INFO] [stderr]    Compiling zerocopy v0.7.35
[INFO] [stderr]    Compiling num-bigint v0.3.3
[INFO] [stderr]    Compiling shlex v1.3.0
[INFO] [stderr]    Compiling memchr v2.7.4
[INFO] [stderr]    Compiling num-modular v0.6.1
[INFO] [stderr]    Compiling paste v1.0.15
[INFO] [stderr]    Compiling cc v1.1.31
[INFO] [stderr]    Compiling regex-syntax v0.8.5
[INFO] [stderr]    Compiling winnow v0.6.20
[INFO] [stderr]    Compiling bitvec v1.0.1
[INFO] [stderr]    Compiling ppv-lite86 v0.2.20
[INFO] [stderr]    Compiling num-integer v0.1.46
[INFO] [stderr]    Compiling indexmap v2.6.0
[INFO] [stderr]    Compiling regex-syntax v0.6.29
[INFO] [stderr]    Compiling rand_chacha v0.3.1
[INFO] [stderr]    Compiling der v0.7.9
[INFO] [stderr]    Compiling strsim v0.11.1
[INFO] [stderr]    Compiling num-bigint v0.4.6
[INFO] [stderr]    Compiling overload v0.1.1
[INFO] [stderr]    Compiling semver v1.0.23
[INFO] [stderr]    Compiling rand v0.8.5
[INFO] [stderr]    Compiling nu-ansi-term v0.46.0
[INFO] [stderr]    Compiling sharded-slab v0.1.7
[INFO] [stderr]    Compiling tracing-log v0.2.0
[INFO] [stderr]    Compiling thread_local v1.1.8
[INFO] [stderr]    Compiling linux-raw-sys v0.4.14
[INFO] [stderr]    Compiling crypto-common v0.1.6
[INFO] [stderr]    Compiling block-buffer v0.10.4
[INFO] [stderr]    Compiling gcd v2.3.0
[INFO] [stderr]    Compiling ahash v0.8.11
[INFO] [stderr]    Compiling digest v0.10.7
[INFO] [stderr]    Compiling regex-automata v0.4.8
[INFO] [stderr]    Compiling ansi_term v0.12.1
[INFO] [stderr]    Compiling memuse v0.2.1
[INFO] [stderr]    Compiling spki v0.7.3
[INFO] [stderr]    Compiling addchain v0.2.0
[INFO] [stderr]    Compiling regex-automata v0.1.10
[INFO] [stderr]    Compiling ident_case v1.0.1
[INFO] [stderr]    Compiling dashu-base v0.4.1
[INFO] [stderr]    Compiling base16ct v0.2.0
[INFO] [stderr]    Compiling darling_core v0.20.10
[INFO] [stderr]    Compiling toml_edit v0.19.15
[INFO] [stderr]    Compiling sec1 v0.7.3
[INFO] [stderr]    Compiling dashu-int v0.4.1
[INFO] [stderr]    Compiling p3-maybe-rayon v0.1.3-succinct
[INFO] [stderr]    Compiling pkcs8 v0.10.2
[INFO] [stderr]    Compiling rustc_version v0.4.1
[INFO] [stderr]    Compiling hmac v0.12.1
[INFO] [stderr]    Compiling toml_edit v0.22.22
[INFO] [stderr]    Compiling crypto-bigint v0.5.5
[INFO] [stderr]    Compiling num-order v1.2.0
[INFO] [stderr]    Compiling derive_more-impl v1.0.0
[INFO] [stderr]    Compiling matchers v0.1.0
[INFO] [stderr]    Compiling ff v0.12.1
[INFO] [stderr]    Compiling byte-slice-cast v1.2.2
[INFO] [stderr]    Compiling group v0.12.1
[INFO] [stderr]    Compiling futures-sink v0.3.31
[INFO] [stderr]    Compiling cobs v0.2.3
[INFO] [stderr]    Compiling futures-channel v0.3.31
[INFO] [stderr]    Compiling curve25519-dalek v4.1.3
[INFO] [stderr]    Compiling rfc6979 v0.4.0
[INFO] [stderr]    Compiling sha2 v0.10.8
[INFO] [stderr]    Compiling signature v2.2.0
[INFO] [stderr]    Compiling itertools v0.13.0
[INFO] [stderr]    Compiling p3-util v0.1.3-succinct
[INFO] [stderr]    Compiling postcard v1.0.10
[INFO] [stderr]    Compiling heck v0.5.0
[INFO] [stderr]    Compiling p3-field v0.1.3-succinct
[INFO] [stderr]    Compiling allocator-api2 v0.2.18
[INFO] [stderr]    Compiling tiny-keccak v2.0.2
[INFO] [stderr]    Compiling futures-util v0.3.31
[INFO] [stderr]    Compiling rayon-scan v0.1.1
[INFO] [stderr]    Compiling num-rational v0.4.2
[INFO] [stderr]    Compiling blake3 v1.5.4
[INFO] [stderr]    Compiling p3-matrix v0.1.3-succinct
[INFO] [stderr]    Compiling p3-symmetric v0.1.3-succinct
[INFO] [stderr]    Compiling regex v1.11.1
[INFO] [stderr]    Compiling derive_more v1.0.0
[INFO] [stderr]    Compiling hashbrown v0.14.5
[INFO] [stderr]    Compiling p3-challenger v0.1.3-succinct
[INFO] [stderr]    Compiling p3-dft v0.1.3-succinct
[INFO] [stderr]    Compiling p3-air v0.1.3-succinct
[INFO] [stderr]    Compiling p3-commit v0.1.3-succinct
[INFO] [stderr]    Compiling tracing-subscriber v0.3.18
[INFO] [stderr]    Compiling p3-interpolation v0.1.3-succinct
[INFO] [stderr]    Compiling p3-merkle-tree v0.1.3-succinct
[INFO] [stderr]    Compiling dashu-float v0.4.3
[INFO] [stderr]    Compiling p3-mds v0.1.3-succinct
[INFO] [stderr]    Compiling p3-fri v0.1.3-succinct
[INFO] [stderr]    Compiling p3-poseidon2 v0.1.3-succinct
[INFO] [stderr]    Compiling p3-baby-bear v0.1.3-succinct
[INFO] [stderr]    Compiling proc-macro-crate v1.3.1
[INFO] [stderr]    Compiling darling_macro v0.20.10
[INFO] [stderr]    Compiling dashu-ratio v0.4.1
[INFO] [stderr]    Compiling blake2b_simd v1.0.2
[INFO] [stderr]    Compiling num-iter v0.1.45
[INFO] [stderr]    Compiling num-complex v0.4.6
[INFO] [stderr]    Compiling curve25519-dalek-derive v0.1.1
[INFO] [stderr]    Compiling sp1-primitives v1.2.0
[INFO] [stderr]    Compiling darling v0.20.10
[INFO] [stderr]    Compiling serde_with_macros v3.11.0
[INFO] [stderr]    Compiling proc-macro-crate v3.2.0
[INFO] [stderr]    Compiling num v0.4.3
[INFO] [stderr]    Compiling generic-array v1.1.0
[INFO] [stderr]    Compiling downcast-rs v1.2.1
[INFO] [stderr]    Compiling hex v0.4.3
[INFO] [stderr]    Compiling eyre v0.6.12
[INFO] [stderr]    Compiling dashu-macros v0.4.1
[INFO] [stderr]    Compiling pasta_curves v0.4.1
[INFO] [stderr]    Compiling parking_lot_core v0.9.10
[INFO] [stderr]    Compiling rustix v0.38.38
[INFO] [stderr]    Compiling strum_macros v0.26.4
[INFO] [stderr]    Compiling tracing-forest v0.1.6
[INFO] [stderr]    Compiling bincode v1.3.3
[INFO] [stderr]    Compiling p3-uni-stark v0.1.3-succinct
[INFO] [stderr]    Compiling serde_with v3.11.0
[INFO] [stderr]    Compiling p3-keccak-air v0.1.3-succinct
[INFO] [stderr]    Compiling pairing v0.22.0
[INFO] [stderr]    Compiling ark-std v0.4.0
[INFO] [stderr]    Compiling strum v0.26.3
[INFO] [stderr]    Compiling elf v0.7.4
[INFO] [stderr]    Compiling indenter v0.3.3
[INFO] [stderr]    Compiling nohash-hasher v0.2.0
[INFO] [stderr]    Compiling bytemuck v1.19.0
[INFO] [stderr]    Compiling ark-serialize v0.4.2
[INFO] [stderr]    Compiling bls12_381 v0.7.1
[INFO] [stderr]    Compiling p3-blake3 v0.1.3-succinct
[INFO] [stderr]    Compiling parking_lot v0.12.3
[INFO] [stderr]    Compiling halo2_proofs v0.1.0
[INFO] [stderr]    Compiling p3-keccak v0.1.3-succinct
[INFO] [stderr]    Compiling ff_derive v0.13.0
[INFO] [stderr]    Compiling parity-scale-codec-derive v3.6.12
[INFO] [stderr]    Compiling impl-trait-for-tuples v0.2.2
[INFO] [stderr]    Compiling scale-info-derive v2.11.5
[INFO] [stderr]    Compiling sp1-derive v1.2.0
[INFO] [stderr]    Compiling num_enum_derive v0.5.11
[INFO] [stderr]    Compiling dashu v0.4.2
[INFO] [stderr]    Compiling ark-ff-asm v0.4.2
[INFO] [stderr]    Compiling tempfile v3.13.0
[INFO] [stderr]    Compiling derivative v2.2.0
[INFO] [stderr]    Compiling ark-ff-macros v0.4.2
[INFO] [stderr]    Compiling sp1-stark v1.2.0
[INFO] [stderr]    Compiling itertools v0.10.5
[INFO] [stderr]    Compiling web-time v1.1.0
[INFO] [stderr]    Compiling size v0.4.1
[INFO] [stderr]    Compiling glob v0.3.1
[INFO] [stderr]    Compiling gimli v0.31.1
[INFO] [stderr]    Compiling miniz_oxide v0.8.0
[INFO] [stderr]    Compiling sha3 v0.10.8
[INFO] [stderr]    Compiling ff v0.13.0
[INFO] [stderr]    Compiling jubjub v0.9.0
[INFO] [stderr]    Compiling http v1.1.0
[INFO] [stderr]    Compiling group v0.13.0
[INFO] [stderr]    Compiling blake2 v0.10.6
[INFO] [stderr]    Compiling num_enum v0.5.11
[INFO] [stderr]    Compiling object v0.36.5
[INFO] [stderr]    Compiling clang-sys v1.8.1
[INFO] [stderr]    Compiling rrs-succinct v0.1.0
[INFO] [stderr]    Compiling elliptic-curve v0.13.8
[INFO] [stderr]    Compiling pasta_curves v0.5.1
[INFO] [stderr]    Compiling prettyplease v0.2.25
[INFO] [stderr]    Compiling rustc-demangle v0.1.24
[INFO] [stderr]    Compiling ecdsa v0.16.9
[INFO] [stderr]    Compiling libc v0.2.161
[INFO] [stderr]    Compiling p3-bn254-fr v0.1.3-succinct
[INFO] [stderr]    Compiling http-body v1.0.1
[INFO] [stderr]    Compiling minimal-lexical v0.2.1
[INFO] [stderr]    Compiling k256 v0.13.4
[INFO] [stderr]    Compiling tokio v1.41.0
[INFO] [stderr]    Compiling psm v0.1.23
[INFO] [stderr]    Compiling libloading v0.8.5
[INFO] [stderr]    Compiling serde_json v1.0.132
[INFO] [stderr]    Compiling bindgen v0.69.5
[INFO] [stderr]    Compiling home v0.5.9
[INFO] [stderr]    Compiling ark-ff v0.4.2
[INFO] [stderr]    Compiling nom v7.1.3
[INFO] [stderr]    Compiling halo2 v0.1.0-beta.2
[INFO] [stderr]    Compiling vec_map v0.8.2
[INFO] [stderr]    Compiling parity-scale-codec v3.6.12
[INFO] [stderr]    Compiling sp1-recursion-derive v1.2.0
[INFO] [stderr]    Compiling stacker v0.1.17
[INFO] [stderr]    Compiling utf8parse v0.2.2
[INFO] [stderr]    Compiling rustc-hash v1.1.0
[INFO] [stderr]    Compiling lazycell v1.3.0
[INFO] [stderr]    Compiling tower-layer v0.3.3
[INFO] [stderr]    Compiling anstyle-parse v0.2.6
[INFO] [stderr]    Compiling unicode-normalization v0.1.24
[INFO] [stderr]    Compiling http-body-util v0.1.2
[INFO] [stderr]    Compiling scale-info v2.11.5
[INFO] [stderr]    Compiling addr2line v0.24.2
[INFO] [stderr]    Compiling futures-executor v0.3.31
[INFO] [stderr]    Compiling sync_wrapper v1.0.1
[INFO] [stderr]    Compiling is_terminal_polyfill v1.70.1
[INFO] [stderr]    Compiling anstyle-query v1.1.2
[INFO] [stderr]    Compiling anstyle v1.0.10
[INFO] [stderr]    Compiling cfg_aliases v0.2.1
[INFO] [stderr]    Compiling colorchoice v1.0.3
[INFO] [stderr]    Compiling idna v0.5.0
[INFO] [stderr]    Compiling snowbridge-amcl v1.0.2
[INFO] [stderr]    Compiling nix v0.29.0
[INFO] [stderr]    Compiling futures v0.3.31
[INFO] [stderr]    Compiling anstream v0.6.17
[INFO] [stderr]    Compiling serde_urlencoded v0.7.1
[INFO] [stderr]    Compiling which v4.4.2
[INFO] [stderr]    Compiling cexpr v0.6.0
[INFO] [stderr]    Compiling prost-derive v0.12.6
[INFO] [stderr]    Compiling async-trait v0.1.83
[INFO] [stderr]    Compiling sdd v3.0.4
[INFO] [stderr]    Compiling clap_lex v0.7.2
[INFO] [stderr]    Compiling option-ext v0.2.0
[INFO] [stderr]    Compiling url v2.5.2
[INFO] [stderr]    Compiling dirs-sys v0.4.1
[INFO] [stderr]    Compiling scc v2.2.4
[INFO] [stderr]    Compiling clap_builder v4.5.20
[INFO] [stderr]    Compiling clap_derive v4.5.18
[INFO] [stderr]    Compiling serde_path_to_error v0.1.16
[INFO] [stderr]    Compiling serial_test_derive v3.1.1
[INFO] [stderr]    Compiling axum-core v0.4.5
[INFO] [stderr]    Compiling backtrace v0.3.74
[INFO] [stderr]    Compiling prost v0.12.6
[INFO] [stderr]    Compiling matchit v0.7.3
[INFO] [stderr]    Compiling base64 v0.22.1
[INFO] [stderr]    Compiling sp1-curves v1.2.0
[INFO] [stderr]    Compiling dirs v5.0.1
[INFO] [stderr]    Compiling tower v0.4.13
[INFO] [stderr]    Compiling subtle-encoding v0.5.1
[INFO] [stderr]    Compiling sp1-server v1.1.1 (/opt/rustwide/workdir)
[INFO] [stderr]    Compiling oneshot v0.1.8
[INFO] [stderr]    Compiling serial_test v3.1.1
[INFO] [stderr]    Compiling prost-types v0.12.6
[INFO] [stderr]    Compiling sp1-core v1.1.1
[INFO] [stderr]    Compiling sp1-core-executor v1.2.0
[INFO] [stderr]    Compiling clap v4.5.20
[INFO] [stderr] error: could not compile `tokio` (lib)
[INFO] [stderr] 
[INFO] [stderr] Caused by:
[INFO] [stderr]   process didn't exit successfully: `/opt/rustwide/rustup-home/toolchains/nightly-2024-10-28-x86_64-unknown-linux-gnu/bin/rustc --crate-name tokio --edition=2021 /opt/rustwide/cargo-home/registry/src/index.crates.io-6f17d22bba15001f/tokio-1.41.0/src/lib.rs --error-format=json --json=diagnostic-rendered-ansi,artifacts,future-incompat --crate-type lib --emit=dep-info,metadata,link -C embed-bitcode=no -C debuginfo=2 --cfg 'feature="bytes"' --cfg 'feature="default"' --cfg 'feature="fs"' --cfg 'feature="full"' --cfg 'feature="io-std"' --cfg 'feature="io-util"' --cfg 'feature="libc"' --cfg 'feature="macros"' --cfg 'feature="mio"' --cfg 'feature="net"' --cfg 'feature="parking_lot"' --cfg 'feature="process"' --cfg 'feature="rt"' --cfg 'feature="rt-multi-thread"' --cfg 'feature="signal"' --cfg 'feature="signal-hook-registry"' --cfg 'feature="socket2"' --cfg 'feature="sync"' --cfg 'feature="time"' --cfg 'feature="tokio-macros"' --check-cfg 'cfg(docsrs)' --check-cfg 'cfg(feature, values("bytes", "default", "fs", "full", "io-std", "io-util", "libc", "macros", "mio", "net", "parking_lot", "process", "rt", "rt-multi-thread", "signal", "signal-hook-registry", "socket2", "sync", "test-util", "time", "tokio-macros", "tracing", "windows-sys"))' -C metadata=11f847804d4676ee -C extra-filename=-11f847804d4676ee --out-dir /opt/rustwide/target/debug/deps -L dependency=/opt/rustwide/target/debug/deps --extern bytes=/opt/rustwide/target/debug/deps/libbytes-6a4c7ea0a880895d.rmeta --extern libc=/opt/rustwide/target/debug/deps/liblibc-cf06f29c0a4f6ede.rmeta --extern mio=/opt/rustwide/target/debug/deps/libmio-19adc1467f4847a6.rmeta --extern parking_lot=/opt/rustwide/target/debug/deps/libparking_lot-136c2a4f3d19bb00.rmeta --extern pin_project_lite=/opt/rustwide/target/debug/deps/libpin_project_lite-2633596a5f246a3b.rmeta --extern signal_hook_registry=/opt/rustwide/target/debug/deps/libsignal_hook_registry-f4b0f12f99c30704.rmeta --extern socket2=/opt/rustwide/target/debug/deps/libsocket2-c91733397a2bbe57.rmeta --extern tokio_macros=/opt/rustwide/target/debug/deps/libtokio_macros-eca440f7885fd2ed.so --cap-lints allow --cap-lints=forbid` (signal: 9, SIGKILL: kill)
[INFO] [stderr] warning: build failed, waiting for other jobs to finish...
[INFO] [stdout] error[E0433]: failed to resolve: use of undeclared crate or module `sp1_stark`
[INFO] [stdout]   --> /opt/rustwide/cargo-home/registry/src/index.crates.io-6f17d22bba15001f/sp1-core-1.1.1/src/stark/air.rs:46:10
[INFO] [stdout]    |
[INFO] [stdout] 46 | #[derive(MachineAir)]
[INFO] [stdout]    |          ^^^^^^^^^^ use of undeclared crate or module `sp1_stark`
[INFO] [stdout]    |
[INFO] [stdout]    = note: this error originates in the derive macro `MachineAir` (in Nightly builds, run with -Z macro-backtrace for more info)
[INFO] [stdout] help: consider importing this module
[INFO] [stdout]    |
[INFO] [stdout] 1  + use crate::air;
[INFO] [stdout]    |
[INFO] [stdout] 
[INFO] [stdout] 
[INFO] [stdout] error[E0405]: cannot find trait `SP1CoreAirBuilder` in module `crate::air`
[INFO] [stdout]    --> /opt/rustwide/cargo-home/registry/src/index.crates.io-6f17d22bba15001f/sp1-core-1.1.1/src/stark/air.rs:46:10
[INFO] [stdout]     |
[INFO] [stdout] 46  |   #[derive(MachineAir)]
[INFO] [stdout]     |            ^^^^^^^^^^
[INFO] [stdout]     |
[INFO] [stdout]    ::: /opt/rustwide/cargo-home/registry/src/index.crates.io-6f17d22bba15001f/sp1-core-1.1.1/src/air/builder.rs:706:1
[INFO] [stdout]     |
[INFO] [stdout] 706 | / pub trait SP1AirBuilder:
[INFO] [stdout] 707 | |     MachineAirBuilder
[INFO] [stdout] 708 | |     + ByteAirBuilder
[INFO] [stdout] 709 | |     + WordAirBuilder
[INFO] [stdout] ...   |
[INFO] [stdout] 713 | | {
[INFO] [stdout] 714 | | }
[INFO] [stdout]     | |_- similarly named trait `SP1AirBuilder` defined here
[INFO] [stdout]     |
[INFO] [stdout]     = note: this error originates in the derive macro `MachineAir` (in Nightly builds, run with -Z macro-backtrace for more info)
[INFO] [stdout] 
[INFO] [stdout] 
[INFO] [stdout] error[E0599]: no variant named `Record` found for enum `stark::air::RiscvAir<F>`
[INFO] [stdout]   --> /opt/rustwide/cargo-home/registry/src/index.crates.io-6f17d22bba15001f/sp1-core-1.1.1/src/stark/air.rs:46:10
[INFO] [stdout]    |
[INFO] [stdout] 46 | #[derive(MachineAir)]
[INFO] [stdout]    |          ^^^^^^^^^^ variant not found in `stark::air::RiscvAir<F>`
[INFO] [stdout] 47 | pub enum RiscvAir<F: PrimeField32> {
[INFO] [stdout]    | ---------------------------------- variant `Record` not found here
[INFO] [stdout]    |
[INFO] [stdout]    = note: this error originates in the derive macro `MachineAir` (in Nightly builds, run with -Z macro-backtrace for more info)
[INFO] [stdout] 
[INFO] [stdout] 
[INFO] [stdout] error[E0277]: the trait bound `stark::air::RiscvAir<<SC as stark::config::StarkGenericConfig>::Val>: air::machine::MachineAir<<SC as stark::config::StarkGenericConfig>::Val>` is not satisfied
[INFO] [stdout]   --> /opt/rustwide/cargo-home/registry/src/index.crates.io-6f17d22bba15001f/sp1-core-1.1.1/src/utils/prove.rs:57:48
[INFO] [stdout]    |
[INFO] [stdout] 57 | pub fn prove_simple<SC: StarkGenericConfig, P: MachineProver<SC, RiscvAir<SC::Val>>>(
[INFO] [stdout]    |                                                ^^^^^^^^^^^^^^^^^^^^^^^^^^^^^^^^^^^^ the trait `air::machine::MachineAir<<SC as stark::config::StarkGenericConfig>::Val>` is not implemented for `stark::air::RiscvAir<<SC as stark::config::StarkGenericConfig>::Val>`
[INFO] [stdout]    |
[INFO] [stdout]    = help: the following other types implement trait `air::machine::MachineAir<F>`:
[INFO] [stdout]              add_sub::AddSubChip
[INFO] [stdout]              alu::lt::LtChip
[INFO] [stdout]              alu::mul::MulChip
[INFO] [stdout]              bitwise::BitwiseChip
[INFO] [stdout]              bytes::ByteChip<F>
[INFO] [stdout]              chip::Chip<F, A>
[INFO] [stdout]              compress::ShaCompressChip
[INFO] [stdout]              cpu::CpuChip
[INFO] [stdout]            and 14 others
[INFO] [stdout] note: required by a bound in `stark::prover::MachineProver`
[INFO] [stdout]   --> /opt/rustwide/cargo-home/registry/src/index.crates.io-6f17d22bba15001f/sp1-core-1.1.1/src/stark/prover.rs:34:52
[INFO] [stdout]    |
[INFO] [stdout] 34 | pub trait MachineProver<SC: StarkGenericConfig, A: MachineAir<SC::Val>>:
[INFO] [stdout]    |                                                    ^^^^^^^^^^^^^^^^^^^ required by this bound in `MachineProver`
[INFO] [stdout] 
[INFO] [stdout] 
[INFO] [stdout] error[E0277]: the trait bound `stark::air::RiscvAir<<SC as stark::config::StarkGenericConfig>::Val>: air::machine::MachineAir<<SC as stark::config::StarkGenericConfig>::Val>` is not satisfied
[INFO] [stdout]    --> /opt/rustwide/cargo-home/registry/src/index.crates.io-6f17d22bba15001f/sp1-core-1.1.1/src/utils/prove.rs:109:41
[INFO] [stdout]     |
[INFO] [stdout] 109 | pub fn prove<SC: StarkGenericConfig, P: MachineProver<SC, RiscvAir<SC::Val>>>(
[INFO] [stdout]     |                                         ^^^^^^^^^^^^^^^^^^^^^^^^^^^^^^^^^^^^ the trait `air::machine::MachineAir<<SC as stark::config::StarkGenericConfig>::Val>` is not implemented for `stark::air::RiscvAir<<SC as stark::config::StarkGenericConfig>::Val>`
[INFO] [stdout]     |
[INFO] [stdout]     = help: the following other types implement trait `air::machine::MachineAir<F>`:
[INFO] [stdout]               add_sub::AddSubChip
[INFO] [stdout]               alu::lt::LtChip
[INFO] [stdout]               alu::mul::MulChip
[INFO] [stdout]               bitwise::BitwiseChip
[INFO] [stdout]               bytes::ByteChip<F>
[INFO] [stdout]               chip::Chip<F, A>
[INFO] [stdout]               compress::ShaCompressChip
[INFO] [stdout]               cpu::CpuChip
[INFO] [stdout]             and 14 others
[INFO] [stdout] note: required by a bound in `stark::prover::MachineProver`
[INFO] [stdout]    --> /opt/rustwide/cargo-home/registry/src/index.crates.io-6f17d22bba15001f/sp1-core-1.1.1/src/stark/prover.rs:34:52
[INFO] [stdout]     |
[INFO] [stdout] 34  | pub trait MachineProver<SC: StarkGenericConfig, A: MachineAir<SC::Val>>:
[INFO] [stdout]     |                                                    ^^^^^^^^^^^^^^^^^^^ required by this bound in `MachineProver`
[INFO] [stdout] 
[INFO] [stdout] 
[INFO] [stdout] error[E0277]: the trait bound `stark::air::RiscvAir<<SC as stark::config::StarkGenericConfig>::Val>: air::machine::MachineAir<<SC as stark::config::StarkGenericConfig>::Val>` is not satisfied
[INFO] [stdout]    --> /opt/rustwide/cargo-home/registry/src/index.crates.io-6f17d22bba15001f/sp1-core-1.1.1/src/utils/prove.rs:128:54
[INFO] [stdout]     |
[INFO] [stdout] 128 | pub fn prove_with_context<SC: StarkGenericConfig, P: MachineProver<SC, RiscvAir<SC::Val>>>(
[INFO] [stdout]     |                                                      ^^^^^^^^^^^^^^^^^^^^^^^^^^^^^^^^^^^^ the trait `air::machine::MachineAir<<SC as stark::config::StarkGenericConfig>::Val>` is not implemented for `stark::air::RiscvAir<<SC as stark::config::StarkGenericConfig>::Val>`
[INFO] [stdout]     |
[INFO] [stdout]     = help: the following other types implement trait `air::machine::MachineAir<F>`:
[INFO] [stdout]               add_sub::AddSubChip
[INFO] [stdout]               alu::lt::LtChip
[INFO] [stdout]               alu::mul::MulChip
[INFO] [stdout]               bitwise::BitwiseChip
[INFO] [stdout]               bytes::ByteChip<F>
[INFO] [stdout]               chip::Chip<F, A>
[INFO] [stdout]               compress::ShaCompressChip
[INFO] [stdout]               cpu::CpuChip
[INFO] [stdout]             and 14 others
[INFO] [stdout] note: required by a bound in `stark::prover::MachineProver`
[INFO] [stdout]    --> /opt/rustwide/cargo-home/registry/src/index.crates.io-6f17d22bba15001f/sp1-core-1.1.1/src/stark/prover.rs:34:52
[INFO] [stdout]     |
[INFO] [stdout] 34  | pub trait MachineProver<SC: StarkGenericConfig, A: MachineAir<SC::Val>>:
[INFO] [stdout]     |                                                    ^^^^^^^^^^^^^^^^^^^ required by this bound in `MachineProver`
[INFO] [stdout] 
[INFO] [stdout] 
[INFO] [stdout] error[E0277]: the trait bound `stark::air::RiscvAir<BabyBear>: air::machine::MachineAir<BabyBear>` is not satisfied
[INFO] [stdout]    --> /opt/rustwide/cargo-home/registry/src/index.crates.io-6f17d22bba15001f/sp1-core-1.1.1/src/utils/prove.rs:582:23
[INFO] [stdout]     |
[INFO] [stdout] 582 | pub fn run_test_io<P: MachineProver<BabyBearPoseidon2, RiscvAir<BabyBear>>>(
[INFO] [stdout]     |                       ^^^^^^^^^^^^^^^^^^^^^^^^^^^^^^^^^^^^^^^^^^^^^^^^^^^^ the trait `air::machine::MachineAir<BabyBear>` is not implemented for `stark::air::RiscvAir<BabyBear>`
[INFO] [stdout]     |
[INFO] [stdout]     = help: the following other types implement trait `air::machine::MachineAir<F>`:
[INFO] [stdout]               add_sub::AddSubChip
[INFO] [stdout]               alu::lt::LtChip
[INFO] [stdout]               alu::mul::MulChip
[INFO] [stdout]               bitwise::BitwiseChip
[INFO] [stdout]               bytes::ByteChip<F>
[INFO] [stdout]               chip::Chip<F, A>
[INFO] [stdout]               compress::ShaCompressChip
[INFO] [stdout]               cpu::CpuChip
[INFO] [stdout]             and 14 others
[INFO] [stdout] note: required by a bound in `stark::prover::MachineProver`
[INFO] [stdout]    --> /opt/rustwide/cargo-home/registry/src/index.crates.io-6f17d22bba15001f/sp1-core-1.1.1/src/stark/prover.rs:34:52
[INFO] [stdout]     |
[INFO] [stdout] 34  | pub trait MachineProver<SC: StarkGenericConfig, A: MachineAir<SC::Val>>:
[INFO] [stdout]     |                                                    ^^^^^^^^^^^^^^^^^^^ required by this bound in `MachineProver`
[INFO] [stdout] 
[INFO] [stdout] 
[INFO] [stdout] error[E0277]: the trait bound `stark::air::RiscvAir<BabyBear>: air::machine::MachineAir<BabyBear>` is not satisfied
[INFO] [stdout]    --> /opt/rustwide/cargo-home/registry/src/index.crates.io-6f17d22bba15001f/sp1-core-1.1.1/src/utils/prove.rs:597:20
[INFO] [stdout]     |
[INFO] [stdout] 597 | pub fn run_test<P: MachineProver<BabyBearPoseidon2, RiscvAir<BabyBear>>>(
[INFO] [stdout]     |                    ^^^^^^^^^^^^^^^^^^^^^^^^^^^^^^^^^^^^^^^^^^^^^^^^^^^^ the trait `air::machine::MachineAir<BabyBear>` is not implemented for `stark::air::RiscvAir<BabyBear>`
[INFO] [stdout]     |
[INFO] [stdout]     = help: the following other types implement trait `air::machine::MachineAir<F>`:
[INFO] [stdout]               add_sub::AddSubChip
[INFO] [stdout]               alu::lt::LtChip
[INFO] [stdout]               alu::mul::MulChip
[INFO] [stdout]               bitwise::BitwiseChip
[INFO] [stdout]               bytes::ByteChip<F>
[INFO] [stdout]               chip::Chip<F, A>
[INFO] [stdout]               compress::ShaCompressChip
[INFO] [stdout]               cpu::CpuChip
[INFO] [stdout]             and 14 others
[INFO] [stdout] note: required by a bound in `stark::prover::MachineProver`
[INFO] [stdout]    --> /opt/rustwide/cargo-home/registry/src/index.crates.io-6f17d22bba15001f/sp1-core-1.1.1/src/stark/prover.rs:34:52
[INFO] [stdout]     |
[INFO] [stdout] 34  | pub trait MachineProver<SC: StarkGenericConfig, A: MachineAir<SC::Val>>:
[INFO] [stdout]     |                                                    ^^^^^^^^^^^^^^^^^^^ required by this bound in `MachineProver`
[INFO] [stdout] 
[INFO] [stdout] 
[INFO] [stdout] error[E0277]: the trait bound `stark::air::RiscvAir<BabyBear>: air::machine::MachineAir<BabyBear>` is not satisfied
[INFO] [stdout]    --> /opt/rustwide/cargo-home/registry/src/index.crates.io-6f17d22bba15001f/sp1-core-1.1.1/src/utils/prove.rs:612:25
[INFO] [stdout]     |
[INFO] [stdout] 612 | pub fn run_test_core<P: MachineProver<BabyBearPoseidon2, RiscvAir<BabyBear>>>(
[INFO] [stdout]     |                         ^^^^^^^^^^^^^^^^^^^^^^^^^^^^^^^^^^^^^^^^^^^^^^^^^^^^ the trait `air::machine::MachineAir<BabyBear>` is not implemented for `stark::air::RiscvAir<BabyBear>`
[INFO] [stdout]     |
[INFO] [stdout]     = help: the following other types implement trait `air::machine::MachineAir<F>`:
[INFO] [stdout]               add_sub::AddSubChip
[INFO] [stdout]               alu::lt::LtChip
[INFO] [stdout]               alu::mul::MulChip
[INFO] [stdout]               bitwise::BitwiseChip
[INFO] [stdout]               bytes::ByteChip<F>
[INFO] [stdout]               chip::Chip<F, A>
[INFO] [stdout]               compress::ShaCompressChip
[INFO] [stdout]               cpu::CpuChip
[INFO] [stdout]             and 14 others
[INFO] [stdout] note: required by a bound in `stark::prover::MachineProver`
[INFO] [stdout]    --> /opt/rustwide/cargo-home/registry/src/index.crates.io-6f17d22bba15001f/sp1-core-1.1.1/src/stark/prover.rs:34:52
[INFO] [stdout]     |
[INFO] [stdout] 34  | pub trait MachineProver<SC: StarkGenericConfig, A: MachineAir<SC::Val>>:
[INFO] [stdout]     |                                                    ^^^^^^^^^^^^^^^^^^^ required by this bound in `MachineProver`
[INFO] [stdout] 
[INFO] [stdout] 
[INFO] [stdout] error[E0433]: failed to resolve: use of undeclared crate or module `sp1_core_executor`
[INFO] [stdout]   --> /opt/rustwide/cargo-home/registry/src/index.crates.io-6f17d22bba15001f/sp1-core-1.1.1/src/stark/air.rs:46:10
[INFO] [stdout]    |
[INFO] [stdout] 46 | #[derive(MachineAir)]
[INFO] [stdout]    |          ^^^^^^^^^^ use of undeclared crate or module `sp1_core_executor`
[INFO] [stdout]    |
[INFO] [stdout]    = note: this error originates in the derive macro `MachineAir` (in Nightly builds, run with -Z macro-backtrace for more info)
[INFO] [stdout] 
[INFO] [stdout] 
[INFO] [stdout] Some errors have detailed explanations: E0277, E0405, E0433, E0599.
[INFO] [stdout] 
[INFO] [stdout] For more information about an error, try `rustc --explain E0277`.
[INFO] [stdout] 
[INFO] [stderr] error: could not compile `sp1-core` (lib) due to 10 previous errors
[INFO] running `Command { std: "docker" "inspect" "32b6b6147b405cc14837d2eb938892c6ec6b12548cf1c39fce0f1831d759e3c4", kill_on_drop: false }`
[INFO] running `Command { std: "docker" "rm" "-f" "32b6b6147b405cc14837d2eb938892c6ec6b12548cf1c39fce0f1831d759e3c4", kill_on_drop: false }`
[INFO] [stdout] 32b6b6147b405cc14837d2eb938892c6ec6b12548cf1c39fce0f1831d759e3c4
