[INFO] fetching crate sp1-recursion-core-v2 3.0.0-rc1...
[INFO] testing sp1-recursion-core-v2-3.0.0-rc1 against nightly-2024-10-28+rustflags=-Zrandomize-layout for randomize-layout
[INFO] extracting crate sp1-recursion-core-v2 3.0.0-rc1 into /workspace/builds/worker-0-tc2/source
[INFO] validating manifest of crates.io crate sp1-recursion-core-v2 3.0.0-rc1 on toolchain nightly-2024-10-28
[INFO] running `Command { std: CARGO_HOME="/workspace/cargo-home" RUSTUP_HOME="/workspace/rustup-home" "/workspace/cargo-home/bin/cargo" "+nightly-2024-10-28" "metadata" "--manifest-path" "Cargo.toml" "--no-deps", kill_on_drop: false }`
[INFO] started tweaking crates.io crate sp1-recursion-core-v2 3.0.0-rc1
[INFO] finished tweaking crates.io crate sp1-recursion-core-v2 3.0.0-rc1
[INFO] tweaked toml for crates.io crate sp1-recursion-core-v2 3.0.0-rc1 written to /workspace/builds/worker-0-tc2/source/Cargo.toml
[INFO] running `Command { std: CARGO_HOME="/workspace/cargo-home" RUSTUP_HOME="/workspace/rustup-home" "/workspace/cargo-home/bin/cargo" "+nightly-2024-10-28" "generate-lockfile" "--manifest-path" "Cargo.toml", kill_on_drop: false }`
[INFO] [stderr]     Updating crates.io index
[INFO] [stderr]      Locking 285 packages to latest compatible versions
[INFO] [stderr]       Adding hashbrown v0.14.5 (available: v0.15.0)
[INFO] [stderr]       Adding p3-air v0.1.3-succinct (available: v0.2.0)
[INFO] [stderr]       Adding p3-baby-bear v0.1.3-succinct (available: v0.2.0)
[INFO] [stderr]       Adding p3-bn254-fr v0.1.3-succinct (available: v0.2.0)
[INFO] [stderr]       Adding p3-challenger v0.1.3-succinct (available: v0.2.0)
[INFO] [stderr]       Adding p3-commit v0.1.3-succinct (available: v0.2.0)
[INFO] [stderr]       Adding p3-dft v0.1.3-succinct (available: v0.2.0)
[INFO] [stderr]       Adding p3-field v0.1.3-succinct (available: v0.2.0)
[INFO] [stderr]       Adding p3-fri v0.1.3-succinct (available: v0.2.0)
[INFO] [stderr]       Adding p3-matrix v0.1.3-succinct (available: v0.2.0)
[INFO] [stderr]       Adding p3-maybe-rayon v0.1.3-succinct (available: v0.2.0)
[INFO] [stderr]       Adding p3-merkle-tree v0.1.3-succinct (available: v0.2.0)
[INFO] [stderr]       Adding p3-poseidon2 v0.1.3-succinct (available: v0.2.0)
[INFO] [stderr]       Adding p3-symmetric v0.1.3-succinct (available: v0.2.0)
[INFO] [stderr]       Adding p3-util v0.1.3-succinct (available: v0.2.0)
[INFO] [stderr]       Adding sp1-core-executor v3.0.0-rc1 (available: v3.1.0)
[INFO] [stderr]       Adding sp1-core-machine v3.0.0-rc1 (available: v3.1.0)
[INFO] [stderr]       Adding sp1-curves v3.0.0-rc1 (available: v3.1.0)
[INFO] [stderr]       Adding sp1-primitives v3.0.0-rc1 (available: v3.1.0)
[INFO] [stderr]       Adding sp1-recursion-core v3.0.0-rc1 (available: v3.1.0)
[INFO] [stderr]       Adding sp1-stark v3.0.0-rc1 (available: v3.1.0)
[INFO] running `Command { std: CARGO_HOME="/workspace/cargo-home" RUSTUP_HOME="/workspace/rustup-home" "/workspace/cargo-home/bin/cargo" "+nightly-2024-10-28" "fetch" "--manifest-path" "Cargo.toml", kill_on_drop: false }`
[INFO] [stderr]     Blocking waiting for file lock on package cache
[INFO] [stderr]     Blocking waiting for file lock on package cache
[INFO] running `Command { std: "docker" "create" "-v" "/var/lib/crater-agent-workspace/builds/worker-0-tc2/target:/opt/rustwide/target:rw,Z" "-v" "/var/lib/crater-agent-workspace/builds/worker-0-tc2/source:/opt/rustwide/workdir:ro,Z" "-v" "/var/lib/crater-agent-workspace/cargo-home:/opt/rustwide/cargo-home:ro,Z" "-v" "/var/lib/crater-agent-workspace/rustup-home:/opt/rustwide/rustup-home:ro,Z" "-e" "SOURCE_DIR=/opt/rustwide/workdir" "-e" "CARGO_TARGET_DIR=/opt/rustwide/target" "-e" "CARGO_HOME=/opt/rustwide/cargo-home" "-e" "RUSTUP_HOME=/opt/rustwide/rustup-home" "-w" "/opt/rustwide/workdir" "-m" "1610612736" "--user" "0:0" "--network" "none" "ghcr.io/rust-lang/crates-build-env/linux@sha256:4a844ea9eb2546a2d2c7022eacef16ef2e8229c7fbb2c7d4d55a9ceca922f72d" "/opt/rustwide/cargo-home/bin/cargo" "+nightly-2024-10-28" "metadata" "--no-deps" "--format-version=1", kill_on_drop: false }`
[INFO] [stdout] 525d0557a4666aa5733194559f48df4ac706a53d18772b9cf1f0b8fc0ae186d7
[INFO] running `Command { std: "docker" "start" "-a" "525d0557a4666aa5733194559f48df4ac706a53d18772b9cf1f0b8fc0ae186d7", kill_on_drop: false }`
[INFO] running `Command { std: "docker" "inspect" "525d0557a4666aa5733194559f48df4ac706a53d18772b9cf1f0b8fc0ae186d7", kill_on_drop: false }`
[INFO] running `Command { std: "docker" "rm" "-f" "525d0557a4666aa5733194559f48df4ac706a53d18772b9cf1f0b8fc0ae186d7", kill_on_drop: false }`
[INFO] [stdout] 525d0557a4666aa5733194559f48df4ac706a53d18772b9cf1f0b8fc0ae186d7
[INFO] running `Command { std: "docker" "create" "-v" "/var/lib/crater-agent-workspace/builds/worker-0-tc2/target:/opt/rustwide/target:rw,Z" "-v" "/var/lib/crater-agent-workspace/builds/worker-0-tc2/source:/opt/rustwide/workdir:ro,Z" "-v" "/var/lib/crater-agent-workspace/cargo-home:/opt/rustwide/cargo-home:ro,Z" "-v" "/var/lib/crater-agent-workspace/rustup-home:/opt/rustwide/rustup-home:ro,Z" "-e" "SOURCE_DIR=/opt/rustwide/workdir" "-e" "CARGO_TARGET_DIR=/opt/rustwide/target" "-e" "CARGO_INCREMENTAL=0" "-e" "RUST_BACKTRACE=full" "-e" "RUSTFLAGS=--cap-lints=forbid -Zrandomize-layout" "-e" "RUSTDOCFLAGS=--cap-lints=forbid" "-e" "CARGO_HOME=/opt/rustwide/cargo-home" "-e" "RUSTUP_HOME=/opt/rustwide/rustup-home" "-w" "/opt/rustwide/workdir" "-m" "1610612736" "--user" "0:0" "--network" "none" "ghcr.io/rust-lang/crates-build-env/linux@sha256:4a844ea9eb2546a2d2c7022eacef16ef2e8229c7fbb2c7d4d55a9ceca922f72d" "/opt/rustwide/cargo-home/bin/cargo" "+nightly-2024-10-28" "build" "--frozen" "--message-format=json", kill_on_drop: false }`
[INFO] [stdout] 83cd5befe4daaa1080a89e72f99c42f03aedc2964d760dd6f9e00ca3f143bdde
[INFO] running `Command { std: "docker" "start" "-a" "83cd5befe4daaa1080a89e72f99c42f03aedc2964d760dd6f9e00ca3f143bdde", kill_on_drop: false }`
[INFO] [stderr]    Compiling proc-macro2 v1.0.89
[INFO] [stderr]    Compiling unicode-ident v1.0.13
[INFO] [stderr]    Compiling cfg-if v1.0.0
[INFO] [stderr]    Compiling autocfg v1.4.0
[INFO] [stderr]    Compiling libc v0.2.161
[INFO] [stderr]    Compiling byteorder v1.5.0
[INFO] [stderr]    Compiling serde v1.0.214
[INFO] [stderr]    Compiling once_cell v1.20.2
[INFO] [stderr]    Compiling either v1.13.0
[INFO] [stderr]    Compiling crossbeam-utils v0.8.20
[INFO] [stderr]    Compiling subtle v2.6.1
[INFO] [stderr]    Compiling rayon-core v1.12.1
[INFO] [stderr]    Compiling version_check v0.9.5
[INFO] [stderr]    Compiling syn v1.0.109
[INFO] [stderr]    Compiling typenum v1.17.0
[INFO] [stderr]    Compiling pin-project-lite v0.2.15
[INFO] [stderr]    Compiling radium v0.7.0
[INFO] [stderr]    Compiling tap v1.0.1
[INFO] [stderr]    Compiling const-oid v0.9.6
[INFO] [stderr]    Compiling funty v2.0.0
[INFO] [stderr]    Compiling spin v0.9.8
[INFO] [stderr]    Compiling equivalent v1.0.1
[INFO] [stderr]    Compiling tracing-core v0.1.32
[INFO] [stderr]    Compiling wyz v0.5.1
[INFO] [stderr]    Compiling hashbrown v0.15.0
[INFO] [stderr]    Compiling static_assertions v1.1.0
[INFO] [stderr]    Compiling itertools v0.12.1
[INFO] [stderr]    Compiling generic-array v0.14.7
[INFO] [stderr]    Compiling lazy_static v1.5.0
[INFO] [stderr]    Compiling toml_datetime v0.6.8
[INFO] [stderr]    Compiling rustversion v1.0.18
[INFO] [stderr]    Compiling arrayvec v0.7.6
[INFO] [stderr]    Compiling arrayref v0.3.9
[INFO] [stderr]    Compiling num-modular v0.6.1
[INFO] [stderr]    Compiling regex-syntax v0.6.29
[INFO] [stderr]    Compiling regex-syntax v0.8.5
[INFO] [stderr]    Compiling num-traits v0.2.19
[INFO] [stderr]    Compiling bitvec v1.0.1
[INFO] [stderr]    Compiling num-bigint v0.3.3
[INFO] [stderr]    Compiling indexmap v2.6.0
[INFO] [stderr]    Compiling getrandom v0.2.15
[INFO] [stderr]    Compiling quote v1.0.37
[INFO] [stderr]    Compiling rand_core v0.6.4
[INFO] [stderr]    Compiling crossbeam-epoch v0.9.18
[INFO] [stderr]    Compiling paste v1.0.15
[INFO] [stderr]    Compiling syn v2.0.86
[INFO] [stderr]    Compiling winnow v0.6.20
[INFO] [stderr]    Compiling crossbeam-deque v0.8.5
[INFO] [stderr]    Compiling thiserror v1.0.66
[INFO] [stderr]    Compiling log v0.4.22
[INFO] [stderr]    Compiling overload v0.1.1
[INFO] [stderr]    Compiling constant_time_eq v0.3.1
[INFO] [stderr]    Compiling semver v1.0.23
[INFO] [stderr]    Compiling tracing-log v0.2.0
[INFO] [stderr]    Compiling nu-ansi-term v0.46.0
[INFO] [stderr]    Compiling sharded-slab v0.1.7
[INFO] [stderr]    Compiling thread_local v1.1.8
[INFO] [stderr]    Compiling gcd v2.3.0
[INFO] [stderr]    Compiling smallvec v1.13.2
[INFO] [stderr]    Compiling memuse v0.2.1
[INFO] [stderr]    Compiling rayon v1.10.0
[INFO] [stderr]    Compiling regex-automata v0.4.8
[INFO] [stderr]    Compiling num-integer v0.1.46
[INFO] [stderr]    Compiling dashu-base v0.4.1
[INFO] [stderr]    Compiling num-order v1.2.0
[INFO] [stderr]    Compiling ahash v0.8.11
[INFO] [stderr]    Compiling strsim v0.11.1
[INFO] [stderr]    Compiling dashu-int v0.4.1
[INFO] [stderr]    Compiling regex-automata v0.1.10
[INFO] [stderr]    Compiling num-bigint v0.4.6
[INFO] [stderr]    Compiling ansi_term v0.12.1
[INFO] [stderr]    Compiling base16ct v0.2.0
[INFO] [stderr]    Compiling winnow v0.5.40
[INFO] [stderr]    Compiling ident_case v1.0.1
[INFO] [stderr]    Compiling fnv v1.0.7
[INFO] [stderr]    Compiling cpufeatures v0.2.14
[INFO] [stderr]    Compiling rustc_version v0.4.1
[INFO] [stderr]    Compiling cobs v0.2.3
[INFO] [stderr]    Compiling crunchy v0.2.2
[INFO] [stderr]    Compiling byte-slice-cast v1.2.2
[INFO] [stderr]    Compiling shlex v1.3.0
[INFO] [stderr]    Compiling cc v1.1.31
[INFO] [stderr]    Compiling curve25519-dalek v4.1.3
[INFO] [stderr]    Compiling toml_edit v0.22.22
[INFO] [stderr]    Compiling matchers v0.1.0
[INFO] [stderr]    Compiling blake2b_simd v1.0.2
[INFO] [stderr]    Compiling ff v0.12.1
[INFO] [stderr]    Compiling group v0.12.1
[INFO] [stderr]    Compiling itertools v0.13.0
[INFO] [stderr]    Compiling allocator-api2 v0.2.18
[INFO] [stderr]    Compiling addchain v0.2.0
[INFO] [stderr]    Compiling tiny-keccak v2.0.2
[INFO] [stderr]    Compiling regex v1.11.1
[INFO] [stderr]    Compiling num-rational v0.4.2
[INFO] [stderr]    Compiling num-iter v0.1.45
[INFO] [stderr]    Compiling num-complex v0.4.6
[INFO] [stderr]    Compiling rustix v0.38.38
[INFO] [stderr]    Compiling p3-maybe-rayon v0.1.3-succinct
[INFO] [stderr]    Compiling toml_edit v0.19.15
[INFO] [stderr]    Compiling sysinfo v0.30.13
[INFO] [stderr]    Compiling dashu-ratio v0.4.1
[INFO] [stderr]    Compiling dashu-float v0.4.3
[INFO] [stderr]    Compiling rayon-scan v0.1.1
[INFO] [stderr]    Compiling eyre v0.6.12
[INFO] [stderr]    Compiling num v0.4.3
[INFO] [stderr]    Compiling pairing v0.22.0
[INFO] [stderr]    Compiling blake3 v1.5.4
[INFO] [stderr]    Compiling downcast-rs v1.2.1
[INFO] [stderr]    Compiling indenter v0.3.3
[INFO] [stderr]    Compiling hex v0.4.3
[INFO] [stderr]    Compiling anyhow v1.0.92
[INFO] [stderr]    Compiling linux-raw-sys v0.4.14
[INFO] [stderr]    Compiling heck v0.5.0
[INFO] [stderr]    Compiling bitflags v2.6.0
[INFO] [stderr]    Compiling bls12_381 v0.7.1
[INFO] [stderr]    Compiling itertools v0.10.5
[INFO] [stderr]    Compiling proc-macro-crate v3.2.0
[INFO] [stderr]    Compiling dashu-macros v0.4.1
[INFO] [stderr]    Compiling nohash-hasher v0.2.0
[INFO] [stderr]    Compiling adler2 v2.0.0
[INFO] [stderr]    Compiling elf v0.7.4
[INFO] [stderr]    Compiling memchr v2.7.4
[INFO] [stderr]    Compiling darling_core v0.20.10
[INFO] [stderr]    Compiling bytemuck v1.19.0
[INFO] [stderr]    Compiling fastrand v2.1.1
[INFO] [stderr]    Compiling proc-macro-crate v1.3.1
[INFO] [stderr]    Compiling strum v0.26.3
[INFO] [stderr]    Compiling keccak v0.1.5
[INFO] [stderr]    Compiling gimli v0.31.1
[INFO] [stderr]    Compiling object v0.36.5
[INFO] [stderr]    Compiling jubjub v0.9.0
[INFO] [stderr]    Compiling miniz_oxide v0.8.0
[INFO] [stderr]    Compiling num_cpus v1.16.0
[INFO] [stderr]    Compiling size v0.4.1
[INFO] [stderr]    Compiling rustc-demangle v0.1.24
[INFO] [stderr]    Compiling dashu v0.4.2
[INFO] [stderr]    Compiling web-time v1.1.0
[INFO] [stderr]    Compiling zerocopy-derive v0.7.35
[INFO] [stderr]    Compiling serde_derive v1.0.214
[INFO] [stderr]    Compiling zeroize_derive v1.4.2
[INFO] [stderr]    Compiling tracing-attributes v0.1.27
[INFO] [stderr]    Compiling thiserror-impl v1.0.66
[INFO] [stderr]    Compiling derive_more-impl v1.0.0
[INFO] [stderr]    Compiling scale-info-derive v2.11.5
[INFO] [stderr]    Compiling curve25519-dalek-derive v0.1.1
[INFO] [stderr]    Compiling enum-map-derive v0.17.0
[INFO] [stderr]    Compiling strum_macros v0.26.4
[INFO] [stderr]    Compiling ff_derive v0.13.0
[INFO] [stderr]    Compiling parity-scale-codec-derive v3.6.12
[INFO] [stderr]    Compiling impl-trait-for-tuples v0.2.2
[INFO] [stderr]    Compiling sp1-derive v3.1.0
[INFO] [stderr]    Compiling zeroize v1.8.1
[INFO] [stderr]    Compiling zerocopy v0.7.35
[INFO] [stderr]    Compiling der v0.7.9
[INFO] [stderr]    Compiling darling_macro v0.20.10
[INFO] [stderr]    Compiling derive_more v1.0.0
[INFO] [stderr]    Compiling block-buffer v0.10.4
[INFO] [stderr]    Compiling crypto-common v0.1.6
[INFO] [stderr]    Compiling crypto-bigint v0.5.5
[INFO] [stderr]    Compiling tracing v0.1.40
[INFO] [stderr]    Compiling num_enum_derive v0.5.11
[INFO] [stderr]    Compiling digest v0.10.7
[INFO] [stderr]    Compiling ff v0.13.0
[INFO] [stderr]    Compiling group v0.13.0
[INFO] [stderr]    Compiling tracing-subscriber v0.3.18
[INFO] [stderr]    Compiling darling v0.20.10
[INFO] [stderr]    Compiling serde_with_macros v3.11.0
[INFO] [stderr]    Compiling hmac v0.12.1
[INFO] [stderr]    Compiling signature v2.2.0
[INFO] [stderr]    Compiling rfc6979 v0.4.0
[INFO] [stderr]    Compiling sha2 v0.10.8
[INFO] [stderr]    Compiling ppv-lite86 v0.2.20
[INFO] [stderr]    Compiling derivative v2.2.0
[INFO] [stderr]    Compiling ark-ff-macros v0.4.2
[INFO] [stderr]    Compiling ark-ff-asm v0.4.2
[INFO] [stderr]    Compiling rand_chacha v0.3.1
[INFO] [stderr]    Compiling num_enum v0.5.11
[INFO] [stderr]    Compiling rrs-succinct v0.1.0
[INFO] [stderr]    Compiling rand v0.8.5
[INFO] [stderr]    Compiling addr2line v0.24.2
[INFO] [stderr]    Compiling blake2 v0.10.6
[INFO] [stderr]    Compiling sha3 v0.10.8
[INFO] [stderr]    Compiling tempfile v3.13.0
[INFO] [stderr]    Compiling spki v0.7.3
[INFO] [stderr]    Compiling sec1 v0.7.3
[INFO] [stderr]    Compiling pkcs8 v0.10.2
[INFO] [stderr]    Compiling ark-std v0.4.0
[INFO] [stderr]    Compiling pasta_curves v0.4.1
[INFO] [stderr]    Compiling pasta_curves v0.5.1
[INFO] [stderr]    Compiling ark-serialize v0.4.2
[INFO] [stderr]    Compiling parity-scale-codec v3.6.12
[INFO] [stderr]    Compiling tracing-forest v0.1.6
[INFO] [stderr]    Compiling ark-ff v0.4.2
[INFO] [stderr]    Compiling elliptic-curve v0.13.8
[INFO] [stderr]    Compiling ecdsa v0.16.9
[INFO] [stderr]    Compiling halo2_proofs v0.1.0
[INFO] [stderr]    Compiling k256 v0.13.4
[INFO] [stderr]    Compiling scale-info v2.11.5
[INFO] [stderr]    Compiling snowbridge-amcl v1.0.2
[INFO] [stderr]    Compiling halo2 v0.1.0-beta.2
[INFO] [stderr]    Compiling p3-util v0.1.3-succinct
[INFO] [stderr]    Compiling postcard v1.0.10
[INFO] [stderr]    Compiling hashbrown v0.14.5
[INFO] [stderr]    Compiling generic-array v1.1.0
[INFO] [stderr]    Compiling serde_with v3.11.0
[INFO] [stderr]    Compiling enum-map v2.7.3
[INFO] [stderr]    Compiling bincode v1.3.3
[INFO] [stderr]    Compiling vec_map v0.8.2
[INFO] [stderr]    Compiling backtrace v0.3.74
[INFO] [stderr]    Compiling p3-field v0.1.3-succinct
[INFO] [stderr]    Compiling p3-matrix v0.1.3-succinct
[INFO] [stderr]    Compiling p3-symmetric v0.1.3-succinct
[INFO] [stderr]    Compiling p3-challenger v0.1.3-succinct
[INFO] [stderr]    Compiling p3-blake3 v0.1.3-succinct
[INFO] [stderr]    Compiling p3-keccak v0.1.3-succinct
[INFO] [stderr]    Compiling p3-dft v0.1.3-succinct
[INFO] [stderr]    Compiling p3-air v0.1.3-succinct
[INFO] [stderr]    Compiling p3-interpolation v0.1.3-succinct
[INFO] [stderr]    Compiling p3-commit v0.1.3-succinct
[INFO] [stderr]    Compiling p3-keccak-air v0.1.3-succinct
[INFO] [stderr]    Compiling p3-merkle-tree v0.1.3-succinct
[INFO] [stderr]    Compiling p3-mds v0.1.3-succinct
[INFO] [stderr]    Compiling p3-fri v0.1.3-succinct
[INFO] [stderr]    Compiling p3-uni-stark v0.1.3-succinct
[INFO] [stderr]    Compiling p3-poseidon2 v0.1.3-succinct
[INFO] [stderr]    Compiling p3-baby-bear v0.1.3-succinct
[INFO] [stderr]    Compiling p3-bn254-fr v0.1.3-succinct
[INFO] [stderr]    Compiling sp1-primitives v3.0.0-rc1
[INFO] [stderr]    Compiling sp1-stark v3.0.0-rc1
[INFO] [stderr]    Compiling sp1-curves v3.0.0-rc1
[INFO] [stderr]    Compiling sp1-core-executor v3.0.0-rc1
[INFO] [stderr]    Compiling zkhash v0.2.0
[INFO] [stderr]    Compiling sp1-core-machine v3.0.0-rc1
[INFO] [stdout] error[E0407]: method `commit_scope` is not a member of trait `sp1_stark::air::MachineAir`
[INFO] [stdout]   --> /opt/rustwide/cargo-home/registry/src/index.crates.io-6f17d22bba15001f/sp1-core-machine-3.0.0-rc1/src/riscv/mod.rs:53:10
[INFO] [stdout]    |
[INFO] [stdout] 53 | #[derive(sp1_derive::MachineAir, EnumDiscriminants)]
[INFO] [stdout]    |          ^^^^^^^^^^^^^^^^^^^^^^ not a member of trait `sp1_stark::air::MachineAir`
[INFO] [stdout]    |
[INFO] [stdout]    = note: this error originates in the derive macro `sp1_derive::MachineAir` (in Nightly builds, run with -Z macro-backtrace for more info)
[INFO] [stdout] 
[INFO] [stdout] 
[INFO] [stdout] error[E0412]: cannot find type `InteractionScope` in this scope
[INFO] [stdout]   --> /opt/rustwide/cargo-home/registry/src/index.crates.io-6f17d22bba15001f/sp1-core-machine-3.0.0-rc1/src/riscv/mod.rs:53:10
[INFO] [stdout]    |
[INFO] [stdout] 53 | #[derive(sp1_derive::MachineAir, EnumDiscriminants)]
[INFO] [stdout]    |          ^^^^^^^^^^^^^^^^^^^^^^ not found in this scope
[INFO] [stdout]    |
[INFO] [stdout]    = note: this error originates in the derive macro `sp1_derive::MachineAir` (in Nightly builds, run with -Z macro-backtrace for more info)
[INFO] [stdout] 
[INFO] [stdout] 
[INFO] [stdout] error[E0576]: cannot find method or associated constant `commit_scope` in trait `sp1_stark::air::MachineAir`
[INFO] [stdout]   --> /opt/rustwide/cargo-home/registry/src/index.crates.io-6f17d22bba15001f/sp1-core-machine-3.0.0-rc1/src/riscv/mod.rs:53:10
[INFO] [stdout]    |
[INFO] [stdout] 53 | #[derive(sp1_derive::MachineAir, EnumDiscriminants)]
[INFO] [stdout]    |          ^^^^^^^^^^^^^^^^^^^^^^ not found in `sp1_stark::air::MachineAir`
[INFO] [stdout]    |
[INFO] [stdout]    = note: this error originates in the derive macro `sp1_derive::MachineAir` (in Nightly builds, run with -Z macro-backtrace for more info)
[INFO] [stdout] 
[INFO] [stdout] 
[INFO] [stdout] Some errors have detailed explanations: E0407, E0412, E0576.
[INFO] [stdout] 
[INFO] [stdout] For more information about an error, try `rustc --explain E0407`.
[INFO] [stdout] 
[INFO] [stderr] error: could not compile `sp1-core-machine` (lib) due to 3 previous errors
[INFO] [stderr] warning: build failed, waiting for other jobs to finish...
[INFO] running `Command { std: "docker" "inspect" "83cd5befe4daaa1080a89e72f99c42f03aedc2964d760dd6f9e00ca3f143bdde", kill_on_drop: false }`
[INFO] running `Command { std: "docker" "rm" "-f" "83cd5befe4daaa1080a89e72f99c42f03aedc2964d760dd6f9e00ca3f143bdde", kill_on_drop: false }`
[INFO] [stdout] 83cd5befe4daaa1080a89e72f99c42f03aedc2964d760dd6f9e00ca3f143bdde
