[INFO] fetching crate sp-crypto-hashing 0.1.0...
[INFO] testing sp-crypto-hashing-0.1.0 against nightly-2024-10-28 for randomize-layout
[INFO] extracting crate sp-crypto-hashing 0.1.0 into /workspace/builds/worker-4-tc1/source
[INFO] validating manifest of crates.io crate sp-crypto-hashing 0.1.0 on toolchain nightly-2024-10-28
[INFO] running `Command { std: CARGO_HOME="/workspace/cargo-home" RUSTUP_HOME="/workspace/rustup-home" "/workspace/cargo-home/bin/cargo" "+nightly-2024-10-28" "metadata" "--manifest-path" "Cargo.toml" "--no-deps", kill_on_drop: false }`
[INFO] started tweaking crates.io crate sp-crypto-hashing 0.1.0
[INFO] finished tweaking crates.io crate sp-crypto-hashing 0.1.0
[INFO] tweaked toml for crates.io crate sp-crypto-hashing 0.1.0 written to /workspace/builds/worker-4-tc1/source/Cargo.toml
[INFO] running `Command { std: CARGO_HOME="/workspace/cargo-home" RUSTUP_HOME="/workspace/rustup-home" "/workspace/cargo-home/bin/cargo" "+nightly-2024-10-28" "generate-lockfile" "--manifest-path" "Cargo.toml", kill_on_drop: false }`
[INFO] [stderr]     Updating crates.io index
[INFO] [stderr]      Locking 100 packages to latest compatible versions
[INFO] [stderr]       Adding criterion v0.4.0 (available: v0.5.1)
[INFO] [stderr]       Adding twox-hash v1.6.3 (available: v2.0.0)
[INFO] running `Command { std: CARGO_HOME="/workspace/cargo-home" RUSTUP_HOME="/workspace/rustup-home" "/workspace/cargo-home/bin/cargo" "+nightly-2024-10-28" "fetch" "--manifest-path" "Cargo.toml", kill_on_drop: false }`
[INFO] running `Command { std: "docker" "create" "-v" "/var/lib/crater-agent-workspace/builds/worker-4-tc1/target:/opt/rustwide/target:rw,Z" "-v" "/var/lib/crater-agent-workspace/builds/worker-4-tc1/source:/opt/rustwide/workdir:ro,Z" "-v" "/var/lib/crater-agent-workspace/cargo-home:/opt/rustwide/cargo-home:ro,Z" "-v" "/var/lib/crater-agent-workspace/rustup-home:/opt/rustwide/rustup-home:ro,Z" "-e" "SOURCE_DIR=/opt/rustwide/workdir" "-e" "CARGO_TARGET_DIR=/opt/rustwide/target" "-e" "CARGO_HOME=/opt/rustwide/cargo-home" "-e" "RUSTUP_HOME=/opt/rustwide/rustup-home" "-w" "/opt/rustwide/workdir" "-m" "1610612736" "--user" "0:0" "--network" "none" "ghcr.io/rust-lang/crates-build-env/linux@sha256:4a844ea9eb2546a2d2c7022eacef16ef2e8229c7fbb2c7d4d55a9ceca922f72d" "/opt/rustwide/cargo-home/bin/cargo" "+nightly-2024-10-28" "metadata" "--no-deps" "--format-version=1", kill_on_drop: false }`
[INFO] [stdout] 89e3a4062a0a0dfa4739651601fb28dd025072139a0f5a7a08ac9c10cadf9b32
[INFO] running `Command { std: "docker" "start" "-a" "89e3a4062a0a0dfa4739651601fb28dd025072139a0f5a7a08ac9c10cadf9b32", kill_on_drop: false }`
[INFO] running `Command { std: "docker" "inspect" "89e3a4062a0a0dfa4739651601fb28dd025072139a0f5a7a08ac9c10cadf9b32", kill_on_drop: false }`
[INFO] running `Command { std: "docker" "rm" "-f" "89e3a4062a0a0dfa4739651601fb28dd025072139a0f5a7a08ac9c10cadf9b32", kill_on_drop: false }`
[INFO] [stdout] 89e3a4062a0a0dfa4739651601fb28dd025072139a0f5a7a08ac9c10cadf9b32
[INFO] running `Command { std: "docker" "create" "-v" "/var/lib/crater-agent-workspace/builds/worker-4-tc1/target:/opt/rustwide/target:rw,Z" "-v" "/var/lib/crater-agent-workspace/builds/worker-4-tc1/source:/opt/rustwide/workdir:ro,Z" "-v" "/var/lib/crater-agent-workspace/cargo-home:/opt/rustwide/cargo-home:ro,Z" "-v" "/var/lib/crater-agent-workspace/rustup-home:/opt/rustwide/rustup-home:ro,Z" "-e" "SOURCE_DIR=/opt/rustwide/workdir" "-e" "CARGO_TARGET_DIR=/opt/rustwide/target" "-e" "CARGO_INCREMENTAL=0" "-e" "RUST_BACKTRACE=full" "-e" "RUSTFLAGS=--cap-lints=forbid" "-e" "RUSTDOCFLAGS=--cap-lints=forbid" "-e" "CARGO_HOME=/opt/rustwide/cargo-home" "-e" "RUSTUP_HOME=/opt/rustwide/rustup-home" "-w" "/opt/rustwide/workdir" "-m" "1610612736" "--user" "0:0" "--network" "none" "ghcr.io/rust-lang/crates-build-env/linux@sha256:4a844ea9eb2546a2d2c7022eacef16ef2e8229c7fbb2c7d4d55a9ceca922f72d" "/opt/rustwide/cargo-home/bin/cargo" "+nightly-2024-10-28" "build" "--frozen" "--message-format=json", kill_on_drop: false }`
[INFO] [stdout] 1316281ece4c3029ecf14c47e4831629fe224dab30904a2273365194e81252ab
[INFO] running `Command { std: "docker" "start" "-a" "1316281ece4c3029ecf14c47e4831629fe224dab30904a2273365194e81252ab", kill_on_drop: false }`
[INFO] [stderr]    Compiling proc-macro2 v1.0.89
[INFO] [stderr]    Compiling typenum v1.17.0
[INFO] [stderr]    Compiling version_check v0.9.5
[INFO] [stderr]    Compiling libc v0.2.161
[INFO] [stderr]    Compiling byteorder v1.5.0
[INFO] [stderr]    Compiling arrayvec v0.7.6
[INFO] [stderr]    Compiling constant_time_eq v0.3.1
[INFO] [stderr]    Compiling static_assertions v1.1.0
[INFO] [stderr]    Compiling cpufeatures v0.2.14
[INFO] [stderr]    Compiling arrayref v0.3.9
[INFO] [stderr]    Compiling keccak v0.1.5
[INFO] [stderr]    Compiling blake2b_simd v1.0.2
[INFO] [stderr]    Compiling generic-array v0.14.7
[INFO] [stderr]    Compiling quote v1.0.37
[INFO] [stderr]    Compiling syn v2.0.86
[INFO] [stderr]    Compiling getrandom v0.2.15
[INFO] [stderr]    Compiling rand_core v0.6.4
[INFO] [stderr]    Compiling crypto-common v0.1.6
[INFO] [stderr]    Compiling block-buffer v0.10.4
[INFO] [stderr]    Compiling digest v0.10.7
[INFO] [stderr]    Compiling sha2 v0.10.8
[INFO] [stderr]    Compiling sha3 v0.10.8
[INFO] [stderr]    Compiling zerocopy-derive v0.7.35
[INFO] [stderr]    Compiling zerocopy v0.7.35
[INFO] [stderr]    Compiling ppv-lite86 v0.2.20
[INFO] [stderr]    Compiling rand_chacha v0.3.1
[INFO] [stderr]    Compiling rand v0.8.5
[INFO] [stderr]    Compiling twox-hash v1.6.3
[INFO] [stderr]    Compiling sp-crypto-hashing v0.1.0 (/opt/rustwide/workdir)
[INFO] [stderr]     Finished `dev` profile [unoptimized + debuginfo] target(s) in 12.06s
[INFO] running `Command { std: "docker" "inspect" "1316281ece4c3029ecf14c47e4831629fe224dab30904a2273365194e81252ab", kill_on_drop: false }`
[INFO] running `Command { std: "docker" "rm" "-f" "1316281ece4c3029ecf14c47e4831629fe224dab30904a2273365194e81252ab", kill_on_drop: false }`
[INFO] [stdout] 1316281ece4c3029ecf14c47e4831629fe224dab30904a2273365194e81252ab
[INFO] running `Command { std: "docker" "create" "-v" "/var/lib/crater-agent-workspace/builds/worker-4-tc1/target:/opt/rustwide/target:rw,Z" "-v" "/var/lib/crater-agent-workspace/builds/worker-4-tc1/source:/opt/rustwide/workdir:ro,Z" "-v" "/var/lib/crater-agent-workspace/cargo-home:/opt/rustwide/cargo-home:ro,Z" "-v" "/var/lib/crater-agent-workspace/rustup-home:/opt/rustwide/rustup-home:ro,Z" "-e" "SOURCE_DIR=/opt/rustwide/workdir" "-e" "CARGO_TARGET_DIR=/opt/rustwide/target" "-e" "CARGO_INCREMENTAL=0" "-e" "RUST_BACKTRACE=full" "-e" "RUSTFLAGS=--cap-lints=forbid" "-e" "RUSTDOCFLAGS=--cap-lints=forbid" "-e" "CARGO_HOME=/opt/rustwide/cargo-home" "-e" "RUSTUP_HOME=/opt/rustwide/rustup-home" "-w" "/opt/rustwide/workdir" "-m" "1610612736" "--user" "0:0" "--network" "none" "ghcr.io/rust-lang/crates-build-env/linux@sha256:4a844ea9eb2546a2d2c7022eacef16ef2e8229c7fbb2c7d4d55a9ceca922f72d" "/opt/rustwide/cargo-home/bin/cargo" "+nightly-2024-10-28" "test" "--frozen" "--no-run" "--message-format=json", kill_on_drop: false }`
[INFO] [stdout] d09d3201843f011e7271df332f3596c10a59c074bd5dadf74f5fc8915f1d6601
[INFO] running `Command { std: "docker" "start" "-a" "d09d3201843f011e7271df332f3596c10a59c074bd5dadf74f5fc8915f1d6601", kill_on_drop: false }`
[INFO] [stderr]    Compiling crossbeam-utils v0.8.20
[INFO] [stderr]    Compiling serde v1.0.214
[INFO] [stderr]    Compiling indexmap v1.9.3
[INFO] [stderr]    Compiling num-traits v0.2.19
[INFO] [stderr]    Compiling rayon-core v1.12.1
[INFO] [stderr]    Compiling serde_derive v1.0.214
[INFO] [stderr]    Compiling either v1.13.0
[INFO] [stderr]    Compiling serde_json v1.0.132
[INFO] [stderr]    Compiling half v2.4.1
[INFO] [stderr]    Compiling ciborium-io v0.2.2
[INFO] [stderr]    Compiling hashbrown v0.12.3
[INFO] [stderr]    Compiling plotters-backend v0.3.7
[INFO] [stderr]    Compiling regex-syntax v0.8.5
[INFO] [stderr]    Compiling os_str_bytes v6.6.1
[INFO] [stderr]    Compiling itertools v0.10.5
[INFO] [stderr]    Compiling ciborium-ll v0.2.2
[INFO] [stderr]    Compiling plotters-svg v0.3.7
[INFO] [stderr]    Compiling clap_lex v0.2.4
[INFO] [stderr]    Compiling textwrap v0.16.1
[INFO] [stderr]    Compiling crossbeam-epoch v0.9.18
[INFO] [stderr]    Compiling cast v0.3.0
[INFO] [stderr]    Compiling crossbeam-deque v0.8.5
[INFO] [stderr]    Compiling atty v0.2.14
[INFO] [stderr]    Compiling oorandom v11.1.4
[INFO] [stderr]    Compiling anes v0.1.6
[INFO] [stderr]    Compiling clap v3.2.25
[INFO] [stderr]    Compiling plotters v0.3.7
[INFO] [stderr]    Compiling regex-automata v0.4.8
[INFO] [stderr]    Compiling criterion-plot v0.5.0
[INFO] [stderr]    Compiling rayon v1.10.0
[INFO] [stderr]    Compiling regex v1.11.1
[INFO] [stderr]    Compiling ciborium v0.2.2
[INFO] [stderr]    Compiling tinytemplate v1.2.1
[INFO] [stderr]    Compiling criterion v0.4.0
[INFO] [stderr]    Compiling sp-crypto-hashing v0.1.0 (/opt/rustwide/workdir)
[INFO] [stdout] error[E0433]: failed to resolve: use of undeclared crate or module `sp_crypto_hashing_proc_macro`
[INFO] [stdout]    --> src/lib.rs:160:4
[INFO] [stdout]     |
[INFO] [stdout] 160 |             sp_crypto_hashing_proc_macro::twox_128!(b"test", test, b"45", b"", b"67890"),
[INFO] [stdout]     |             ^^^^^^^^^^^^^^^^^^^^^^^^^^^^ use of undeclared crate or module `sp_crypto_hashing_proc_macro`
[INFO] [stdout] 
[INFO] [stdout] 
[INFO] [stdout] error[E0433]: failed to resolve: use of undeclared crate or module `sp_crypto_hashing_proc_macro`
[INFO] [stdout]    --> src/lib.rs:156:4
[INFO] [stdout]     |
[INFO] [stdout] 156 |             sp_crypto_hashing_proc_macro::twox_128!(b"test", b"123", b"45", b"", b"67890"),
[INFO] [stdout]     |             ^^^^^^^^^^^^^^^^^^^^^^^^^^^^ use of undeclared crate or module `sp_crypto_hashing_proc_macro`
[INFO] [stdout] 
[INFO] [stdout] 
[INFO] [stdout] error[E0433]: failed to resolve: use of undeclared crate or module `sp_crypto_hashing_proc_macro`
[INFO] [stdout]    --> src/lib.rs:150:14
[INFO] [stdout]     |
[INFO] [stdout] 150 |         assert_eq!(sp_crypto_hashing_proc_macro::twox_64!(b""), twox_64(b"")[..]);
[INFO] [stdout]     |                    ^^^^^^^^^^^^^^^^^^^^^^^^^^^^ use of undeclared crate or module `sp_crypto_hashing_proc_macro`
[INFO] [stdout] 
[INFO] [stdout] 
[INFO] [stdout] error[E0433]: failed to resolve: use of undeclared crate or module `sp_crypto_hashing_proc_macro`
[INFO] [stdout]    --> src/lib.rs:149:14
[INFO] [stdout]     |
[INFO] [stdout] 149 |         assert_eq!(sp_crypto_hashing_proc_macro::twox_128!(b"test"), twox_128(b"test")[..]);
[INFO] [stdout]     |                    ^^^^^^^^^^^^^^^^^^^^^^^^^^^^ use of undeclared crate or module `sp_crypto_hashing_proc_macro`
[INFO] [stdout] 
[INFO] [stdout] 
[INFO] [stdout] error[E0433]: failed to resolve: use of undeclared crate or module `sp_crypto_hashing_proc_macro`
[INFO] [stdout]    --> src/lib.rs:144:14
[INFO] [stdout]     |
[INFO] [stdout] 144 |         assert_eq!(sp_crypto_hashing_proc_macro::sha2_256!(b"test"), sha2_256(b"test")[..]);
[INFO] [stdout]     |                    ^^^^^^^^^^^^^^^^^^^^^^^^^^^^ use of undeclared crate or module `sp_crypto_hashing_proc_macro`
[INFO] [stdout] 
[INFO] [stdout] 
[INFO] [stdout] error[E0433]: failed to resolve: use of undeclared crate or module `sp_crypto_hashing_proc_macro`
[INFO] [stdout]    --> src/lib.rs:139:14
[INFO] [stdout]     |
[INFO] [stdout] 139 |         assert_eq!(sp_crypto_hashing_proc_macro::keccak_512!(b"test"), keccak_512(b"test")[..]);
[INFO] [stdout]     |                    ^^^^^^^^^^^^^^^^^^^^^^^^^^^^ use of undeclared crate or module `sp_crypto_hashing_proc_macro`
[INFO] [stdout] 
[INFO] [stdout] 
[INFO] [stdout] error[E0433]: failed to resolve: use of undeclared crate or module `sp_crypto_hashing_proc_macro`
[INFO] [stdout]    --> src/lib.rs:138:14
[INFO] [stdout]     |
[INFO] [stdout] 138 |         assert_eq!(sp_crypto_hashing_proc_macro::keccak_256!(b"test"), keccak_256(b"test")[..]);
[INFO] [stdout]     |                    ^^^^^^^^^^^^^^^^^^^^^^^^^^^^ use of undeclared crate or module `sp_crypto_hashing_proc_macro`
[INFO] [stdout] 
[INFO] [stdout] 
[INFO] [stdout] error[E0433]: failed to resolve: use of undeclared crate or module `sp_crypto_hashing_proc_macro`
[INFO] [stdout]    --> src/lib.rs:133:14
[INFO] [stdout]     |
[INFO] [stdout] 133 |         assert_eq!(sp_crypto_hashing_proc_macro::blake2b_512!(b""), blake2_512(b"")[..]);
[INFO] [stdout]     |                    ^^^^^^^^^^^^^^^^^^^^^^^^^^^^ use of undeclared crate or module `sp_crypto_hashing_proc_macro`
[INFO] [stdout] 
[INFO] [stdout] 
[INFO] [stdout] error[E0433]: failed to resolve: use of undeclared crate or module `sp_crypto_hashing_proc_macro`
[INFO] [stdout]    --> src/lib.rs:132:14
[INFO] [stdout]     |
[INFO] [stdout] 132 |         assert_eq!(sp_crypto_hashing_proc_macro::blake2b_256!(b"test"), blake2_256(b"test")[..]);
[INFO] [stdout]     |                    ^^^^^^^^^^^^^^^^^^^^^^^^^^^^ use of undeclared crate or module `sp_crypto_hashing_proc_macro`
[INFO] [stdout] 
[INFO] [stdout] 
[INFO] [stdout] error[E0433]: failed to resolve: use of undeclared crate or module `sp_crypto_hashing_proc_macro`
[INFO] [stdout]    --> src/lib.rs:131:14
[INFO] [stdout]     |
[INFO] [stdout] 131 |         assert_eq!(sp_crypto_hashing_proc_macro::blake2b_64!(b""), blake2_64(b"")[..]);
[INFO] [stdout]     |                    ^^^^^^^^^^^^^^^^^^^^^^^^^^^^ use of undeclared crate or module `sp_crypto_hashing_proc_macro`
[INFO] [stdout] 
[INFO] [stdout] 
[INFO] [stdout] For more information about this error, try `rustc --explain E0433`.
[INFO] [stdout] 
[INFO] [stderr] error: could not compile `sp-crypto-hashing` (lib test) due to 10 previous errors
[INFO] running `Command { std: "docker" "inspect" "d09d3201843f011e7271df332f3596c10a59c074bd5dadf74f5fc8915f1d6601", kill_on_drop: false }`
[INFO] running `Command { std: "docker" "rm" "-f" "d09d3201843f011e7271df332f3596c10a59c074bd5dadf74f5fc8915f1d6601", kill_on_drop: false }`
[INFO] [stdout] d09d3201843f011e7271df332f3596c10a59c074bd5dadf74f5fc8915f1d6601
