[INFO] fetching crate southpaw 0.1.0...
[INFO] testing southpaw-0.1.0 against nightly-2024-10-28 for randomize-layout
[INFO] extracting crate southpaw 0.1.0 into /workspace/builds/worker-6-tc1/source
[INFO] validating manifest of crates.io crate southpaw 0.1.0 on toolchain nightly-2024-10-28
[INFO] running `Command { std: CARGO_HOME="/workspace/cargo-home" RUSTUP_HOME="/workspace/rustup-home" "/workspace/cargo-home/bin/cargo" "+nightly-2024-10-28" "metadata" "--manifest-path" "Cargo.toml" "--no-deps", kill_on_drop: false }`
[INFO] started tweaking crates.io crate southpaw 0.1.0
[INFO] removed 0 missing examples
[INFO] finished tweaking crates.io crate southpaw 0.1.0
[INFO] tweaked toml for crates.io crate southpaw 0.1.0 written to /workspace/builds/worker-6-tc1/source/Cargo.toml
[INFO] crate crates.io crate southpaw 0.1.0 already has a lockfile, it will not be regenerated
[INFO] running `Command { std: CARGO_HOME="/workspace/cargo-home" RUSTUP_HOME="/workspace/rustup-home" "/workspace/cargo-home/bin/cargo" "+nightly-2024-10-28" "fetch" "--manifest-path" "Cargo.toml", kill_on_drop: false }`
[INFO] [stderr]     Updating crates.io index
[INFO] [stderr]  Downloading crates ...
[INFO] [stderr]   Downloaded uapi-proc v0.0.5
[INFO] [stderr]   Downloaded uapi v0.2.13
[INFO] [stderr]   Downloaded cc v1.1.16
[INFO] [stderr]   Downloaded evdev v0.12.2
[INFO] [stderr]   Downloaded fuser v0.14.0
[INFO] [stderr]   Downloaded seq-macro v0.3.5
[INFO] [stderr]   Downloaded indexmap v2.5.0
[INFO] [stderr]   Downloaded env_filter v0.1.2
[INFO] [stderr]   Downloaded env_logger v0.11.5
[INFO] [stderr]   Downloaded prettyplease v0.2.22
[INFO] [stderr]   Downloaded rustix v0.38.35
[INFO] [stderr]   Downloaded bit-vec v0.8.0
[INFO] [stderr]   Downloaded nix v0.23.2
[INFO] running `Command { std: "docker" "create" "-v" "/var/lib/crater-agent-workspace/builds/worker-6-tc1/target:/opt/rustwide/target:rw,Z" "-v" "/var/lib/crater-agent-workspace/builds/worker-6-tc1/source:/opt/rustwide/workdir:ro,Z" "-v" "/var/lib/crater-agent-workspace/cargo-home:/opt/rustwide/cargo-home:ro,Z" "-v" "/var/lib/crater-agent-workspace/rustup-home:/opt/rustwide/rustup-home:ro,Z" "-e" "SOURCE_DIR=/opt/rustwide/workdir" "-e" "CARGO_TARGET_DIR=/opt/rustwide/target" "-e" "CARGO_HOME=/opt/rustwide/cargo-home" "-e" "RUSTUP_HOME=/opt/rustwide/rustup-home" "-w" "/opt/rustwide/workdir" "-m" "1610612736" "--user" "0:0" "--network" "none" "ghcr.io/rust-lang/crates-build-env/linux@sha256:4a844ea9eb2546a2d2c7022eacef16ef2e8229c7fbb2c7d4d55a9ceca922f72d" "/opt/rustwide/cargo-home/bin/cargo" "+nightly-2024-10-28" "metadata" "--no-deps" "--format-version=1", kill_on_drop: false }`
[INFO] [stdout] 50197eb82903f668262e7cbb94bed7c8a475787c69adb64a6bbd1a0e9479d1e3
[INFO] running `Command { std: "docker" "start" "-a" "50197eb82903f668262e7cbb94bed7c8a475787c69adb64a6bbd1a0e9479d1e3", kill_on_drop: false }`
[INFO] running `Command { std: "docker" "inspect" "50197eb82903f668262e7cbb94bed7c8a475787c69adb64a6bbd1a0e9479d1e3", kill_on_drop: false }`
[INFO] running `Command { std: "docker" "rm" "-f" "50197eb82903f668262e7cbb94bed7c8a475787c69adb64a6bbd1a0e9479d1e3", kill_on_drop: false }`
[INFO] [stdout] 50197eb82903f668262e7cbb94bed7c8a475787c69adb64a6bbd1a0e9479d1e3
[INFO] running `Command { std: "docker" "create" "-v" "/var/lib/crater-agent-workspace/builds/worker-6-tc1/target:/opt/rustwide/target:rw,Z" "-v" "/var/lib/crater-agent-workspace/builds/worker-6-tc1/source:/opt/rustwide/workdir:ro,Z" "-v" "/var/lib/crater-agent-workspace/cargo-home:/opt/rustwide/cargo-home:ro,Z" "-v" "/var/lib/crater-agent-workspace/rustup-home:/opt/rustwide/rustup-home:ro,Z" "-e" "SOURCE_DIR=/opt/rustwide/workdir" "-e" "CARGO_TARGET_DIR=/opt/rustwide/target" "-e" "CARGO_INCREMENTAL=0" "-e" "RUST_BACKTRACE=full" "-e" "RUSTFLAGS=--cap-lints=forbid" "-e" "RUSTDOCFLAGS=--cap-lints=forbid" "-e" "CARGO_HOME=/opt/rustwide/cargo-home" "-e" "RUSTUP_HOME=/opt/rustwide/rustup-home" "-w" "/opt/rustwide/workdir" "-m" "1610612736" "--user" "0:0" "--network" "none" "ghcr.io/rust-lang/crates-build-env/linux@sha256:4a844ea9eb2546a2d2c7022eacef16ef2e8229c7fbb2c7d4d55a9ceca922f72d" "/opt/rustwide/cargo-home/bin/cargo" "+nightly-2024-10-28" "build" "--frozen" "--message-format=json", kill_on_drop: false }`
[INFO] [stdout] e997c65d536b4ddf9fab2b7e243fba101f03ec2af969898d6b7f2a4db91803b5
[INFO] running `Command { std: "docker" "start" "-a" "e997c65d536b4ddf9fab2b7e243fba101f03ec2af969898d6b7f2a4db91803b5", kill_on_drop: false }`
[INFO] [stderr]    Compiling proc-macro2 v1.0.86
[INFO] [stderr]    Compiling libc v0.2.158
[INFO] [stderr]    Compiling glob v0.3.1
[INFO] [stderr]    Compiling regex-syntax v0.8.4
[INFO] [stderr]    Compiling prettyplease v0.2.22
[INFO] [stderr]    Compiling hashbrown v0.14.5
[INFO] [stderr]    Compiling memchr v2.7.4
[INFO] [stderr]    Compiling minimal-lexical v0.2.1
[INFO] [stderr]    Compiling winnow v0.6.18
[INFO] [stderr]    Compiling libloading v0.8.5
[INFO] [stderr]    Compiling bindgen v0.70.1
[INFO] [stderr]    Compiling rustix v0.38.35
[INFO] [stderr]    Compiling syn v1.0.109
[INFO] [stderr]    Compiling cc v1.1.16
[INFO] [stderr]    Compiling itertools v0.13.0
[INFO] [stderr]    Compiling linux-raw-sys v0.4.14
[INFO] [stderr]    Compiling pkg-config v0.3.30
[INFO] [stderr]    Compiling rustc-hash v1.1.0
[INFO] [stderr]    Compiling byteorder v1.5.0
[INFO] [stderr]    Compiling lazy_static v1.5.0
[INFO] [stderr]    Compiling smallvec v1.13.2
[INFO] [stderr]    Compiling bit-vec v0.8.0
[INFO] [stderr]    Compiling seq-macro v0.3.5
[INFO] [stderr]    Compiling clang-sys v1.8.1
[INFO] [stderr]    Compiling nom v7.1.3
[INFO] [stderr]    Compiling fuser v0.14.0
[INFO] [stderr]    Compiling indexmap v2.5.0
[INFO] [stderr]    Compiling quote v1.0.37
[INFO] [stderr]    Compiling syn v2.0.77
[INFO] [stderr]    Compiling uapi v0.2.13
[INFO] [stderr]    Compiling page_size v0.6.0
[INFO] [stderr]    Compiling regex-automata v0.4.7
[INFO] [stderr]    Compiling toml_edit v0.22.20
[INFO] [stderr]    Compiling cexpr v0.6.0
[INFO] [stderr]    Compiling regex v1.10.6
[INFO] [stderr]    Compiling uapi-proc v0.0.5
[INFO] [stderr]    Compiling proc-macro-crate v3.2.0
[INFO] [stderr]    Compiling zerocopy-derive v0.7.35
[INFO] [stderr]    Compiling num_enum_derive v0.7.3
[INFO] [stderr]    Compiling zerocopy v0.7.35
[INFO] [stderr]    Compiling num_enum v0.7.3
[INFO] [stderr]    Compiling southpaw v0.1.0 (/opt/rustwide/workdir)
[INFO] [stdout] error[E0425]: cannot find value `KEY_CAMERA_ACCESS_ENABLE` in this scope
[INFO] [stdout]    --> src/enums.rs:604:29
[INFO] [stdout]     |
[INFO] [stdout] 604 |     KeyCameraAccessEnable = KEY_CAMERA_ACCESS_ENABLE,
[INFO] [stdout]     |                             ^^^^^^^^^^^^^^^^^^^^^^^^ not found in this scope
[INFO] [stdout] 
[INFO] [stdout] 
[INFO] [stdout] error[E0425]: cannot find value `KEY_CAMERA_ACCESS_DISABLE` in this scope
[INFO] [stdout]    --> src/enums.rs:606:30
[INFO] [stdout]     |
[INFO] [stdout] 606 |     KeyCameraAccessDisable = KEY_CAMERA_ACCESS_DISABLE,
[INFO] [stdout]     |                              ^^^^^^^^^^^^^^^^^^^^^^^^^ not found in this scope
[INFO] [stdout] 
[INFO] [stdout] 
[INFO] [stdout] error[E0425]: cannot find value `KEY_CAMERA_ACCESS_TOGGLE` in this scope
[INFO] [stdout]    --> src/enums.rs:608:29
[INFO] [stdout]     |
[INFO] [stdout] 608 |     KeyCameraAccessToggle = KEY_CAMERA_ACCESS_TOGGLE,
[INFO] [stdout]     |                             ^^^^^^^^^^^^^^^^^^^^^^^^ not found in this scope
[INFO] [stdout] 
[INFO] [stdout] 
[INFO] [stdout] error[E0425]: cannot find value `KEY_NEXT_ELEMENT` in this scope
[INFO] [stdout]    --> src/enums.rs:641:22
[INFO] [stdout]     |
[INFO] [stdout] 641 |     KeyNextElement = KEY_NEXT_ELEMENT,
[INFO] [stdout]     |                      ^^^^^^^^^^^^^^^^ not found in this scope
[INFO] [stdout] 
[INFO] [stdout] 
[INFO] [stdout] error[E0425]: cannot find value `KEY_PREVIOUS_ELEMENT` in this scope
[INFO] [stdout]    --> src/enums.rs:643:26
[INFO] [stdout]     |
[INFO] [stdout] 643 |     KeyPreviousElement = KEY_PREVIOUS_ELEMENT,
[INFO] [stdout]     |                          ^^^^^^^^^^^^^^^^^^^^ not found in this scope
[INFO] [stdout] 
[INFO] [stdout] 
[INFO] [stdout] error[E0425]: cannot find value `KEY_AUTOPILOT_ENGAGE_TOGGLE` in this scope
[INFO] [stdout]    --> src/enums.rs:645:32
[INFO] [stdout]     |
[INFO] [stdout] 645 |     KeyAutopilotEngageToggle = KEY_AUTOPILOT_ENGAGE_TOGGLE,
[INFO] [stdout]     |                                ^^^^^^^^^^^^^^^^^^^^^^^^^^^ not found in this scope
[INFO] [stdout] 
[INFO] [stdout] 
[INFO] [stdout] error[E0425]: cannot find value `KEY_MARK_WAYPOINT` in this scope
[INFO] [stdout]    --> src/enums.rs:647:23
[INFO] [stdout]     |
[INFO] [stdout] 647 |     KeyMarkWaypoint = KEY_MARK_WAYPOINT,
[INFO] [stdout]     |                       ^^^^^^^^^^^^^^^^^ not found in this scope
[INFO] [stdout] 
[INFO] [stdout] 
[INFO] [stdout] error[E0425]: cannot find value `KEY_SOS` in this scope
[INFO] [stdout]    --> src/enums.rs:649:14
[INFO] [stdout]     |
[INFO] [stdout] 649 |     KeySos = KEY_SOS,
[INFO] [stdout]     |              ^^^^^^^ help: a constant with a similar name exists: `KEY_DOT`
[INFO] [stdout]     |
[INFO] [stdout]    ::: /opt/rustwide/target/debug/build/southpaw-4abb1ed259b49bab/out/bindings.rs:3:2593
[INFO] [stdout]     |
[INFO] [stdout] 3   | ...onst KEY_COMMA : u16 = 51 ; pub const KEY_DOT : u16 = 52 ; pub const KEY_SLASH : u16 = 53 ; pub const KEY_RIGHTSHIFT : u16 = 54 ; pub ...
[INFO] [stdout]     |                                ------------------------------ similarly named constant `KEY_DOT` defined here
[INFO] [stdout] 
[INFO] [stdout] 
[INFO] [stdout] error[E0425]: cannot find value `KEY_NAV_CHART` in this scope
[INFO] [stdout]    --> src/enums.rs:651:19
[INFO] [stdout]     |
[INFO] [stdout] 651 |     KeyNavChart = KEY_NAV_CHART,
[INFO] [stdout]     |                   ^^^^^^^^^^^^^ not found in this scope
[INFO] [stdout] 
[INFO] [stdout] 
[INFO] [stdout] error[E0425]: cannot find value `KEY_FISHING_CHART` in this scope
[INFO] [stdout]    --> src/enums.rs:653:23
[INFO] [stdout]     |
[INFO] [stdout] 653 |     KeyFishingChart = KEY_FISHING_CHART,
[INFO] [stdout]     |                       ^^^^^^^^^^^^^^^^^ not found in this scope
[INFO] [stdout] 
[INFO] [stdout] 
[INFO] [stdout] error[E0425]: cannot find value `KEY_SINGLE_RANGE_RADAR` in this scope
[INFO] [stdout]    --> src/enums.rs:655:27
[INFO] [stdout]     |
[INFO] [stdout] 655 |     KeySingleRangeRadar = KEY_SINGLE_RANGE_RADAR,
[INFO] [stdout]     |                           ^^^^^^^^^^^^^^^^^^^^^^ not found in this scope
[INFO] [stdout] 
[INFO] [stdout] 
[INFO] [stdout] error[E0425]: cannot find value `KEY_DUAL_RANGE_RADAR` in this scope
[INFO] [stdout]    --> src/enums.rs:657:25
[INFO] [stdout]     |
[INFO] [stdout] 657 |     KeyDualRangeRadar = KEY_DUAL_RANGE_RADAR,
[INFO] [stdout]     |                         ^^^^^^^^^^^^^^^^^^^^ not found in this scope
[INFO] [stdout] 
[INFO] [stdout] 
[INFO] [stdout] error[E0425]: cannot find value `KEY_RADAR_OVERLAY` in this scope
[INFO] [stdout]    --> src/enums.rs:659:23
[INFO] [stdout]     |
[INFO] [stdout] 659 |     KeyRadarOverlay = KEY_RADAR_OVERLAY,
[INFO] [stdout]     |                       ^^^^^^^^^^^^^^^^^ not found in this scope
[INFO] [stdout] 
[INFO] [stdout] 
[INFO] [stdout] error[E0425]: cannot find value `KEY_TRADITIONAL_SONAR` in this scope
[INFO] [stdout]    --> src/enums.rs:661:27
[INFO] [stdout]     |
[INFO] [stdout] 661 |     KeyTraditionalSonar = KEY_TRADITIONAL_SONAR,
[INFO] [stdout]     |                           ^^^^^^^^^^^^^^^^^^^^^ not found in this scope
[INFO] [stdout] 
[INFO] [stdout] 
[INFO] [stdout] error[E0425]: cannot find value `KEY_CLEARVU_SONAR` in this scope
[INFO] [stdout]    --> src/enums.rs:663:23
[INFO] [stdout]     |
[INFO] [stdout] 663 |     KeyClearvuSonar = KEY_CLEARVU_SONAR,
[INFO] [stdout]     |                       ^^^^^^^^^^^^^^^^^ not found in this scope
[INFO] [stdout] 
[INFO] [stdout] 
[INFO] [stdout] error[E0425]: cannot find value `KEY_SIDEVU_SONAR` in this scope
[INFO] [stdout]    --> src/enums.rs:665:22
[INFO] [stdout]     |
[INFO] [stdout] 665 |     KeySidevuSonar = KEY_SIDEVU_SONAR,
[INFO] [stdout]     |                      ^^^^^^^^^^^^^^^^ not found in this scope
[INFO] [stdout] 
[INFO] [stdout] 
[INFO] [stdout] error[E0425]: cannot find value `KEY_NAV_INFO` in this scope
[INFO] [stdout]    --> src/enums.rs:667:18
[INFO] [stdout]     |
[INFO] [stdout] 667 |     KeyNavInfo = KEY_NAV_INFO,
[INFO] [stdout]     |                  ^^^^^^^^^^^^ help: a constant with a similar name exists: `KEY_INFO`
[INFO] [stdout]     |
[INFO] [stdout]    ::: /opt/rustwide/target/debug/build/southpaw-4abb1ed259b49bab/out/bindings.rs:3:12215
[INFO] [stdout]     |
[INFO] [stdout] 3   | ... KEY_OPTION : u16 = 357 ; pub const KEY_INFO : u16 = 358 ; pub const KEY_TIME : u16 = 359 ; pub const KEY_VENDOR : u16 = 360 ; pub con...
[INFO] [stdout]     |                              -------------------------------- similarly named constant `KEY_INFO` defined here
[INFO] [stdout] 
[INFO] [stdout] 
[INFO] [stdout] error[E0425]: cannot find value `KEY_BRIGHTNESS_MENU` in this scope
[INFO] [stdout]    --> src/enums.rs:669:25
[INFO] [stdout]     |
[INFO] [stdout] 669 |     KeyBrightnessMenu = KEY_BRIGHTNESS_MENU,
[INFO] [stdout]     |                         ^^^^^^^^^^^^^^^^^^^ help: a constant with a similar name exists: `KEY_BRIGHTNESS_MIN`
[INFO] [stdout]     |
[INFO] [stdout]    ::: /opt/rustwide/target/debug/build/southpaw-4abb1ed259b49bab/out/bindings.rs:3:18700
[INFO] [stdout]     |
[INFO] [stdout] 3   | ...E : u16 = 586 ; pub const KEY_BRIGHTNESS_MIN : u16 = 592 ; pub const KEY_BRIGHTNESS_MAX : u16 = 593 ; pub const KEY_KBDINPUTASSIST_PRE...
[INFO] [stdout]     |                    ------------------------------------------ similarly named constant `KEY_BRIGHTNESS_MIN` defined here
[INFO] [stdout] 
[INFO] [stdout] 
[INFO] [stdout] error[E0425]: cannot find value `ABS_PROFILE` in this scope
[INFO] [stdout]    --> src/enums.rs:840:15
[INFO] [stdout]     |
[INFO] [stdout] 840 |     Profile = ABS_PROFILE,
[INFO] [stdout]     |               ^^^^^^^^^^^ not found in this scope
[INFO] [stdout] 
[INFO] [stdout] 
[INFO] [stdout] error: could not evaluate constant pattern
[INFO] [stdout]    --> src/enums.rs:604:5
[INFO] [stdout]     |
[INFO] [stdout] 604 |     KeyCameraAccessEnable = KEY_CAMERA_ACCESS_ENABLE,
[INFO] [stdout]     |     ^^^^^^^^^^^^^^^^^^^^^
[INFO] [stdout] 
[INFO] [stdout] 
[INFO] [stdout] error: could not evaluate constant pattern
[INFO] [stdout]    --> src/enums.rs:606:5
[INFO] [stdout]     |
[INFO] [stdout] 606 |     KeyCameraAccessDisable = KEY_CAMERA_ACCESS_DISABLE,
[INFO] [stdout]     |     ^^^^^^^^^^^^^^^^^^^^^^
[INFO] [stdout] 
[INFO] [stdout] 
[INFO] [stdout] error: could not evaluate constant pattern
[INFO] [stdout]    --> src/enums.rs:608:5
[INFO] [stdout]     |
[INFO] [stdout] 608 |     KeyCameraAccessToggle = KEY_CAMERA_ACCESS_TOGGLE,
[INFO] [stdout]     |     ^^^^^^^^^^^^^^^^^^^^^
[INFO] [stdout] 
[INFO] [stdout] 
[INFO] [stdout] error: could not evaluate constant pattern
[INFO] [stdout]    --> src/enums.rs:641:5
[INFO] [stdout]     |
[INFO] [stdout] 641 |     KeyNextElement = KEY_NEXT_ELEMENT,
[INFO] [stdout]     |     ^^^^^^^^^^^^^^
[INFO] [stdout] 
[INFO] [stdout] 
[INFO] [stdout] error: could not evaluate constant pattern
[INFO] [stdout]    --> src/enums.rs:643:5
[INFO] [stdout]     |
[INFO] [stdout] 643 |     KeyPreviousElement = KEY_PREVIOUS_ELEMENT,
[INFO] [stdout]     |     ^^^^^^^^^^^^^^^^^^
[INFO] [stdout] 
[INFO] [stdout] 
[INFO] [stdout] error: could not evaluate constant pattern
[INFO] [stdout]    --> src/enums.rs:645:5
[INFO] [stdout]     |
[INFO] [stdout] 645 |     KeyAutopilotEngageToggle = KEY_AUTOPILOT_ENGAGE_TOGGLE,
[INFO] [stdout]     |     ^^^^^^^^^^^^^^^^^^^^^^^^
[INFO] [stdout] 
[INFO] [stdout] 
[INFO] [stdout] error: could not evaluate constant pattern
[INFO] [stdout]    --> src/enums.rs:647:5
[INFO] [stdout]     |
[INFO] [stdout] 647 |     KeyMarkWaypoint = KEY_MARK_WAYPOINT,
[INFO] [stdout]     |     ^^^^^^^^^^^^^^^
[INFO] [stdout] 
[INFO] [stdout] 
[INFO] [stdout] error: could not evaluate constant pattern
[INFO] [stdout]    --> src/enums.rs:649:5
[INFO] [stdout]     |
[INFO] [stdout] 649 |     KeySos = KEY_SOS,
[INFO] [stdout]     |     ^^^^^^
[INFO] [stdout] 
[INFO] [stdout] 
[INFO] [stdout] error: could not evaluate constant pattern
[INFO] [stdout]    --> src/enums.rs:651:5
[INFO] [stdout]     |
[INFO] [stdout] 651 |     KeyNavChart = KEY_NAV_CHART,
[INFO] [stdout]     |     ^^^^^^^^^^^
[INFO] [stdout] 
[INFO] [stdout] 
[INFO] [stdout] error: could not evaluate constant pattern
[INFO] [stdout]    --> src/enums.rs:653:5
[INFO] [stdout]     |
[INFO] [stdout] 653 |     KeyFishingChart = KEY_FISHING_CHART,
[INFO] [stdout]     |     ^^^^^^^^^^^^^^^
[INFO] [stdout] 
[INFO] [stdout] 
[INFO] [stdout] error: could not evaluate constant pattern
[INFO] [stdout]    --> src/enums.rs:655:5
[INFO] [stdout]     |
[INFO] [stdout] 655 |     KeySingleRangeRadar = KEY_SINGLE_RANGE_RADAR,
[INFO] [stdout]     |     ^^^^^^^^^^^^^^^^^^^
[INFO] [stdout] 
[INFO] [stdout] 
[INFO] [stdout] error: could not evaluate constant pattern
[INFO] [stdout]    --> src/enums.rs:657:5
[INFO] [stdout]     |
[INFO] [stdout] 657 |     KeyDualRangeRadar = KEY_DUAL_RANGE_RADAR,
[INFO] [stdout]     |     ^^^^^^^^^^^^^^^^^
[INFO] [stdout] 
[INFO] [stdout] 
[INFO] [stdout] error: could not evaluate constant pattern
[INFO] [stdout]    --> src/enums.rs:659:5
[INFO] [stdout]     |
[INFO] [stdout] 659 |     KeyRadarOverlay = KEY_RADAR_OVERLAY,
[INFO] [stdout]     |     ^^^^^^^^^^^^^^^
[INFO] [stdout] 
[INFO] [stdout] 
[INFO] [stdout] error: could not evaluate constant pattern
[INFO] [stdout]    --> src/enums.rs:661:5
[INFO] [stdout]     |
[INFO] [stdout] 661 |     KeyTraditionalSonar = KEY_TRADITIONAL_SONAR,
[INFO] [stdout]     |     ^^^^^^^^^^^^^^^^^^^
[INFO] [stdout] 
[INFO] [stdout] 
[INFO] [stdout] error: could not evaluate constant pattern
[INFO] [stdout]    --> src/enums.rs:663:5
[INFO] [stdout]     |
[INFO] [stdout] 663 |     KeyClearvuSonar = KEY_CLEARVU_SONAR,
[INFO] [stdout]     |     ^^^^^^^^^^^^^^^
[INFO] [stdout] 
[INFO] [stdout] 
[INFO] [stdout] error: could not evaluate constant pattern
[INFO] [stdout]    --> src/enums.rs:665:5
[INFO] [stdout]     |
[INFO] [stdout] 665 |     KeySidevuSonar = KEY_SIDEVU_SONAR,
[INFO] [stdout]     |     ^^^^^^^^^^^^^^
[INFO] [stdout] 
[INFO] [stdout] 
[INFO] [stdout] error: could not evaluate constant pattern
[INFO] [stdout]    --> src/enums.rs:667:5
[INFO] [stdout]     |
[INFO] [stdout] 667 |     KeyNavInfo = KEY_NAV_INFO,
[INFO] [stdout]     |     ^^^^^^^^^^
[INFO] [stdout] 
[INFO] [stdout] 
[INFO] [stdout] error: could not evaluate constant pattern
[INFO] [stdout]    --> src/enums.rs:669:5
[INFO] [stdout]     |
[INFO] [stdout] 669 |     KeyBrightnessMenu = KEY_BRIGHTNESS_MENU,
[INFO] [stdout]     |     ^^^^^^^^^^^^^^^^^
[INFO] [stdout] 
[INFO] [stdout] 
[INFO] [stdout] error: could not evaluate constant pattern
[INFO] [stdout]    --> src/enums.rs:840:5
[INFO] [stdout]     |
[INFO] [stdout] 840 |     Profile = ABS_PROFILE,
[INFO] [stdout]     |     ^^^^^^^
[INFO] [stdout] 
[INFO] [stdout] 
[INFO] [stdout] For more information about this error, try `rustc --explain E0425`.
[INFO] [stdout] 
[INFO] [stderr] error: could not compile `southpaw` (lib) due to 38 previous errors
[INFO] running `Command { std: "docker" "inspect" "e997c65d536b4ddf9fab2b7e243fba101f03ec2af969898d6b7f2a4db91803b5", kill_on_drop: false }`
[INFO] running `Command { std: "docker" "rm" "-f" "e997c65d536b4ddf9fab2b7e243fba101f03ec2af969898d6b7f2a4db91803b5", kill_on_drop: false }`
[INFO] [stdout] e997c65d536b4ddf9fab2b7e243fba101f03ec2af969898d6b7f2a4db91803b5
