[INFO] fetching crate soundio 0.2.1...
[INFO] testing soundio-0.2.1 against nightly-2024-10-28+rustflags=-Zrandomize-layout for randomize-layout
[INFO] extracting crate soundio 0.2.1 into /workspace/builds/worker-0-tc2/source
[INFO] validating manifest of crates.io crate soundio 0.2.1 on toolchain nightly-2024-10-28
[INFO] running `Command { std: CARGO_HOME="/workspace/cargo-home" RUSTUP_HOME="/workspace/rustup-home" "/workspace/cargo-home/bin/cargo" "+nightly-2024-10-28" "metadata" "--manifest-path" "Cargo.toml" "--no-deps", kill_on_drop: false }`
[INFO] started tweaking crates.io crate soundio 0.2.1
[INFO] removed 0 missing examples
[INFO] finished tweaking crates.io crate soundio 0.2.1
[INFO] tweaked toml for crates.io crate soundio 0.2.1 written to /workspace/builds/worker-0-tc2/source/Cargo.toml
[INFO] crate crates.io crate soundio 0.2.1 already has a lockfile, it will not be regenerated
[INFO] running `Command { std: CARGO_HOME="/workspace/cargo-home" RUSTUP_HOME="/workspace/rustup-home" "/workspace/cargo-home/bin/cargo" "+nightly-2024-10-28" "fetch" "--manifest-path" "Cargo.toml", kill_on_drop: false }`
[INFO] [stderr] warning: no edition set: defaulting to the 2015 edition while the latest is 2021
[INFO] running `Command { std: "docker" "create" "-v" "/var/lib/crater-agent-workspace/builds/worker-0-tc2/target:/opt/rustwide/target:rw,Z" "-v" "/var/lib/crater-agent-workspace/builds/worker-0-tc2/source:/opt/rustwide/workdir:ro,Z" "-v" "/var/lib/crater-agent-workspace/cargo-home:/opt/rustwide/cargo-home:ro,Z" "-v" "/var/lib/crater-agent-workspace/rustup-home:/opt/rustwide/rustup-home:ro,Z" "-e" "SOURCE_DIR=/opt/rustwide/workdir" "-e" "CARGO_TARGET_DIR=/opt/rustwide/target" "-e" "CARGO_HOME=/opt/rustwide/cargo-home" "-e" "RUSTUP_HOME=/opt/rustwide/rustup-home" "-w" "/opt/rustwide/workdir" "-m" "1610612736" "--user" "0:0" "--network" "none" "ghcr.io/rust-lang/crates-build-env/linux@sha256:4a844ea9eb2546a2d2c7022eacef16ef2e8229c7fbb2c7d4d55a9ceca922f72d" "/opt/rustwide/cargo-home/bin/cargo" "+nightly-2024-10-28" "metadata" "--no-deps" "--format-version=1", kill_on_drop: false }`
[INFO] [stdout] c4d4efb79dff443013d902a062230d7b7a032c41a7ada65335775b1f4db11522
[INFO] running `Command { std: "docker" "start" "-a" "c4d4efb79dff443013d902a062230d7b7a032c41a7ada65335775b1f4db11522", kill_on_drop: false }`
[INFO] running `Command { std: "docker" "inspect" "c4d4efb79dff443013d902a062230d7b7a032c41a7ada65335775b1f4db11522", kill_on_drop: false }`
[INFO] running `Command { std: "docker" "rm" "-f" "c4d4efb79dff443013d902a062230d7b7a032c41a7ada65335775b1f4db11522", kill_on_drop: false }`
[INFO] [stdout] c4d4efb79dff443013d902a062230d7b7a032c41a7ada65335775b1f4db11522
[INFO] running `Command { std: "docker" "create" "-v" "/var/lib/crater-agent-workspace/builds/worker-0-tc2/target:/opt/rustwide/target:rw,Z" "-v" "/var/lib/crater-agent-workspace/builds/worker-0-tc2/source:/opt/rustwide/workdir:ro,Z" "-v" "/var/lib/crater-agent-workspace/cargo-home:/opt/rustwide/cargo-home:ro,Z" "-v" "/var/lib/crater-agent-workspace/rustup-home:/opt/rustwide/rustup-home:ro,Z" "-e" "SOURCE_DIR=/opt/rustwide/workdir" "-e" "CARGO_TARGET_DIR=/opt/rustwide/target" "-e" "CARGO_INCREMENTAL=0" "-e" "RUST_BACKTRACE=full" "-e" "RUSTFLAGS=--cap-lints=forbid -Zrandomize-layout" "-e" "RUSTDOCFLAGS=--cap-lints=forbid" "-e" "CARGO_HOME=/opt/rustwide/cargo-home" "-e" "RUSTUP_HOME=/opt/rustwide/rustup-home" "-w" "/opt/rustwide/workdir" "-m" "1610612736" "--user" "0:0" "--network" "none" "ghcr.io/rust-lang/crates-build-env/linux@sha256:4a844ea9eb2546a2d2c7022eacef16ef2e8229c7fbb2c7d4d55a9ceca922f72d" "/opt/rustwide/cargo-home/bin/cargo" "+nightly-2024-10-28" "build" "--frozen" "--message-format=json", kill_on_drop: false }`
[INFO] [stdout] 9cf07a87674f2b2554eb84346bb5ecbc5a95180f5133d3357c5159fc85749f8f
[INFO] running `Command { std: "docker" "start" "-a" "9cf07a87674f2b2554eb84346bb5ecbc5a95180f5133d3357c5159fc85749f8f", kill_on_drop: false }`
[INFO] [stderr] warning: no edition set: defaulting to the 2015 edition while the latest is 2021
[INFO] [stderr]    Compiling cc v1.0.50
[INFO] [stderr]    Compiling pkg-config v0.3.17
[INFO] [stderr]    Compiling cmake v0.1.42
[INFO] [stderr]    Compiling libsoundio-sys v0.3.0
[INFO] [stderr]    Compiling soundio v0.2.1 (/opt/rustwide/workdir)
[INFO] [stdout] warning: use of deprecated method `std::error::Error::description`: use the Display impl or to_string()
[INFO] [stdout]    --> src/error.rs:110:26
[INFO] [stdout]     |
[INFO] [stdout] 110 |         f.write_str(self.description())
[INFO] [stdout]     |                          ^^^^^^^^^^^
[INFO] [stdout]     |
[INFO] [stdout]     = note: `#[warn(deprecated)]` on by default
[INFO] [stdout] 
[INFO] [stdout] 
[INFO] [stdout] warning: use of deprecated method `std::error::Error::description`: use the Display impl or to_string()
[INFO] [stdout]    --> src/error.rs:133:13
[INFO] [stdout]     |
[INFO] [stdout] 133 |         err.description().to_string()
[INFO] [stdout]     |             ^^^^^^^^^^^
[INFO] [stdout] 
[INFO] [stdout] 
[INFO] [stdout] warning: variable does not need to be mutable
[INFO] [stdout]    --> src/device.rs:325:13
[INFO] [stdout]     |
[INFO] [stdout] 325 |         let mut outstream = unsafe { raw::soundio_outstream_create(self.device) };
[INFO] [stdout]     |             ----^^^^^^^^^
[INFO] [stdout]     |             |
[INFO] [stdout]     |             help: remove this `mut`
[INFO] [stdout]     |
[INFO] [stdout]     = note: `#[warn(unused_mut)]` on by default
[INFO] [stdout] 
[INFO] [stdout] 
[INFO] [stdout] warning: variable does not need to be mutable
[INFO] [stdout]    --> src/device.rs:429:13
[INFO] [stdout]     |
[INFO] [stdout] 429 |         let mut instream = unsafe { raw::soundio_instream_create(self.device) };
[INFO] [stdout]     |             ----^^^^^^^^
[INFO] [stdout]     |             |
[INFO] [stdout]     |             help: remove this `mut`
[INFO] [stdout] 
[INFO] [stdout] 
[INFO] [stderr]     Finished `dev` profile [unoptimized + debuginfo] target(s) in 4.45s
[INFO] running `Command { std: "docker" "inspect" "9cf07a87674f2b2554eb84346bb5ecbc5a95180f5133d3357c5159fc85749f8f", kill_on_drop: false }`
[INFO] running `Command { std: "docker" "rm" "-f" "9cf07a87674f2b2554eb84346bb5ecbc5a95180f5133d3357c5159fc85749f8f", kill_on_drop: false }`
[INFO] [stdout] 9cf07a87674f2b2554eb84346bb5ecbc5a95180f5133d3357c5159fc85749f8f
[INFO] running `Command { std: "docker" "create" "-v" "/var/lib/crater-agent-workspace/builds/worker-0-tc2/target:/opt/rustwide/target:rw,Z" "-v" "/var/lib/crater-agent-workspace/builds/worker-0-tc2/source:/opt/rustwide/workdir:ro,Z" "-v" "/var/lib/crater-agent-workspace/cargo-home:/opt/rustwide/cargo-home:ro,Z" "-v" "/var/lib/crater-agent-workspace/rustup-home:/opt/rustwide/rustup-home:ro,Z" "-e" "SOURCE_DIR=/opt/rustwide/workdir" "-e" "CARGO_TARGET_DIR=/opt/rustwide/target" "-e" "CARGO_INCREMENTAL=0" "-e" "RUST_BACKTRACE=full" "-e" "RUSTFLAGS=--cap-lints=forbid -Zrandomize-layout" "-e" "RUSTDOCFLAGS=--cap-lints=forbid" "-e" "CARGO_HOME=/opt/rustwide/cargo-home" "-e" "RUSTUP_HOME=/opt/rustwide/rustup-home" "-w" "/opt/rustwide/workdir" "-m" "1610612736" "--user" "0:0" "--network" "none" "ghcr.io/rust-lang/crates-build-env/linux@sha256:4a844ea9eb2546a2d2c7022eacef16ef2e8229c7fbb2c7d4d55a9ceca922f72d" "/opt/rustwide/cargo-home/bin/cargo" "+nightly-2024-10-28" "test" "--frozen" "--no-run" "--message-format=json", kill_on_drop: false }`
[INFO] [stdout] 69a3e352358898f2f0aab6d10cdb26d1263758a1187b173bc8399dbdac022506
[INFO] running `Command { std: "docker" "start" "-a" "69a3e352358898f2f0aab6d10cdb26d1263758a1187b173bc8399dbdac022506", kill_on_drop: false }`
[INFO] [stderr] warning: no edition set: defaulting to the 2015 edition while the latest is 2021
[INFO] [stderr]    Compiling crossbeam v0.2.12
[INFO] [stderr]    Compiling hound v3.4.0
[INFO] [stdout] warning: use of deprecated method `std::error::Error::description`: use the Display impl or to_string()
[INFO] [stdout]    --> src/error.rs:110:26
[INFO] [stdout]     |
[INFO] [stdout] 110 |         f.write_str(self.description())
[INFO] [stdout]     |                          ^^^^^^^^^^^
[INFO] [stdout]     |
[INFO] [stdout]     = note: `#[warn(deprecated)]` on by default
[INFO] [stdout] 
[INFO] [stdout] 
[INFO] [stdout] warning: use of deprecated method `std::error::Error::description`: use the Display impl or to_string()
[INFO] [stdout]    --> src/error.rs:133:13
[INFO] [stdout]     |
[INFO] [stdout] 133 |         err.description().to_string()
[INFO] [stdout]     |             ^^^^^^^^^^^
[INFO] [stdout] 
[INFO] [stdout] 
[INFO] [stdout] warning: variable does not need to be mutable
[INFO] [stdout]    --> src/device.rs:325:13
[INFO] [stdout]     |
[INFO] [stdout] 325 |         let mut outstream = unsafe { raw::soundio_outstream_create(self.device) };
[INFO] [stdout]     |             ----^^^^^^^^^
[INFO] [stdout]     |             |
[INFO] [stdout]     |             help: remove this `mut`
[INFO] [stdout]     |
[INFO] [stdout]     = note: `#[warn(unused_mut)]` on by default
[INFO] [stdout] 
[INFO] [stdout] 
[INFO] [stdout] warning: variable does not need to be mutable
[INFO] [stdout]    --> src/device.rs:429:13
[INFO] [stdout]     |
[INFO] [stdout] 429 |         let mut instream = unsafe { raw::soundio_instream_create(self.device) };
[INFO] [stdout]     |             ----^^^^^^^^
[INFO] [stdout]     |             |
[INFO] [stdout]     |             help: remove this `mut`
[INFO] [stdout] 
[INFO] [stdout] 
[INFO] [stderr]    Compiling soundio v0.2.1 (/opt/rustwide/workdir)
[INFO] [stdout] warning: use of deprecated method `std::error::Error::description`: use the Display impl or to_string()
[INFO] [stdout]    --> src/error.rs:110:26
[INFO] [stdout]     |
[INFO] [stdout] 110 |         f.write_str(self.description())
[INFO] [stdout]     |                          ^^^^^^^^^^^
[INFO] [stdout]     |
[INFO] [stdout]     = note: `#[warn(deprecated)]` on by default
[INFO] [stdout] 
[INFO] [stdout] 
[INFO] [stdout] warning: use of deprecated method `std::error::Error::description`: use the Display impl or to_string()
[INFO] [stdout]    --> src/error.rs:133:13
[INFO] [stdout]     |
[INFO] [stdout] 133 |         err.description().to_string()
[INFO] [stdout]     |             ^^^^^^^^^^^
[INFO] [stdout] 
[INFO] [stdout] 
[INFO] [stdout] error: linking with `cc` failed: exit status: 1
[INFO] [stdout]   |
[INFO] [stdout]   = note: LC_ALL="C" PATH="/opt/rustwide/rustup-home/toolchains/nightly-2024-10-28-x86_64-unknown-linux-gnu/lib/rustlib/x86_64-unknown-linux-gnu/bin:/opt/rustwide/rustup-home/toolchains/nightly-2024-10-28-x86_64-unknown-linux-gnu/lib/rustlib/x86_64-unknown-linux-gnu/bin/self-contained:/opt/rustwide/cargo-home/bin:/usr/local/sbin:/usr/local/bin:/usr/sbin:/usr/bin:/sbin:/bin" VSLANG="1033" "cc" "-m64" "/tmp/rustcV23yma/symbols.o" "/opt/rustwide/target/debug/examples/list_devices-2edb1bb6cfc93808.list_devices.9799b4051e05a1b3-cgu.0.rcgu.o" "/opt/rustwide/target/debug/examples/list_devices-2edb1bb6cfc93808.0fyzgtro7dddojcwqli7eqz7a.rcgu.o" "-Wl,--as-needed" "-Wl,-Bstatic" "/opt/rustwide/target/debug/deps/libsoundio-3d07c98e5291988a.rlib" "/opt/rustwide/target/debug/deps/liblibsoundio_sys-61df7def8dc76460.rlib" "/opt/rustwide/rustup-home/toolchains/nightly-2024-10-28-x86_64-unknown-linux-gnu/lib/rustlib/x86_64-unknown-linux-gnu/lib/libstd-fb8c387236db3c10.rlib" "/opt/rustwide/rustup-home/toolchains/nightly-2024-10-28-x86_64-unknown-linux-gnu/lib/rustlib/x86_64-unknown-linux-gnu/lib/libpanic_unwind-b251837809b2f64b.rlib" "/opt/rustwide/rustup-home/toolchains/nightly-2024-10-28-x86_64-unknown-linux-gnu/lib/rustlib/x86_64-unknown-linux-gnu/lib/libobject-cbef83eaa4e01f04.rlib" "/opt/rustwide/rustup-home/toolchains/nightly-2024-10-28-x86_64-unknown-linux-gnu/lib/rustlib/x86_64-unknown-linux-gnu/lib/libmemchr-12a772286de2fca7.rlib" "/opt/rustwide/rustup-home/toolchains/nightly-2024-10-28-x86_64-unknown-linux-gnu/lib/rustlib/x86_64-unknown-linux-gnu/lib/libaddr2line-023bbe5ada7abfc3.rlib" "/opt/rustwide/rustup-home/toolchains/nightly-2024-10-28-x86_64-unknown-linux-gnu/lib/rustlib/x86_64-unknown-linux-gnu/lib/libgimli-de2bcdf10ec69c2b.rlib" "/opt/rustwide/rustup-home/toolchains/nightly-2024-10-28-x86_64-unknown-linux-gnu/lib/rustlib/x86_64-unknown-linux-gnu/lib/librustc_demangle-8e1754df350800fd.rlib" "/opt/rustwide/rustup-home/toolchains/nightly-2024-10-28-x86_64-unknown-linux-gnu/lib/rustlib/x86_64-unknown-linux-gnu/lib/libstd_detect-06c2ab7b9c32e037.rlib" "/opt/rustwide/rustup-home/toolchains/nightly-2024-10-28-x86_64-unknown-linux-gnu/lib/rustlib/x86_64-unknown-linux-gnu/lib/libhashbrown-51d2621fc57a281b.rlib" "/opt/rustwide/rustup-home/toolchains/nightly-2024-10-28-x86_64-unknown-linux-gnu/lib/rustlib/x86_64-unknown-linux-gnu/lib/librustc_std_workspace_alloc-54a930408793772f.rlib" "/opt/rustwide/rustup-home/toolchains/nightly-2024-10-28-x86_64-unknown-linux-gnu/lib/rustlib/x86_64-unknown-linux-gnu/lib/libminiz_oxide-0c7d01cba400dcb2.rlib" "/opt/rustwide/rustup-home/toolchains/nightly-2024-10-28-x86_64-unknown-linux-gnu/lib/rustlib/x86_64-unknown-linux-gnu/lib/libadler-b9f84d69e331b75b.rlib" "/opt/rustwide/rustup-home/toolchains/nightly-2024-10-28-x86_64-unknown-linux-gnu/lib/rustlib/x86_64-unknown-linux-gnu/lib/libunwind-eec95493246aae39.rlib" "/opt/rustwide/rustup-home/toolchains/nightly-2024-10-28-x86_64-unknown-linux-gnu/lib/rustlib/x86_64-unknown-linux-gnu/lib/libcfg_if-6f6676c475e08ab0.rlib" "/opt/rustwide/rustup-home/toolchains/nightly-2024-10-28-x86_64-unknown-linux-gnu/lib/rustlib/x86_64-unknown-linux-gnu/lib/liblibc-799d520624f8b2e0.rlib" "/opt/rustwide/rustup-home/toolchains/nightly-2024-10-28-x86_64-unknown-linux-gnu/lib/rustlib/x86_64-unknown-linux-gnu/lib/liballoc-fcf93d4842acd9a9.rlib" "/opt/rustwide/rustup-home/toolchains/nightly-2024-10-28-x86_64-unknown-linux-gnu/lib/rustlib/x86_64-unknown-linux-gnu/lib/librustc_std_workspace_core-395a38b8e0851c9b.rlib" "/opt/rustwide/rustup-home/toolchains/nightly-2024-10-28-x86_64-unknown-linux-gnu/lib/rustlib/x86_64-unknown-linux-gnu/lib/libcore-d453bab70303062c.rlib" "/opt/rustwide/rustup-home/toolchains/nightly-2024-10-28-x86_64-unknown-linux-gnu/lib/rustlib/x86_64-unknown-linux-gnu/lib/libcompiler_builtins-0e6386368b0a24e8.rlib" "-Wl,-Bdynamic" "-lgcc_s" "-lutil" "-lrt" "-lpthread" "-lm" "-ldl" "-lc" "-B/opt/rustwide/rustup-home/toolchains/nightly-2024-10-28-x86_64-unknown-linux-gnu/lib/rustlib/x86_64-unknown-linux-gnu/bin/gcc-ld" "-fuse-ld=lld" "-Wl,--eh-frame-hdr" "-Wl,-z,noexecstack" "-L" "/opt/rustwide/target/debug/build/libsoundio-sys-b4f3b924d0589792/out/lib" "-L" "/opt/rustwide/rustup-home/toolchains/nightly-2024-10-28-x86_64-unknown-linux-gnu/lib/rustlib/x86_64-unknown-linux-gnu/lib" "-o" "/opt/rustwide/target/debug/examples/list_devices-2edb1bb6cfc93808" "-Wl,--gc-sections" "-pie" "-Wl,-z,relro,-z,now" "-nodefaultlibs"
[INFO] [stdout]   = note: rust-lld: error: undefined symbol: jack_get_ports
[INFO] [stdout]           >>> referenced by jack.c:99 (/opt/rustwide/cargo-home/registry/src/index.crates.io-6f17d22bba15001f/libsoundio-sys-0.3.0/libsoundio/src/jack.c:99)
[INFO] [stdout]           >>>               jack.c.o:(refresh_devices_bare) in archive /opt/rustwide/target/debug/deps/liblibsoundio_sys-61df7def8dc76460.rlib
[INFO] [stdout]           
[INFO] [stdout]           rust-lld: error: undefined symbol: jack_port_by_name
[INFO] [stdout]           >>> referenced by jack.c:110 (/opt/rustwide/cargo-home/registry/src/index.crates.io-6f17d22bba15001f/libsoundio-sys-0.3.0/libsoundio/src/jack.c:110)
[INFO] [stdout]           >>>               jack.c.o:(refresh_devices_bare) in archive /opt/rustwide/target/debug/deps/liblibsoundio_sys-61df7def8dc76460.rlib
[INFO] [stdout]           
[INFO] [stdout]           rust-lld: error: undefined symbol: jack_free
[INFO] [stdout]           >>> referenced by jack.c:114 (/opt/rustwide/cargo-home/registry/src/index.crates.io-6f17d22bba15001f/libsoundio-sys-0.3.0/libsoundio/src/jack.c:114)
[INFO] [stdout]           >>>               jack.c.o:(refresh_devices_bare) in archive /opt/rustwide/target/debug/deps/liblibsoundio_sys-61df7def8dc76460.rlib
[INFO] [stdout]           >>> referenced by jack.c:143 (/opt/rustwide/cargo-home/registry/src/index.crates.io-6f17d22bba15001f/libsoundio-sys-0.3.0/libsoundio/src/jack.c:143)
[INFO] [stdout]           >>>               jack.c.o:(refresh_devices_bare) in archive /opt/rustwide/target/debug/deps/liblibsoundio_sys-61df7def8dc76460.rlib
[INFO] [stdout]           >>> referenced by jack.c:170 (/opt/rustwide/cargo-home/registry/src/index.crates.io-6f17d22bba15001f/libsoundio-sys-0.3.0/libsoundio/src/jack.c:170)
[INFO] [stdout]           >>>               jack.c.o:(refresh_devices_bare) in archive /opt/rustwide/target/debug/deps/liblibsoundio_sys-61df7def8dc76460.rlib
[INFO] [stdout]           >>> referenced 3 more times
[INFO] [stdout]           
[INFO] [stdout]           rust-lld: error: undefined symbol: jack_port_flags
[INFO] [stdout]           >>> referenced by jack.c:119 (/opt/rustwide/cargo-home/registry/src/index.crates.io-6f17d22bba15001f/libsoundio-sys-0.3.0/libsoundio/src/jack.c:119)
[INFO] [stdout]           >>>               jack.c.o:(refresh_devices_bare) in archive /opt/rustwide/target/debug/deps/liblibsoundio_sys-61df7def8dc76460.rlib
[INFO] [stdout]           
[INFO] [stdout]           rust-lld: error: undefined symbol: jack_port_type
[INFO] [stdout]           >>> referenced by jack.c:120 (/opt/rustwide/cargo-home/registry/src/index.crates.io-6f17d22bba15001f/libsoundio-sys-0.3.0/libsoundio/src/jack.c:120)
[INFO] [stdout]           >>>               jack.c.o:(refresh_devices_bare) in archive /opt/rustwide/target/debug/deps/liblibsoundio_sys-61df7def8dc76460.rlib
[INFO] [stdout]           
[INFO] [stdout]           rust-lld: error: undefined symbol: jack_port_get_buffer
[INFO] [stdout]           >>> referenced by jack.c:361 (/opt/rustwide/cargo-home/registry/src/index.crates.io-6f17d22bba15001f/libsoundio-sys-0.3.0/libsoundio/src/jack.c:361)
[INFO] [stdout]           >>>               jack.c.o:(outstream_process_callback) in archive /opt/rustwide/target/debug/deps/liblibsoundio_sys-61df7def8dc76460.rlib
[INFO] [stdout]           >>> referenced by jack.c:642 (/opt/rustwide/cargo-home/registry/src/index.crates.io-6f17d22bba15001f/libsoundio-sys-0.3.0/libsoundio/src/jack.c:642)
[INFO] [stdout]           >>>               jack.c.o:(instream_process_callback) in archive /opt/rustwide/target/debug/deps/liblibsoundio_sys-61df7def8dc76460.rlib
[INFO] [stdout]           
[INFO] [stdout]           rust-lld: error: undefined symbol: jack_client_close
[INFO] [stdout]           >>> referenced by jack.c:371 (/opt/rustwide/cargo-home/registry/src/index.crates.io-6f17d22bba15001f/libsoundio-sys-0.3.0/libsoundio/src/jack.c:371)
[INFO] [stdout]           >>>               jack.c.o:(outstream_destroy_jack) in archive /opt/rustwide/target/debug/deps/liblibsoundio_sys-61df7def8dc76460.rlib
[INFO] [stdout]           >>> referenced by jack.c:594 (/opt/rustwide/cargo-home/registry/src/index.crates.io-6f17d22bba15001f/libsoundio-sys-0.3.0/libsoundio/src/jack.c:594)
[INFO] [stdout]           >>>               jack.c.o:(instream_destroy_jack) in archive /opt/rustwide/target/debug/deps/liblibsoundio_sys-61df7def8dc76460.rlib
[INFO] [stdout]           >>> referenced by jack.c:859 (/opt/rustwide/cargo-home/registry/src/index.crates.io-6f17d22bba15001f/libsoundio-sys-0.3.0/libsoundio/src/jack.c:859)
[INFO] [stdout]           >>>               jack.c.o:(destroy_jack) in archive /opt/rustwide/target/debug/deps/liblibsoundio_sys-61df7def8dc76460.rlib
[INFO] [stdout]           
[INFO] [stdout]           rust-lld: error: undefined symbol: jack_client_open
[INFO] [stdout]           >>> referenced by jack.c:446 (/opt/rustwide/cargo-home/registry/src/index.crates.io-6f17d22bba15001f/libsoundio-sys-0.3.0/libsoundio/src/jack.c:446)
[INFO] [stdout]           >>>               jack.c.o:(outstream_open_jack) in archive /opt/rustwide/target/debug/deps/liblibsoundio_sys-61df7def8dc76460.rlib
[INFO] [stdout]           >>> referenced by jack.c:667 (/opt/rustwide/cargo-home/registry/src/index.crates.io-6f17d22bba15001f/libsoundio-sys-0.3.0/libsoundio/src/jack.c:667)
[INFO] [stdout]           >>>               jack.c.o:(instream_open_jack) in archive /opt/rustwide/target/debug/deps/liblibsoundio_sys-61df7def8dc76460.rlib
[INFO] [stdout]           >>> referenced by jack.c:895 (/opt/rustwide/cargo-home/registry/src/index.crates.io-6f17d22bba15001f/libsoundio-sys-0.3.0/libsoundio/src/jack.c:895)
[INFO] [stdout]           >>>               jack.c.o:(soundio_jack_init) in archive /opt/rustwide/target/debug/deps/liblibsoundio_sys-61df7def8dc76460.rlib
[INFO] [stdout]           
[INFO] [stdout]           rust-lld: error: undefined symbol: jack_set_process_callback
[INFO] [stdout]           >>> referenced by jack.c:458 (/opt/rustwide/cargo-home/registry/src/index.crates.io-6f17d22bba15001f/libsoundio-sys-0.3.0/libsoundio/src/jack.c:458)
[INFO] [stdout]           >>>               jack.c.o:(outstream_open_jack) in archive /opt/rustwide/target/debug/deps/liblibsoundio_sys-61df7def8dc76460.rlib
[INFO] [stdout]           >>> referenced by jack.c:679 (/opt/rustwide/cargo-home/registry/src/index.crates.io-6f17d22bba15001f/libsoundio-sys-0.3.0/libsoundio/src/jack.c:679)
[INFO] [stdout]           >>>               jack.c.o:(instream_open_jack) in archive /opt/rustwide/target/debug/deps/liblibsoundio_sys-61df7def8dc76460.rlib
[INFO] [stdout]           
[INFO] [stdout]           rust-lld: error: undefined symbol: jack_set_buffer_size_callback
[INFO] [stdout]           >>> referenced by jack.c:462 (/opt/rustwide/cargo-home/registry/src/index.crates.io-6f17d22bba15001f/libsoundio-sys-0.3.0/libsoundio/src/jack.c:462)
[INFO] [stdout]           >>>               jack.c.o:(outstream_open_jack) in archive /opt/rustwide/target/debug/deps/liblibsoundio_sys-61df7def8dc76460.rlib
[INFO] [stdout]           >>> referenced by jack.c:683 (/opt/rustwide/cargo-home/registry/src/index.crates.io-6f17d22bba15001f/libsoundio-sys-0.3.0/libsoundio/src/jack.c:683)
[INFO] [stdout]           >>>               jack.c.o:(instream_open_jack) in archive /opt/rustwide/target/debug/deps/liblibsoundio_sys-61df7def8dc76460.rlib
[INFO] [stdout]           >>> referenced by jack.c:908 (/opt/rustwide/cargo-home/registry/src/index.crates.io-6f17d22bba15001f/libsoundio-sys-0.3.0/libsoundio/src/jack.c:908)
[INFO] [stdout]           >>>               jack.c.o:(soundio_jack_init) in archive /opt/rustwide/target/debug/deps/liblibsoundio_sys-61df7def8dc76460.rlib
[INFO] [stdout]           
[INFO] [stdout]           rust-lld: error: undefined symbol: jack_set_sample_rate_callback
[INFO] [stdout]           >>> referenced by jack.c:466 (/opt/rustwide/cargo-home/registry/src/index.crates.io-6f17d22bba15001f/libsoundio-sys-0.3.0/libsoundio/src/jack.c:466)
[INFO] [stdout]           >>>               jack.c.o:(outstream_open_jack) in archive /opt/rustwide/target/debug/deps/liblibsoundio_sys-61df7def8dc76460.rlib
[INFO] [stdout]           >>> referenced by jack.c:687 (/opt/rustwide/cargo-home/registry/src/index.crates.io-6f17d22bba15001f/libsoundio-sys-0.3.0/libsoundio/src/jack.c:687)
[INFO] [stdout]           >>>               jack.c.o:(instream_open_jack) in archive /opt/rustwide/target/debug/deps/liblibsoundio_sys-61df7def8dc76460.rlib
[INFO] [stdout]           >>> referenced by jack.c:912 (/opt/rustwide/cargo-home/registry/src/index.crates.io-6f17d22bba15001f/libsoundio-sys-0.3.0/libsoundio/src/jack.c:912)
[INFO] [stdout]           >>>               jack.c.o:(soundio_jack_init) in archive /opt/rustwide/target/debug/deps/liblibsoundio_sys-61df7def8dc76460.rlib
[INFO] [stdout]           
[INFO] [stdout]           rust-lld: error: undefined symbol: jack_set_xrun_callback
[INFO] [stdout]           >>> referenced by jack.c:470 (/opt/rustwide/cargo-home/registry/src/index.crates.io-6f17d22bba15001f/libsoundio-sys-0.3.0/libsoundio/src/jack.c:470)
[INFO] [stdout]           >>>               jack.c.o:(outstream_open_jack) in archive /opt/rustwide/target/debug/deps/liblibsoundio_sys-61df7def8dc76460.rlib
[INFO] [stdout]           >>> referenced by jack.c:691 (/opt/rustwide/cargo-home/registry/src/index.crates.io-6f17d22bba15001f/libsoundio-sys-0.3.0/libsoundio/src/jack.c:691)
[INFO] [stdout]           >>>               jack.c.o:(instream_open_jack) in archive /opt/rustwide/target/debug/deps/liblibsoundio_sys-61df7def8dc76460.rlib
[INFO] [stdout]           
[INFO] [stdout]           rust-lld: error: undefined symbol: jack_on_shutdown
[INFO] [stdout]           >>> referenced by jack.c:474 (/opt/rustwide/cargo-home/registry/src/index.crates.io-6f17d22bba15001f/libsoundio-sys-0.3.0/libsoundio/src/jack.c:474)
[INFO] [stdout]           >>>               jack.c.o:(outstream_open_jack) in archive /opt/rustwide/target/debug/deps/liblibsoundio_sys-61df7def8dc76460.rlib
[INFO] [stdout]           >>> referenced by jack.c:695 (/opt/rustwide/cargo-home/registry/src/index.crates.io-6f17d22bba15001f/libsoundio-sys-0.3.0/libsoundio/src/jack.c:695)
[INFO] [stdout]           >>>               jack.c.o:(instream_open_jack) in archive /opt/rustwide/target/debug/deps/liblibsoundio_sys-61df7def8dc76460.rlib
[INFO] [stdout]           >>> referenced by jack.c:924 (/opt/rustwide/cargo-home/registry/src/index.crates.io-6f17d22bba15001f/libsoundio-sys-0.3.0/libsoundio/src/jack.c:924)
[INFO] [stdout]           >>>               jack.c.o:(soundio_jack_init) in archive /opt/rustwide/target/debug/deps/liblibsoundio_sys-61df7def8dc76460.rlib
[INFO] [stdout]           
[INFO] [stdout]           rust-lld: error: undefined symbol: jack_port_register
[INFO] [stdout]           >>> referenced by jack.c:487 (/opt/rustwide/cargo-home/registry/src/index.crates.io-6f17d22bba15001f/libsoundio-sys-0.3.0/libsoundio/src/jack.c:487)
[INFO] [stdout]           >>>               jack.c.o:(outstream_open_jack) in archive /opt/rustwide/target/debug/deps/liblibsoundio_sys-61df7def8dc76460.rlib
[INFO] [stdout]           >>> referenced by jack.c:707 (/opt/rustwide/cargo-home/registry/src/index.crates.io-6f17d22bba15001f/libsoundio-sys-0.3.0/libsoundio/src/jack.c:707)
[INFO] [stdout]           >>>               jack.c.o:(instream_open_jack) in archive /opt/rustwide/target/debug/deps/liblibsoundio_sys-61df7def8dc76460.rlib
[INFO] [stdout]           
[INFO] [stdout]           rust-lld: error: undefined symbol: jack_activate
[INFO] [stdout]           >>> referenced by jack.c:542 (/opt/rustwide/cargo-home/registry/src/index.crates.io-6f17d22bba15001f/libsoundio-sys-0.3.0/libsoundio/src/jack.c:542)
[INFO] [stdout]           >>>               jack.c.o:(outstream_start_jack) in archive /opt/rustwide/target/debug/deps/liblibsoundio_sys-61df7def8dc76460.rlib
[INFO] [stdout]           >>> referenced by jack.c:762 (/opt/rustwide/cargo-home/registry/src/index.crates.io-6f17d22bba15001f/libsoundio-sys-0.3.0/libsoundio/src/jack.c:762)
[INFO] [stdout]           >>>               jack.c.o:(instream_start_jack) in archive /opt/rustwide/target/debug/deps/liblibsoundio_sys-61df7def8dc76460.rlib
[INFO] [stdout]           >>> referenced by jack.c:930 (/opt/rustwide/cargo-home/registry/src/index.crates.io-6f17d22bba15001f/libsoundio-sys-0.3.0/libsoundio/src/jack.c:930)
[INFO] [stdout]           >>>               jack.c.o:(soundio_jack_init) in archive /opt/rustwide/target/debug/deps/liblibsoundio_sys-61df7def8dc76460.rlib
[INFO] [stdout]           
[INFO] [stdout]           rust-lld: error: undefined symbol: jack_port_name
[INFO] [stdout]           >>> referenced by jack.c:551 (/opt/rustwide/cargo-home/registry/src/index.crates.io-6f17d22bba15001f/libsoundio-sys-0.3.0/libsoundio/src/jack.c:551)
[INFO] [stdout]           >>>               jack.c.o:(outstream_start_jack) in archive /opt/rustwide/target/debug/deps/liblibsoundio_sys-61df7def8dc76460.rlib
[INFO] [stdout]           >>> referenced by jack.c:771 (/opt/rustwide/cargo-home/registry/src/index.crates.io-6f17d22bba15001f/libsoundio-sys-0.3.0/libsoundio/src/jack.c:771)
[INFO] [stdout]           >>>               jack.c.o:(instream_start_jack) in archive /opt/rustwide/target/debug/deps/liblibsoundio_sys-61df7def8dc76460.rlib
[INFO] [stdout]           
[INFO] [stdout]           rust-lld: error: undefined symbol: jack_connect
[INFO] [stdout]           >>> referenced by jack.c:552 (/opt/rustwide/cargo-home/registry/src/index.crates.io-6f17d22bba15001f/libsoundio-sys-0.3.0/libsoundio/src/jack.c:552)
[INFO] [stdout]           >>>               jack.c.o:(outstream_start_jack) in archive /opt/rustwide/target/debug/deps/liblibsoundio_sys-61df7def8dc76460.rlib
[INFO] [stdout]           >>> referenced by jack.c:772 (/opt/rustwide/cargo-home/registry/src/index.crates.io-6f17d22bba15001f/libsoundio-sys-0.3.0/libsoundio/src/jack.c:772)
[INFO] [stdout]           >>>               jack.c.o:(instream_start_jack) in archive /opt/rustwide/target/debug/deps/liblibsoundio_sys-61df7def8dc76460.rlib
[INFO] [stdout]           
[INFO] [stdout]           rust-lld: error: undefined symbol: jack_set_error_function
[INFO] [stdout]           >>> referenced by jack.c:874 (/opt/rustwide/cargo-home/registry/src/index.crates.io-6f17d22bba15001f/libsoundio-sys-0.3.0/libsoundio/src/jack.c:874)
[INFO] [stdout]           >>>               jack.c.o:(soundio_jack_init) in archive /opt/rustwide/target/debug/deps/liblibsoundio_sys-61df7def8dc76460.rlib
[INFO] [stdout]           
[INFO] [stdout]           rust-lld: error: undefined symbol: jack_set_info_function
[INFO] [stdout]           >>> referenced by jack.c:876 (/opt/rustwide/cargo-home/registry/src/index.crates.io-6f17d22bba15001f/libsoundio-sys-0.3.0/libsoundio/src/jack.c:876)
[INFO] [stdout]           >>>               jack.c.o:(soundio_jack_init) in archive /opt/rustwide/target/debug/deps/liblibsoundio_sys-61df7def8dc76460.rlib
[INFO] [stdout]           
[INFO] [stdout]           rust-lld: error: undefined symbol: jack_set_port_registration_callback
[INFO] [stdout]           >>> referenced by jack.c:916 (/opt/rustwide/cargo-home/registry/src/index.crates.io-6f17d22bba15001f/libsoundio-sys-0.3.0/libsoundio/src/jack.c:916)
[INFO] [stdout]           >>>               jack.c.o:(soundio_jack_init) in archive /opt/rustwide/target/debug/deps/liblibsoundio_sys-61df7def8dc76460.rlib
[INFO] [stdout]           
[INFO] [stdout]           rust-lld: error: too many errors emitted, stopping now (use --error-limit=0 to see all errors)
[INFO] [stdout]           collect2: error: ld returned 1 exit status
[INFO] [stdout]           
[INFO] [stdout] 
[INFO] [stdout] 
[INFO] [stderr] error: could not compile `soundio` (example "list_devices") due to 1 previous error
[INFO] [stderr] warning: build failed, waiting for other jobs to finish...
[INFO] [stdout] error: linking with `cc` failed: exit status: 1
[INFO] [stdout]   |
[INFO] [stdout]   = note: LC_ALL="C" PATH="/opt/rustwide/rustup-home/toolchains/nightly-2024-10-28-x86_64-unknown-linux-gnu/lib/rustlib/x86_64-unknown-linux-gnu/bin:/opt/rustwide/rustup-home/toolchains/nightly-2024-10-28-x86_64-unknown-linux-gnu/lib/rustlib/x86_64-unknown-linux-gnu/bin/self-contained:/opt/rustwide/cargo-home/bin:/usr/local/sbin:/usr/local/bin:/usr/sbin:/usr/bin:/sbin:/bin" VSLANG="1033" "cc" "-m64" "/tmp/rustcP2YtRk/symbols.o" "/opt/rustwide/target/debug/examples/sine-95df671f6f891ec2.sine.9c1c795737fedb04-cgu.0.rcgu.o" "/opt/rustwide/target/debug/examples/sine-95df671f6f891ec2.0q84e2ipva2fiktgcn1qn48ti.rcgu.o" "-Wl,--as-needed" "-Wl,-Bstatic" "/opt/rustwide/target/debug/deps/libsoundio-3d07c98e5291988a.rlib" "/opt/rustwide/target/debug/deps/liblibsoundio_sys-61df7def8dc76460.rlib" "/opt/rustwide/target/debug/deps/libcrossbeam-7ad11b11c1c5801f.rlib" "/opt/rustwide/rustup-home/toolchains/nightly-2024-10-28-x86_64-unknown-linux-gnu/lib/rustlib/x86_64-unknown-linux-gnu/lib/libstd-fb8c387236db3c10.rlib" "/opt/rustwide/rustup-home/toolchains/nightly-2024-10-28-x86_64-unknown-linux-gnu/lib/rustlib/x86_64-unknown-linux-gnu/lib/libpanic_unwind-b251837809b2f64b.rlib" "/opt/rustwide/rustup-home/toolchains/nightly-2024-10-28-x86_64-unknown-linux-gnu/lib/rustlib/x86_64-unknown-linux-gnu/lib/libobject-cbef83eaa4e01f04.rlib" "/opt/rustwide/rustup-home/toolchains/nightly-2024-10-28-x86_64-unknown-linux-gnu/lib/rustlib/x86_64-unknown-linux-gnu/lib/libmemchr-12a772286de2fca7.rlib" "/opt/rustwide/rustup-home/toolchains/nightly-2024-10-28-x86_64-unknown-linux-gnu/lib/rustlib/x86_64-unknown-linux-gnu/lib/libaddr2line-023bbe5ada7abfc3.rlib" "/opt/rustwide/rustup-home/toolchains/nightly-2024-10-28-x86_64-unknown-linux-gnu/lib/rustlib/x86_64-unknown-linux-gnu/lib/libgimli-de2bcdf10ec69c2b.rlib" "/opt/rustwide/rustup-home/toolchains/nightly-2024-10-28-x86_64-unknown-linux-gnu/lib/rustlib/x86_64-unknown-linux-gnu/lib/librustc_demangle-8e1754df350800fd.rlib" "/opt/rustwide/rustup-home/toolchains/nightly-2024-10-28-x86_64-unknown-linux-gnu/lib/rustlib/x86_64-unknown-linux-gnu/lib/libstd_detect-06c2ab7b9c32e037.rlib" "/opt/rustwide/rustup-home/toolchains/nightly-2024-10-28-x86_64-unknown-linux-gnu/lib/rustlib/x86_64-unknown-linux-gnu/lib/libhashbrown-51d2621fc57a281b.rlib" "/opt/rustwide/rustup-home/toolchains/nightly-2024-10-28-x86_64-unknown-linux-gnu/lib/rustlib/x86_64-unknown-linux-gnu/lib/librustc_std_workspace_alloc-54a930408793772f.rlib" "/opt/rustwide/rustup-home/toolchains/nightly-2024-10-28-x86_64-unknown-linux-gnu/lib/rustlib/x86_64-unknown-linux-gnu/lib/libminiz_oxide-0c7d01cba400dcb2.rlib" "/opt/rustwide/rustup-home/toolchains/nightly-2024-10-28-x86_64-unknown-linux-gnu/lib/rustlib/x86_64-unknown-linux-gnu/lib/libadler-b9f84d69e331b75b.rlib" "/opt/rustwide/rustup-home/toolchains/nightly-2024-10-28-x86_64-unknown-linux-gnu/lib/rustlib/x86_64-unknown-linux-gnu/lib/libunwind-eec95493246aae39.rlib" "/opt/rustwide/rustup-home/toolchains/nightly-2024-10-28-x86_64-unknown-linux-gnu/lib/rustlib/x86_64-unknown-linux-gnu/lib/libcfg_if-6f6676c475e08ab0.rlib" "/opt/rustwide/rustup-home/toolchains/nightly-2024-10-28-x86_64-unknown-linux-gnu/lib/rustlib/x86_64-unknown-linux-gnu/lib/liblibc-799d520624f8b2e0.rlib" "/opt/rustwide/rustup-home/toolchains/nightly-2024-10-28-x86_64-unknown-linux-gnu/lib/rustlib/x86_64-unknown-linux-gnu/lib/liballoc-fcf93d4842acd9a9.rlib" "/opt/rustwide/rustup-home/toolchains/nightly-2024-10-28-x86_64-unknown-linux-gnu/lib/rustlib/x86_64-unknown-linux-gnu/lib/librustc_std_workspace_core-395a38b8e0851c9b.rlib" "/opt/rustwide/rustup-home/toolchains/nightly-2024-10-28-x86_64-unknown-linux-gnu/lib/rustlib/x86_64-unknown-linux-gnu/lib/libcore-d453bab70303062c.rlib" "/opt/rustwide/rustup-home/toolchains/nightly-2024-10-28-x86_64-unknown-linux-gnu/lib/rustlib/x86_64-unknown-linux-gnu/lib/libcompiler_builtins-0e6386368b0a24e8.rlib" "-Wl,-Bdynamic" "-lgcc_s" "-lutil" "-lrt" "-lpthread" "-lm" "-ldl" "-lc" "-B/opt/rustwide/rustup-home/toolchains/nightly-2024-10-28-x86_64-unknown-linux-gnu/lib/rustlib/x86_64-unknown-linux-gnu/bin/gcc-ld" "-fuse-ld=lld" "-Wl,--eh-frame-hdr" "-Wl,-z,noexecstack" "-L" "/opt/rustwide/target/debug/build/libsoundio-sys-b4f3b924d0589792/out/lib" "-L" "/opt/rustwide/rustup-home/toolchains/nightly-2024-10-28-x86_64-unknown-linux-gnu/lib/rustlib/x86_64-unknown-linux-gnu/lib" "-o" "/opt/rustwide/target/debug/examples/sine-95df671f6f891ec2" "-Wl,--gc-sections" "-pie" "-Wl,-z,relro,-z,now" "-nodefaultlibs"
[INFO] [stdout]   = note: rust-lld: error: undefined symbol: jack_get_ports
[INFO] [stdout]           >>> referenced by jack.c:99 (/opt/rustwide/cargo-home/registry/src/index.crates.io-6f17d22bba15001f/libsoundio-sys-0.3.0/libsoundio/src/jack.c:99)
[INFO] [stdout]           >>>               jack.c.o:(refresh_devices_bare) in archive /opt/rustwide/target/debug/deps/liblibsoundio_sys-61df7def8dc76460.rlib
[INFO] [stdout]           
[INFO] [stdout]           rust-lld: error: undefined symbol: jack_port_by_name
[INFO] [stdout]           >>> referenced by jack.c:110 (/opt/rustwide/cargo-home/registry/src/index.crates.io-6f17d22bba15001f/libsoundio-sys-0.3.0/libsoundio/src/jack.c:110)
[INFO] [stdout]           >>>               jack.c.o:(refresh_devices_bare) in archive /opt/rustwide/target/debug/deps/liblibsoundio_sys-61df7def8dc76460.rlib
[INFO] [stdout]           
[INFO] [stdout]           rust-lld: error: undefined symbol: jack_free
[INFO] [stdout]           >>> referenced by jack.c:114 (/opt/rustwide/cargo-home/registry/src/index.crates.io-6f17d22bba15001f/libsoundio-sys-0.3.0/libsoundio/src/jack.c:114)
[INFO] [stdout]           >>>               jack.c.o:(refresh_devices_bare) in archive /opt/rustwide/target/debug/deps/liblibsoundio_sys-61df7def8dc76460.rlib
[INFO] [stdout]           >>> referenced by jack.c:143 (/opt/rustwide/cargo-home/registry/src/index.crates.io-6f17d22bba15001f/libsoundio-sys-0.3.0/libsoundio/src/jack.c:143)
[INFO] [stdout]           >>>               jack.c.o:(refresh_devices_bare) in archive /opt/rustwide/target/debug/deps/liblibsoundio_sys-61df7def8dc76460.rlib
[INFO] [stdout]           >>> referenced by jack.c:170 (/opt/rustwide/cargo-home/registry/src/index.crates.io-6f17d22bba15001f/libsoundio-sys-0.3.0/libsoundio/src/jack.c:170)
[INFO] [stdout]           >>>               jack.c.o:(refresh_devices_bare) in archive /opt/rustwide/target/debug/deps/liblibsoundio_sys-61df7def8dc76460.rlib
[INFO] [stdout]           >>> referenced 3 more times
[INFO] [stdout]           
[INFO] [stdout]           rust-lld: error: undefined symbol: jack_port_flags
[INFO] [stdout]           >>> referenced by jack.c:119 (/opt/rustwide/cargo-home/registry/src/index.crates.io-6f17d22bba15001f/libsoundio-sys-0.3.0/libsoundio/src/jack.c:119)
[INFO] [stdout]           >>>               jack.c.o:(refresh_devices_bare) in archive /opt/rustwide/target/debug/deps/liblibsoundio_sys-61df7def8dc76460.rlib
[INFO] [stdout]           
[INFO] [stdout]           rust-lld: error: undefined symbol: jack_port_type
[INFO] [stdout]           >>> referenced by jack.c:120 (/opt/rustwide/cargo-home/registry/src/index.crates.io-6f17d22bba15001f/libsoundio-sys-0.3.0/libsoundio/src/jack.c:120)
[INFO] [stdout]           >>>               jack.c.o:(refresh_devices_bare) in archive /opt/rustwide/target/debug/deps/liblibsoundio_sys-61df7def8dc76460.rlib
[INFO] [stdout]           
[INFO] [stdout]           rust-lld: error: undefined symbol: jack_port_get_buffer
[INFO] [stdout]           >>> referenced by jack.c:361 (/opt/rustwide/cargo-home/registry/src/index.crates.io-6f17d22bba15001f/libsoundio-sys-0.3.0/libsoundio/src/jack.c:361)
[INFO] [stdout]           >>>               jack.c.o:(outstream_process_callback) in archive /opt/rustwide/target/debug/deps/liblibsoundio_sys-61df7def8dc76460.rlib
[INFO] [stdout]           >>> referenced by jack.c:642 (/opt/rustwide/cargo-home/registry/src/index.crates.io-6f17d22bba15001f/libsoundio-sys-0.3.0/libsoundio/src/jack.c:642)
[INFO] [stdout]           >>>               jack.c.o:(instream_process_callback) in archive /opt/rustwide/target/debug/deps/liblibsoundio_sys-61df7def8dc76460.rlib
[INFO] [stdout]           
[INFO] [stdout]           rust-lld: error: undefined symbol: jack_client_close
[INFO] [stdout]           >>> referenced by jack.c:371 (/opt/rustwide/cargo-home/registry/src/index.crates.io-6f17d22bba15001f/libsoundio-sys-0.3.0/libsoundio/src/jack.c:371)
[INFO] [stdout]           >>>               jack.c.o:(outstream_destroy_jack) in archive /opt/rustwide/target/debug/deps/liblibsoundio_sys-61df7def8dc76460.rlib
[INFO] [stdout]           >>> referenced by jack.c:594 (/opt/rustwide/cargo-home/registry/src/index.crates.io-6f17d22bba15001f/libsoundio-sys-0.3.0/libsoundio/src/jack.c:594)
[INFO] [stdout]           >>>               jack.c.o:(instream_destroy_jack) in archive /opt/rustwide/target/debug/deps/liblibsoundio_sys-61df7def8dc76460.rlib
[INFO] [stdout]           >>> referenced by jack.c:859 (/opt/rustwide/cargo-home/registry/src/index.crates.io-6f17d22bba15001f/libsoundio-sys-0.3.0/libsoundio/src/jack.c:859)
[INFO] [stdout]           >>>               jack.c.o:(destroy_jack) in archive /opt/rustwide/target/debug/deps/liblibsoundio_sys-61df7def8dc76460.rlib
[INFO] [stdout]           
[INFO] [stdout]           rust-lld: error: undefined symbol: jack_client_open
[INFO] [stdout]           >>> referenced by jack.c:446 (/opt/rustwide/cargo-home/registry/src/index.crates.io-6f17d22bba15001f/libsoundio-sys-0.3.0/libsoundio/src/jack.c:446)
[INFO] [stdout]           >>>               jack.c.o:(outstream_open_jack) in archive /opt/rustwide/target/debug/deps/liblibsoundio_sys-61df7def8dc76460.rlib
[INFO] [stdout]           >>> referenced by jack.c:667 (/opt/rustwide/cargo-home/registry/src/index.crates.io-6f17d22bba15001f/libsoundio-sys-0.3.0/libsoundio/src/jack.c:667)
[INFO] [stdout]           >>>               jack.c.o:(instream_open_jack) in archive /opt/rustwide/target/debug/deps/liblibsoundio_sys-61df7def8dc76460.rlib
[INFO] [stdout]           >>> referenced by jack.c:895 (/opt/rustwide/cargo-home/registry/src/index.crates.io-6f17d22bba15001f/libsoundio-sys-0.3.0/libsoundio/src/jack.c:895)
[INFO] [stdout]           >>>               jack.c.o:(soundio_jack_init) in archive /opt/rustwide/target/debug/deps/liblibsoundio_sys-61df7def8dc76460.rlib
[INFO] [stdout]           
[INFO] [stdout]           rust-lld: error: undefined symbol: jack_set_process_callback
[INFO] [stdout]           >>> referenced by jack.c:458 (/opt/rustwide/cargo-home/registry/src/index.crates.io-6f17d22bba15001f/libsoundio-sys-0.3.0/libsoundio/src/jack.c:458)
[INFO] [stdout]           >>>               jack.c.o:(outstream_open_jack) in archive /opt/rustwide/target/debug/deps/liblibsoundio_sys-61df7def8dc76460.rlib
[INFO] [stdout]           >>> referenced by jack.c:679 (/opt/rustwide/cargo-home/registry/src/index.crates.io-6f17d22bba15001f/libsoundio-sys-0.3.0/libsoundio/src/jack.c:679)
[INFO] [stdout]           >>>               jack.c.o:(instream_open_jack) in archive /opt/rustwide/target/debug/deps/liblibsoundio_sys-61df7def8dc76460.rlib
[INFO] [stdout]           
[INFO] [stdout]           rust-lld: error: undefined symbol: jack_set_buffer_size_callback
[INFO] [stdout]           >>> referenced by jack.c:462 (/opt/rustwide/cargo-home/registry/src/index.crates.io-6f17d22bba15001f/libsoundio-sys-0.3.0/libsoundio/src/jack.c:462)
[INFO] [stdout]           >>>               jack.c.o:(outstream_open_jack) in archive /opt/rustwide/target/debug/deps/liblibsoundio_sys-61df7def8dc76460.rlib
[INFO] [stdout]           >>> referenced by jack.c:683 (/opt/rustwide/cargo-home/registry/src/index.crates.io-6f17d22bba15001f/libsoundio-sys-0.3.0/libsoundio/src/jack.c:683)
[INFO] [stdout]           >>>               jack.c.o:(instream_open_jack) in archive /opt/rustwide/target/debug/deps/liblibsoundio_sys-61df7def8dc76460.rlib
[INFO] [stdout]           >>> referenced by jack.c:908 (/opt/rustwide/cargo-home/registry/src/index.crates.io-6f17d22bba15001f/libsoundio-sys-0.3.0/libsoundio/src/jack.c:908)
[INFO] [stdout]           >>>               jack.c.o:(soundio_jack_init) in archive /opt/rustwide/target/debug/deps/liblibsoundio_sys-61df7def8dc76460.rlib
[INFO] [stdout]           
[INFO] [stdout]           rust-lld: error: undefined symbol: jack_set_sample_rate_callback
[INFO] [stdout]           >>> referenced by jack.c:466 (/opt/rustwide/cargo-home/registry/src/index.crates.io-6f17d22bba15001f/libsoundio-sys-0.3.0/libsoundio/src/jack.c:466)
[INFO] [stdout]           >>>               jack.c.o:(outstream_open_jack) in archive /opt/rustwide/target/debug/deps/liblibsoundio_sys-61df7def8dc76460.rlib
[INFO] [stdout]           >>> referenced by jack.c:687 (/opt/rustwide/cargo-home/registry/src/index.crates.io-6f17d22bba15001f/libsoundio-sys-0.3.0/libsoundio/src/jack.c:687)
[INFO] [stdout]           >>>               jack.c.o:(instream_open_jack) in archive /opt/rustwide/target/debug/deps/liblibsoundio_sys-61df7def8dc76460.rlib
[INFO] [stdout]           >>> referenced by jack.c:912 (/opt/rustwide/cargo-home/registry/src/index.crates.io-6f17d22bba15001f/libsoundio-sys-0.3.0/libsoundio/src/jack.c:912)
[INFO] [stdout]           >>>               jack.c.o:(soundio_jack_init) in archive /opt/rustwide/target/debug/deps/liblibsoundio_sys-61df7def8dc76460.rlib
[INFO] [stdout]           
[INFO] [stdout]           rust-lld: error: undefined symbol: jack_set_xrun_callback
[INFO] [stdout]           >>> referenced by jack.c:470 (/opt/rustwide/cargo-home/registry/src/index.crates.io-6f17d22bba15001f/libsoundio-sys-0.3.0/libsoundio/src/jack.c:470)
[INFO] [stdout]           >>>               jack.c.o:(outstream_open_jack) in archive /opt/rustwide/target/debug/deps/liblibsoundio_sys-61df7def8dc76460.rlib
[INFO] [stdout]           >>> referenced by jack.c:691 (/opt/rustwide/cargo-home/registry/src/index.crates.io-6f17d22bba15001f/libsoundio-sys-0.3.0/libsoundio/src/jack.c:691)
[INFO] [stdout]           >>>               jack.c.o:(instream_open_jack) in archive /opt/rustwide/target/debug/deps/liblibsoundio_sys-61df7def8dc76460.rlib
[INFO] [stdout]           
[INFO] [stdout]           rust-lld: error: undefined symbol: jack_on_shutdown
[INFO] [stdout]           >>> referenced by jack.c:474 (/opt/rustwide/cargo-home/registry/src/index.crates.io-6f17d22bba15001f/libsoundio-sys-0.3.0/libsoundio/src/jack.c:474)
[INFO] [stdout]           >>>               jack.c.o:(outstream_open_jack) in archive /opt/rustwide/target/debug/deps/liblibsoundio_sys-61df7def8dc76460.rlib
[INFO] [stdout]           >>> referenced by jack.c:695 (/opt/rustwide/cargo-home/registry/src/index.crates.io-6f17d22bba15001f/libsoundio-sys-0.3.0/libsoundio/src/jack.c:695)
[INFO] [stdout]           >>>               jack.c.o:(instream_open_jack) in archive /opt/rustwide/target/debug/deps/liblibsoundio_sys-61df7def8dc76460.rlib
[INFO] [stdout]           >>> referenced by jack.c:924 (/opt/rustwide/cargo-home/registry/src/index.crates.io-6f17d22bba15001f/libsoundio-sys-0.3.0/libsoundio/src/jack.c:924)
[INFO] [stdout]           >>>               jack.c.o:(soundio_jack_init) in archive /opt/rustwide/target/debug/deps/liblibsoundio_sys-61df7def8dc76460.rlib
[INFO] [stdout]           
[INFO] [stdout]           rust-lld: error: undefined symbol: jack_port_register
[INFO] [stdout]           >>> referenced by jack.c:487 (/opt/rustwide/cargo-home/registry/src/index.crates.io-6f17d22bba15001f/libsoundio-sys-0.3.0/libsoundio/src/jack.c:487)
[INFO] [stdout]           >>>               jack.c.o:(outstream_open_jack) in archive /opt/rustwide/target/debug/deps/liblibsoundio_sys-61df7def8dc76460.rlib
[INFO] [stdout]           >>> referenced by jack.c:707 (/opt/rustwide/cargo-home/registry/src/index.crates.io-6f17d22bba15001f/libsoundio-sys-0.3.0/libsoundio/src/jack.c:707)
[INFO] [stdout]           >>>               jack.c.o:(instream_open_jack) in archive /opt/rustwide/target/debug/deps/liblibsoundio_sys-61df7def8dc76460.rlib
[INFO] [stdout]           
[INFO] [stdout]           rust-lld: error: undefined symbol: jack_activate
[INFO] [stdout]           >>> referenced by jack.c:542 (/opt/rustwide/cargo-home/registry/src/index.crates.io-6f17d22bba15001f/libsoundio-sys-0.3.0/libsoundio/src/jack.c:542)
[INFO] [stdout]           >>>               jack.c.o:(outstream_start_jack) in archive /opt/rustwide/target/debug/deps/liblibsoundio_sys-61df7def8dc76460.rlib
[INFO] [stdout]           >>> referenced by jack.c:762 (/opt/rustwide/cargo-home/registry/src/index.crates.io-6f17d22bba15001f/libsoundio-sys-0.3.0/libsoundio/src/jack.c:762)
[INFO] [stdout]           >>>               jack.c.o:(instream_start_jack) in archive /opt/rustwide/target/debug/deps/liblibsoundio_sys-61df7def8dc76460.rlib
[INFO] [stdout]           >>> referenced by jack.c:930 (/opt/rustwide/cargo-home/registry/src/index.crates.io-6f17d22bba15001f/libsoundio-sys-0.3.0/libsoundio/src/jack.c:930)
[INFO] [stdout]           >>>               jack.c.o:(soundio_jack_init) in archive /opt/rustwide/target/debug/deps/liblibsoundio_sys-61df7def8dc76460.rlib
[INFO] [stdout]           
[INFO] [stdout]           rust-lld: error: undefined symbol: jack_port_name
[INFO] [stdout]           >>> referenced by jack.c:551 (/opt/rustwide/cargo-home/registry/src/index.crates.io-6f17d22bba15001f/libsoundio-sys-0.3.0/libsoundio/src/jack.c:551)
[INFO] [stdout]           >>>               jack.c.o:(outstream_start_jack) in archive /opt/rustwide/target/debug/deps/liblibsoundio_sys-61df7def8dc76460.rlib
[INFO] [stdout]           >>> referenced by jack.c:771 (/opt/rustwide/cargo-home/registry/src/index.crates.io-6f17d22bba15001f/libsoundio-sys-0.3.0/libsoundio/src/jack.c:771)
[INFO] [stdout]           >>>               jack.c.o:(instream_start_jack) in archive /opt/rustwide/target/debug/deps/liblibsoundio_sys-61df7def8dc76460.rlib
[INFO] [stdout]           
[INFO] [stdout]           rust-lld: error: undefined symbol: jack_connect
[INFO] [stdout]           >>> referenced by jack.c:552 (/opt/rustwide/cargo-home/registry/src/index.crates.io-6f17d22bba15001f/libsoundio-sys-0.3.0/libsoundio/src/jack.c:552)
[INFO] [stdout]           >>>               jack.c.o:(outstream_start_jack) in archive /opt/rustwide/target/debug/deps/liblibsoundio_sys-61df7def8dc76460.rlib
[INFO] [stdout]           >>> referenced by jack.c:772 (/opt/rustwide/cargo-home/registry/src/index.crates.io-6f17d22bba15001f/libsoundio-sys-0.3.0/libsoundio/src/jack.c:772)
[INFO] [stdout]           >>>               jack.c.o:(instream_start_jack) in archive /opt/rustwide/target/debug/deps/liblibsoundio_sys-61df7def8dc76460.rlib
[INFO] [stdout]           
[INFO] [stdout]           rust-lld: error: undefined symbol: jack_set_error_function
[INFO] [stdout]           >>> referenced by jack.c:874 (/opt/rustwide/cargo-home/registry/src/index.crates.io-6f17d22bba15001f/libsoundio-sys-0.3.0/libsoundio/src/jack.c:874)
[INFO] [stdout]           >>>               jack.c.o:(soundio_jack_init) in archive /opt/rustwide/target/debug/deps/liblibsoundio_sys-61df7def8dc76460.rlib
[INFO] [stdout]           
[INFO] [stdout]           rust-lld: error: undefined symbol: jack_set_info_function
[INFO] [stdout]           >>> referenced by jack.c:876 (/opt/rustwide/cargo-home/registry/src/index.crates.io-6f17d22bba15001f/libsoundio-sys-0.3.0/libsoundio/src/jack.c:876)
[INFO] [stdout]           >>>               jack.c.o:(soundio_jack_init) in archive /opt/rustwide/target/debug/deps/liblibsoundio_sys-61df7def8dc76460.rlib
[INFO] [stdout]           
[INFO] [stdout]           rust-lld: error: undefined symbol: jack_set_port_registration_callback
[INFO] [stdout]           >>> referenced by jack.c:916 (/opt/rustwide/cargo-home/registry/src/index.crates.io-6f17d22bba15001f/libsoundio-sys-0.3.0/libsoundio/src/jack.c:916)
[INFO] [stdout]           >>>               jack.c.o:(soundio_jack_init) in archive /opt/rustwide/target/debug/deps/liblibsoundio_sys-61df7def8dc76460.rlib
[INFO] [stdout]           
[INFO] [stdout]           rust-lld: error: too many errors emitted, stopping now (use --error-limit=0 to see all errors)
[INFO] [stdout]           collect2: error: ld returned 1 exit status
[INFO] [stdout]           
[INFO] [stdout] 
[INFO] [stdout] 
[INFO] [stderr] error: could not compile `soundio` (example "sine") due to 1 previous error
[INFO] [stdout] error: linking with `cc` failed: exit status: 1
[INFO] [stdout]   |
[INFO] [stdout]   = note: LC_ALL="C" PATH="/opt/rustwide/rustup-home/toolchains/nightly-2024-10-28-x86_64-unknown-linux-gnu/lib/rustlib/x86_64-unknown-linux-gnu/bin:/opt/rustwide/rustup-home/toolchains/nightly-2024-10-28-x86_64-unknown-linux-gnu/lib/rustlib/x86_64-unknown-linux-gnu/bin/self-contained:/opt/rustwide/cargo-home/bin:/usr/local/sbin:/usr/local/bin:/usr/sbin:/usr/bin:/sbin:/bin" VSLANG="1033" "cc" "-m64" "/tmp/rustcK3Pe9W/symbols.o" "/opt/rustwide/target/debug/examples/recorder-96a9b1b44a36b0c2.recorder.db3b18d51301860c-cgu.0.rcgu.o" "/opt/rustwide/target/debug/examples/recorder-96a9b1b44a36b0c2.recorder.db3b18d51301860c-cgu.1.rcgu.o" "/opt/rustwide/target/debug/examples/recorder-96a9b1b44a36b0c2.7ljle7i8myi3kt8zvdj1v2hby.rcgu.o" "-Wl,--as-needed" "-Wl,-Bstatic" "/opt/rustwide/target/debug/deps/libsoundio-3d07c98e5291988a.rlib" "/opt/rustwide/target/debug/deps/liblibsoundio_sys-61df7def8dc76460.rlib" "/opt/rustwide/target/debug/deps/libhound-8d5a21a3bfa9d0ed.rlib" "/opt/rustwide/target/debug/deps/libcrossbeam-7ad11b11c1c5801f.rlib" "/opt/rustwide/rustup-home/toolchains/nightly-2024-10-28-x86_64-unknown-linux-gnu/lib/rustlib/x86_64-unknown-linux-gnu/lib/libstd-fb8c387236db3c10.rlib" "/opt/rustwide/rustup-home/toolchains/nightly-2024-10-28-x86_64-unknown-linux-gnu/lib/rustlib/x86_64-unknown-linux-gnu/lib/libpanic_unwind-b251837809b2f64b.rlib" "/opt/rustwide/rustup-home/toolchains/nightly-2024-10-28-x86_64-unknown-linux-gnu/lib/rustlib/x86_64-unknown-linux-gnu/lib/libobject-cbef83eaa4e01f04.rlib" "/opt/rustwide/rustup-home/toolchains/nightly-2024-10-28-x86_64-unknown-linux-gnu/lib/rustlib/x86_64-unknown-linux-gnu/lib/libmemchr-12a772286de2fca7.rlib" "/opt/rustwide/rustup-home/toolchains/nightly-2024-10-28-x86_64-unknown-linux-gnu/lib/rustlib/x86_64-unknown-linux-gnu/lib/libaddr2line-023bbe5ada7abfc3.rlib" "/opt/rustwide/rustup-home/toolchains/nightly-2024-10-28-x86_64-unknown-linux-gnu/lib/rustlib/x86_64-unknown-linux-gnu/lib/libgimli-de2bcdf10ec69c2b.rlib" "/opt/rustwide/rustup-home/toolchains/nightly-2024-10-28-x86_64-unknown-linux-gnu/lib/rustlib/x86_64-unknown-linux-gnu/lib/librustc_demangle-8e1754df350800fd.rlib" "/opt/rustwide/rustup-home/toolchains/nightly-2024-10-28-x86_64-unknown-linux-gnu/lib/rustlib/x86_64-unknown-linux-gnu/lib/libstd_detect-06c2ab7b9c32e037.rlib" "/opt/rustwide/rustup-home/toolchains/nightly-2024-10-28-x86_64-unknown-linux-gnu/lib/rustlib/x86_64-unknown-linux-gnu/lib/libhashbrown-51d2621fc57a281b.rlib" "/opt/rustwide/rustup-home/toolchains/nightly-2024-10-28-x86_64-unknown-linux-gnu/lib/rustlib/x86_64-unknown-linux-gnu/lib/librustc_std_workspace_alloc-54a930408793772f.rlib" "/opt/rustwide/rustup-home/toolchains/nightly-2024-10-28-x86_64-unknown-linux-gnu/lib/rustlib/x86_64-unknown-linux-gnu/lib/libminiz_oxide-0c7d01cba400dcb2.rlib" "/opt/rustwide/rustup-home/toolchains/nightly-2024-10-28-x86_64-unknown-linux-gnu/lib/rustlib/x86_64-unknown-linux-gnu/lib/libadler-b9f84d69e331b75b.rlib" "/opt/rustwide/rustup-home/toolchains/nightly-2024-10-28-x86_64-unknown-linux-gnu/lib/rustlib/x86_64-unknown-linux-gnu/lib/libunwind-eec95493246aae39.rlib" "/opt/rustwide/rustup-home/toolchains/nightly-2024-10-28-x86_64-unknown-linux-gnu/lib/rustlib/x86_64-unknown-linux-gnu/lib/libcfg_if-6f6676c475e08ab0.rlib" "/opt/rustwide/rustup-home/toolchains/nightly-2024-10-28-x86_64-unknown-linux-gnu/lib/rustlib/x86_64-unknown-linux-gnu/lib/liblibc-799d520624f8b2e0.rlib" "/opt/rustwide/rustup-home/toolchains/nightly-2024-10-28-x86_64-unknown-linux-gnu/lib/rustlib/x86_64-unknown-linux-gnu/lib/liballoc-fcf93d4842acd9a9.rlib" "/opt/rustwide/rustup-home/toolchains/nightly-2024-10-28-x86_64-unknown-linux-gnu/lib/rustlib/x86_64-unknown-linux-gnu/lib/librustc_std_workspace_core-395a38b8e0851c9b.rlib" "/opt/rustwide/rustup-home/toolchains/nightly-2024-10-28-x86_64-unknown-linux-gnu/lib/rustlib/x86_64-unknown-linux-gnu/lib/libcore-d453bab70303062c.rlib" "/opt/rustwide/rustup-home/toolchains/nightly-2024-10-28-x86_64-unknown-linux-gnu/lib/rustlib/x86_64-unknown-linux-gnu/lib/libcompiler_builtins-0e6386368b0a24e8.rlib" "-Wl,-Bdynamic" "-lgcc_s" "-lutil" "-lrt" "-lpthread" "-lm" "-ldl" "-lc" "-B/opt/rustwide/rustup-home/toolchains/nightly-2024-10-28-x86_64-unknown-linux-gnu/lib/rustlib/x86_64-unknown-linux-gnu/bin/gcc-ld" "-fuse-ld=lld" "-Wl,--eh-frame-hdr" "-Wl,-z,noexecstack" "-L" "/opt/rustwide/target/debug/build/libsoundio-sys-b4f3b924d0589792/out/lib" "-L" "/opt/rustwide/rustup-home/toolchains/nightly-2024-10-28-x86_64-unknown-linux-gnu/lib/rustlib/x86_64-unknown-linux-gnu/lib" "-o" "/opt/rustwide/target/debug/examples/recorder-96a9b1b44a36b0c2" "-Wl,--gc-sections" "-pie" "-Wl,-z,relro,-z,now" "-nodefaultlibs"
[INFO] [stdout]   = note: rust-lld: error: undefined symbol: jack_get_ports
[INFO] [stdout]           >>> referenced by jack.c:99 (/opt/rustwide/cargo-home/registry/src/index.crates.io-6f17d22bba15001f/libsoundio-sys-0.3.0/libsoundio/src/jack.c:99)
[INFO] [stdout]           >>>               jack.c.o:(refresh_devices_bare) in archive /opt/rustwide/target/debug/deps/liblibsoundio_sys-61df7def8dc76460.rlib
[INFO] [stdout]           
[INFO] [stdout]           rust-lld: error: undefined symbol: jack_port_by_name
[INFO] [stdout]           >>> referenced by jack.c:110 (/opt/rustwide/cargo-home/registry/src/index.crates.io-6f17d22bba15001f/libsoundio-sys-0.3.0/libsoundio/src/jack.c:110)
[INFO] [stdout]           >>>               jack.c.o:(refresh_devices_bare) in archive /opt/rustwide/target/debug/deps/liblibsoundio_sys-61df7def8dc76460.rlib
[INFO] [stdout]           
[INFO] [stdout]           rust-lld: error: undefined symbol: jack_free
[INFO] [stdout]           >>> referenced by jack.c:114 (/opt/rustwide/cargo-home/registry/src/index.crates.io-6f17d22bba15001f/libsoundio-sys-0.3.0/libsoundio/src/jack.c:114)
[INFO] [stdout]           >>>               jack.c.o:(refresh_devices_bare) in archive /opt/rustwide/target/debug/deps/liblibsoundio_sys-61df7def8dc76460.rlib
[INFO] [stdout]           >>> referenced by jack.c:143 (/opt/rustwide/cargo-home/registry/src/index.crates.io-6f17d22bba15001f/libsoundio-sys-0.3.0/libsoundio/src/jack.c:143)
[INFO] [stdout]           >>>               jack.c.o:(refresh_devices_bare) in archive /opt/rustwide/target/debug/deps/liblibsoundio_sys-61df7def8dc76460.rlib
[INFO] [stdout]           >>> referenced by jack.c:170 (/opt/rustwide/cargo-home/registry/src/index.crates.io-6f17d22bba15001f/libsoundio-sys-0.3.0/libsoundio/src/jack.c:170)
[INFO] [stdout]           >>>               jack.c.o:(refresh_devices_bare) in archive /opt/rustwide/target/debug/deps/liblibsoundio_sys-61df7def8dc76460.rlib
[INFO] [stdout]           >>> referenced 3 more times
[INFO] [stdout]           
[INFO] [stdout]           rust-lld: error: undefined symbol: jack_port_flags
[INFO] [stdout]           >>> referenced by jack.c:119 (/opt/rustwide/cargo-home/registry/src/index.crates.io-6f17d22bba15001f/libsoundio-sys-0.3.0/libsoundio/src/jack.c:119)
[INFO] [stdout]           >>>               jack.c.o:(refresh_devices_bare) in archive /opt/rustwide/target/debug/deps/liblibsoundio_sys-61df7def8dc76460.rlib
[INFO] [stdout]           
[INFO] [stdout]           rust-lld: error: undefined symbol: jack_port_type
[INFO] [stdout]           >>> referenced by jack.c:120 (/opt/rustwide/cargo-home/registry/src/index.crates.io-6f17d22bba15001f/libsoundio-sys-0.3.0/libsoundio/src/jack.c:120)
[INFO] [stdout]           >>>               jack.c.o:(refresh_devices_bare) in archive /opt/rustwide/target/debug/deps/liblibsoundio_sys-61df7def8dc76460.rlib
[INFO] [stdout]           
[INFO] [stdout]           rust-lld: error: undefined symbol: jack_port_get_buffer
[INFO] [stdout]           >>> referenced by jack.c:361 (/opt/rustwide/cargo-home/registry/src/index.crates.io-6f17d22bba15001f/libsoundio-sys-0.3.0/libsoundio/src/jack.c:361)
[INFO] [stdout]           >>>               jack.c.o:(outstream_process_callback) in archive /opt/rustwide/target/debug/deps/liblibsoundio_sys-61df7def8dc76460.rlib
[INFO] [stdout]           >>> referenced by jack.c:642 (/opt/rustwide/cargo-home/registry/src/index.crates.io-6f17d22bba15001f/libsoundio-sys-0.3.0/libsoundio/src/jack.c:642)
[INFO] [stdout]           >>>               jack.c.o:(instream_process_callback) in archive /opt/rustwide/target/debug/deps/liblibsoundio_sys-61df7def8dc76460.rlib
[INFO] [stdout]           
[INFO] [stdout]           rust-lld: error: undefined symbol: jack_client_close
[INFO] [stdout]           >>> referenced by jack.c:371 (/opt/rustwide/cargo-home/registry/src/index.crates.io-6f17d22bba15001f/libsoundio-sys-0.3.0/libsoundio/src/jack.c:371)
[INFO] [stdout]           >>>               jack.c.o:(outstream_destroy_jack) in archive /opt/rustwide/target/debug/deps/liblibsoundio_sys-61df7def8dc76460.rlib
[INFO] [stdout]           >>> referenced by jack.c:594 (/opt/rustwide/cargo-home/registry/src/index.crates.io-6f17d22bba15001f/libsoundio-sys-0.3.0/libsoundio/src/jack.c:594)
[INFO] [stdout]           >>>               jack.c.o:(instream_destroy_jack) in archive /opt/rustwide/target/debug/deps/liblibsoundio_sys-61df7def8dc76460.rlib
[INFO] [stdout]           >>> referenced by jack.c:859 (/opt/rustwide/cargo-home/registry/src/index.crates.io-6f17d22bba15001f/libsoundio-sys-0.3.0/libsoundio/src/jack.c:859)
[INFO] [stdout]           >>>               jack.c.o:(destroy_jack) in archive /opt/rustwide/target/debug/deps/liblibsoundio_sys-61df7def8dc76460.rlib
[INFO] [stdout]           
[INFO] [stdout]           rust-lld: error: undefined symbol: jack_client_open
[INFO] [stdout]           >>> referenced by jack.c:446 (/opt/rustwide/cargo-home/registry/src/index.crates.io-6f17d22bba15001f/libsoundio-sys-0.3.0/libsoundio/src/jack.c:446)
[INFO] [stdout]           >>>               jack.c.o:(outstream_open_jack) in archive /opt/rustwide/target/debug/deps/liblibsoundio_sys-61df7def8dc76460.rlib
[INFO] [stdout]           >>> referenced by jack.c:667 (/opt/rustwide/cargo-home/registry/src/index.crates.io-6f17d22bba15001f/libsoundio-sys-0.3.0/libsoundio/src/jack.c:667)
[INFO] [stdout]           >>>               jack.c.o:(instream_open_jack) in archive /opt/rustwide/target/debug/deps/liblibsoundio_sys-61df7def8dc76460.rlib
[INFO] [stdout]           >>> referenced by jack.c:895 (/opt/rustwide/cargo-home/registry/src/index.crates.io-6f17d22bba15001f/libsoundio-sys-0.3.0/libsoundio/src/jack.c:895)
[INFO] [stdout]           >>>               jack.c.o:(soundio_jack_init) in archive /opt/rustwide/target/debug/deps/liblibsoundio_sys-61df7def8dc76460.rlib
[INFO] [stdout]           
[INFO] [stdout]           rust-lld: error: undefined symbol: jack_set_process_callback
[INFO] [stdout]           >>> referenced by jack.c:458 (/opt/rustwide/cargo-home/registry/src/index.crates.io-6f17d22bba15001f/libsoundio-sys-0.3.0/libsoundio/src/jack.c:458)
[INFO] [stdout]           >>>               jack.c.o:(outstream_open_jack) in archive /opt/rustwide/target/debug/deps/liblibsoundio_sys-61df7def8dc76460.rlib
[INFO] [stdout]           >>> referenced by jack.c:679 (/opt/rustwide/cargo-home/registry/src/index.crates.io-6f17d22bba15001f/libsoundio-sys-0.3.0/libsoundio/src/jack.c:679)
[INFO] [stdout]           >>>               jack.c.o:(instream_open_jack) in archive /opt/rustwide/target/debug/deps/liblibsoundio_sys-61df7def8dc76460.rlib
[INFO] [stdout]           
[INFO] [stdout]           rust-lld: error: undefined symbol: jack_set_buffer_size_callback
[INFO] [stdout]           >>> referenced by jack.c:462 (/opt/rustwide/cargo-home/registry/src/index.crates.io-6f17d22bba15001f/libsoundio-sys-0.3.0/libsoundio/src/jack.c:462)
[INFO] [stdout]           >>>               jack.c.o:(outstream_open_jack) in archive /opt/rustwide/target/debug/deps/liblibsoundio_sys-61df7def8dc76460.rlib
[INFO] [stdout]           >>> referenced by jack.c:683 (/opt/rustwide/cargo-home/registry/src/index.crates.io-6f17d22bba15001f/libsoundio-sys-0.3.0/libsoundio/src/jack.c:683)
[INFO] [stdout]           >>>               jack.c.o:(instream_open_jack) in archive /opt/rustwide/target/debug/deps/liblibsoundio_sys-61df7def8dc76460.rlib
[INFO] [stdout]           >>> referenced by jack.c:908 (/opt/rustwide/cargo-home/registry/src/index.crates.io-6f17d22bba15001f/libsoundio-sys-0.3.0/libsoundio/src/jack.c:908)
[INFO] [stdout]           >>>               jack.c.o:(soundio_jack_init) in archive /opt/rustwide/target/debug/deps/liblibsoundio_sys-61df7def8dc76460.rlib
[INFO] [stdout]           
[INFO] [stdout]           rust-lld: error: undefined symbol: jack_set_sample_rate_callback
[INFO] [stdout]           >>> referenced by jack.c:466 (/opt/rustwide/cargo-home/registry/src/index.crates.io-6f17d22bba15001f/libsoundio-sys-0.3.0/libsoundio/src/jack.c:466)
[INFO] [stdout]           >>>               jack.c.o:(outstream_open_jack) in archive /opt/rustwide/target/debug/deps/liblibsoundio_sys-61df7def8dc76460.rlib
[INFO] [stdout]           >>> referenced by jack.c:687 (/opt/rustwide/cargo-home/registry/src/index.crates.io-6f17d22bba15001f/libsoundio-sys-0.3.0/libsoundio/src/jack.c:687)
[INFO] [stdout]           >>>               jack.c.o:(instream_open_jack) in archive /opt/rustwide/target/debug/deps/liblibsoundio_sys-61df7def8dc76460.rlib
[INFO] [stdout]           >>> referenced by jack.c:912 (/opt/rustwide/cargo-home/registry/src/index.crates.io-6f17d22bba15001f/libsoundio-sys-0.3.0/libsoundio/src/jack.c:912)
[INFO] [stdout]           >>>               jack.c.o:(soundio_jack_init) in archive /opt/rustwide/target/debug/deps/liblibsoundio_sys-61df7def8dc76460.rlib
[INFO] [stdout]           
[INFO] [stdout]           rust-lld: error: undefined symbol: jack_set_xrun_callback
[INFO] [stdout]           >>> referenced by jack.c:470 (/opt/rustwide/cargo-home/registry/src/index.crates.io-6f17d22bba15001f/libsoundio-sys-0.3.0/libsoundio/src/jack.c:470)
[INFO] [stdout]           >>>               jack.c.o:(outstream_open_jack) in archive /opt/rustwide/target/debug/deps/liblibsoundio_sys-61df7def8dc76460.rlib
[INFO] [stdout]           >>> referenced by jack.c:691 (/opt/rustwide/cargo-home/registry/src/index.crates.io-6f17d22bba15001f/libsoundio-sys-0.3.0/libsoundio/src/jack.c:691)
[INFO] [stdout]           >>>               jack.c.o:(instream_open_jack) in archive /opt/rustwide/target/debug/deps/liblibsoundio_sys-61df7def8dc76460.rlib
[INFO] [stdout]           
[INFO] [stdout]           rust-lld: error: undefined symbol: jack_on_shutdown
[INFO] [stdout]           >>> referenced by jack.c:474 (/opt/rustwide/cargo-home/registry/src/index.crates.io-6f17d22bba15001f/libsoundio-sys-0.3.0/libsoundio/src/jack.c:474)
[INFO] [stdout]           >>>               jack.c.o:(outstream_open_jack) in archive /opt/rustwide/target/debug/deps/liblibsoundio_sys-61df7def8dc76460.rlib
[INFO] [stdout]           >>> referenced by jack.c:695 (/opt/rustwide/cargo-home/registry/src/index.crates.io-6f17d22bba15001f/libsoundio-sys-0.3.0/libsoundio/src/jack.c:695)
[INFO] [stdout]           >>>               jack.c.o:(instream_open_jack) in archive /opt/rustwide/target/debug/deps/liblibsoundio_sys-61df7def8dc76460.rlib
[INFO] [stdout]           >>> referenced by jack.c:924 (/opt/rustwide/cargo-home/registry/src/index.crates.io-6f17d22bba15001f/libsoundio-sys-0.3.0/libsoundio/src/jack.c:924)
[INFO] [stdout]           >>>               jack.c.o:(soundio_jack_init) in archive /opt/rustwide/target/debug/deps/liblibsoundio_sys-61df7def8dc76460.rlib
[INFO] [stdout]           
[INFO] [stdout]           rust-lld: error: undefined symbol: jack_port_register
[INFO] [stdout]           >>> referenced by jack.c:487 (/opt/rustwide/cargo-home/registry/src/index.crates.io-6f17d22bba15001f/libsoundio-sys-0.3.0/libsoundio/src/jack.c:487)
[INFO] [stdout]           >>>               jack.c.o:(outstream_open_jack) in archive /opt/rustwide/target/debug/deps/liblibsoundio_sys-61df7def8dc76460.rlib
[INFO] [stdout]           >>> referenced by jack.c:707 (/opt/rustwide/cargo-home/registry/src/index.crates.io-6f17d22bba15001f/libsoundio-sys-0.3.0/libsoundio/src/jack.c:707)
[INFO] [stdout]           >>>               jack.c.o:(instream_open_jack) in archive /opt/rustwide/target/debug/deps/liblibsoundio_sys-61df7def8dc76460.rlib
[INFO] [stdout]           
[INFO] [stdout]           rust-lld: error: undefined symbol: jack_activate
[INFO] [stdout]           >>> referenced by jack.c:542 (/opt/rustwide/cargo-home/registry/src/index.crates.io-6f17d22bba15001f/libsoundio-sys-0.3.0/libsoundio/src/jack.c:542)
[INFO] [stdout]           >>>               jack.c.o:(outstream_start_jack) in archive /opt/rustwide/target/debug/deps/liblibsoundio_sys-61df7def8dc76460.rlib
[INFO] [stdout]           >>> referenced by jack.c:762 (/opt/rustwide/cargo-home/registry/src/index.crates.io-6f17d22bba15001f/libsoundio-sys-0.3.0/libsoundio/src/jack.c:762)
[INFO] [stdout]           >>>               jack.c.o:(instream_start_jack) in archive /opt/rustwide/target/debug/deps/liblibsoundio_sys-61df7def8dc76460.rlib
[INFO] [stdout]           >>> referenced by jack.c:930 (/opt/rustwide/cargo-home/registry/src/index.crates.io-6f17d22bba15001f/libsoundio-sys-0.3.0/libsoundio/src/jack.c:930)
[INFO] [stdout]           >>>               jack.c.o:(soundio_jack_init) in archive /opt/rustwide/target/debug/deps/liblibsoundio_sys-61df7def8dc76460.rlib
[INFO] [stdout]           
[INFO] [stdout]           rust-lld: error: undefined symbol: jack_port_name
[INFO] [stdout]           >>> referenced by jack.c:551 (/opt/rustwide/cargo-home/registry/src/index.crates.io-6f17d22bba15001f/libsoundio-sys-0.3.0/libsoundio/src/jack.c:551)
[INFO] [stdout]           >>>               jack.c.o:(outstream_start_jack) in archive /opt/rustwide/target/debug/deps/liblibsoundio_sys-61df7def8dc76460.rlib
[INFO] [stdout]           >>> referenced by jack.c:771 (/opt/rustwide/cargo-home/registry/src/index.crates.io-6f17d22bba15001f/libsoundio-sys-0.3.0/libsoundio/src/jack.c:771)
[INFO] [stdout]           >>>               jack.c.o:(instream_start_jack) in archive /opt/rustwide/target/debug/deps/liblibsoundio_sys-61df7def8dc76460.rlib
[INFO] [stdout]           
[INFO] [stdout]           rust-lld: error: undefined symbol: jack_connect
[INFO] [stdout]           >>> referenced by jack.c:552 (/opt/rustwide/cargo-home/registry/src/index.crates.io-6f17d22bba15001f/libsoundio-sys-0.3.0/libsoundio/src/jack.c:552)
[INFO] [stdout]           >>>               jack.c.o:(outstream_start_jack) in archive /opt/rustwide/target/debug/deps/liblibsoundio_sys-61df7def8dc76460.rlib
[INFO] [stdout]           >>> referenced by jack.c:772 (/opt/rustwide/cargo-home/registry/src/index.crates.io-6f17d22bba15001f/libsoundio-sys-0.3.0/libsoundio/src/jack.c:772)
[INFO] [stdout]           >>>               jack.c.o:(instream_start_jack) in archive /opt/rustwide/target/debug/deps/liblibsoundio_sys-61df7def8dc76460.rlib
[INFO] [stdout]           
[INFO] [stdout]           rust-lld: error: undefined symbol: jack_set_error_function
[INFO] [stdout]           >>> referenced by jack.c:874 (/opt/rustwide/cargo-home/registry/src/index.crates.io-6f17d22bba15001f/libsoundio-sys-0.3.0/libsoundio/src/jack.c:874)
[INFO] [stdout]           >>>               jack.c.o:(soundio_jack_init) in archive /opt/rustwide/target/debug/deps/liblibsoundio_sys-61df7def8dc76460.rlib
[INFO] [stdout]           
[INFO] [stdout]           rust-lld: error: undefined symbol: jack_set_info_function
[INFO] [stdout]           >>> referenced by jack.c:876 (/opt/rustwide/cargo-home/registry/src/index.crates.io-6f17d22bba15001f/libsoundio-sys-0.3.0/libsoundio/src/jack.c:876)
[INFO] [stdout]           >>>               jack.c.o:(soundio_jack_init) in archive /opt/rustwide/target/debug/deps/liblibsoundio_sys-61df7def8dc76460.rlib
[INFO] [stdout]           
[INFO] [stdout]           rust-lld: error: undefined symbol: jack_set_port_registration_callback
[INFO] [stdout]           >>> referenced by jack.c:916 (/opt/rustwide/cargo-home/registry/src/index.crates.io-6f17d22bba15001f/libsoundio-sys-0.3.0/libsoundio/src/jack.c:916)
[INFO] [stdout]           >>>               jack.c.o:(soundio_jack_init) in archive /opt/rustwide/target/debug/deps/liblibsoundio_sys-61df7def8dc76460.rlib
[INFO] [stdout]           
[INFO] [stdout]           rust-lld: error: too many errors emitted, stopping now (use --error-limit=0 to see all errors)
[INFO] [stdout]           collect2: error: ld returned 1 exit status
[INFO] [stdout]           
[INFO] [stdout] 
[INFO] [stdout] 
[INFO] [stderr] error: could not compile `soundio` (example "recorder") due to 1 previous error
[INFO] [stdout] warning: variable does not need to be mutable
[INFO] [stdout]    --> src/device.rs:325:13
[INFO] [stdout]     |
[INFO] [stdout] 325 |         let mut outstream = unsafe { raw::soundio_outstream_create(self.device) };
[INFO] [stdout]     |             ----^^^^^^^^^
[INFO] [stdout]     |             |
[INFO] [stdout]     |             help: remove this `mut`
[INFO] [stdout]     |
[INFO] [stdout]     = note: `#[warn(unused_mut)]` on by default
[INFO] [stdout] 
[INFO] [stdout] 
[INFO] [stdout] warning: variable does not need to be mutable
[INFO] [stdout]    --> src/device.rs:429:13
[INFO] [stdout]     |
[INFO] [stdout] 429 |         let mut instream = unsafe { raw::soundio_instream_create(self.device) };
[INFO] [stdout]     |             ----^^^^^^^^
[INFO] [stdout]     |             |
[INFO] [stdout]     |             help: remove this `mut`
[INFO] [stdout] 
[INFO] [stdout] 
[INFO] [stdout] error: linking with `cc` failed: exit status: 1
[INFO] [stdout]   |
[INFO] [stdout]   = note: LC_ALL="C" PATH="/opt/rustwide/rustup-home/toolchains/nightly-2024-10-28-x86_64-unknown-linux-gnu/lib/rustlib/x86_64-unknown-linux-gnu/bin:/opt/rustwide/rustup-home/toolchains/nightly-2024-10-28-x86_64-unknown-linux-gnu/lib/rustlib/x86_64-unknown-linux-gnu/bin/self-contained:/opt/rustwide/cargo-home/bin:/usr/local/sbin:/usr/local/bin:/usr/sbin:/usr/bin:/sbin:/bin" VSLANG="1033" "cc" "-m64" "/tmp/rustcHHmHcX/symbols.o" "/opt/rustwide/target/debug/examples/player-933f01edc1b057df.player.702a3e3b0ed9df7e-cgu.0.rcgu.o" "/opt/rustwide/target/debug/examples/player-933f01edc1b057df.player.702a3e3b0ed9df7e-cgu.1.rcgu.o" "/opt/rustwide/target/debug/examples/player-933f01edc1b057df.39nmhlobd0n3563x5xmvmtwvj.rcgu.o" "-Wl,--as-needed" "-Wl,-Bstatic" "/opt/rustwide/target/debug/deps/libsoundio-3d07c98e5291988a.rlib" "/opt/rustwide/target/debug/deps/liblibsoundio_sys-61df7def8dc76460.rlib" "/opt/rustwide/target/debug/deps/libhound-8d5a21a3bfa9d0ed.rlib" "/opt/rustwide/target/debug/deps/libcrossbeam-7ad11b11c1c5801f.rlib" "/opt/rustwide/rustup-home/toolchains/nightly-2024-10-28-x86_64-unknown-linux-gnu/lib/rustlib/x86_64-unknown-linux-gnu/lib/libstd-fb8c387236db3c10.rlib" "/opt/rustwide/rustup-home/toolchains/nightly-2024-10-28-x86_64-unknown-linux-gnu/lib/rustlib/x86_64-unknown-linux-gnu/lib/libpanic_unwind-b251837809b2f64b.rlib" "/opt/rustwide/rustup-home/toolchains/nightly-2024-10-28-x86_64-unknown-linux-gnu/lib/rustlib/x86_64-unknown-linux-gnu/lib/libobject-cbef83eaa4e01f04.rlib" "/opt/rustwide/rustup-home/toolchains/nightly-2024-10-28-x86_64-unknown-linux-gnu/lib/rustlib/x86_64-unknown-linux-gnu/lib/libmemchr-12a772286de2fca7.rlib" "/opt/rustwide/rustup-home/toolchains/nightly-2024-10-28-x86_64-unknown-linux-gnu/lib/rustlib/x86_64-unknown-linux-gnu/lib/libaddr2line-023bbe5ada7abfc3.rlib" "/opt/rustwide/rustup-home/toolchains/nightly-2024-10-28-x86_64-unknown-linux-gnu/lib/rustlib/x86_64-unknown-linux-gnu/lib/libgimli-de2bcdf10ec69c2b.rlib" "/opt/rustwide/rustup-home/toolchains/nightly-2024-10-28-x86_64-unknown-linux-gnu/lib/rustlib/x86_64-unknown-linux-gnu/lib/librustc_demangle-8e1754df350800fd.rlib" "/opt/rustwide/rustup-home/toolchains/nightly-2024-10-28-x86_64-unknown-linux-gnu/lib/rustlib/x86_64-unknown-linux-gnu/lib/libstd_detect-06c2ab7b9c32e037.rlib" "/opt/rustwide/rustup-home/toolchains/nightly-2024-10-28-x86_64-unknown-linux-gnu/lib/rustlib/x86_64-unknown-linux-gnu/lib/libhashbrown-51d2621fc57a281b.rlib" "/opt/rustwide/rustup-home/toolchains/nightly-2024-10-28-x86_64-unknown-linux-gnu/lib/rustlib/x86_64-unknown-linux-gnu/lib/librustc_std_workspace_alloc-54a930408793772f.rlib" "/opt/rustwide/rustup-home/toolchains/nightly-2024-10-28-x86_64-unknown-linux-gnu/lib/rustlib/x86_64-unknown-linux-gnu/lib/libminiz_oxide-0c7d01cba400dcb2.rlib" "/opt/rustwide/rustup-home/toolchains/nightly-2024-10-28-x86_64-unknown-linux-gnu/lib/rustlib/x86_64-unknown-linux-gnu/lib/libadler-b9f84d69e331b75b.rlib" "/opt/rustwide/rustup-home/toolchains/nightly-2024-10-28-x86_64-unknown-linux-gnu/lib/rustlib/x86_64-unknown-linux-gnu/lib/libunwind-eec95493246aae39.rlib" "/opt/rustwide/rustup-home/toolchains/nightly-2024-10-28-x86_64-unknown-linux-gnu/lib/rustlib/x86_64-unknown-linux-gnu/lib/libcfg_if-6f6676c475e08ab0.rlib" "/opt/rustwide/rustup-home/toolchains/nightly-2024-10-28-x86_64-unknown-linux-gnu/lib/rustlib/x86_64-unknown-linux-gnu/lib/liblibc-799d520624f8b2e0.rlib" "/opt/rustwide/rustup-home/toolchains/nightly-2024-10-28-x86_64-unknown-linux-gnu/lib/rustlib/x86_64-unknown-linux-gnu/lib/liballoc-fcf93d4842acd9a9.rlib" "/opt/rustwide/rustup-home/toolchains/nightly-2024-10-28-x86_64-unknown-linux-gnu/lib/rustlib/x86_64-unknown-linux-gnu/lib/librustc_std_workspace_core-395a38b8e0851c9b.rlib" "/opt/rustwide/rustup-home/toolchains/nightly-2024-10-28-x86_64-unknown-linux-gnu/lib/rustlib/x86_64-unknown-linux-gnu/lib/libcore-d453bab70303062c.rlib" "/opt/rustwide/rustup-home/toolchains/nightly-2024-10-28-x86_64-unknown-linux-gnu/lib/rustlib/x86_64-unknown-linux-gnu/lib/libcompiler_builtins-0e6386368b0a24e8.rlib" "-Wl,-Bdynamic" "-lgcc_s" "-lutil" "-lrt" "-lpthread" "-lm" "-ldl" "-lc" "-B/opt/rustwide/rustup-home/toolchains/nightly-2024-10-28-x86_64-unknown-linux-gnu/lib/rustlib/x86_64-unknown-linux-gnu/bin/gcc-ld" "-fuse-ld=lld" "-Wl,--eh-frame-hdr" "-Wl,-z,noexecstack" "-L" "/opt/rustwide/target/debug/build/libsoundio-sys-b4f3b924d0589792/out/lib" "-L" "/opt/rustwide/rustup-home/toolchains/nightly-2024-10-28-x86_64-unknown-linux-gnu/lib/rustlib/x86_64-unknown-linux-gnu/lib" "-o" "/opt/rustwide/target/debug/examples/player-933f01edc1b057df" "-Wl,--gc-sections" "-pie" "-Wl,-z,relro,-z,now" "-nodefaultlibs"
[INFO] [stdout]   = note: rust-lld: error: undefined symbol: pa_threaded_mainloop_signal
[INFO] [stdout]           >>> referenced by pulseaudio.c:22 (/opt/rustwide/cargo-home/registry/src/index.crates.io-6f17d22bba15001f/libsoundio-sys-0.3.0/libsoundio/src/pulseaudio.c:22)
[INFO] [stdout]           >>>               pulseaudio.c.o:(subscribe_callback) in archive /opt/rustwide/target/debug/deps/liblibsoundio_sys-61df7def8dc76460.rlib
[INFO] [stdout]           >>> referenced by pulseaudio.c:53 (/opt/rustwide/cargo-home/registry/src/index.crates.io-6f17d22bba15001f/libsoundio-sys-0.3.0/libsoundio/src/pulseaudio.c:53)
[INFO] [stdout]           >>>               pulseaudio.c.o:(context_state_callback) in archive /opt/rustwide/target/debug/deps/liblibsoundio_sys-61df7def8dc76460.rlib
[INFO] [stdout]           >>> referenced by pulseaudio.c:56 (/opt/rustwide/cargo-home/registry/src/index.crates.io-6f17d22bba15001f/libsoundio-sys-0.3.0/libsoundio/src/pulseaudio.c:56)
[INFO] [stdout]           >>>               pulseaudio.c.o:(context_state_callback) in archive /opt/rustwide/target/debug/deps/liblibsoundio_sys-61df7def8dc76460.rlib
[INFO] [stdout]           >>> referenced 10 more times
[INFO] [stdout]           
[INFO] [stdout]           rust-lld: error: undefined symbol: pa_context_subscribe
[INFO] [stdout]           >>> referenced by pulseaudio.c:30 (/opt/rustwide/cargo-home/registry/src/index.crates.io-6f17d22bba15001f/libsoundio-sys-0.3.0/libsoundio/src/pulseaudio.c:30)
[INFO] [stdout]           >>>               pulseaudio.c.o:(subscribe_to_events) in archive /opt/rustwide/target/debug/deps/liblibsoundio_sys-61df7def8dc76460.rlib
[INFO] [stdout]           
[INFO] [stdout]           rust-lld: error: undefined symbol: pa_operation_unref
[INFO] [stdout]           >>> referenced by pulseaudio.c:33 (/opt/rustwide/cargo-home/registry/src/index.crates.io-6f17d22bba15001f/libsoundio-sys-0.3.0/libsoundio/src/pulseaudio.c:33)
[INFO] [stdout]           >>>               pulseaudio.c.o:(subscribe_to_events) in archive /opt/rustwide/target/debug/deps/liblibsoundio_sys-61df7def8dc76460.rlib
[INFO] [stdout]           >>> referenced by pulseaudio.c:212 (/opt/rustwide/cargo-home/registry/src/index.crates.io-6f17d22bba15001f/libsoundio-sys-0.3.0/libsoundio/src/pulseaudio.c:212)
[INFO] [stdout]           >>>               pulseaudio.c.o:(perform_operation) in archive /opt/rustwide/target/debug/deps/liblibsoundio_sys-61df7def8dc76460.rlib
[INFO] [stdout]           >>> referenced by pulseaudio.c:215 (/opt/rustwide/cargo-home/registry/src/index.crates.io-6f17d22bba15001f/libsoundio-sys-0.3.0/libsoundio/src/pulseaudio.c:215)
[INFO] [stdout]           >>>               pulseaudio.c.o:(perform_operation) in archive /opt/rustwide/target/debug/deps/liblibsoundio_sys-61df7def8dc76460.rlib
[INFO] [stdout]           >>> referenced 3 more times
[INFO] [stdout]           
[INFO] [stdout]           rust-lld: error: undefined symbol: pa_context_get_state
[INFO] [stdout]           >>> referenced by pulseaudio.c:42 (/opt/rustwide/cargo-home/registry/src/index.crates.io-6f17d22bba15001f/libsoundio-sys-0.3.0/libsoundio/src/pulseaudio.c:42)
[INFO] [stdout]           >>>               pulseaudio.c.o:(context_state_callback) in archive /opt/rustwide/target/debug/deps/liblibsoundio_sys-61df7def8dc76460.rlib
[INFO] [stdout]           
[INFO] [stdout]           rust-lld: error: undefined symbol: pa_threaded_mainloop_stop
[INFO] [stdout]           >>> referenced by pulseaudio.c:75 (/opt/rustwide/cargo-home/registry/src/index.crates.io-6f17d22bba15001f/libsoundio-sys-0.3.0/libsoundio/src/pulseaudio.c:75)
[INFO] [stdout]           >>>               pulseaudio.c.o:(destroy_pa) in archive /opt/rustwide/target/debug/deps/liblibsoundio_sys-61df7def8dc76460.rlib
[INFO] [stdout]           
[INFO] [stdout]           rust-lld: error: undefined symbol: pa_context_disconnect
[INFO] [stdout]           >>> referenced by pulseaudio.c:77 (/opt/rustwide/cargo-home/registry/src/index.crates.io-6f17d22bba15001f/libsoundio-sys-0.3.0/libsoundio/src/pulseaudio.c:77)
[INFO] [stdout]           >>>               pulseaudio.c.o:(destroy_pa) in archive /opt/rustwide/target/debug/deps/liblibsoundio_sys-61df7def8dc76460.rlib
[INFO] [stdout]           
[INFO] [stdout]           rust-lld: error: undefined symbol: pa_context_unref
[INFO] [stdout]           >>> referenced by pulseaudio.c:78 (/opt/rustwide/cargo-home/registry/src/index.crates.io-6f17d22bba15001f/libsoundio-sys-0.3.0/libsoundio/src/pulseaudio.c:78)
[INFO] [stdout]           >>>               pulseaudio.c.o:(destroy_pa) in archive /opt/rustwide/target/debug/deps/liblibsoundio_sys-61df7def8dc76460.rlib
[INFO] [stdout]           
[INFO] [stdout]           rust-lld: error: undefined symbol: pa_threaded_mainloop_free
[INFO] [stdout]           >>> referenced by pulseaudio.c:84 (/opt/rustwide/cargo-home/registry/src/index.crates.io-6f17d22bba15001f/libsoundio-sys-0.3.0/libsoundio/src/pulseaudio.c:84)
[INFO] [stdout]           >>>               pulseaudio.c.o:(destroy_pa) in archive /opt/rustwide/target/debug/deps/liblibsoundio_sys-61df7def8dc76460.rlib
[INFO] [stdout]           
[INFO] [stdout]           rust-lld: error: undefined symbol: pa_proplist_free
[INFO] [stdout]           >>> referenced by pulseaudio.c:87 (/opt/rustwide/cargo-home/registry/src/index.crates.io-6f17d22bba15001f/libsoundio-sys-0.3.0/libsoundio/src/pulseaudio.c:87)
[INFO] [stdout]           >>>               pulseaudio.c.o:(destroy_pa) in archive /opt/rustwide/target/debug/deps/liblibsoundio_sys-61df7def8dc76460.rlib
[INFO] [stdout]           
[INFO] [stdout]           rust-lld: error: undefined symbol: jack_get_ports
[INFO] [stdout]           >>> referenced by jack.c:99 (/opt/rustwide/cargo-home/registry/src/index.crates.io-6f17d22bba15001f/libsoundio-sys-0.3.0/libsoundio/src/jack.c:99)
[INFO] [stdout]           >>>               jack.c.o:(refresh_devices_bare) in archive /opt/rustwide/target/debug/deps/liblibsoundio_sys-61df7def8dc76460.rlib
[INFO] [stdout]           
[INFO] [stdout]           rust-lld: error: undefined symbol: jack_port_by_name
[INFO] [stdout]           >>> referenced by jack.c:110 (/opt/rustwide/cargo-home/registry/src/index.crates.io-6f17d22bba15001f/libsoundio-sys-0.3.0/libsoundio/src/jack.c:110)
[INFO] [stdout]           >>>               jack.c.o:(refresh_devices_bare) in archive /opt/rustwide/target/debug/deps/liblibsoundio_sys-61df7def8dc76460.rlib
[INFO] [stdout]           
[INFO] [stdout]           rust-lld: error: undefined symbol: jack_free
[INFO] [stdout]           >>> referenced by jack.c:114 (/opt/rustwide/cargo-home/registry/src/index.crates.io-6f17d22bba15001f/libsoundio-sys-0.3.0/libsoundio/src/jack.c:114)
[INFO] [stdout]           >>>               jack.c.o:(refresh_devices_bare) in archive /opt/rustwide/target/debug/deps/liblibsoundio_sys-61df7def8dc76460.rlib
[INFO] [stdout]           >>> referenced by jack.c:143 (/opt/rustwide/cargo-home/registry/src/index.crates.io-6f17d22bba15001f/libsoundio-sys-0.3.0/libsoundio/src/jack.c:143)
[INFO] [stdout]           >>>               jack.c.o:(refresh_devices_bare) in archive /opt/rustwide/target/debug/deps/liblibsoundio_sys-61df7def8dc76460.rlib
[INFO] [stdout]           >>> referenced by jack.c:170 (/opt/rustwide/cargo-home/registry/src/index.crates.io-6f17d22bba15001f/libsoundio-sys-0.3.0/libsoundio/src/jack.c:170)
[INFO] [stdout]           >>>               jack.c.o:(refresh_devices_bare) in archive /opt/rustwide/target/debug/deps/liblibsoundio_sys-61df7def8dc76460.rlib
[INFO] [stdout]           >>> referenced 3 more times
[INFO] [stdout]           
[INFO] [stdout]           rust-lld: error: undefined symbol: jack_port_flags
[INFO] [stdout]           >>> referenced by jack.c:119 (/opt/rustwide/cargo-home/registry/src/index.crates.io-6f17d22bba15001f/libsoundio-sys-0.3.0/libsoundio/src/jack.c:119)
[INFO] [stdout]           >>>               jack.c.o:(refresh_devices_bare) in archive /opt/rustwide/target/debug/deps/liblibsoundio_sys-61df7def8dc76460.rlib
[INFO] [stdout]           
[INFO] [stdout]           rust-lld: error: undefined symbol: jack_port_type
[INFO] [stdout]           >>> referenced by jack.c:120 (/opt/rustwide/cargo-home/registry/src/index.crates.io-6f17d22bba15001f/libsoundio-sys-0.3.0/libsoundio/src/jack.c:120)
[INFO] [stdout]           >>>               jack.c.o:(refresh_devices_bare) in archive /opt/rustwide/target/debug/deps/liblibsoundio_sys-61df7def8dc76460.rlib
[INFO] [stdout]           
[INFO] [stdout]           rust-lld: error: undefined symbol: jack_port_get_buffer
[INFO] [stdout]           >>> referenced by jack.c:361 (/opt/rustwide/cargo-home/registry/src/index.crates.io-6f17d22bba15001f/libsoundio-sys-0.3.0/libsoundio/src/jack.c:361)
[INFO] [stdout]           >>>               jack.c.o:(outstream_process_callback) in archive /opt/rustwide/target/debug/deps/liblibsoundio_sys-61df7def8dc76460.rlib
[INFO] [stdout]           >>> referenced by jack.c:642 (/opt/rustwide/cargo-home/registry/src/index.crates.io-6f17d22bba15001f/libsoundio-sys-0.3.0/libsoundio/src/jack.c:642)
[INFO] [stdout]           >>>               jack.c.o:(instream_process_callback) in archive /opt/rustwide/target/debug/deps/liblibsoundio_sys-61df7def8dc76460.rlib
[INFO] [stdout]           
[INFO] [stdout]           rust-lld: error: undefined symbol: jack_client_close
[INFO] [stdout]           >>> referenced by jack.c:371 (/opt/rustwide/cargo-home/registry/src/index.crates.io-6f17d22bba15001f/libsoundio-sys-0.3.0/libsoundio/src/jack.c:371)
[INFO] [stdout]           >>>               jack.c.o:(outstream_destroy_jack) in archive /opt/rustwide/target/debug/deps/liblibsoundio_sys-61df7def8dc76460.rlib
[INFO] [stdout]           >>> referenced by jack.c:594 (/opt/rustwide/cargo-home/registry/src/index.crates.io-6f17d22bba15001f/libsoundio-sys-0.3.0/libsoundio/src/jack.c:594)
[INFO] [stdout]           >>>               jack.c.o:(instream_destroy_jack) in archive /opt/rustwide/target/debug/deps/liblibsoundio_sys-61df7def8dc76460.rlib
[INFO] [stdout]           >>> referenced by jack.c:859 (/opt/rustwide/cargo-home/registry/src/index.crates.io-6f17d22bba15001f/libsoundio-sys-0.3.0/libsoundio/src/jack.c:859)
[INFO] [stdout]           >>>               jack.c.o:(destroy_jack) in archive /opt/rustwide/target/debug/deps/liblibsoundio_sys-61df7def8dc76460.rlib
[INFO] [stdout]           
[INFO] [stdout]           rust-lld: error: undefined symbol: jack_client_open
[INFO] [stdout]           >>> referenced by jack.c:446 (/opt/rustwide/cargo-home/registry/src/index.crates.io-6f17d22bba15001f/libsoundio-sys-0.3.0/libsoundio/src/jack.c:446)
[INFO] [stdout]           >>>               jack.c.o:(outstream_open_jack) in archive /opt/rustwide/target/debug/deps/liblibsoundio_sys-61df7def8dc76460.rlib
[INFO] [stdout]           >>> referenced by jack.c:667 (/opt/rustwide/cargo-home/registry/src/index.crates.io-6f17d22bba15001f/libsoundio-sys-0.3.0/libsoundio/src/jack.c:667)
[INFO] [stdout]           >>>               jack.c.o:(instream_open_jack) in archive /opt/rustwide/target/debug/deps/liblibsoundio_sys-61df7def8dc76460.rlib
[INFO] [stdout]           >>> referenced by jack.c:895 (/opt/rustwide/cargo-home/registry/src/index.crates.io-6f17d22bba15001f/libsoundio-sys-0.3.0/libsoundio/src/jack.c:895)
[INFO] [stdout]           >>>               jack.c.o:(soundio_jack_init) in archive /opt/rustwide/target/debug/deps/liblibsoundio_sys-61df7def8dc76460.rlib
[INFO] [stdout]           
[INFO] [stdout]           rust-lld: error: undefined symbol: jack_set_process_callback
[INFO] [stdout]           >>> referenced by jack.c:458 (/opt/rustwide/cargo-home/registry/src/index.crates.io-6f17d22bba15001f/libsoundio-sys-0.3.0/libsoundio/src/jack.c:458)
[INFO] [stdout]           >>>               jack.c.o:(outstream_open_jack) in archive /opt/rustwide/target/debug/deps/liblibsoundio_sys-61df7def8dc76460.rlib
[INFO] [stdout]           >>> referenced by jack.c:679 (/opt/rustwide/cargo-home/registry/src/index.crates.io-6f17d22bba15001f/libsoundio-sys-0.3.0/libsoundio/src/jack.c:679)
[INFO] [stdout]           >>>               jack.c.o:(instream_open_jack) in archive /opt/rustwide/target/debug/deps/liblibsoundio_sys-61df7def8dc76460.rlib
[INFO] [stdout]           
[INFO] [stdout]           rust-lld: error: undefined symbol: jack_set_buffer_size_callback
[INFO] [stdout]           >>> referenced by jack.c:462 (/opt/rustwide/cargo-home/registry/src/index.crates.io-6f17d22bba15001f/libsoundio-sys-0.3.0/libsoundio/src/jack.c:462)
[INFO] [stdout]           >>>               jack.c.o:(outstream_open_jack) in archive /opt/rustwide/target/debug/deps/liblibsoundio_sys-61df7def8dc76460.rlib
[INFO] [stdout]           >>> referenced by jack.c:683 (/opt/rustwide/cargo-home/registry/src/index.crates.io-6f17d22bba15001f/libsoundio-sys-0.3.0/libsoundio/src/jack.c:683)
[INFO] [stdout]           >>>               jack.c.o:(instream_open_jack) in archive /opt/rustwide/target/debug/deps/liblibsoundio_sys-61df7def8dc76460.rlib
[INFO] [stdout]           >>> referenced by jack.c:908 (/opt/rustwide/cargo-home/registry/src/index.crates.io-6f17d22bba15001f/libsoundio-sys-0.3.0/libsoundio/src/jack.c:908)
[INFO] [stdout]           >>>               jack.c.o:(soundio_jack_init) in archive /opt/rustwide/target/debug/deps/liblibsoundio_sys-61df7def8dc76460.rlib
[INFO] [stdout]           
[INFO] [stdout]           rust-lld: error: undefined symbol: jack_set_sample_rate_callback
[INFO] [stdout]           >>> referenced by jack.c:466 (/opt/rustwide/cargo-home/registry/src/index.crates.io-6f17d22bba15001f/libsoundio-sys-0.3.0/libsoundio/src/jack.c:466)
[INFO] [stdout]           >>>               jack.c.o:(outstream_open_jack) in archive /opt/rustwide/target/debug/deps/liblibsoundio_sys-61df7def8dc76460.rlib
[INFO] [stdout]           >>> referenced by jack.c:687 (/opt/rustwide/cargo-home/registry/src/index.crates.io-6f17d22bba15001f/libsoundio-sys-0.3.0/libsoundio/src/jack.c:687)
[INFO] [stdout]           >>>               jack.c.o:(instream_open_jack) in archive /opt/rustwide/target/debug/deps/liblibsoundio_sys-61df7def8dc76460.rlib
[INFO] [stdout]           >>> referenced by jack.c:912 (/opt/rustwide/cargo-home/registry/src/index.crates.io-6f17d22bba15001f/libsoundio-sys-0.3.0/libsoundio/src/jack.c:912)
[INFO] [stdout]           >>>               jack.c.o:(soundio_jack_init) in archive /opt/rustwide/target/debug/deps/liblibsoundio_sys-61df7def8dc76460.rlib
[INFO] [stdout]           
[INFO] [stdout]           rust-lld: error: too many errors emitted, stopping now (use --error-limit=0 to see all errors)
[INFO] [stdout]           collect2: error: ld returned 1 exit status
[INFO] [stdout]           
[INFO] [stdout] 
[INFO] [stdout] 
[INFO] [stderr] error: could not compile `soundio` (example "player") due to 1 previous error
[INFO] [stdout] error: linking with `cc` failed: exit status: 1
[INFO] [stdout]   |
[INFO] [stdout]   = note: LC_ALL="C" PATH="/opt/rustwide/rustup-home/toolchains/nightly-2024-10-28-x86_64-unknown-linux-gnu/lib/rustlib/x86_64-unknown-linux-gnu/bin:/opt/rustwide/rustup-home/toolchains/nightly-2024-10-28-x86_64-unknown-linux-gnu/lib/rustlib/x86_64-unknown-linux-gnu/bin/self-contained:/opt/rustwide/cargo-home/bin:/usr/local/sbin:/usr/local/bin:/usr/sbin:/usr/bin:/sbin:/bin" VSLANG="1033" "cc" "-m64" "/tmp/rustcI08jcn/symbols.o" "/opt/rustwide/target/debug/deps/soundio-8329887a8b7471d5.soundio.4f2e111845a1b4fe-cgu.0.rcgu.o" "/opt/rustwide/target/debug/deps/soundio-8329887a8b7471d5.soundio.4f2e111845a1b4fe-cgu.1.rcgu.o" "/opt/rustwide/target/debug/deps/soundio-8329887a8b7471d5.cx5bi82yikk4dnayzf6ddqts1.rcgu.o" "-Wl,--as-needed" "-Wl,-Bstatic" "/opt/rustwide/rustup-home/toolchains/nightly-2024-10-28-x86_64-unknown-linux-gnu/lib/rustlib/x86_64-unknown-linux-gnu/lib/libtest-a09fad3b5321e7d6.rlib" "/opt/rustwide/rustup-home/toolchains/nightly-2024-10-28-x86_64-unknown-linux-gnu/lib/rustlib/x86_64-unknown-linux-gnu/lib/libgetopts-f9c3dff41ad42661.rlib" "/opt/rustwide/rustup-home/toolchains/nightly-2024-10-28-x86_64-unknown-linux-gnu/lib/rustlib/x86_64-unknown-linux-gnu/lib/libunicode_width-ad2aef31af6addd3.rlib" "/opt/rustwide/rustup-home/toolchains/nightly-2024-10-28-x86_64-unknown-linux-gnu/lib/rustlib/x86_64-unknown-linux-gnu/lib/librustc_std_workspace_std-e3f907dc03deb913.rlib" "/opt/rustwide/target/debug/deps/liblibsoundio_sys-61df7def8dc76460.rlib" "/opt/rustwide/rustup-home/toolchains/nightly-2024-10-28-x86_64-unknown-linux-gnu/lib/rustlib/x86_64-unknown-linux-gnu/lib/libstd-fb8c387236db3c10.rlib" "/opt/rustwide/rustup-home/toolchains/nightly-2024-10-28-x86_64-unknown-linux-gnu/lib/rustlib/x86_64-unknown-linux-gnu/lib/libpanic_unwind-b251837809b2f64b.rlib" "/opt/rustwide/rustup-home/toolchains/nightly-2024-10-28-x86_64-unknown-linux-gnu/lib/rustlib/x86_64-unknown-linux-gnu/lib/libobject-cbef83eaa4e01f04.rlib" "/opt/rustwide/rustup-home/toolchains/nightly-2024-10-28-x86_64-unknown-linux-gnu/lib/rustlib/x86_64-unknown-linux-gnu/lib/libmemchr-12a772286de2fca7.rlib" "/opt/rustwide/rustup-home/toolchains/nightly-2024-10-28-x86_64-unknown-linux-gnu/lib/rustlib/x86_64-unknown-linux-gnu/lib/libaddr2line-023bbe5ada7abfc3.rlib" "/opt/rustwide/rustup-home/toolchains/nightly-2024-10-28-x86_64-unknown-linux-gnu/lib/rustlib/x86_64-unknown-linux-gnu/lib/libgimli-de2bcdf10ec69c2b.rlib" "/opt/rustwide/rustup-home/toolchains/nightly-2024-10-28-x86_64-unknown-linux-gnu/lib/rustlib/x86_64-unknown-linux-gnu/lib/librustc_demangle-8e1754df350800fd.rlib" "/opt/rustwide/rustup-home/toolchains/nightly-2024-10-28-x86_64-unknown-linux-gnu/lib/rustlib/x86_64-unknown-linux-gnu/lib/libstd_detect-06c2ab7b9c32e037.rlib" "/opt/rustwide/rustup-home/toolchains/nightly-2024-10-28-x86_64-unknown-linux-gnu/lib/rustlib/x86_64-unknown-linux-gnu/lib/libhashbrown-51d2621fc57a281b.rlib" "/opt/rustwide/rustup-home/toolchains/nightly-2024-10-28-x86_64-unknown-linux-gnu/lib/rustlib/x86_64-unknown-linux-gnu/lib/librustc_std_workspace_alloc-54a930408793772f.rlib" "/opt/rustwide/rustup-home/toolchains/nightly-2024-10-28-x86_64-unknown-linux-gnu/lib/rustlib/x86_64-unknown-linux-gnu/lib/libminiz_oxide-0c7d01cba400dcb2.rlib" "/opt/rustwide/rustup-home/toolchains/nightly-2024-10-28-x86_64-unknown-linux-gnu/lib/rustlib/x86_64-unknown-linux-gnu/lib/libadler-b9f84d69e331b75b.rlib" "/opt/rustwide/rustup-home/toolchains/nightly-2024-10-28-x86_64-unknown-linux-gnu/lib/rustlib/x86_64-unknown-linux-gnu/lib/libunwind-eec95493246aae39.rlib" "/opt/rustwide/rustup-home/toolchains/nightly-2024-10-28-x86_64-unknown-linux-gnu/lib/rustlib/x86_64-unknown-linux-gnu/lib/libcfg_if-6f6676c475e08ab0.rlib" "/opt/rustwide/rustup-home/toolchains/nightly-2024-10-28-x86_64-unknown-linux-gnu/lib/rustlib/x86_64-unknown-linux-gnu/lib/liblibc-799d520624f8b2e0.rlib" "/opt/rustwide/rustup-home/toolchains/nightly-2024-10-28-x86_64-unknown-linux-gnu/lib/rustlib/x86_64-unknown-linux-gnu/lib/liballoc-fcf93d4842acd9a9.rlib" "/opt/rustwide/rustup-home/toolchains/nightly-2024-10-28-x86_64-unknown-linux-gnu/lib/rustlib/x86_64-unknown-linux-gnu/lib/librustc_std_workspace_core-395a38b8e0851c9b.rlib" "/opt/rustwide/rustup-home/toolchains/nightly-2024-10-28-x86_64-unknown-linux-gnu/lib/rustlib/x86_64-unknown-linux-gnu/lib/libcore-d453bab70303062c.rlib" "/opt/rustwide/rustup-home/toolchains/nightly-2024-10-28-x86_64-unknown-linux-gnu/lib/rustlib/x86_64-unknown-linux-gnu/lib/libcompiler_builtins-0e6386368b0a24e8.rlib" "-Wl,-Bdynamic" "-lgcc_s" "-lutil" "-lrt" "-lpthread" "-lm" "-ldl" "-lc" "-B/opt/rustwide/rustup-home/toolchains/nightly-2024-10-28-x86_64-unknown-linux-gnu/lib/rustlib/x86_64-unknown-linux-gnu/bin/gcc-ld" "-fuse-ld=lld" "-Wl,--eh-frame-hdr" "-Wl,-z,noexecstack" "-L" "/opt/rustwide/target/debug/build/libsoundio-sys-b4f3b924d0589792/out/lib" "-L" "/opt/rustwide/rustup-home/toolchains/nightly-2024-10-28-x86_64-unknown-linux-gnu/lib/rustlib/x86_64-unknown-linux-gnu/lib" "-o" "/opt/rustwide/target/debug/deps/soundio-8329887a8b7471d5" "-Wl,--gc-sections" "-pie" "-Wl,-z,relro,-z,now" "-nodefaultlibs"
[INFO] [stdout]   = note: rust-lld: error: undefined symbol: jack_get_ports
[INFO] [stdout]           >>> referenced by jack.c:99 (/opt/rustwide/cargo-home/registry/src/index.crates.io-6f17d22bba15001f/libsoundio-sys-0.3.0/libsoundio/src/jack.c:99)
[INFO] [stdout]           >>>               jack.c.o:(refresh_devices_bare) in archive /opt/rustwide/target/debug/deps/liblibsoundio_sys-61df7def8dc76460.rlib
[INFO] [stdout]           
[INFO] [stdout]           rust-lld: error: undefined symbol: jack_port_by_name
[INFO] [stdout]           >>> referenced by jack.c:110 (/opt/rustwide/cargo-home/registry/src/index.crates.io-6f17d22bba15001f/libsoundio-sys-0.3.0/libsoundio/src/jack.c:110)
[INFO] [stdout]           >>>               jack.c.o:(refresh_devices_bare) in archive /opt/rustwide/target/debug/deps/liblibsoundio_sys-61df7def8dc76460.rlib
[INFO] [stdout]           
[INFO] [stdout]           rust-lld: error: undefined symbol: jack_free
[INFO] [stdout]           >>> referenced by jack.c:114 (/opt/rustwide/cargo-home/registry/src/index.crates.io-6f17d22bba15001f/libsoundio-sys-0.3.0/libsoundio/src/jack.c:114)
[INFO] [stdout]           >>>               jack.c.o:(refresh_devices_bare) in archive /opt/rustwide/target/debug/deps/liblibsoundio_sys-61df7def8dc76460.rlib
[INFO] [stdout]           >>> referenced by jack.c:143 (/opt/rustwide/cargo-home/registry/src/index.crates.io-6f17d22bba15001f/libsoundio-sys-0.3.0/libsoundio/src/jack.c:143)
[INFO] [stdout]           >>>               jack.c.o:(refresh_devices_bare) in archive /opt/rustwide/target/debug/deps/liblibsoundio_sys-61df7def8dc76460.rlib
[INFO] [stdout]           >>> referenced by jack.c:170 (/opt/rustwide/cargo-home/registry/src/index.crates.io-6f17d22bba15001f/libsoundio-sys-0.3.0/libsoundio/src/jack.c:170)
[INFO] [stdout]           >>>               jack.c.o:(refresh_devices_bare) in archive /opt/rustwide/target/debug/deps/liblibsoundio_sys-61df7def8dc76460.rlib
[INFO] [stdout]           >>> referenced 3 more times
[INFO] [stdout]           
[INFO] [stdout]           rust-lld: error: undefined symbol: jack_port_flags
[INFO] [stdout]           >>> referenced by jack.c:119 (/opt/rustwide/cargo-home/registry/src/index.crates.io-6f17d22bba15001f/libsoundio-sys-0.3.0/libsoundio/src/jack.c:119)
[INFO] [stdout]           >>>               jack.c.o:(refresh_devices_bare) in archive /opt/rustwide/target/debug/deps/liblibsoundio_sys-61df7def8dc76460.rlib
[INFO] [stdout]           
[INFO] [stdout]           rust-lld: error: undefined symbol: jack_port_type
[INFO] [stdout]           >>> referenced by jack.c:120 (/opt/rustwide/cargo-home/registry/src/index.crates.io-6f17d22bba15001f/libsoundio-sys-0.3.0/libsoundio/src/jack.c:120)
[INFO] [stdout]           >>>               jack.c.o:(refresh_devices_bare) in archive /opt/rustwide/target/debug/deps/liblibsoundio_sys-61df7def8dc76460.rlib
[INFO] [stdout]           
[INFO] [stdout]           rust-lld: error: undefined symbol: pa_threaded_mainloop_signal
[INFO] [stdout]           >>> referenced by pulseaudio.c:22 (/opt/rustwide/cargo-home/registry/src/index.crates.io-6f17d22bba15001f/libsoundio-sys-0.3.0/libsoundio/src/pulseaudio.c:22)
[INFO] [stdout]           >>>               pulseaudio.c.o:(subscribe_callback) in archive /opt/rustwide/target/debug/deps/liblibsoundio_sys-61df7def8dc76460.rlib
[INFO] [stdout]           >>> referenced by pulseaudio.c:53 (/opt/rustwide/cargo-home/registry/src/index.crates.io-6f17d22bba15001f/libsoundio-sys-0.3.0/libsoundio/src/pulseaudio.c:53)
[INFO] [stdout]           >>>               pulseaudio.c.o:(context_state_callback) in archive /opt/rustwide/target/debug/deps/liblibsoundio_sys-61df7def8dc76460.rlib
[INFO] [stdout]           >>> referenced by pulseaudio.c:56 (/opt/rustwide/cargo-home/registry/src/index.crates.io-6f17d22bba15001f/libsoundio-sys-0.3.0/libsoundio/src/pulseaudio.c:56)
[INFO] [stdout]           >>>               pulseaudio.c.o:(context_state_callback) in archive /opt/rustwide/target/debug/deps/liblibsoundio_sys-61df7def8dc76460.rlib
[INFO] [stdout]           >>> referenced 10 more times
[INFO] [stdout]           
[INFO] [stdout]           rust-lld: error: undefined symbol: pa_context_subscribe
[INFO] [stdout]           >>> referenced by pulseaudio.c:30 (/opt/rustwide/cargo-home/registry/src/index.crates.io-6f17d22bba15001f/libsoundio-sys-0.3.0/libsoundio/src/pulseaudio.c:30)
[INFO] [stdout]           >>>               pulseaudio.c.o:(subscribe_to_events) in archive /opt/rustwide/target/debug/deps/liblibsoundio_sys-61df7def8dc76460.rlib
[INFO] [stdout]           
[INFO] [stdout]           rust-lld: error: undefined symbol: pa_operation_unref
[INFO] [stdout]           >>> referenced by pulseaudio.c:33 (/opt/rustwide/cargo-home/registry/src/index.crates.io-6f17d22bba15001f/libsoundio-sys-0.3.0/libsoundio/src/pulseaudio.c:33)
[INFO] [stdout]           >>>               pulseaudio.c.o:(subscribe_to_events) in archive /opt/rustwide/target/debug/deps/liblibsoundio_sys-61df7def8dc76460.rlib
[INFO] [stdout]           >>> referenced by pulseaudio.c:212 (/opt/rustwide/cargo-home/registry/src/index.crates.io-6f17d22bba15001f/libsoundio-sys-0.3.0/libsoundio/src/pulseaudio.c:212)
[INFO] [stdout]           >>>               pulseaudio.c.o:(perform_operation) in archive /opt/rustwide/target/debug/deps/liblibsoundio_sys-61df7def8dc76460.rlib
[INFO] [stdout]           >>> referenced by pulseaudio.c:215 (/opt/rustwide/cargo-home/registry/src/index.crates.io-6f17d22bba15001f/libsoundio-sys-0.3.0/libsoundio/src/pulseaudio.c:215)
[INFO] [stdout]           >>>               pulseaudio.c.o:(perform_operation) in archive /opt/rustwide/target/debug/deps/liblibsoundio_sys-61df7def8dc76460.rlib
[INFO] [stdout]           >>> referenced 3 more times
[INFO] [stdout]           
[INFO] [stdout]           rust-lld: error: undefined symbol: pa_context_get_state
[INFO] [stdout]           >>> referenced by pulseaudio.c:42 (/opt/rustwide/cargo-home/registry/src/index.crates.io-6f17d22bba15001f/libsoundio-sys-0.3.0/libsoundio/src/pulseaudio.c:42)
[INFO] [stdout]           >>>               pulseaudio.c.o:(context_state_callback) in archive /opt/rustwide/target/debug/deps/liblibsoundio_sys-61df7def8dc76460.rlib
[INFO] [stdout]           
[INFO] [stdout]           rust-lld: error: undefined symbol: pa_threaded_mainloop_stop
[INFO] [stdout]           >>> referenced by pulseaudio.c:75 (/opt/rustwide/cargo-home/registry/src/index.crates.io-6f17d22bba15001f/libsoundio-sys-0.3.0/libsoundio/src/pulseaudio.c:75)
[INFO] [stdout]           >>>               pulseaudio.c.o:(destroy_pa) in archive /opt/rustwide/target/debug/deps/liblibsoundio_sys-61df7def8dc76460.rlib
[INFO] [stdout]           
[INFO] [stdout]           rust-lld: error: undefined symbol: pa_context_disconnect
[INFO] [stdout]           >>> referenced by pulseaudio.c:77 (/opt/rustwide/cargo-home/registry/src/index.crates.io-6f17d22bba15001f/libsoundio-sys-0.3.0/libsoundio/src/pulseaudio.c:77)
[INFO] [stdout]           >>>               pulseaudio.c.o:(destroy_pa) in archive /opt/rustwide/target/debug/deps/liblibsoundio_sys-61df7def8dc76460.rlib
[INFO] [stdout]           
[INFO] [stdout]           rust-lld: error: undefined symbol: pa_context_unref
[INFO] [stdout]           >>> referenced by pulseaudio.c:78 (/opt/rustwide/cargo-home/registry/src/index.crates.io-6f17d22bba15001f/libsoundio-sys-0.3.0/libsoundio/src/pulseaudio.c:78)
[INFO] [stdout]           >>>               pulseaudio.c.o:(destroy_pa) in archive /opt/rustwide/target/debug/deps/liblibsoundio_sys-61df7def8dc76460.rlib
[INFO] [stdout]           
[INFO] [stdout]           rust-lld: error: undefined symbol: pa_threaded_mainloop_free
[INFO] [stdout]           >>> referenced by pulseaudio.c:84 (/opt/rustwide/cargo-home/registry/src/index.crates.io-6f17d22bba15001f/libsoundio-sys-0.3.0/libsoundio/src/pulseaudio.c:84)
[INFO] [stdout]           >>>               pulseaudio.c.o:(destroy_pa) in archive /opt/rustwide/target/debug/deps/liblibsoundio_sys-61df7def8dc76460.rlib
[INFO] [stdout]           
[INFO] [stdout]           rust-lld: error: undefined symbol: pa_proplist_free
[INFO] [stdout]           >>> referenced by pulseaudio.c:87 (/opt/rustwide/cargo-home/registry/src/index.crates.io-6f17d22bba15001f/libsoundio-sys-0.3.0/libsoundio/src/pulseaudio.c:87)
[INFO] [stdout]           >>>               pulseaudio.c.o:(destroy_pa) in archive /opt/rustwide/target/debug/deps/liblibsoundio_sys-61df7def8dc76460.rlib
[INFO] [stdout]           
[INFO] [stdout]           rust-lld: error: undefined symbol: jack_port_get_buffer
[INFO] [stdout]           >>> referenced by jack.c:361 (/opt/rustwide/cargo-home/registry/src/index.crates.io-6f17d22bba15001f/libsoundio-sys-0.3.0/libsoundio/src/jack.c:361)
[INFO] [stdout]           >>>               jack.c.o:(outstream_process_callback) in archive /opt/rustwide/target/debug/deps/liblibsoundio_sys-61df7def8dc76460.rlib
[INFO] [stdout]           >>> referenced by jack.c:642 (/opt/rustwide/cargo-home/registry/src/index.crates.io-6f17d22bba15001f/libsoundio-sys-0.3.0/libsoundio/src/jack.c:642)
[INFO] [stdout]           >>>               jack.c.o:(instream_process_callback) in archive /opt/rustwide/target/debug/deps/liblibsoundio_sys-61df7def8dc76460.rlib
[INFO] [stdout]           
[INFO] [stdout]           rust-lld: error: undefined symbol: jack_client_close
[INFO] [stdout]           >>> referenced by jack.c:371 (/opt/rustwide/cargo-home/registry/src/index.crates.io-6f17d22bba15001f/libsoundio-sys-0.3.0/libsoundio/src/jack.c:371)
[INFO] [stdout]           >>>               jack.c.o:(outstream_destroy_jack) in archive /opt/rustwide/target/debug/deps/liblibsoundio_sys-61df7def8dc76460.rlib
[INFO] [stdout]           >>> referenced by jack.c:594 (/opt/rustwide/cargo-home/registry/src/index.crates.io-6f17d22bba15001f/libsoundio-sys-0.3.0/libsoundio/src/jack.c:594)
[INFO] [stdout]           >>>               jack.c.o:(instream_destroy_jack) in archive /opt/rustwide/target/debug/deps/liblibsoundio_sys-61df7def8dc76460.rlib
[INFO] [stdout]           >>> referenced by jack.c:859 (/opt/rustwide/cargo-home/registry/src/index.crates.io-6f17d22bba15001f/libsoundio-sys-0.3.0/libsoundio/src/jack.c:859)
[INFO] [stdout]           >>>               jack.c.o:(destroy_jack) in archive /opt/rustwide/target/debug/deps/liblibsoundio_sys-61df7def8dc76460.rlib
[INFO] [stdout]           
[INFO] [stdout]           rust-lld: error: undefined symbol: jack_client_open
[INFO] [stdout]           >>> referenced by jack.c:446 (/opt/rustwide/cargo-home/registry/src/index.crates.io-6f17d22bba15001f/libsoundio-sys-0.3.0/libsoundio/src/jack.c:446)
[INFO] [stdout]           >>>               jack.c.o:(outstream_open_jack) in archive /opt/rustwide/target/debug/deps/liblibsoundio_sys-61df7def8dc76460.rlib
[INFO] [stdout]           >>> referenced by jack.c:667 (/opt/rustwide/cargo-home/registry/src/index.crates.io-6f17d22bba15001f/libsoundio-sys-0.3.0/libsoundio/src/jack.c:667)
[INFO] [stdout]           >>>               jack.c.o:(instream_open_jack) in archive /opt/rustwide/target/debug/deps/liblibsoundio_sys-61df7def8dc76460.rlib
[INFO] [stdout]           >>> referenced by jack.c:895 (/opt/rustwide/cargo-home/registry/src/index.crates.io-6f17d22bba15001f/libsoundio-sys-0.3.0/libsoundio/src/jack.c:895)
[INFO] [stdout]           >>>               jack.c.o:(soundio_jack_init) in archive /opt/rustwide/target/debug/deps/liblibsoundio_sys-61df7def8dc76460.rlib
[INFO] [stdout]           
[INFO] [stdout]           rust-lld: error: undefined symbol: jack_set_process_callback
[INFO] [stdout]           >>> referenced by jack.c:458 (/opt/rustwide/cargo-home/registry/src/index.crates.io-6f17d22bba15001f/libsoundio-sys-0.3.0/libsoundio/src/jack.c:458)
[INFO] [stdout]           >>>               jack.c.o:(outstream_open_jack) in archive /opt/rustwide/target/debug/deps/liblibsoundio_sys-61df7def8dc76460.rlib
[INFO] [stdout]           >>> referenced by jack.c:679 (/opt/rustwide/cargo-home/registry/src/index.crates.io-6f17d22bba15001f/libsoundio-sys-0.3.0/libsoundio/src/jack.c:679)
[INFO] [stdout]           >>>               jack.c.o:(instream_open_jack) in archive /opt/rustwide/target/debug/deps/liblibsoundio_sys-61df7def8dc76460.rlib
[INFO] [stdout]           
[INFO] [stdout]           rust-lld: error: undefined symbol: jack_set_buffer_size_callback
[INFO] [stdout]           >>> referenced by jack.c:462 (/opt/rustwide/cargo-home/registry/src/index.crates.io-6f17d22bba15001f/libsoundio-sys-0.3.0/libsoundio/src/jack.c:462)
[INFO] [stdout]           >>>               jack.c.o:(outstream_open_jack) in archive /opt/rustwide/target/debug/deps/liblibsoundio_sys-61df7def8dc76460.rlib
[INFO] [stdout]           >>> referenced by jack.c:683 (/opt/rustwide/cargo-home/registry/src/index.crates.io-6f17d22bba15001f/libsoundio-sys-0.3.0/libsoundio/src/jack.c:683)
[INFO] [stdout]           >>>               jack.c.o:(instream_open_jack) in archive /opt/rustwide/target/debug/deps/liblibsoundio_sys-61df7def8dc76460.rlib
[INFO] [stdout]           >>> referenced by jack.c:908 (/opt/rustwide/cargo-home/registry/src/index.crates.io-6f17d22bba15001f/libsoundio-sys-0.3.0/libsoundio/src/jack.c:908)
[INFO] [stdout]           >>>               jack.c.o:(soundio_jack_init) in archive /opt/rustwide/target/debug/deps/liblibsoundio_sys-61df7def8dc76460.rlib
[INFO] [stdout]           
[INFO] [stdout]           rust-lld: error: undefined symbol: jack_set_sample_rate_callback
[INFO] [stdout]           >>> referenced by jack.c:466 (/opt/rustwide/cargo-home/registry/src/index.crates.io-6f17d22bba15001f/libsoundio-sys-0.3.0/libsoundio/src/jack.c:466)
[INFO] [stdout]           >>>               jack.c.o:(outstream_open_jack) in archive /opt/rustwide/target/debug/deps/liblibsoundio_sys-61df7def8dc76460.rlib
[INFO] [stdout]           >>> referenced by jack.c:687 (/opt/rustwide/cargo-home/registry/src/index.crates.io-6f17d22bba15001f/libsoundio-sys-0.3.0/libsoundio/src/jack.c:687)
[INFO] [stdout]           >>>               jack.c.o:(instream_open_jack) in archive /opt/rustwide/target/debug/deps/liblibsoundio_sys-61df7def8dc76460.rlib
[INFO] [stdout]           >>> referenced by jack.c:912 (/opt/rustwide/cargo-home/registry/src/index.crates.io-6f17d22bba15001f/libsoundio-sys-0.3.0/libsoundio/src/jack.c:912)
[INFO] [stdout]           >>>               jack.c.o:(soundio_jack_init) in archive /opt/rustwide/target/debug/deps/liblibsoundio_sys-61df7def8dc76460.rlib
[INFO] [stdout]           
[INFO] [stdout]           rust-lld: error: too many errors emitted, stopping now (use --error-limit=0 to see all errors)
[INFO] [stdout]           collect2: error: ld returned 1 exit status
[INFO] [stdout]           
[INFO] [stdout] 
[INFO] [stdout] 
[INFO] [stderr] error: could not compile `soundio` (lib test) due to 1 previous error; 4 warnings emitted
[INFO] running `Command { std: "docker" "inspect" "69a3e352358898f2f0aab6d10cdb26d1263758a1187b173bc8399dbdac022506", kill_on_drop: false }`
[INFO] running `Command { std: "docker" "rm" "-f" "69a3e352358898f2f0aab6d10cdb26d1263758a1187b173bc8399dbdac022506", kill_on_drop: false }`
[INFO] [stdout] 69a3e352358898f2f0aab6d10cdb26d1263758a1187b173bc8399dbdac022506
