[INFO] fetching crate sosorted 0.1.0...
[INFO] testing sosorted-0.1.0 against nightly-2024-10-28+rustflags=-Zrandomize-layout for randomize-layout
[INFO] extracting crate sosorted 0.1.0 into /workspace/builds/worker-0-tc2/source
[INFO] validating manifest of crates.io crate sosorted 0.1.0 on toolchain nightly-2024-10-28
[INFO] running `Command { std: CARGO_HOME="/workspace/cargo-home" RUSTUP_HOME="/workspace/rustup-home" "/workspace/cargo-home/bin/cargo" "+nightly-2024-10-28" "metadata" "--manifest-path" "Cargo.toml" "--no-deps", kill_on_drop: false }`
[INFO] removed /workspace/builds/worker-0-tc2/source/rust-toolchain
[INFO] started tweaking crates.io crate sosorted 0.1.0
[INFO] finished tweaking crates.io crate sosorted 0.1.0
[INFO] tweaked toml for crates.io crate sosorted 0.1.0 written to /workspace/builds/worker-0-tc2/source/Cargo.toml
[INFO] running `Command { std: CARGO_HOME="/workspace/cargo-home" RUSTUP_HOME="/workspace/rustup-home" "/workspace/cargo-home/bin/cargo" "+nightly-2024-10-28" "generate-lockfile" "--manifest-path" "Cargo.toml", kill_on_drop: false }`
[INFO] [stderr]     Updating crates.io index
[INFO] [stderr]      Locking 80 packages to latest compatible versions
[INFO] [stderr]       Adding criterion v0.3.6 (available: v0.5.1)
[INFO] running `Command { std: CARGO_HOME="/workspace/cargo-home" RUSTUP_HOME="/workspace/rustup-home" "/workspace/cargo-home/bin/cargo" "+nightly-2024-10-28" "fetch" "--manifest-path" "Cargo.toml", kill_on_drop: false }`
[INFO] running `Command { std: "docker" "create" "-v" "/var/lib/crater-agent-workspace/builds/worker-0-tc2/target:/opt/rustwide/target:rw,Z" "-v" "/var/lib/crater-agent-workspace/builds/worker-0-tc2/source:/opt/rustwide/workdir:ro,Z" "-v" "/var/lib/crater-agent-workspace/cargo-home:/opt/rustwide/cargo-home:ro,Z" "-v" "/var/lib/crater-agent-workspace/rustup-home:/opt/rustwide/rustup-home:ro,Z" "-e" "SOURCE_DIR=/opt/rustwide/workdir" "-e" "CARGO_TARGET_DIR=/opt/rustwide/target" "-e" "CARGO_HOME=/opt/rustwide/cargo-home" "-e" "RUSTUP_HOME=/opt/rustwide/rustup-home" "-w" "/opt/rustwide/workdir" "-m" "1610612736" "--user" "0:0" "--network" "none" "ghcr.io/rust-lang/crates-build-env/linux@sha256:4a844ea9eb2546a2d2c7022eacef16ef2e8229c7fbb2c7d4d55a9ceca922f72d" "/opt/rustwide/cargo-home/bin/cargo" "+nightly-2024-10-28" "metadata" "--no-deps" "--format-version=1", kill_on_drop: false }`
[INFO] [stdout] 3110931ab437513c23c1ff8570f34cec6d8408babe88b4d1d4dce4844a6dfffc
[INFO] running `Command { std: "docker" "start" "-a" "3110931ab437513c23c1ff8570f34cec6d8408babe88b4d1d4dce4844a6dfffc", kill_on_drop: false }`
[INFO] running `Command { std: "docker" "inspect" "3110931ab437513c23c1ff8570f34cec6d8408babe88b4d1d4dce4844a6dfffc", kill_on_drop: false }`
[INFO] running `Command { std: "docker" "rm" "-f" "3110931ab437513c23c1ff8570f34cec6d8408babe88b4d1d4dce4844a6dfffc", kill_on_drop: false }`
[INFO] [stdout] 3110931ab437513c23c1ff8570f34cec6d8408babe88b4d1d4dce4844a6dfffc
[INFO] running `Command { std: "docker" "create" "-v" "/var/lib/crater-agent-workspace/builds/worker-0-tc2/target:/opt/rustwide/target:rw,Z" "-v" "/var/lib/crater-agent-workspace/builds/worker-0-tc2/source:/opt/rustwide/workdir:ro,Z" "-v" "/var/lib/crater-agent-workspace/cargo-home:/opt/rustwide/cargo-home:ro,Z" "-v" "/var/lib/crater-agent-workspace/rustup-home:/opt/rustwide/rustup-home:ro,Z" "-e" "SOURCE_DIR=/opt/rustwide/workdir" "-e" "CARGO_TARGET_DIR=/opt/rustwide/target" "-e" "CARGO_INCREMENTAL=0" "-e" "RUST_BACKTRACE=full" "-e" "RUSTFLAGS=--cap-lints=forbid -Zrandomize-layout" "-e" "RUSTDOCFLAGS=--cap-lints=forbid" "-e" "CARGO_HOME=/opt/rustwide/cargo-home" "-e" "RUSTUP_HOME=/opt/rustwide/rustup-home" "-w" "/opt/rustwide/workdir" "-m" "1610612736" "--user" "0:0" "--network" "none" "ghcr.io/rust-lang/crates-build-env/linux@sha256:4a844ea9eb2546a2d2c7022eacef16ef2e8229c7fbb2c7d4d55a9ceca922f72d" "/opt/rustwide/cargo-home/bin/cargo" "+nightly-2024-10-28" "build" "--frozen" "--message-format=json", kill_on_drop: false }`
[INFO] [stdout] 5835f86adc2f32368714c4ee923b9dd38c99fa6db277067ebc5f7000fe97d8df
[INFO] running `Command { std: "docker" "start" "-a" "5835f86adc2f32368714c4ee923b9dd38c99fa6db277067ebc5f7000fe97d8df", kill_on_drop: false }`
[INFO] [stderr]    Compiling sosorted v0.1.0 (/opt/rustwide/workdir)
[INFO] [stdout] error[E0432]: unresolved import `std::simd::SimdPartialEq`
[INFO] [stdout]  --> src/deduplicate.rs:1:30
[INFO] [stdout]   |
[INFO] [stdout] 1 | use std::simd::{u64x4, Simd, SimdPartialEq};
[INFO] [stdout]   |                              ^^^^^^^^^^^^^ no `SimdPartialEq` in `simd`
[INFO] [stdout]   |
[INFO] [stdout]   = help: consider importing this trait instead:
[INFO] [stdout]           std::simd::prelude::SimdPartialEq
[INFO] [stdout] 
[INFO] [stdout] 
[INFO] [stdout] error[E0432]: unresolved import `std::simd::Which`
[INFO] [stdout]  --> src/find_first_duplicate.rs:1:16
[INFO] [stdout]   |
[INFO] [stdout] 1 | use std::simd::Which::{First, Second};
[INFO] [stdout]   |                ^^^^^ could not find `Which` in `simd`
[INFO] [stdout] 
[INFO] [stdout] 
[INFO] [stdout] error[E0432]: unresolved import `std::simd::SimdPartialEq`
[INFO] [stdout]  --> src/find_first_duplicate.rs:2:31
[INFO] [stdout]   |
[INFO] [stdout] 2 | use std::simd::{simd_swizzle, SimdPartialEq};
[INFO] [stdout]   |                               ^^^^^^^^^^^^^ no `SimdPartialEq` in `simd`
[INFO] [stdout]   |
[INFO] [stdout]   = help: consider importing this trait instead:
[INFO] [stdout]           std::simd::prelude::SimdPartialEq
[INFO] [stdout] 
[INFO] [stdout] 
[INFO] [stdout] error[E0599]: no method named `simd_eq` found for struct `Simd` in the current scope
[INFO] [stdout]   --> src/deduplicate.rs:33:28
[INFO] [stdout]    |
[INFO] [stdout] 33 |             let mask = src.simd_eq(cmp);
[INFO] [stdout]    |                            ^^^^^^^
[INFO] [stdout]   --> /rustc/df4ca44d3fbc9301ee17f30f4d474e6ae4b05252/library/core/src/../../portable-simd/crates/core_simd/src/simd/cmp/eq.rs:13:8
[INFO] [stdout]    |
[INFO] [stdout]    = note: the method is available for `Simd<u64, 4>` here
[INFO] [stdout]    |
[INFO] [stdout]    = help: items from traits can only be used if the trait is in scope
[INFO] [stdout] help: trait `SimdPartialEq` which provides `simd_eq` is implemented but not in scope; perhaps you want to import it
[INFO] [stdout]    |
[INFO] [stdout] 1  + use std::simd::cmp::SimdPartialEq;
[INFO] [stdout]    |
[INFO] [stdout] help: there is a method `simd_ge` with a similar name
[INFO] [stdout]    |
[INFO] [stdout] 33 |             let mask = src.simd_ge(cmp);
[INFO] [stdout]    |                            ~~~~~~~
[INFO] [stdout] 
[INFO] [stdout] 
[INFO] [stdout] Some errors have detailed explanations: E0432, E0599.
[INFO] [stdout] 
[INFO] [stdout] For more information about an error, try `rustc --explain E0432`.
[INFO] [stdout] 
[INFO] [stderr] error: could not compile `sosorted` (lib) due to 4 previous errors
[INFO] running `Command { std: "docker" "inspect" "5835f86adc2f32368714c4ee923b9dd38c99fa6db277067ebc5f7000fe97d8df", kill_on_drop: false }`
[INFO] running `Command { std: "docker" "rm" "-f" "5835f86adc2f32368714c4ee923b9dd38c99fa6db277067ebc5f7000fe97d8df", kill_on_drop: false }`
[INFO] [stdout] 5835f86adc2f32368714c4ee923b9dd38c99fa6db277067ebc5f7000fe97d8df
