[INFO] fetching crate soroban-wasmi 0.36.1-soroban.22.0.0...
[INFO] testing soroban-wasmi-0.36.1-soroban.22.0.0 against nightly-2024-10-28 for randomize-layout
[INFO] extracting crate soroban-wasmi 0.36.1-soroban.22.0.0 into /workspace/builds/worker-3-tc1/source
[INFO] validating manifest of crates.io crate soroban-wasmi 0.36.1-soroban.22.0.0 on toolchain nightly-2024-10-28
[INFO] running `Command { std: CARGO_HOME="/workspace/cargo-home" RUSTUP_HOME="/workspace/rustup-home" "/workspace/cargo-home/bin/cargo" "+nightly-2024-10-28" "metadata" "--manifest-path" "Cargo.toml" "--no-deps", kill_on_drop: false }`
[INFO] started tweaking crates.io crate soroban-wasmi 0.36.1-soroban.22.0.0
[INFO] removed 0 missing tests
[INFO] finished tweaking crates.io crate soroban-wasmi 0.36.1-soroban.22.0.0
[INFO] tweaked toml for crates.io crate soroban-wasmi 0.36.1-soroban.22.0.0 written to /workspace/builds/worker-3-tc1/source/Cargo.toml
[INFO] running `Command { std: CARGO_HOME="/workspace/cargo-home" RUSTUP_HOME="/workspace/rustup-home" "/workspace/cargo-home/bin/cargo" "+nightly-2024-10-28" "generate-lockfile" "--manifest-path" "Cargo.toml", kill_on_drop: false }`
[INFO] [stderr]     Updating crates.io index
[INFO] [stderr]      Locking 85 packages to latest compatible versions
[INFO] [stderr]       Adding wasmi_collections v0.36.5 (available: v0.38.0)
[INFO] [stderr]       Adding wasmi_core v0.36.5 (available: v0.38.0)
[INFO] [stderr]       Adding wast v70.0.2 (available: v219.0.1)
[INFO] running `Command { std: CARGO_HOME="/workspace/cargo-home" RUSTUP_HOME="/workspace/rustup-home" "/workspace/cargo-home/bin/cargo" "+nightly-2024-10-28" "fetch" "--manifest-path" "Cargo.toml", kill_on_drop: false }`
[INFO] [stderr]  Downloading crates ...
[INFO] [stderr]   Downloaded multi-stash v0.2.0
[INFO] [stderr]   Downloaded wast v70.0.2
[INFO] [stderr]   Downloaded wasmi_collections v0.36.5
[INFO] [stderr]   Downloaded wasmi_core v0.36.5
[INFO] running `Command { std: "docker" "create" "-v" "/var/lib/crater-agent-workspace/builds/worker-3-tc1/target:/opt/rustwide/target:rw,Z" "-v" "/var/lib/crater-agent-workspace/builds/worker-3-tc1/source:/opt/rustwide/workdir:ro,Z" "-v" "/var/lib/crater-agent-workspace/cargo-home:/opt/rustwide/cargo-home:ro,Z" "-v" "/var/lib/crater-agent-workspace/rustup-home:/opt/rustwide/rustup-home:ro,Z" "-e" "SOURCE_DIR=/opt/rustwide/workdir" "-e" "CARGO_TARGET_DIR=/opt/rustwide/target" "-e" "CARGO_HOME=/opt/rustwide/cargo-home" "-e" "RUSTUP_HOME=/opt/rustwide/rustup-home" "-w" "/opt/rustwide/workdir" "-m" "1610612736" "--user" "0:0" "--network" "none" "ghcr.io/rust-lang/crates-build-env/linux@sha256:4a844ea9eb2546a2d2c7022eacef16ef2e8229c7fbb2c7d4d55a9ceca922f72d" "/opt/rustwide/cargo-home/bin/cargo" "+nightly-2024-10-28" "metadata" "--no-deps" "--format-version=1", kill_on_drop: false }`
[INFO] [stdout] 382dd47eaaffb4a92254f0a9058fe974145b61ce42ac2245d17a130bd5672970
[INFO] running `Command { std: "docker" "start" "-a" "382dd47eaaffb4a92254f0a9058fe974145b61ce42ac2245d17a130bd5672970", kill_on_drop: false }`
[INFO] running `Command { std: "docker" "inspect" "382dd47eaaffb4a92254f0a9058fe974145b61ce42ac2245d17a130bd5672970", kill_on_drop: false }`
[INFO] running `Command { std: "docker" "rm" "-f" "382dd47eaaffb4a92254f0a9058fe974145b61ce42ac2245d17a130bd5672970", kill_on_drop: false }`
[INFO] [stdout] 382dd47eaaffb4a92254f0a9058fe974145b61ce42ac2245d17a130bd5672970
[INFO] running `Command { std: "docker" "create" "-v" "/var/lib/crater-agent-workspace/builds/worker-3-tc1/target:/opt/rustwide/target:rw,Z" "-v" "/var/lib/crater-agent-workspace/builds/worker-3-tc1/source:/opt/rustwide/workdir:ro,Z" "-v" "/var/lib/crater-agent-workspace/cargo-home:/opt/rustwide/cargo-home:ro,Z" "-v" "/var/lib/crater-agent-workspace/rustup-home:/opt/rustwide/rustup-home:ro,Z" "-e" "SOURCE_DIR=/opt/rustwide/workdir" "-e" "CARGO_TARGET_DIR=/opt/rustwide/target" "-e" "CARGO_INCREMENTAL=0" "-e" "RUST_BACKTRACE=full" "-e" "RUSTFLAGS=--cap-lints=forbid" "-e" "RUSTDOCFLAGS=--cap-lints=forbid" "-e" "CARGO_HOME=/opt/rustwide/cargo-home" "-e" "RUSTUP_HOME=/opt/rustwide/rustup-home" "-w" "/opt/rustwide/workdir" "-m" "1610612736" "--user" "0:0" "--network" "none" "ghcr.io/rust-lang/crates-build-env/linux@sha256:4a844ea9eb2546a2d2c7022eacef16ef2e8229c7fbb2c7d4d55a9ceca922f72d" "/opt/rustwide/cargo-home/bin/cargo" "+nightly-2024-10-28" "build" "--frozen" "--message-format=json", kill_on_drop: false }`
[INFO] [stdout] 45459121d15f17a5d0f5ae64edc1aa60601d57d776f279d50a300cab6d086f17
[INFO] running `Command { std: "docker" "start" "-a" "45459121d15f17a5d0f5ae64edc1aa60601d57d776f279d50a300cab6d086f17", kill_on_drop: false }`
[INFO] [stderr]    Compiling version_check v0.9.5
[INFO] [stderr]    Compiling proc-macro2 v1.0.89
[INFO] [stderr]    Compiling autocfg v1.4.0
[INFO] [stderr]    Compiling cfg-if v1.0.0
[INFO] [stderr]    Compiling serde v1.0.214
[INFO] [stderr]    Compiling once_cell v1.20.2
[INFO] [stderr]    Compiling zerocopy v0.7.35
[INFO] [stderr]    Compiling unicode-ident v1.0.13
[INFO] [stderr]    Compiling libm v0.2.11
[INFO] [stderr]    Compiling paste v1.0.15
[INFO] [stderr]    Compiling downcast-rs v1.2.1
[INFO] [stderr]    Compiling indexmap-nostd v0.4.0
[INFO] [stderr]    Compiling spin v0.9.8
[INFO] [stderr]    Compiling arrayvec v0.7.6
[INFO] [stderr]    Compiling smallvec v1.13.2
[INFO] [stderr]    Compiling multi-stash v0.2.0
[INFO] [stderr]    Compiling wasmparser-nostd v0.100.2
[INFO] [stderr]    Compiling ahash v0.8.11
[INFO] [stderr]    Compiling num-traits v0.2.19
[INFO] [stderr]    Compiling hashbrown v0.14.5
[INFO] [stderr]    Compiling quote v1.0.37
[INFO] [stderr]    Compiling syn v2.0.86
[INFO] [stderr]    Compiling wasmi_core v0.36.5
[INFO] [stderr]    Compiling string-interner v0.17.0
[INFO] [stderr]    Compiling wasmi_collections v0.36.5
[INFO] [stderr]    Compiling num-derive v0.4.2
[INFO] [stderr]    Compiling soroban-wasmi v0.36.1-soroban.22.0.0 (/opt/rustwide/workdir)
[INFO] [stderr]     Finished `dev` profile [unoptimized + debuginfo] target(s) in 17.86s
[INFO] running `Command { std: "docker" "inspect" "45459121d15f17a5d0f5ae64edc1aa60601d57d776f279d50a300cab6d086f17", kill_on_drop: false }`
[INFO] running `Command { std: "docker" "rm" "-f" "45459121d15f17a5d0f5ae64edc1aa60601d57d776f279d50a300cab6d086f17", kill_on_drop: false }`
[INFO] [stdout] 45459121d15f17a5d0f5ae64edc1aa60601d57d776f279d50a300cab6d086f17
[INFO] running `Command { std: "docker" "create" "-v" "/var/lib/crater-agent-workspace/builds/worker-3-tc1/target:/opt/rustwide/target:rw,Z" "-v" "/var/lib/crater-agent-workspace/builds/worker-3-tc1/source:/opt/rustwide/workdir:ro,Z" "-v" "/var/lib/crater-agent-workspace/cargo-home:/opt/rustwide/cargo-home:ro,Z" "-v" "/var/lib/crater-agent-workspace/rustup-home:/opt/rustwide/rustup-home:ro,Z" "-e" "SOURCE_DIR=/opt/rustwide/workdir" "-e" "CARGO_TARGET_DIR=/opt/rustwide/target" "-e" "CARGO_INCREMENTAL=0" "-e" "RUST_BACKTRACE=full" "-e" "RUSTFLAGS=--cap-lints=forbid" "-e" "RUSTDOCFLAGS=--cap-lints=forbid" "-e" "CARGO_HOME=/opt/rustwide/cargo-home" "-e" "RUSTUP_HOME=/opt/rustwide/rustup-home" "-w" "/opt/rustwide/workdir" "-m" "1610612736" "--user" "0:0" "--network" "none" "ghcr.io/rust-lang/crates-build-env/linux@sha256:4a844ea9eb2546a2d2c7022eacef16ef2e8229c7fbb2c7d4d55a9ceca922f72d" "/opt/rustwide/cargo-home/bin/cargo" "+nightly-2024-10-28" "test" "--frozen" "--no-run" "--message-format=json", kill_on_drop: false }`
[INFO] [stdout] 321799cef52951925621f6c5f50fd8a3f669ffe5ac41fc3c0c1643c7dba9a471
[INFO] running `Command { std: "docker" "start" "-a" "321799cef52951925621f6c5f50fd8a3f669ffe5ac41fc3c0c1643c7dba9a471", kill_on_drop: false }`
[INFO] [stderr]    Compiling serde v1.0.214
[INFO] [stderr]    Compiling once_cell v1.20.2
[INFO] [stderr]    Compiling memchr v2.7.4
[INFO] [stderr]    Compiling leb128 v0.2.5
[INFO] [stderr]    Compiling serde_json v1.0.132
[INFO] [stderr]    Compiling libc v0.2.161
[INFO] [stderr]    Compiling ciborium-io v0.2.2
[INFO] [stderr]    Compiling itoa v1.0.11
[INFO] [stderr]    Compiling half v2.4.1
[INFO] [stderr]    Compiling unicode-width v0.1.14
[INFO] [stderr]    Compiling ryu v1.0.18
[INFO] [stderr]    Compiling either v1.13.0
[INFO] [stderr]    Compiling regex-syntax v0.8.5
[INFO] [stderr]    Compiling clap_lex v0.7.2
[INFO] [stderr]    Compiling serde_derive v1.0.214
[INFO] [stderr]    Compiling anstyle v1.0.10
[INFO] [stderr]    Compiling bumpalo v3.16.0
[INFO] [stderr]    Compiling wasm-encoder v0.219.1
[INFO] [stderr]    Compiling anyhow v1.0.92
[INFO] [stderr]    Compiling ciborium-ll v0.2.2
[INFO] [stderr]    Compiling same-file v1.0.6
[INFO] [stderr]    Compiling cast v0.3.0
[INFO] [stderr]    Compiling clap_builder v4.5.20
[INFO] [stderr]    Compiling wasm-encoder v0.41.2
[INFO] [stderr]    Compiling anes v0.1.6
[INFO] [stderr]    Compiling ahash v0.8.11
[INFO] [stderr]    Compiling walkdir v2.5.0
[INFO] [stderr]    Compiling oorandom v11.1.4
[INFO] [stderr]    Compiling assert_matches v1.5.0
[INFO] [stderr]    Compiling itertools v0.10.5
[INFO] [stderr]    Compiling regex-automata v0.4.8
[INFO] [stderr]    Compiling hashbrown v0.14.5
[INFO] [stderr]    Compiling wast v70.0.2
[INFO] [stderr]    Compiling is-terminal v0.4.13
[INFO] [stderr]    Compiling wast v219.0.1
[INFO] [stderr]    Compiling clap v4.5.20
[INFO] [stderr]    Compiling criterion-plot v0.5.0
[INFO] [stderr]    Compiling regex v1.11.1
[INFO] [stderr]    Compiling string-interner v0.17.0
[INFO] [stderr]    Compiling ciborium v0.2.2
[INFO] [stderr]    Compiling wasmi_collections v0.36.5
[INFO] [stderr]    Compiling soroban-wasmi v0.36.1-soroban.22.0.0 (/opt/rustwide/workdir)
[INFO] [stderr]    Compiling tinytemplate v1.2.1
[INFO] [stderr]    Compiling criterion v0.5.1
[INFO] [stderr]    Compiling wat v1.219.1
[INFO] [stdout] error: couldn't read `tests/spec/testsuite/address.wast`: No such file or directory (os error 2)
[INFO] [stdout]    --> tests/spec/mod.rs:202:17
[INFO] [stdout]     |
[INFO] [stdout] 202 | /                 ::core::include_str!(
[INFO] [stdout] 203 | |                     ::core::concat!($test_folder, "/", $file_name, ".wast")
[INFO] [stdout] 204 | |                 )
[INFO] [stdout]     | |_________________^
[INFO] [stdout] ...
[INFO] [stdout] 211 | /     expand_tests! {
[INFO] [stdout] 212 | |         include_wasm_blobs,
[INFO] [stdout] 213 | |
[INFO] [stdout] 214 | |         let folder = "testsuite";
[INFO] [stdout] 215 | |     }
[INFO] [stdout]     | |_____- in this macro invocation
[INFO] [stdout]     |
[INFO] [stdout]     = note: this error originates in the macro `::core::include_str` which comes from the expansion of the macro `expand_tests` (in Nightly builds, run with -Z macro-backtrace for more info)
[INFO] [stdout] 
[INFO] [stdout] 
[INFO] [stdout] error: couldn't read `tests/spec/testsuite/align.wast`: No such file or directory (os error 2)
[INFO] [stdout]    --> tests/spec/mod.rs:202:17
[INFO] [stdout]     |
[INFO] [stdout] 202 | /                 ::core::include_str!(
[INFO] [stdout] 203 | |                     ::core::concat!($test_folder, "/", $file_name, ".wast")
[INFO] [stdout] 204 | |                 )
[INFO] [stdout]     | |_________________^
[INFO] [stdout] ...
[INFO] [stdout] 211 | /     expand_tests! {
[INFO] [stdout] 212 | |         include_wasm_blobs,
[INFO] [stdout] 213 | |
[INFO] [stdout] 214 | |         let folder = "testsuite";
[INFO] [stdout] 215 | |     }
[INFO] [stdout]     | |_____- in this macro invocation
[INFO] [stdout]     |
[INFO] [stdout]     = note: this error originates in the macro `::core::include_str` which comes from the expansion of the macro `expand_tests` (in Nightly builds, run with -Z macro-backtrace for more info)
[INFO] [stdout] 
[INFO] [stdout] 
[INFO] [stdout] error: couldn't read `tests/spec/testsuite/binary-leb128.wast`: No such file or directory (os error 2)
[INFO] [stdout]    --> tests/spec/mod.rs:202:17
[INFO] [stdout]     |
[INFO] [stdout] 202 | /                 ::core::include_str!(
[INFO] [stdout] 203 | |                     ::core::concat!($test_folder, "/", $file_name, ".wast")
[INFO] [stdout] 204 | |                 )
[INFO] [stdout]     | |_________________^
[INFO] [stdout] ...
[INFO] [stdout] 211 | /     expand_tests! {
[INFO] [stdout] 212 | |         include_wasm_blobs,
[INFO] [stdout] 213 | |
[INFO] [stdout] 214 | |         let folder = "testsuite";
[INFO] [stdout] 215 | |     }
[INFO] [stdout]     | |_____- in this macro invocation
[INFO] [stdout]     |
[INFO] [stdout]     = note: this error originates in the macro `::core::include_str` which comes from the expansion of the macro `expand_tests` (in Nightly builds, run with -Z macro-backtrace for more info)
[INFO] [stdout] 
[INFO] [stdout] 
[INFO] [stdout] error: couldn't read `tests/spec/testsuite/binary.wast`: No such file or directory (os error 2)
[INFO] [stdout]    --> tests/spec/mod.rs:202:17
[INFO] [stdout]     |
[INFO] [stdout] 202 | /                 ::core::include_str!(
[INFO] [stdout] 203 | |                     ::core::concat!($test_folder, "/", $file_name, ".wast")
[INFO] [stdout] 204 | |                 )
[INFO] [stdout]     | |_________________^
[INFO] [stdout] ...
[INFO] [stdout] 211 | /     expand_tests! {
[INFO] [stdout] 212 | |         include_wasm_blobs,
[INFO] [stdout] 213 | |
[INFO] [stdout] 214 | |         let folder = "testsuite";
[INFO] [stdout] 215 | |     }
[INFO] [stdout]     | |_____- in this macro invocation
[INFO] [stdout]     |
[INFO] [stdout]     = note: this error originates in the macro `::core::include_str` which comes from the expansion of the macro `expand_tests` (in Nightly builds, run with -Z macro-backtrace for more info)
[INFO] [stdout] 
[INFO] [stdout] 
[INFO] [stdout] error: couldn't read `tests/spec/testsuite/block.wast`: No such file or directory (os error 2)
[INFO] [stdout]    --> tests/spec/mod.rs:202:17
[INFO] [stdout]     |
[INFO] [stdout] 202 | /                 ::core::include_str!(
[INFO] [stdout] 203 | |                     ::core::concat!($test_folder, "/", $file_name, ".wast")
[INFO] [stdout] 204 | |                 )
[INFO] [stdout]     | |_________________^
[INFO] [stdout] ...
[INFO] [stdout] 211 | /     expand_tests! {
[INFO] [stdout] 212 | |         include_wasm_blobs,
[INFO] [stdout] 213 | |
[INFO] [stdout] 214 | |         let folder = "testsuite";
[INFO] [stdout] 215 | |     }
[INFO] [stdout]     | |_____- in this macro invocation
[INFO] [stdout]     |
[INFO] [stdout]     = note: this error originates in the macro `::core::include_str` which comes from the expansion of the macro `expand_tests` (in Nightly builds, run with -Z macro-backtrace for more info)
[INFO] [stdout] 
[INFO] [stdout] 
[INFO] [stdout] error: couldn't read `tests/spec/testsuite/br.wast`: No such file or directory (os error 2)
[INFO] [stdout]    --> tests/spec/mod.rs:202:17
[INFO] [stdout]     |
[INFO] [stdout] 202 | /                 ::core::include_str!(
[INFO] [stdout] 203 | |                     ::core::concat!($test_folder, "/", $file_name, ".wast")
[INFO] [stdout] 204 | |                 )
[INFO] [stdout]     | |_________________^
[INFO] [stdout] ...
[INFO] [stdout] 211 | /     expand_tests! {
[INFO] [stdout] 212 | |         include_wasm_blobs,
[INFO] [stdout] 213 | |
[INFO] [stdout] 214 | |         let folder = "testsuite";
[INFO] [stdout] 215 | |     }
[INFO] [stdout]     | |_____- in this macro invocation
[INFO] [stdout]     |
[INFO] [stdout]     = note: this error originates in the macro `::core::include_str` which comes from the expansion of the macro `expand_tests` (in Nightly builds, run with -Z macro-backtrace for more info)
[INFO] [stdout] 
[INFO] [stdout] 
[INFO] [stdout] error: couldn't read `tests/spec/testsuite/br_if.wast`: No such file or directory (os error 2)
[INFO] [stdout]    --> tests/spec/mod.rs:202:17
[INFO] [stdout]     |
[INFO] [stdout] 202 | /                 ::core::include_str!(
[INFO] [stdout] 203 | |                     ::core::concat!($test_folder, "/", $file_name, ".wast")
[INFO] [stdout] 204 | |                 )
[INFO] [stdout]     | |_________________^
[INFO] [stdout] ...
[INFO] [stdout] 211 | /     expand_tests! {
[INFO] [stdout] 212 | |         include_wasm_blobs,
[INFO] [stdout] 213 | |
[INFO] [stdout] 214 | |         let folder = "testsuite";
[INFO] [stdout] 215 | |     }
[INFO] [stdout]     | |_____- in this macro invocation
[INFO] [stdout]     |
[INFO] [stdout]     = note: this error originates in the macro `::core::include_str` which comes from the expansion of the macro `expand_tests` (in Nightly builds, run with -Z macro-backtrace for more info)
[INFO] [stdout] 
[INFO] [stdout] 
[INFO] [stdout] error: couldn't read `tests/spec/testsuite/br_table.wast`: No such file or directory (os error 2)
[INFO] [stdout]    --> tests/spec/mod.rs:202:17
[INFO] [stdout]     |
[INFO] [stdout] 202 | /                 ::core::include_str!(
[INFO] [stdout] 203 | |                     ::core::concat!($test_folder, "/", $file_name, ".wast")
[INFO] [stdout] 204 | |                 )
[INFO] [stdout]     | |_________________^
[INFO] [stdout] ...
[INFO] [stdout] 211 | /     expand_tests! {
[INFO] [stdout] 212 | |         include_wasm_blobs,
[INFO] [stdout] 213 | |
[INFO] [stdout] 214 | |         let folder = "testsuite";
[INFO] [stdout] 215 | |     }
[INFO] [stdout]     | |_____- in this macro invocation
[INFO] [stdout]     |
[INFO] [stdout]     = note: this error originates in the macro `::core::include_str` which comes from the expansion of the macro `expand_tests` (in Nightly builds, run with -Z macro-backtrace for more info)
[INFO] [stdout] 
[INFO] [stdout] 
[INFO] [stdout] error: couldn't read `tests/spec/testsuite/bulk.wast`: No such file or directory (os error 2)
[INFO] [stdout]    --> tests/spec/mod.rs:202:17
[INFO] [stdout]     |
[INFO] [stdout] 202 | /                 ::core::include_str!(
[INFO] [stdout] 203 | |                     ::core::concat!($test_folder, "/", $file_name, ".wast")
[INFO] [stdout] 204 | |                 )
[INFO] [stdout]     | |_________________^
[INFO] [stdout] ...
[INFO] [stdout] 211 | /     expand_tests! {
[INFO] [stdout] 212 | |         include_wasm_blobs,
[INFO] [stdout] 213 | |
[INFO] [stdout] 214 | |         let folder = "testsuite";
[INFO] [stdout] 215 | |     }
[INFO] [stdout]     | |_____- in this macro invocation
[INFO] [stdout]     |
[INFO] [stdout]     = note: this error originates in the macro `::core::include_str` which comes from the expansion of the macro `expand_tests` (in Nightly builds, run with -Z macro-backtrace for more info)
[INFO] [stdout] 
[INFO] [stdout] 
[INFO] [stdout] error: couldn't read `tests/spec/testsuite/call.wast`: No such file or directory (os error 2)
[INFO] [stdout]    --> tests/spec/mod.rs:202:17
[INFO] [stdout]     |
[INFO] [stdout] 202 | /                 ::core::include_str!(
[INFO] [stdout] 203 | |                     ::core::concat!($test_folder, "/", $file_name, ".wast")
[INFO] [stdout] 204 | |                 )
[INFO] [stdout]     | |_________________^
[INFO] [stdout] ...
[INFO] [stdout] 211 | /     expand_tests! {
[INFO] [stdout] 212 | |         include_wasm_blobs,
[INFO] [stdout] 213 | |
[INFO] [stdout] 214 | |         let folder = "testsuite";
[INFO] [stdout] 215 | |     }
[INFO] [stdout]     | |_____- in this macro invocation
[INFO] [stdout]     |
[INFO] [stdout]     = note: this error originates in the macro `::core::include_str` which comes from the expansion of the macro `expand_tests` (in Nightly builds, run with -Z macro-backtrace for more info)
[INFO] [stdout] 
[INFO] [stdout] 
[INFO] [stdout] error: couldn't read `tests/spec/testsuite/call_indirect.wast`: No such file or directory (os error 2)
[INFO] [stdout]    --> tests/spec/mod.rs:202:17
[INFO] [stdout]     |
[INFO] [stdout] 202 | /                 ::core::include_str!(
[INFO] [stdout] 203 | |                     ::core::concat!($test_folder, "/", $file_name, ".wast")
[INFO] [stdout] 204 | |                 )
[INFO] [stdout]     | |_________________^
[INFO] [stdout] ...
[INFO] [stdout] 211 | /     expand_tests! {
[INFO] [stdout] 212 | |         include_wasm_blobs,
[INFO] [stdout] 213 | |
[INFO] [stdout] 214 | |         let folder = "testsuite";
[INFO] [stdout] 215 | |     }
[INFO] [stdout]     | |_____- in this macro invocation
[INFO] [stdout]     |
[INFO] [stdout]     = note: this error originates in the macro `::core::include_str` which comes from the expansion of the macro `expand_tests` (in Nightly builds, run with -Z macro-backtrace for more info)
[INFO] [stdout] 
[INFO] [stdout] 
[INFO] [stdout] error: couldn't read `tests/spec/testsuite/proposals/extended-const/data.wast`: No such file or directory (os error 2)
[INFO] [stdout]    --> tests/spec/mod.rs:202:17
[INFO] [stdout]     |
[INFO] [stdout] 202 | /                 ::core::include_str!(
[INFO] [stdout] 203 | |                     ::core::concat!($test_folder, "/", $file_name, ".wast")
[INFO] [stdout] 204 | |                 )
[INFO] [stdout]     | |_________________^
[INFO] [stdout] ...
[INFO] [stdout] 211 | /     expand_tests! {
[INFO] [stdout] 212 | |         include_wasm_blobs,
[INFO] [stdout] 213 | |
[INFO] [stdout] 214 | |         let folder = "testsuite";
[INFO] [stdout] 215 | |     }
[INFO] [stdout]     | |_____- in this macro invocation
[INFO] [stdout]     |
[INFO] [stdout]     = note: this error originates in the macro `::core::include_str` which comes from the expansion of the macro `expand_tests` (in Nightly builds, run with -Z macro-backtrace for more info)
[INFO] [stdout] 
[INFO] [stdout] 
[INFO] [stdout] error: couldn't read `tests/spec/testsuite/proposals/extended-const/elem.wast`: No such file or directory (os error 2)
[INFO] [stdout]    --> tests/spec/mod.rs:202:17
[INFO] [stdout]     |
[INFO] [stdout] 202 | /                 ::core::include_str!(
[INFO] [stdout] 203 | |                     ::core::concat!($test_folder, "/", $file_name, ".wast")
[INFO] [stdout] 204 | |                 )
[INFO] [stdout]     | |_________________^
[INFO] [stdout] ...
[INFO] [stdout] 211 | /     expand_tests! {
[INFO] [stdout] 212 | |         include_wasm_blobs,
[INFO] [stdout] 213 | |
[INFO] [stdout] 214 | |         let folder = "testsuite";
[INFO] [stdout] 215 | |     }
[INFO] [stdout]     | |_____- in this macro invocation
[INFO] [stdout]     |
[INFO] [stdout]     = note: this error originates in the macro `::core::include_str` which comes from the expansion of the macro `expand_tests` (in Nightly builds, run with -Z macro-backtrace for more info)
[INFO] [stdout] 
[INFO] [stdout] 
[INFO] [stdout] error: couldn't read `tests/spec/testsuite/proposals/extended-const/global.wast`: No such file or directory (os error 2)
[INFO] [stdout]    --> tests/spec/mod.rs:202:17
[INFO] [stdout]     |
[INFO] [stdout] 202 | /                 ::core::include_str!(
[INFO] [stdout] 203 | |                     ::core::concat!($test_folder, "/", $file_name, ".wast")
[INFO] [stdout] 204 | |                 )
[INFO] [stdout]     | |_________________^
[INFO] [stdout] ...
[INFO] [stdout] 211 | /     expand_tests! {
[INFO] [stdout] 212 | |         include_wasm_blobs,
[INFO] [stdout] 213 | |
[INFO] [stdout] 214 | |         let folder = "testsuite";
[INFO] [stdout] 215 | |     }
[INFO] [stdout]     | |_____- in this macro invocation
[INFO] [stdout]     |
[INFO] [stdout]     = note: this error originates in the macro `::core::include_str` which comes from the expansion of the macro `expand_tests` (in Nightly builds, run with -Z macro-backtrace for more info)
[INFO] [stdout] 
[INFO] [stdout] 
[INFO] [stdout] error: couldn't read `tests/spec/testsuite/proposals/tail-call/return_call.wast`: No such file or directory (os error 2)
[INFO] [stdout]    --> tests/spec/mod.rs:202:17
[INFO] [stdout]     |
[INFO] [stdout] 202 | /                 ::core::include_str!(
[INFO] [stdout] 203 | |                     ::core::concat!($test_folder, "/", $file_name, ".wast")
[INFO] [stdout] 204 | |                 )
[INFO] [stdout]     | |_________________^
[INFO] [stdout] ...
[INFO] [stdout] 211 | /     expand_tests! {
[INFO] [stdout] 212 | |         include_wasm_blobs,
[INFO] [stdout] 213 | |
[INFO] [stdout] 214 | |         let folder = "testsuite";
[INFO] [stdout] 215 | |     }
[INFO] [stdout]     | |_____- in this macro invocation
[INFO] [stdout]     |
[INFO] [stdout]     = note: this error originates in the macro `::core::include_str` which comes from the expansion of the macro `expand_tests` (in Nightly builds, run with -Z macro-backtrace for more info)
[INFO] [stdout] 
[INFO] [stdout] 
[INFO] [stdout] error: couldn't read `tests/spec/testsuite/proposals/tail-call/return_call_indirect.wast`: No such file or directory (os error 2)
[INFO] [stdout]    --> tests/spec/mod.rs:202:17
[INFO] [stdout]     |
[INFO] [stdout] 202 | /                 ::core::include_str!(
[INFO] [stdout] 203 | |                     ::core::concat!($test_folder, "/", $file_name, ".wast")
[INFO] [stdout] 204 | |                 )
[INFO] [stdout]     | |_________________^
[INFO] [stdout] ...
[INFO] [stdout] 211 | /     expand_tests! {
[INFO] [stdout] 212 | |         include_wasm_blobs,
[INFO] [stdout] 213 | |
[INFO] [stdout] 214 | |         let folder = "testsuite";
[INFO] [stdout] 215 | |     }
[INFO] [stdout]     | |_____- in this macro invocation
[INFO] [stdout]     |
[INFO] [stdout]     = note: this error originates in the macro `::core::include_str` which comes from the expansion of the macro `expand_tests` (in Nightly builds, run with -Z macro-backtrace for more info)
[INFO] [stdout] 
[INFO] [stdout] 
[INFO] [stdout] error: couldn't read `tests/spec/testsuite/comments.wast`: No such file or directory (os error 2)
[INFO] [stdout]    --> tests/spec/mod.rs:202:17
[INFO] [stdout]     |
[INFO] [stdout] 202 | /                 ::core::include_str!(
[INFO] [stdout] 203 | |                     ::core::concat!($test_folder, "/", $file_name, ".wast")
[INFO] [stdout] 204 | |                 )
[INFO] [stdout]     | |_________________^
[INFO] [stdout] ...
[INFO] [stdout] 211 | /     expand_tests! {
[INFO] [stdout] 212 | |         include_wasm_blobs,
[INFO] [stdout] 213 | |
[INFO] [stdout] 214 | |         let folder = "testsuite";
[INFO] [stdout] 215 | |     }
[INFO] [stdout]     | |_____- in this macro invocation
[INFO] [stdout]     |
[INFO] [stdout]     = note: this error originates in the macro `::core::include_str` which comes from the expansion of the macro `expand_tests` (in Nightly builds, run with -Z macro-backtrace for more info)
[INFO] [stdout] 
[INFO] [stdout] 
[INFO] [stdout] error: couldn't read `tests/spec/testsuite/const.wast`: No such file or directory (os error 2)
[INFO] [stdout]    --> tests/spec/mod.rs:202:17
[INFO] [stdout]     |
[INFO] [stdout] 202 | /                 ::core::include_str!(
[INFO] [stdout] 203 | |                     ::core::concat!($test_folder, "/", $file_name, ".wast")
[INFO] [stdout] 204 | |                 )
[INFO] [stdout]     | |_________________^
[INFO] [stdout] ...
[INFO] [stdout] 211 | /     expand_tests! {
[INFO] [stdout] 212 | |         include_wasm_blobs,
[INFO] [stdout] 213 | |
[INFO] [stdout] 214 | |         let folder = "testsuite";
[INFO] [stdout] 215 | |     }
[INFO] [stdout]     | |_____- in this macro invocation
[INFO] [stdout]     |
[INFO] [stdout]     = note: this error originates in the macro `::core::include_str` which comes from the expansion of the macro `expand_tests` (in Nightly builds, run with -Z macro-backtrace for more info)
[INFO] [stdout] 
[INFO] [stdout] 
[INFO] [stdout] error: couldn't read `tests/spec/testsuite/conversions.wast`: No such file or directory (os error 2)
[INFO] [stdout]    --> tests/spec/mod.rs:202:17
[INFO] [stdout]     |
[INFO] [stdout] 202 | /                 ::core::include_str!(
[INFO] [stdout] 203 | |                     ::core::concat!($test_folder, "/", $file_name, ".wast")
[INFO] [stdout] 204 | |                 )
[INFO] [stdout]     | |_________________^
[INFO] [stdout] ...
[INFO] [stdout] 211 | /     expand_tests! {
[INFO] [stdout] 212 | |         include_wasm_blobs,
[INFO] [stdout] 213 | |
[INFO] [stdout] 214 | |         let folder = "testsuite";
[INFO] [stdout] 215 | |     }
[INFO] [stdout]     | |_____- in this macro invocation
[INFO] [stdout]     |
[INFO] [stdout]     = note: this error originates in the macro `::core::include_str` which comes from the expansion of the macro `expand_tests` (in Nightly builds, run with -Z macro-backtrace for more info)
[INFO] [stdout] 
[INFO] [stdout] 
[INFO] [stdout] error: couldn't read `tests/spec/testsuite/custom.wast`: No such file or directory (os error 2)
[INFO] [stdout]    --> tests/spec/mod.rs:202:17
[INFO] [stdout]     |
[INFO] [stdout] 202 | /                 ::core::include_str!(
[INFO] [stdout] 203 | |                     ::core::concat!($test_folder, "/", $file_name, ".wast")
[INFO] [stdout] 204 | |                 )
[INFO] [stdout]     | |_________________^
[INFO] [stdout] ...
[INFO] [stdout] 211 | /     expand_tests! {
[INFO] [stdout] 212 | |         include_wasm_blobs,
[INFO] [stdout] 213 | |
[INFO] [stdout] 214 | |         let folder = "testsuite";
[INFO] [stdout] 215 | |     }
[INFO] [stdout]     | |_____- in this macro invocation
[INFO] [stdout]     |
[INFO] [stdout]     = note: this error originates in the macro `::core::include_str` which comes from the expansion of the macro `expand_tests` (in Nightly builds, run with -Z macro-backtrace for more info)
[INFO] [stdout] 
[INFO] [stdout] 
[INFO] [stdout] error: couldn't read `tests/spec/testsuite/data.wast`: No such file or directory (os error 2)
[INFO] [stdout]    --> tests/spec/mod.rs:202:17
[INFO] [stdout]     |
[INFO] [stdout] 202 | /                 ::core::include_str!(
[INFO] [stdout] 203 | |                     ::core::concat!($test_folder, "/", $file_name, ".wast")
[INFO] [stdout] 204 | |                 )
[INFO] [stdout]     | |_________________^
[INFO] [stdout] ...
[INFO] [stdout] 211 | /     expand_tests! {
[INFO] [stdout] 212 | |         include_wasm_blobs,
[INFO] [stdout] 213 | |
[INFO] [stdout] 214 | |         let folder = "testsuite";
[INFO] [stdout] 215 | |     }
[INFO] [stdout]     | |_____- in this macro invocation
[INFO] [stdout]     |
[INFO] [stdout]     = note: this error originates in the macro `::core::include_str` which comes from the expansion of the macro `expand_tests` (in Nightly builds, run with -Z macro-backtrace for more info)
[INFO] [stdout] 
[INFO] [stdout] 
[INFO] [stdout] error: couldn't read `tests/spec/testsuite/elem.wast`: No such file or directory (os error 2)
[INFO] [stdout]    --> tests/spec/mod.rs:202:17
[INFO] [stdout]     |
[INFO] [stdout] 202 | /                 ::core::include_str!(
[INFO] [stdout] 203 | |                     ::core::concat!($test_folder, "/", $file_name, ".wast")
[INFO] [stdout] 204 | |                 )
[INFO] [stdout]     | |_________________^
[INFO] [stdout] ...
[INFO] [stdout] 211 | /     expand_tests! {
[INFO] [stdout] 212 | |         include_wasm_blobs,
[INFO] [stdout] 213 | |
[INFO] [stdout] 214 | |         let folder = "testsuite";
[INFO] [stdout] 215 | |     }
[INFO] [stdout]     | |_____- in this macro invocation
[INFO] [stdout]     |
[INFO] [stdout]     = note: this error originates in the macro `::core::include_str` which comes from the expansion of the macro `expand_tests` (in Nightly builds, run with -Z macro-backtrace for more info)
[INFO] [stdout] 
[INFO] [stdout] 
[INFO] [stdout] error: couldn't read `tests/spec/testsuite/endianness.wast`: No such file or directory (os error 2)
[INFO] [stdout]    --> tests/spec/mod.rs:202:17
[INFO] [stdout]     |
[INFO] [stdout] 202 | /                 ::core::include_str!(
[INFO] [stdout] 203 | |                     ::core::concat!($test_folder, "/", $file_name, ".wast")
[INFO] [stdout] 204 | |                 )
[INFO] [stdout]     | |_________________^
[INFO] [stdout] ...
[INFO] [stdout] 211 | /     expand_tests! {
[INFO] [stdout] 212 | |         include_wasm_blobs,
[INFO] [stdout] 213 | |
[INFO] [stdout] 214 | |         let folder = "testsuite";
[INFO] [stdout] 215 | |     }
[INFO] [stdout]     | |_____- in this macro invocation
[INFO] [stdout]     |
[INFO] [stdout]     = note: this error originates in the macro `::core::include_str` which comes from the expansion of the macro `expand_tests` (in Nightly builds, run with -Z macro-backtrace for more info)
[INFO] [stdout] 
[INFO] [stdout] 
[INFO] [stdout] error: couldn't read `tests/spec/testsuite/exports.wast`: No such file or directory (os error 2)
[INFO] [stdout]    --> tests/spec/mod.rs:202:17
[INFO] [stdout]     |
[INFO] [stdout] 202 | /                 ::core::include_str!(
[INFO] [stdout] 203 | |                     ::core::concat!($test_folder, "/", $file_name, ".wast")
[INFO] [stdout] 204 | |                 )
[INFO] [stdout]     | |_________________^
[INFO] [stdout] ...
[INFO] [stdout] 211 | /     expand_tests! {
[INFO] [stdout] 212 | |         include_wasm_blobs,
[INFO] [stdout] 213 | |
[INFO] [stdout] 214 | |         let folder = "testsuite";
[INFO] [stdout] 215 | |     }
[INFO] [stdout]     | |_____- in this macro invocation
[INFO] [stdout]     |
[INFO] [stdout]     = note: this error originates in the macro `::core::include_str` which comes from the expansion of the macro `expand_tests` (in Nightly builds, run with -Z macro-backtrace for more info)
[INFO] [stdout] 
[INFO] [stdout] 
[INFO] [stdout] error: couldn't read `tests/spec/testsuite/f32.wast`: No such file or directory (os error 2)
[INFO] [stdout]    --> tests/spec/mod.rs:202:17
[INFO] [stdout]     |
[INFO] [stdout] 202 | /                 ::core::include_str!(
[INFO] [stdout] 203 | |                     ::core::concat!($test_folder, "/", $file_name, ".wast")
[INFO] [stdout] 204 | |                 )
[INFO] [stdout]     | |_________________^
[INFO] [stdout] ...
[INFO] [stdout] 211 | /     expand_tests! {
[INFO] [stdout] 212 | |         include_wasm_blobs,
[INFO] [stdout] 213 | |
[INFO] [stdout] 214 | |         let folder = "testsuite";
[INFO] [stdout] 215 | |     }
[INFO] [stdout]     | |_____- in this macro invocation
[INFO] [stdout]     |
[INFO] [stdout]     = note: this error originates in the macro `::core::include_str` which comes from the expansion of the macro `expand_tests` (in Nightly builds, run with -Z macro-backtrace for more info)
[INFO] [stdout] 
[INFO] [stdout] 
[INFO] [stdout] error: couldn't read `tests/spec/testsuite/f32_bitwise.wast`: No such file or directory (os error 2)
[INFO] [stdout]    --> tests/spec/mod.rs:202:17
[INFO] [stdout]     |
[INFO] [stdout] 202 | /                 ::core::include_str!(
[INFO] [stdout] 203 | |                     ::core::concat!($test_folder, "/", $file_name, ".wast")
[INFO] [stdout] 204 | |                 )
[INFO] [stdout]     | |_________________^
[INFO] [stdout] ...
[INFO] [stdout] 211 | /     expand_tests! {
[INFO] [stdout] 212 | |         include_wasm_blobs,
[INFO] [stdout] 213 | |
[INFO] [stdout] 214 | |         let folder = "testsuite";
[INFO] [stdout] 215 | |     }
[INFO] [stdout]     | |_____- in this macro invocation
[INFO] [stdout]     |
[INFO] [stdout]     = note: this error originates in the macro `::core::include_str` which comes from the expansion of the macro `expand_tests` (in Nightly builds, run with -Z macro-backtrace for more info)
[INFO] [stdout] 
[INFO] [stdout] 
[INFO] [stdout] error: couldn't read `tests/spec/testsuite/f32_cmp.wast`: No such file or directory (os error 2)
[INFO] [stdout]    --> tests/spec/mod.rs:202:17
[INFO] [stdout]     |
[INFO] [stdout] 202 | /                 ::core::include_str!(
[INFO] [stdout] 203 | |                     ::core::concat!($test_folder, "/", $file_name, ".wast")
[INFO] [stdout] 204 | |                 )
[INFO] [stdout]     | |_________________^
[INFO] [stdout] ...
[INFO] [stdout] 211 | /     expand_tests! {
[INFO] [stdout] 212 | |         include_wasm_blobs,
[INFO] [stdout] 213 | |
[INFO] [stdout] 214 | |         let folder = "testsuite";
[INFO] [stdout] 215 | |     }
[INFO] [stdout]     | |_____- in this macro invocation
[INFO] [stdout]     |
[INFO] [stdout]     = note: this error originates in the macro `::core::include_str` which comes from the expansion of the macro `expand_tests` (in Nightly builds, run with -Z macro-backtrace for more info)
[INFO] [stdout] 
[INFO] [stdout] 
[INFO] [stdout] error: couldn't read `tests/spec/testsuite/f64.wast`: No such file or directory (os error 2)
[INFO] [stdout]    --> tests/spec/mod.rs:202:17
[INFO] [stdout]     |
[INFO] [stdout] 202 | /                 ::core::include_str!(
[INFO] [stdout] 203 | |                     ::core::concat!($test_folder, "/", $file_name, ".wast")
[INFO] [stdout] 204 | |                 )
[INFO] [stdout]     | |_________________^
[INFO] [stdout] ...
[INFO] [stdout] 211 | /     expand_tests! {
[INFO] [stdout] 212 | |         include_wasm_blobs,
[INFO] [stdout] 213 | |
[INFO] [stdout] 214 | |         let folder = "testsuite";
[INFO] [stdout] 215 | |     }
[INFO] [stdout]     | |_____- in this macro invocation
[INFO] [stdout]     |
[INFO] [stdout]     = note: this error originates in the macro `::core::include_str` which comes from the expansion of the macro `expand_tests` (in Nightly builds, run with -Z macro-backtrace for more info)
[INFO] [stdout] 
[INFO] [stdout] 
[INFO] [stdout] error: couldn't read `tests/spec/testsuite/f64_bitwise.wast`: No such file or directory (os error 2)
[INFO] [stdout]    --> tests/spec/mod.rs:202:17
[INFO] [stdout]     |
[INFO] [stdout] 202 | /                 ::core::include_str!(
[INFO] [stdout] 203 | |                     ::core::concat!($test_folder, "/", $file_name, ".wast")
[INFO] [stdout] 204 | |                 )
[INFO] [stdout]     | |_________________^
[INFO] [stdout] ...
[INFO] [stdout] 211 | /     expand_tests! {
[INFO] [stdout] 212 | |         include_wasm_blobs,
[INFO] [stdout] 213 | |
[INFO] [stdout] 214 | |         let folder = "testsuite";
[INFO] [stdout] 215 | |     }
[INFO] [stdout]     | |_____- in this macro invocation
[INFO] [stdout]     |
[INFO] [stdout]     = note: this error originates in the macro `::core::include_str` which comes from the expansion of the macro `expand_tests` (in Nightly builds, run with -Z macro-backtrace for more info)
[INFO] [stdout] 
[INFO] [stdout] 
[INFO] [stdout] error: couldn't read `tests/spec/testsuite/f64_cmp.wast`: No such file or directory (os error 2)
[INFO] [stdout]    --> tests/spec/mod.rs:202:17
[INFO] [stdout]     |
[INFO] [stdout] 202 | /                 ::core::include_str!(
[INFO] [stdout] 203 | |                     ::core::concat!($test_folder, "/", $file_name, ".wast")
[INFO] [stdout] 204 | |                 )
[INFO] [stdout]     | |_________________^
[INFO] [stdout] ...
[INFO] [stdout] 211 | /     expand_tests! {
[INFO] [stdout] 212 | |         include_wasm_blobs,
[INFO] [stdout] 213 | |
[INFO] [stdout] 214 | |         let folder = "testsuite";
[INFO] [stdout] 215 | |     }
[INFO] [stdout]     | |_____- in this macro invocation
[INFO] [stdout]     |
[INFO] [stdout]     = note: this error originates in the macro `::core::include_str` which comes from the expansion of the macro `expand_tests` (in Nightly builds, run with -Z macro-backtrace for more info)
[INFO] [stdout] 
[INFO] [stdout] 
[INFO] [stdout] error: couldn't read `tests/spec/testsuite/fac.wast`: No such file or directory (os error 2)
[INFO] [stdout]    --> tests/spec/mod.rs:202:17
[INFO] [stdout]     |
[INFO] [stdout] 202 | /                 ::core::include_str!(
[INFO] [stdout] 203 | |                     ::core::concat!($test_folder, "/", $file_name, ".wast")
[INFO] [stdout] 204 | |                 )
[INFO] [stdout]     | |_________________^
[INFO] [stdout] ...
[INFO] [stdout] 211 | /     expand_tests! {
[INFO] [stdout] 212 | |         include_wasm_blobs,
[INFO] [stdout] 213 | |
[INFO] [stdout] 214 | |         let folder = "testsuite";
[INFO] [stdout] 215 | |     }
[INFO] [stdout]     | |_____- in this macro invocation
[INFO] [stdout]     |
[INFO] [stdout]     = note: this error originates in the macro `::core::include_str` which comes from the expansion of the macro `expand_tests` (in Nightly builds, run with -Z macro-backtrace for more info)
[INFO] [stdout] 
[INFO] [stdout] 
[INFO] [stdout] error: couldn't read `tests/spec/testsuite/float_exprs.wast`: No such file or directory (os error 2)
[INFO] [stdout]    --> tests/spec/mod.rs:202:17
[INFO] [stdout]     |
[INFO] [stdout] 202 | /                 ::core::include_str!(
[INFO] [stdout] 203 | |                     ::core::concat!($test_folder, "/", $file_name, ".wast")
[INFO] [stdout] 204 | |                 )
[INFO] [stdout]     | |_________________^
[INFO] [stdout] ...
[INFO] [stdout] 211 | /     expand_tests! {
[INFO] [stdout] 212 | |         include_wasm_blobs,
[INFO] [stdout] 213 | |
[INFO] [stdout] 214 | |         let folder = "testsuite";
[INFO] [stdout] 215 | |     }
[INFO] [stdout]     | |_____- in this macro invocation
[INFO] [stdout]     |
[INFO] [stdout]     = note: this error originates in the macro `::core::include_str` which comes from the expansion of the macro `expand_tests` (in Nightly builds, run with -Z macro-backtrace for more info)
[INFO] [stdout] 
[INFO] [stdout] 
[INFO] [stdout] error: couldn't read `tests/spec/testsuite/float_literals.wast`: No such file or directory (os error 2)
[INFO] [stdout]    --> tests/spec/mod.rs:202:17
[INFO] [stdout]     |
[INFO] [stdout] 202 | /                 ::core::include_str!(
[INFO] [stdout] 203 | |                     ::core::concat!($test_folder, "/", $file_name, ".wast")
[INFO] [stdout] 204 | |                 )
[INFO] [stdout]     | |_________________^
[INFO] [stdout] ...
[INFO] [stdout] 211 | /     expand_tests! {
[INFO] [stdout] 212 | |         include_wasm_blobs,
[INFO] [stdout] 213 | |
[INFO] [stdout] 214 | |         let folder = "testsuite";
[INFO] [stdout] 215 | |     }
[INFO] [stdout]     | |_____- in this macro invocation
[INFO] [stdout]     |
[INFO] [stdout]     = note: this error originates in the macro `::core::include_str` which comes from the expansion of the macro `expand_tests` (in Nightly builds, run with -Z macro-backtrace for more info)
[INFO] [stdout] 
[INFO] [stdout] 
[INFO] [stdout] error: couldn't read `tests/spec/testsuite/float_memory.wast`: No such file or directory (os error 2)
[INFO] [stdout]    --> tests/spec/mod.rs:202:17
[INFO] [stdout]     |
[INFO] [stdout] 202 | /                 ::core::include_str!(
[INFO] [stdout] 203 | |                     ::core::concat!($test_folder, "/", $file_name, ".wast")
[INFO] [stdout] 204 | |                 )
[INFO] [stdout]     | |_________________^
[INFO] [stdout] ...
[INFO] [stdout] 211 | /     expand_tests! {
[INFO] [stdout] 212 | |         include_wasm_blobs,
[INFO] [stdout] 213 | |
[INFO] [stdout] 214 | |         let folder = "testsuite";
[INFO] [stdout] 215 | |     }
[INFO] [stdout]     | |_____- in this macro invocation
[INFO] [stdout]     |
[INFO] [stdout]     = note: this error originates in the macro `::core::include_str` which comes from the expansion of the macro `expand_tests` (in Nightly builds, run with -Z macro-backtrace for more info)
[INFO] [stdout] 
[INFO] [stdout] 
[INFO] [stdout] error: couldn't read `tests/spec/testsuite/float_misc.wast`: No such file or directory (os error 2)
[INFO] [stdout]    --> tests/spec/mod.rs:202:17
[INFO] [stdout]     |
[INFO] [stdout] 202 | /                 ::core::include_str!(
[INFO] [stdout] 203 | |                     ::core::concat!($test_folder, "/", $file_name, ".wast")
[INFO] [stdout] 204 | |                 )
[INFO] [stdout]     | |_________________^
[INFO] [stdout] ...
[INFO] [stdout] 211 | /     expand_tests! {
[INFO] [stdout] 212 | |         include_wasm_blobs,
[INFO] [stdout] 213 | |
[INFO] [stdout] 214 | |         let folder = "testsuite";
[INFO] [stdout] 215 | |     }
[INFO] [stdout]     | |_____- in this macro invocation
[INFO] [stdout]     |
[INFO] [stdout]     = note: this error originates in the macro `::core::include_str` which comes from the expansion of the macro `expand_tests` (in Nightly builds, run with -Z macro-backtrace for more info)
[INFO] [stdout] 
[INFO] [stdout] 
[INFO] [stdout] error: couldn't read `tests/spec/testsuite/forward.wast`: No such file or directory (os error 2)
[INFO] [stdout]    --> tests/spec/mod.rs:202:17
[INFO] [stdout]     |
[INFO] [stdout] 202 | /                 ::core::include_str!(
[INFO] [stdout] 203 | |                     ::core::concat!($test_folder, "/", $file_name, ".wast")
[INFO] [stdout] 204 | |                 )
[INFO] [stdout]     | |_________________^
[INFO] [stdout] ...
[INFO] [stdout] 211 | /     expand_tests! {
[INFO] [stdout] 212 | |         include_wasm_blobs,
[INFO] [stdout] 213 | |
[INFO] [stdout] 214 | |         let folder = "testsuite";
[INFO] [stdout] 215 | |     }
[INFO] [stdout]     | |_____- in this macro invocation
[INFO] [stdout]     |
[INFO] [stdout]     = note: this error originates in the macro `::core::include_str` which comes from the expansion of the macro `expand_tests` (in Nightly builds, run with -Z macro-backtrace for more info)
[INFO] [stdout] 
[INFO] [stdout] 
[INFO] [stdout] error: couldn't read `tests/spec/testsuite/func.wast`: No such file or directory (os error 2)
[INFO] [stdout]    --> tests/spec/mod.rs:202:17
[INFO] [stdout]     |
[INFO] [stdout] 202 | /                 ::core::include_str!(
[INFO] [stdout] 203 | |                     ::core::concat!($test_folder, "/", $file_name, ".wast")
[INFO] [stdout] 204 | |                 )
[INFO] [stdout]     | |_________________^
[INFO] [stdout] ...
[INFO] [stdout] 211 | /     expand_tests! {
[INFO] [stdout] 212 | |         include_wasm_blobs,
[INFO] [stdout] 213 | |
[INFO] [stdout] 214 | |         let folder = "testsuite";
[INFO] [stdout] 215 | |     }
[INFO] [stdout]     | |_____- in this macro invocation
[INFO] [stdout]     |
[INFO] [stdout]     = note: this error originates in the macro `::core::include_str` which comes from the expansion of the macro `expand_tests` (in Nightly builds, run with -Z macro-backtrace for more info)
[INFO] [stdout] 
[INFO] [stdout] 
[INFO] [stdout] error: couldn't read `tests/spec/testsuite/func_ptrs.wast`: No such file or directory (os error 2)
[INFO] [stdout]    --> tests/spec/mod.rs:202:17
[INFO] [stdout]     |
[INFO] [stdout] 202 | /                 ::core::include_str!(
[INFO] [stdout] 203 | |                     ::core::concat!($test_folder, "/", $file_name, ".wast")
[INFO] [stdout] 204 | |                 )
[INFO] [stdout]     | |_________________^
[INFO] [stdout] ...
[INFO] [stdout] 211 | /     expand_tests! {
[INFO] [stdout] 212 | |         include_wasm_blobs,
[INFO] [stdout] 213 | |
[INFO] [stdout] 214 | |         let folder = "testsuite";
[INFO] [stdout] 215 | |     }
[INFO] [stdout]     | |_____- in this macro invocation
[INFO] [stdout]     |
[INFO] [stdout]     = note: this error originates in the macro `::core::include_str` which comes from the expansion of the macro `expand_tests` (in Nightly builds, run with -Z macro-backtrace for more info)
[INFO] [stdout] 
[INFO] [stdout] 
[INFO] [stdout] error: couldn't read `tests/spec/testsuite/global.wast`: No such file or directory (os error 2)
[INFO] [stdout]    --> tests/spec/mod.rs:202:17
[INFO] [stdout]     |
[INFO] [stdout] 202 | /                 ::core::include_str!(
[INFO] [stdout] 203 | |                     ::core::concat!($test_folder, "/", $file_name, ".wast")
[INFO] [stdout] 204 | |                 )
[INFO] [stdout]     | |_________________^
[INFO] [stdout] ...
[INFO] [stdout] 211 | /     expand_tests! {
[INFO] [stdout] 212 | |         include_wasm_blobs,
[INFO] [stdout] 213 | |
[INFO] [stdout] 214 | |         let folder = "testsuite";
[INFO] [stdout] 215 | |     }
[INFO] [stdout]     | |_____- in this macro invocation
[INFO] [stdout]     |
[INFO] [stdout]     = note: this error originates in the macro `::core::include_str` which comes from the expansion of the macro `expand_tests` (in Nightly builds, run with -Z macro-backtrace for more info)
[INFO] [stdout] 
[INFO] [stdout] 
[INFO] [stdout] error: couldn't read `tests/spec/testsuite/i32.wast`: No such file or directory (os error 2)
[INFO] [stdout]    --> tests/spec/mod.rs:202:17
[INFO] [stdout]     |
[INFO] [stdout] 202 | /                 ::core::include_str!(
[INFO] [stdout] 203 | |                     ::core::concat!($test_folder, "/", $file_name, ".wast")
[INFO] [stdout] 204 | |                 )
[INFO] [stdout]     | |_________________^
[INFO] [stdout] ...
[INFO] [stdout] 211 | /     expand_tests! {
[INFO] [stdout] 212 | |         include_wasm_blobs,
[INFO] [stdout] 213 | |
[INFO] [stdout] 214 | |         let folder = "testsuite";
[INFO] [stdout] 215 | |     }
[INFO] [stdout]     | |_____- in this macro invocation
[INFO] [stdout]     |
[INFO] [stdout]     = note: this error originates in the macro `::core::include_str` which comes from the expansion of the macro `expand_tests` (in Nightly builds, run with -Z macro-backtrace for more info)
[INFO] [stdout] 
[INFO] [stdout] 
[INFO] [stdout] error: couldn't read `tests/spec/testsuite/i64.wast`: No such file or directory (os error 2)
[INFO] [stdout]    --> tests/spec/mod.rs:202:17
[INFO] [stdout]     |
[INFO] [stdout] 202 | /                 ::core::include_str!(
[INFO] [stdout] 203 | |                     ::core::concat!($test_folder, "/", $file_name, ".wast")
[INFO] [stdout] 204 | |                 )
[INFO] [stdout]     | |_________________^
[INFO] [stdout] ...
[INFO] [stdout] 211 | /     expand_tests! {
[INFO] [stdout] 212 | |         include_wasm_blobs,
[INFO] [stdout] 213 | |
[INFO] [stdout] 214 | |         let folder = "testsuite";
[INFO] [stdout] 215 | |     }
[INFO] [stdout]     | |_____- in this macro invocation
[INFO] [stdout]     |
[INFO] [stdout]     = note: this error originates in the macro `::core::include_str` which comes from the expansion of the macro `expand_tests` (in Nightly builds, run with -Z macro-backtrace for more info)
[INFO] [stdout] 
[INFO] [stdout] 
[INFO] [stdout] error: couldn't read `tests/spec/testsuite/if.wast`: No such file or directory (os error 2)
[INFO] [stdout]    --> tests/spec/mod.rs:202:17
[INFO] [stdout]     |
[INFO] [stdout] 202 | /                 ::core::include_str!(
[INFO] [stdout] 203 | |                     ::core::concat!($test_folder, "/", $file_name, ".wast")
[INFO] [stdout] 204 | |                 )
[INFO] [stdout]     | |_________________^
[INFO] [stdout] ...
[INFO] [stdout] 211 | /     expand_tests! {
[INFO] [stdout] 212 | |         include_wasm_blobs,
[INFO] [stdout] 213 | |
[INFO] [stdout] 214 | |         let folder = "testsuite";
[INFO] [stdout] 215 | |     }
[INFO] [stdout]     | |_____- in this macro invocation
[INFO] [stdout]     |
[INFO] [stdout]     = note: this error originates in the macro `::core::include_str` which comes from the expansion of the macro `expand_tests` (in Nightly builds, run with -Z macro-backtrace for more info)
[INFO] [stdout] 
[INFO] [stdout] 
[INFO] [stdout] error: couldn't read `tests/spec/testsuite/imports.wast`: No such file or directory (os error 2)
[INFO] [stdout]    --> tests/spec/mod.rs:202:17
[INFO] [stdout]     |
[INFO] [stdout] 202 | /                 ::core::include_str!(
[INFO] [stdout] 203 | |                     ::core::concat!($test_folder, "/", $file_name, ".wast")
[INFO] [stdout] 204 | |                 )
[INFO] [stdout]     | |_________________^
[INFO] [stdout] ...
[INFO] [stdout] 211 | /     expand_tests! {
[INFO] [stdout] 212 | |         include_wasm_blobs,
[INFO] [stdout] 213 | |
[INFO] [stdout] 214 | |         let folder = "testsuite";
[INFO] [stdout] 215 | |     }
[INFO] [stdout]     | |_____- in this macro invocation
[INFO] [stdout]     |
[INFO] [stdout]     = note: this error originates in the macro `::core::include_str` which comes from the expansion of the macro `expand_tests` (in Nightly builds, run with -Z macro-backtrace for more info)
[INFO] [stdout] 
[INFO] [stdout] 
[INFO] [stdout] error: couldn't read `tests/spec/testsuite/inline-module.wast`: No such file or directory (os error 2)
[INFO] [stdout]    --> tests/spec/mod.rs:202:17
[INFO] [stdout]     |
[INFO] [stdout] 202 | /                 ::core::include_str!(
[INFO] [stdout] 203 | |                     ::core::concat!($test_folder, "/", $file_name, ".wast")
[INFO] [stdout] 204 | |                 )
[INFO] [stdout]     | |_________________^
[INFO] [stdout] ...
[INFO] [stdout] 211 | /     expand_tests! {
[INFO] [stdout] 212 | |         include_wasm_blobs,
[INFO] [stdout] 213 | |
[INFO] [stdout] 214 | |         let folder = "testsuite";
[INFO] [stdout] 215 | |     }
[INFO] [stdout]     | |_____- in this macro invocation
[INFO] [stdout]     |
[INFO] [stdout]     = note: this error originates in the macro `::core::include_str` which comes from the expansion of the macro `expand_tests` (in Nightly builds, run with -Z macro-backtrace for more info)
[INFO] [stdout] 
[INFO] [stdout] 
[INFO] [stdout] error: couldn't read `tests/spec/testsuite/int_exprs.wast`: No such file or directory (os error 2)
[INFO] [stdout]    --> tests/spec/mod.rs:202:17
[INFO] [stdout]     |
[INFO] [stdout] 202 | /                 ::core::include_str!(
[INFO] [stdout] 203 | |                     ::core::concat!($test_folder, "/", $file_name, ".wast")
[INFO] [stdout] 204 | |                 )
[INFO] [stdout]     | |_________________^
[INFO] [stdout] ...
[INFO] [stdout] 211 | /     expand_tests! {
[INFO] [stdout] 212 | |         include_wasm_blobs,
[INFO] [stdout] 213 | |
[INFO] [stdout] 214 | |         let folder = "testsuite";
[INFO] [stdout] 215 | |     }
[INFO] [stdout]     | |_____- in this macro invocation
[INFO] [stdout]     |
[INFO] [stdout]     = note: this error originates in the macro `::core::include_str` which comes from the expansion of the macro `expand_tests` (in Nightly builds, run with -Z macro-backtrace for more info)
[INFO] [stdout] 
[INFO] [stdout] 
[INFO] [stdout] error: couldn't read `tests/spec/testsuite/int_literals.wast`: No such file or directory (os error 2)
[INFO] [stdout]    --> tests/spec/mod.rs:202:17
[INFO] [stdout]     |
[INFO] [stdout] 202 | /                 ::core::include_str!(
[INFO] [stdout] 203 | |                     ::core::concat!($test_folder, "/", $file_name, ".wast")
[INFO] [stdout] 204 | |                 )
[INFO] [stdout]     | |_________________^
[INFO] [stdout] ...
[INFO] [stdout] 211 | /     expand_tests! {
[INFO] [stdout] 212 | |         include_wasm_blobs,
[INFO] [stdout] 213 | |
[INFO] [stdout] 214 | |         let folder = "testsuite";
[INFO] [stdout] 215 | |     }
[INFO] [stdout]     | |_____- in this macro invocation
[INFO] [stdout]     |
[INFO] [stdout]     = note: this error originates in the macro `::core::include_str` which comes from the expansion of the macro `expand_tests` (in Nightly builds, run with -Z macro-backtrace for more info)
[INFO] [stdout] 
[INFO] [stdout] 
[INFO] [stdout] error: couldn't read `tests/spec/testsuite/labels.wast`: No such file or directory (os error 2)
[INFO] [stdout]    --> tests/spec/mod.rs:202:17
[INFO] [stdout]     |
[INFO] [stdout] 202 | /                 ::core::include_str!(
[INFO] [stdout] 203 | |                     ::core::concat!($test_folder, "/", $file_name, ".wast")
[INFO] [stdout] 204 | |                 )
[INFO] [stdout]     | |_________________^
[INFO] [stdout] ...
[INFO] [stdout] 211 | /     expand_tests! {
[INFO] [stdout] 212 | |         include_wasm_blobs,
[INFO] [stdout] 213 | |
[INFO] [stdout] 214 | |         let folder = "testsuite";
[INFO] [stdout] 215 | |     }
[INFO] [stdout]     | |_____- in this macro invocation
[INFO] [stdout]     |
[INFO] [stdout]     = note: this error originates in the macro `::core::include_str` which comes from the expansion of the macro `expand_tests` (in Nightly builds, run with -Z macro-backtrace for more info)
[INFO] [stdout] 
[INFO] [stdout] 
[INFO] [stdout] error: couldn't read `tests/spec/testsuite/left-to-right.wast`: No such file or directory (os error 2)
[INFO] [stdout]    --> tests/spec/mod.rs:202:17
[INFO] [stdout]     |
[INFO] [stdout] 202 | /                 ::core::include_str!(
[INFO] [stdout] 203 | |                     ::core::concat!($test_folder, "/", $file_name, ".wast")
[INFO] [stdout] 204 | |                 )
[INFO] [stdout]     | |_________________^
[INFO] [stdout] ...
[INFO] [stdout] 211 | /     expand_tests! {
[INFO] [stdout] 212 | |         include_wasm_blobs,
[INFO] [stdout] 213 | |
[INFO] [stdout] 214 | |         let folder = "testsuite";
[INFO] [stdout] 215 | |     }
[INFO] [stdout]     | |_____- in this macro invocation
[INFO] [stdout]     |
[INFO] [stdout]     = note: this error originates in the macro `::core::include_str` which comes from the expansion of the macro `expand_tests` (in Nightly builds, run with -Z macro-backtrace for more info)
[INFO] [stdout] 
[INFO] [stdout] 
[INFO] [stdout] error: couldn't read `tests/spec/testsuite/linking.wast`: No such file or directory (os error 2)
[INFO] [stdout]    --> tests/spec/mod.rs:202:17
[INFO] [stdout]     |
[INFO] [stdout] 202 | /                 ::core::include_str!(
[INFO] [stdout] 203 | |                     ::core::concat!($test_folder, "/", $file_name, ".wast")
[INFO] [stdout] 204 | |                 )
[INFO] [stdout]     | |_________________^
[INFO] [stdout] ...
[INFO] [stdout] 211 | /     expand_tests! {
[INFO] [stdout] 212 | |         include_wasm_blobs,
[INFO] [stdout] 213 | |
[INFO] [stdout] 214 | |         let folder = "testsuite";
[INFO] [stdout] 215 | |     }
[INFO] [stdout]     | |_____- in this macro invocation
[INFO] [stdout]     |
[INFO] [stdout]     = note: this error originates in the macro `::core::include_str` which comes from the expansion of the macro `expand_tests` (in Nightly builds, run with -Z macro-backtrace for more info)
[INFO] [stdout] 
[INFO] [stdout] 
[INFO] [stdout] error: couldn't read `tests/spec/testsuite/load.wast`: No such file or directory (os error 2)
[INFO] [stdout]    --> tests/spec/mod.rs:202:17
[INFO] [stdout]     |
[INFO] [stdout] 202 | /                 ::core::include_str!(
[INFO] [stdout] 203 | |                     ::core::concat!($test_folder, "/", $file_name, ".wast")
[INFO] [stdout] 204 | |                 )
[INFO] [stdout]     | |_________________^
[INFO] [stdout] ...
[INFO] [stdout] 211 | /     expand_tests! {
[INFO] [stdout] 212 | |         include_wasm_blobs,
[INFO] [stdout] 213 | |
[INFO] [stdout] 214 | |         let folder = "testsuite";
[INFO] [stdout] 215 | |     }
[INFO] [stdout]     | |_____- in this macro invocation
[INFO] [stdout]     |
[INFO] [stdout]     = note: this error originates in the macro `::core::include_str` which comes from the expansion of the macro `expand_tests` (in Nightly builds, run with -Z macro-backtrace for more info)
[INFO] [stdout] 
[INFO] [stdout] 
[INFO] [stdout] error: couldn't read `tests/spec/testsuite/local_get.wast`: No such file or directory (os error 2)
[INFO] [stdout]    --> tests/spec/mod.rs:202:17
[INFO] [stdout]     |
[INFO] [stdout] 202 | /                 ::core::include_str!(
[INFO] [stdout] 203 | |                     ::core::concat!($test_folder, "/", $file_name, ".wast")
[INFO] [stdout] 204 | |                 )
[INFO] [stdout]     | |_________________^
[INFO] [stdout] ...
[INFO] [stdout] 211 | /     expand_tests! {
[INFO] [stdout] 212 | |         include_wasm_blobs,
[INFO] [stdout] 213 | |
[INFO] [stdout] 214 | |         let folder = "testsuite";
[INFO] [stdout] 215 | |     }
[INFO] [stdout]     | |_____- in this macro invocation
[INFO] [stdout]     |
[INFO] [stdout]     = note: this error originates in the macro `::core::include_str` which comes from the expansion of the macro `expand_tests` (in Nightly builds, run with -Z macro-backtrace for more info)
[INFO] [stdout] 
[INFO] [stdout] 
[INFO] [stdout] error: couldn't read `tests/spec/testsuite/local_set.wast`: No such file or directory (os error 2)
[INFO] [stdout]    --> tests/spec/mod.rs:202:17
[INFO] [stdout]     |
[INFO] [stdout] 202 | /                 ::core::include_str!(
[INFO] [stdout] 203 | |                     ::core::concat!($test_folder, "/", $file_name, ".wast")
[INFO] [stdout] 204 | |                 )
[INFO] [stdout]     | |_________________^
[INFO] [stdout] ...
[INFO] [stdout] 211 | /     expand_tests! {
[INFO] [stdout] 212 | |         include_wasm_blobs,
[INFO] [stdout] 213 | |
[INFO] [stdout] 214 | |         let folder = "testsuite";
[INFO] [stdout] 215 | |     }
[INFO] [stdout]     | |_____- in this macro invocation
[INFO] [stdout]     |
[INFO] [stdout]     = note: this error originates in the macro `::core::include_str` which comes from the expansion of the macro `expand_tests` (in Nightly builds, run with -Z macro-backtrace for more info)
[INFO] [stdout] 
[INFO] [stdout] 
[INFO] [stdout] error: couldn't read `tests/spec/testsuite/local_tee.wast`: No such file or directory (os error 2)
[INFO] [stdout]    --> tests/spec/mod.rs:202:17
[INFO] [stdout]     |
[INFO] [stdout] 202 | /                 ::core::include_str!(
[INFO] [stdout] 203 | |                     ::core::concat!($test_folder, "/", $file_name, ".wast")
[INFO] [stdout] 204 | |                 )
[INFO] [stdout]     | |_________________^
[INFO] [stdout] ...
[INFO] [stdout] 211 | /     expand_tests! {
[INFO] [stdout] 212 | |         include_wasm_blobs,
[INFO] [stdout] 213 | |
[INFO] [stdout] 214 | |         let folder = "testsuite";
[INFO] [stdout] 215 | |     }
[INFO] [stdout]     | |_____- in this macro invocation
[INFO] [stdout]     |
[INFO] [stdout]     = note: this error originates in the macro `::core::include_str` which comes from the expansion of the macro `expand_tests` (in Nightly builds, run with -Z macro-backtrace for more info)
[INFO] [stdout] 
[INFO] [stdout] 
[INFO] [stdout] error: couldn't read `tests/spec/testsuite/loop.wast`: No such file or directory (os error 2)
[INFO] [stdout]    --> tests/spec/mod.rs:202:17
[INFO] [stdout]     |
[INFO] [stdout] 202 | /                 ::core::include_str!(
[INFO] [stdout] 203 | |                     ::core::concat!($test_folder, "/", $file_name, ".wast")
[INFO] [stdout] 204 | |                 )
[INFO] [stdout]     | |_________________^
[INFO] [stdout] ...
[INFO] [stdout] 211 | /     expand_tests! {
[INFO] [stdout] 212 | |         include_wasm_blobs,
[INFO] [stdout] 213 | |
[INFO] [stdout] 214 | |         let folder = "testsuite";
[INFO] [stdout] 215 | |     }
[INFO] [stdout]     | |_____- in this macro invocation
[INFO] [stdout]     |
[INFO] [stdout]     = note: this error originates in the macro `::core::include_str` which comes from the expansion of the macro `expand_tests` (in Nightly builds, run with -Z macro-backtrace for more info)
[INFO] [stdout] 
[INFO] [stdout] 
[INFO] [stdout] error: couldn't read `tests/spec/testsuite/memory.wast`: No such file or directory (os error 2)
[INFO] [stdout]    --> tests/spec/mod.rs:202:17
[INFO] [stdout]     |
[INFO] [stdout] 202 | /                 ::core::include_str!(
[INFO] [stdout] 203 | |                     ::core::concat!($test_folder, "/", $file_name, ".wast")
[INFO] [stdout] 204 | |                 )
[INFO] [stdout]     | |_________________^
[INFO] [stdout] ...
[INFO] [stdout] 211 | /     expand_tests! {
[INFO] [stdout] 212 | |         include_wasm_blobs,
[INFO] [stdout] 213 | |
[INFO] [stdout] 214 | |         let folder = "testsuite";
[INFO] [stdout] 215 | |     }
[INFO] [stdout]     | |_____- in this macro invocation
[INFO] [stdout]     |
[INFO] [stdout]     = note: this error originates in the macro `::core::include_str` which comes from the expansion of the macro `expand_tests` (in Nightly builds, run with -Z macro-backtrace for more info)
[INFO] [stdout] 
[INFO] [stdout] 
[INFO] [stdout] error: couldn't read `tests/spec/testsuite/memory_copy.wast`: No such file or directory (os error 2)
[INFO] [stdout]    --> tests/spec/mod.rs:202:17
[INFO] [stdout]     |
[INFO] [stdout] 202 | /                 ::core::include_str!(
[INFO] [stdout] 203 | |                     ::core::concat!($test_folder, "/", $file_name, ".wast")
[INFO] [stdout] 204 | |                 )
[INFO] [stdout]     | |_________________^
[INFO] [stdout] ...
[INFO] [stdout] 211 | /     expand_tests! {
[INFO] [stdout] 212 | |         include_wasm_blobs,
[INFO] [stdout] 213 | |
[INFO] [stdout] 214 | |         let folder = "testsuite";
[INFO] [stdout] 215 | |     }
[INFO] [stdout]     | |_____- in this macro invocation
[INFO] [stdout]     |
[INFO] [stdout]     = note: this error originates in the macro `::core::include_str` which comes from the expansion of the macro `expand_tests` (in Nightly builds, run with -Z macro-backtrace for more info)
[INFO] [stdout] 
[INFO] [stdout] 
[INFO] [stdout] error: couldn't read `tests/spec/testsuite/memory_fill.wast`: No such file or directory (os error 2)
[INFO] [stdout]    --> tests/spec/mod.rs:202:17
[INFO] [stdout]     |
[INFO] [stdout] 202 | /                 ::core::include_str!(
[INFO] [stdout] 203 | |                     ::core::concat!($test_folder, "/", $file_name, ".wast")
[INFO] [stdout] 204 | |                 )
[INFO] [stdout]     | |_________________^
[INFO] [stdout] ...
[INFO] [stdout] 211 | /     expand_tests! {
[INFO] [stdout] 212 | |         include_wasm_blobs,
[INFO] [stdout] 213 | |
[INFO] [stdout] 214 | |         let folder = "testsuite";
[INFO] [stdout] 215 | |     }
[INFO] [stdout]     | |_____- in this macro invocation
[INFO] [stdout]     |
[INFO] [stdout]     = note: this error originates in the macro `::core::include_str` which comes from the expansion of the macro `expand_tests` (in Nightly builds, run with -Z macro-backtrace for more info)
[INFO] [stdout] 
[INFO] [stdout] 
[INFO] [stdout] error: couldn't read `tests/spec/testsuite/memory_grow.wast`: No such file or directory (os error 2)
[INFO] [stdout]    --> tests/spec/mod.rs:202:17
[INFO] [stdout]     |
[INFO] [stdout] 202 | /                 ::core::include_str!(
[INFO] [stdout] 203 | |                     ::core::concat!($test_folder, "/", $file_name, ".wast")
[INFO] [stdout] 204 | |                 )
[INFO] [stdout]     | |_________________^
[INFO] [stdout] ...
[INFO] [stdout] 211 | /     expand_tests! {
[INFO] [stdout] 212 | |         include_wasm_blobs,
[INFO] [stdout] 213 | |
[INFO] [stdout] 214 | |         let folder = "testsuite";
[INFO] [stdout] 215 | |     }
[INFO] [stdout]     | |_____- in this macro invocation
[INFO] [stdout]     |
[INFO] [stdout]     = note: this error originates in the macro `::core::include_str` which comes from the expansion of the macro `expand_tests` (in Nightly builds, run with -Z macro-backtrace for more info)
[INFO] [stdout] 
[INFO] [stdout] 
[INFO] [stdout] error: couldn't read `tests/spec/testsuite/memory_init.wast`: No such file or directory (os error 2)
[INFO] [stdout]    --> tests/spec/mod.rs:202:17
[INFO] [stdout]     |
[INFO] [stdout] 202 | /                 ::core::include_str!(
[INFO] [stdout] 203 | |                     ::core::concat!($test_folder, "/", $file_name, ".wast")
[INFO] [stdout] 204 | |                 )
[INFO] [stdout]     | |_________________^
[INFO] [stdout] ...
[INFO] [stdout] 211 | /     expand_tests! {
[INFO] [stdout] 212 | |         include_wasm_blobs,
[INFO] [stdout] 213 | |
[INFO] [stdout] 214 | |         let folder = "testsuite";
[INFO] [stdout] 215 | |     }
[INFO] [stdout]     | |_____- in this macro invocation
[INFO] [stdout]     |
[INFO] [stdout]     = note: this error originates in the macro `::core::include_str` which comes from the expansion of the macro `expand_tests` (in Nightly builds, run with -Z macro-backtrace for more info)
[INFO] [stdout] 
[INFO] [stdout] 
[INFO] [stdout] error: couldn't read `tests/spec/testsuite/memory_redundancy.wast`: No such file or directory (os error 2)
[INFO] [stdout]    --> tests/spec/mod.rs:202:17
[INFO] [stdout]     |
[INFO] [stdout] 202 | /                 ::core::include_str!(
[INFO] [stdout] 203 | |                     ::core::concat!($test_folder, "/", $file_name, ".wast")
[INFO] [stdout] 204 | |                 )
[INFO] [stdout]     | |_________________^
[INFO] [stdout] ...
[INFO] [stdout] 211 | /     expand_tests! {
[INFO] [stdout] 212 | |         include_wasm_blobs,
[INFO] [stdout] 213 | |
[INFO] [stdout] 214 | |         let folder = "testsuite";
[INFO] [stdout] 215 | |     }
[INFO] [stdout]     | |_____- in this macro invocation
[INFO] [stdout]     |
[INFO] [stdout]     = note: this error originates in the macro `::core::include_str` which comes from the expansion of the macro `expand_tests` (in Nightly builds, run with -Z macro-backtrace for more info)
[INFO] [stdout] 
[INFO] [stdout] 
[INFO] [stdout] error: couldn't read `tests/spec/testsuite/memory_size.wast`: No such file or directory (os error 2)
[INFO] [stdout]    --> tests/spec/mod.rs:202:17
[INFO] [stdout]     |
[INFO] [stdout] 202 | /                 ::core::include_str!(
[INFO] [stdout] 203 | |                     ::core::concat!($test_folder, "/", $file_name, ".wast")
[INFO] [stdout] 204 | |                 )
[INFO] [stdout]     | |_________________^
[INFO] [stdout] ...
[INFO] [stdout] 211 | /     expand_tests! {
[INFO] [stdout] 212 | |         include_wasm_blobs,
[INFO] [stdout] 213 | |
[INFO] [stdout] 214 | |         let folder = "testsuite";
[INFO] [stdout] 215 | |     }
[INFO] [stdout]     | |_____- in this macro invocation
[INFO] [stdout]     |
[INFO] [stdout]     = note: this error originates in the macro `::core::include_str` which comes from the expansion of the macro `expand_tests` (in Nightly builds, run with -Z macro-backtrace for more info)
[INFO] [stdout] 
[INFO] [stdout] 
[INFO] [stdout] error: couldn't read `tests/spec/testsuite/memory_trap.wast`: No such file or directory (os error 2)
[INFO] [stdout]    --> tests/spec/mod.rs:202:17
[INFO] [stdout]     |
[INFO] [stdout] 202 | /                 ::core::include_str!(
[INFO] [stdout] 203 | |                     ::core::concat!($test_folder, "/", $file_name, ".wast")
[INFO] [stdout] 204 | |                 )
[INFO] [stdout]     | |_________________^
[INFO] [stdout] ...
[INFO] [stdout] 211 | /     expand_tests! {
[INFO] [stdout] 212 | |         include_wasm_blobs,
[INFO] [stdout] 213 | |
[INFO] [stdout] 214 | |         let folder = "testsuite";
[INFO] [stdout] 215 | |     }
[INFO] [stdout]     | |_____- in this macro invocation
[INFO] [stdout]     |
[INFO] [stdout]     = note: this error originates in the macro `::core::include_str` which comes from the expansion of the macro `expand_tests` (in Nightly builds, run with -Z macro-backtrace for more info)
[INFO] [stdout] 
[INFO] [stdout] 
[INFO] [stdout] error: couldn't read `tests/spec/testsuite/names.wast`: No such file or directory (os error 2)
[INFO] [stdout]    --> tests/spec/mod.rs:202:17
[INFO] [stdout]     |
[INFO] [stdout] 202 | /                 ::core::include_str!(
[INFO] [stdout] 203 | |                     ::core::concat!($test_folder, "/", $file_name, ".wast")
[INFO] [stdout] 204 | |                 )
[INFO] [stdout]     | |_________________^
[INFO] [stdout] ...
[INFO] [stdout] 211 | /     expand_tests! {
[INFO] [stdout] 212 | |         include_wasm_blobs,
[INFO] [stdout] 213 | |
[INFO] [stdout] 214 | |         let folder = "testsuite";
[INFO] [stdout] 215 | |     }
[INFO] [stdout]     | |_____- in this macro invocation
[INFO] [stdout]     |
[INFO] [stdout]     = note: this error originates in the macro `::core::include_str` which comes from the expansion of the macro `expand_tests` (in Nightly builds, run with -Z macro-backtrace for more info)
[INFO] [stdout] 
[INFO] [stdout] 
[INFO] [stdout] error: couldn't read `tests/spec/testsuite/nop.wast`: No such file or directory (os error 2)
[INFO] [stdout]    --> tests/spec/mod.rs:202:17
[INFO] [stdout]     |
[INFO] [stdout] 202 | /                 ::core::include_str!(
[INFO] [stdout] 203 | |                     ::core::concat!($test_folder, "/", $file_name, ".wast")
[INFO] [stdout] 204 | |                 )
[INFO] [stdout]     | |_________________^
[INFO] [stdout] ...
[INFO] [stdout] 211 | /     expand_tests! {
[INFO] [stdout] 212 | |         include_wasm_blobs,
[INFO] [stdout] 213 | |
[INFO] [stdout] 214 | |         let folder = "testsuite";
[INFO] [stdout] 215 | |     }
[INFO] [stdout]     | |_____- in this macro invocation
[INFO] [stdout]     |
[INFO] [stdout]     = note: this error originates in the macro `::core::include_str` which comes from the expansion of the macro `expand_tests` (in Nightly builds, run with -Z macro-backtrace for more info)
[INFO] [stdout] 
[INFO] [stdout] 
[INFO] [stdout] error: couldn't read `tests/spec/testsuite/ref_func.wast`: No such file or directory (os error 2)
[INFO] [stdout]    --> tests/spec/mod.rs:202:17
[INFO] [stdout]     |
[INFO] [stdout] 202 | /                 ::core::include_str!(
[INFO] [stdout] 203 | |                     ::core::concat!($test_folder, "/", $file_name, ".wast")
[INFO] [stdout] 204 | |                 )
[INFO] [stdout]     | |_________________^
[INFO] [stdout] ...
[INFO] [stdout] 211 | /     expand_tests! {
[INFO] [stdout] 212 | |         include_wasm_blobs,
[INFO] [stdout] 213 | |
[INFO] [stdout] 214 | |         let folder = "testsuite";
[INFO] [stdout] 215 | |     }
[INFO] [stdout]     | |_____- in this macro invocation
[INFO] [stdout]     |
[INFO] [stdout]     = note: this error originates in the macro `::core::include_str` which comes from the expansion of the macro `expand_tests` (in Nightly builds, run with -Z macro-backtrace for more info)
[INFO] [stdout] 
[INFO] [stdout] 
[INFO] [stdout] error: couldn't read `tests/spec/testsuite/ref_is_null.wast`: No such file or directory (os error 2)
[INFO] [stdout]    --> tests/spec/mod.rs:202:17
[INFO] [stdout]     |
[INFO] [stdout] 202 | /                 ::core::include_str!(
[INFO] [stdout] 203 | |                     ::core::concat!($test_folder, "/", $file_name, ".wast")
[INFO] [stdout] 204 | |                 )
[INFO] [stdout]     | |_________________^
[INFO] [stdout] ...
[INFO] [stdout] 211 | /     expand_tests! {
[INFO] [stdout] 212 | |         include_wasm_blobs,
[INFO] [stdout] 213 | |
[INFO] [stdout] 214 | |         let folder = "testsuite";
[INFO] [stdout] 215 | |     }
[INFO] [stdout]     | |_____- in this macro invocation
[INFO] [stdout]     |
[INFO] [stdout]     = note: this error originates in the macro `::core::include_str` which comes from the expansion of the macro `expand_tests` (in Nightly builds, run with -Z macro-backtrace for more info)
[INFO] [stdout] 
[INFO] [stdout] 
[INFO] [stdout] error: couldn't read `tests/spec/testsuite/ref_null.wast`: No such file or directory (os error 2)
[INFO] [stdout]    --> tests/spec/mod.rs:202:17
[INFO] [stdout]     |
[INFO] [stdout] 202 | /                 ::core::include_str!(
[INFO] [stdout] 203 | |                     ::core::concat!($test_folder, "/", $file_name, ".wast")
[INFO] [stdout] 204 | |                 )
[INFO] [stdout]     | |_________________^
[INFO] [stdout] ...
[INFO] [stdout] 211 | /     expand_tests! {
[INFO] [stdout] 212 | |         include_wasm_blobs,
[INFO] [stdout] 213 | |
[INFO] [stdout] 214 | |         let folder = "testsuite";
[INFO] [stdout] 215 | |     }
[INFO] [stdout]     | |_____- in this macro invocation
[INFO] [stdout]     |
[INFO] [stdout]     = note: this error originates in the macro `::core::include_str` which comes from the expansion of the macro `expand_tests` (in Nightly builds, run with -Z macro-backtrace for more info)
[INFO] [stdout] 
[INFO] [stdout] 
[INFO] [stdout] error: couldn't read `tests/spec/testsuite/return.wast`: No such file or directory (os error 2)
[INFO] [stdout]    --> tests/spec/mod.rs:202:17
[INFO] [stdout]     |
[INFO] [stdout] 202 | /                 ::core::include_str!(
[INFO] [stdout] 203 | |                     ::core::concat!($test_folder, "/", $file_name, ".wast")
[INFO] [stdout] 204 | |                 )
[INFO] [stdout]     | |_________________^
[INFO] [stdout] ...
[INFO] [stdout] 211 | /     expand_tests! {
[INFO] [stdout] 212 | |         include_wasm_blobs,
[INFO] [stdout] 213 | |
[INFO] [stdout] 214 | |         let folder = "testsuite";
[INFO] [stdout] 215 | |     }
[INFO] [stdout]     | |_____- in this macro invocation
[INFO] [stdout]     |
[INFO] [stdout]     = note: this error originates in the macro `::core::include_str` which comes from the expansion of the macro `expand_tests` (in Nightly builds, run with -Z macro-backtrace for more info)
[INFO] [stdout] 
[INFO] [stdout] 
[INFO] [stdout] error: couldn't read `tests/spec/testsuite/select.wast`: No such file or directory (os error 2)
[INFO] [stdout]    --> tests/spec/mod.rs:202:17
[INFO] [stdout]     |
[INFO] [stdout] 202 | /                 ::core::include_str!(
[INFO] [stdout] 203 | |                     ::core::concat!($test_folder, "/", $file_name, ".wast")
[INFO] [stdout] 204 | |                 )
[INFO] [stdout]     | |_________________^
[INFO] [stdout] ...
[INFO] [stdout] 211 | /     expand_tests! {
[INFO] [stdout] 212 | |         include_wasm_blobs,
[INFO] [stdout] 213 | |
[INFO] [stdout] 214 | |         let folder = "testsuite";
[INFO] [stdout] 215 | |     }
[INFO] [stdout]     | |_____- in this macro invocation
[INFO] [stdout]     |
[INFO] [stdout]     = note: this error originates in the macro `::core::include_str` which comes from the expansion of the macro `expand_tests` (in Nightly builds, run with -Z macro-backtrace for more info)
[INFO] [stdout] 
[INFO] [stdout] 
[INFO] [stdout] error: couldn't read `tests/spec/testsuite/skip-stack-guard-page.wast`: No such file or directory (os error 2)
[INFO] [stdout]    --> tests/spec/mod.rs:202:17
[INFO] [stdout]     |
[INFO] [stdout] 202 | /                 ::core::include_str!(
[INFO] [stdout] 203 | |                     ::core::concat!($test_folder, "/", $file_name, ".wast")
[INFO] [stdout] 204 | |                 )
[INFO] [stdout]     | |_________________^
[INFO] [stdout] ...
[INFO] [stdout] 211 | /     expand_tests! {
[INFO] [stdout] 212 | |         include_wasm_blobs,
[INFO] [stdout] 213 | |
[INFO] [stdout] 214 | |         let folder = "testsuite";
[INFO] [stdout] 215 | |     }
[INFO] [stdout]     | |_____- in this macro invocation
[INFO] [stdout]     |
[INFO] [stdout]     = note: this error originates in the macro `::core::include_str` which comes from the expansion of the macro `expand_tests` (in Nightly builds, run with -Z macro-backtrace for more info)
[INFO] [stdout] 
[INFO] [stdout] 
[INFO] [stdout] error: couldn't read `tests/spec/testsuite/stack.wast`: No such file or directory (os error 2)
[INFO] [stdout]    --> tests/spec/mod.rs:202:17
[INFO] [stdout]     |
[INFO] [stdout] 202 | /                 ::core::include_str!(
[INFO] [stdout] 203 | |                     ::core::concat!($test_folder, "/", $file_name, ".wast")
[INFO] [stdout] 204 | |                 )
[INFO] [stdout]     | |_________________^
[INFO] [stdout] ...
[INFO] [stdout] 211 | /     expand_tests! {
[INFO] [stdout] 212 | |         include_wasm_blobs,
[INFO] [stdout] 213 | |
[INFO] [stdout] 214 | |         let folder = "testsuite";
[INFO] [stdout] 215 | |     }
[INFO] [stdout]     | |_____- in this macro invocation
[INFO] [stdout]     |
[INFO] [stdout]     = note: this error originates in the macro `::core::include_str` which comes from the expansion of the macro `expand_tests` (in Nightly builds, run with -Z macro-backtrace for more info)
[INFO] [stdout] 
[INFO] [stdout] 
[INFO] [stdout] error: couldn't read `tests/spec/testsuite/start.wast`: No such file or directory (os error 2)
[INFO] [stdout]    --> tests/spec/mod.rs:202:17
[INFO] [stdout]     |
[INFO] [stdout] 202 | /                 ::core::include_str!(
[INFO] [stdout] 203 | |                     ::core::concat!($test_folder, "/", $file_name, ".wast")
[INFO] [stdout] 204 | |                 )
[INFO] [stdout]     | |_________________^
[INFO] [stdout] ...
[INFO] [stdout] 211 | /     expand_tests! {
[INFO] [stdout] 212 | |         include_wasm_blobs,
[INFO] [stdout] 213 | |
[INFO] [stdout] 214 | |         let folder = "testsuite";
[INFO] [stdout] 215 | |     }
[INFO] [stdout]     | |_____- in this macro invocation
[INFO] [stdout]     |
[INFO] [stdout]     = note: this error originates in the macro `::core::include_str` which comes from the expansion of the macro `expand_tests` (in Nightly builds, run with -Z macro-backtrace for more info)
[INFO] [stdout] 
[INFO] [stdout] 
[INFO] [stdout] error: couldn't read `tests/spec/testsuite/store.wast`: No such file or directory (os error 2)
[INFO] [stdout]    --> tests/spec/mod.rs:202:17
[INFO] [stdout]     |
[INFO] [stdout] 202 | /                 ::core::include_str!(
[INFO] [stdout] 203 | |                     ::core::concat!($test_folder, "/", $file_name, ".wast")
[INFO] [stdout] 204 | |                 )
[INFO] [stdout]     | |_________________^
[INFO] [stdout] ...
[INFO] [stdout] 211 | /     expand_tests! {
[INFO] [stdout] 212 | |         include_wasm_blobs,
[INFO] [stdout] 213 | |
[INFO] [stdout] 214 | |         let folder = "testsuite";
[INFO] [stdout] 215 | |     }
[INFO] [stdout]     | |_____- in this macro invocation
[INFO] [stdout]     |
[INFO] [stdout]     = note: this error originates in the macro `::core::include_str` which comes from the expansion of the macro `expand_tests` (in Nightly builds, run with -Z macro-backtrace for more info)
[INFO] [stdout] 
[INFO] [stdout] 
[INFO] [stdout] error: couldn't read `tests/spec/testsuite/switch.wast`: No such file or directory (os error 2)
[INFO] [stdout]    --> tests/spec/mod.rs:202:17
[INFO] [stdout]     |
[INFO] [stdout] 202 | /                 ::core::include_str!(
[INFO] [stdout] 203 | |                     ::core::concat!($test_folder, "/", $file_name, ".wast")
[INFO] [stdout] 204 | |                 )
[INFO] [stdout]     | |_________________^
[INFO] [stdout] ...
[INFO] [stdout] 211 | /     expand_tests! {
[INFO] [stdout] 212 | |         include_wasm_blobs,
[INFO] [stdout] 213 | |
[INFO] [stdout] 214 | |         let folder = "testsuite";
[INFO] [stdout] 215 | |     }
[INFO] [stdout]     | |_____- in this macro invocation
[INFO] [stdout]     |
[INFO] [stdout]     = note: this error originates in the macro `::core::include_str` which comes from the expansion of the macro `expand_tests` (in Nightly builds, run with -Z macro-backtrace for more info)
[INFO] [stdout] 
[INFO] [stdout] 
[INFO] [stdout] error: couldn't read `tests/spec/testsuite/table-sub.wast`: No such file or directory (os error 2)
[INFO] [stdout]    --> tests/spec/mod.rs:202:17
[INFO] [stdout]     |
[INFO] [stdout] 202 | /                 ::core::include_str!(
[INFO] [stdout] 203 | |                     ::core::concat!($test_folder, "/", $file_name, ".wast")
[INFO] [stdout] 204 | |                 )
[INFO] [stdout]     | |_________________^
[INFO] [stdout] ...
[INFO] [stdout] 211 | /     expand_tests! {
[INFO] [stdout] 212 | |         include_wasm_blobs,
[INFO] [stdout] 213 | |
[INFO] [stdout] 214 | |         let folder = "testsuite";
[INFO] [stdout] 215 | |     }
[INFO] [stdout]     | |_____- in this macro invocation
[INFO] [stdout]     |
[INFO] [stdout]     = note: this error originates in the macro `::core::include_str` which comes from the expansion of the macro `expand_tests` (in Nightly builds, run with -Z macro-backtrace for more info)
[INFO] [stdout] 
[INFO] [stdout] 
[INFO] [stdout] error: couldn't read `tests/spec/testsuite/table.wast`: No such file or directory (os error 2)
[INFO] [stdout]    --> tests/spec/mod.rs:202:17
[INFO] [stdout]     |
[INFO] [stdout] 202 | /                 ::core::include_str!(
[INFO] [stdout] 203 | |                     ::core::concat!($test_folder, "/", $file_name, ".wast")
[INFO] [stdout] 204 | |                 )
[INFO] [stdout]     | |_________________^
[INFO] [stdout] ...
[INFO] [stdout] 211 | /     expand_tests! {
[INFO] [stdout] 212 | |         include_wasm_blobs,
[INFO] [stdout] 213 | |
[INFO] [stdout] 214 | |         let folder = "testsuite";
[INFO] [stdout] 215 | |     }
[INFO] [stdout]     | |_____- in this macro invocation
[INFO] [stdout]     |
[INFO] [stdout]     = note: this error originates in the macro `::core::include_str` which comes from the expansion of the macro `expand_tests` (in Nightly builds, run with -Z macro-backtrace for more info)
[INFO] [stdout] 
[INFO] [stdout] 
[INFO] [stdout] error: couldn't read `tests/spec/testsuite/table_copy.wast`: No such file or directory (os error 2)
[INFO] [stdout]    --> tests/spec/mod.rs:202:17
[INFO] [stdout]     |
[INFO] [stdout] 202 | /                 ::core::include_str!(
[INFO] [stdout] 203 | |                     ::core::concat!($test_folder, "/", $file_name, ".wast")
[INFO] [stdout] 204 | |                 )
[INFO] [stdout]     | |_________________^
[INFO] [stdout] ...
[INFO] [stdout] 211 | /     expand_tests! {
[INFO] [stdout] 212 | |         include_wasm_blobs,
[INFO] [stdout] 213 | |
[INFO] [stdout] 214 | |         let folder = "testsuite";
[INFO] [stdout] 215 | |     }
[INFO] [stdout]     | |_____- in this macro invocation
[INFO] [stdout]     |
[INFO] [stdout]     = note: this error originates in the macro `::core::include_str` which comes from the expansion of the macro `expand_tests` (in Nightly builds, run with -Z macro-backtrace for more info)
[INFO] [stdout] 
[INFO] [stdout] 
[INFO] [stdout] error: couldn't read `tests/spec/testsuite/table_fill.wast`: No such file or directory (os error 2)
[INFO] [stdout]    --> tests/spec/mod.rs:202:17
[INFO] [stdout]     |
[INFO] [stdout] 202 | /                 ::core::include_str!(
[INFO] [stdout] 203 | |                     ::core::concat!($test_folder, "/", $file_name, ".wast")
[INFO] [stdout] 204 | |                 )
[INFO] [stdout]     | |_________________^
[INFO] [stdout] ...
[INFO] [stdout] 211 | /     expand_tests! {
[INFO] [stdout] 212 | |         include_wasm_blobs,
[INFO] [stdout] 213 | |
[INFO] [stdout] 214 | |         let folder = "testsuite";
[INFO] [stdout] 215 | |     }
[INFO] [stdout]     | |_____- in this macro invocation
[INFO] [stdout]     |
[INFO] [stdout]     = note: this error originates in the macro `::core::include_str` which comes from the expansion of the macro `expand_tests` (in Nightly builds, run with -Z macro-backtrace for more info)
[INFO] [stdout] 
[INFO] [stdout] 
[INFO] [stdout] error: couldn't read `tests/spec/testsuite/table_get.wast`: No such file or directory (os error 2)
[INFO] [stdout]    --> tests/spec/mod.rs:202:17
[INFO] [stdout]     |
[INFO] [stdout] 202 | /                 ::core::include_str!(
[INFO] [stdout] 203 | |                     ::core::concat!($test_folder, "/", $file_name, ".wast")
[INFO] [stdout] 204 | |                 )
[INFO] [stdout]     | |_________________^
[INFO] [stdout] ...
[INFO] [stdout] 211 | /     expand_tests! {
[INFO] [stdout] 212 | |         include_wasm_blobs,
[INFO] [stdout] 213 | |
[INFO] [stdout] 214 | |         let folder = "testsuite";
[INFO] [stdout] 215 | |     }
[INFO] [stdout]     | |_____- in this macro invocation
[INFO] [stdout]     |
[INFO] [stdout]     = note: this error originates in the macro `::core::include_str` which comes from the expansion of the macro `expand_tests` (in Nightly builds, run with -Z macro-backtrace for more info)
[INFO] [stdout] 
[INFO] [stdout] 
[INFO] [stdout] error: couldn't read `tests/spec/testsuite/table_grow.wast`: No such file or directory (os error 2)
[INFO] [stdout]    --> tests/spec/mod.rs:202:17
[INFO] [stdout]     |
[INFO] [stdout] 202 | /                 ::core::include_str!(
[INFO] [stdout] 203 | |                     ::core::concat!($test_folder, "/", $file_name, ".wast")
[INFO] [stdout] 204 | |                 )
[INFO] [stdout]     | |_________________^
[INFO] [stdout] ...
[INFO] [stdout] 211 | /     expand_tests! {
[INFO] [stdout] 212 | |         include_wasm_blobs,
[INFO] [stdout] 213 | |
[INFO] [stdout] 214 | |         let folder = "testsuite";
[INFO] [stdout] 215 | |     }
[INFO] [stdout]     | |_____- in this macro invocation
[INFO] [stdout]     |
[INFO] [stdout]     = note: this error originates in the macro `::core::include_str` which comes from the expansion of the macro `expand_tests` (in Nightly builds, run with -Z macro-backtrace for more info)
[INFO] [stdout] 
[INFO] [stdout] 
[INFO] [stdout] error: couldn't read `tests/spec/testsuite/table_init.wast`: No such file or directory (os error 2)
[INFO] [stdout]    --> tests/spec/mod.rs:202:17
[INFO] [stdout]     |
[INFO] [stdout] 202 | /                 ::core::include_str!(
[INFO] [stdout] 203 | |                     ::core::concat!($test_folder, "/", $file_name, ".wast")
[INFO] [stdout] 204 | |                 )
[INFO] [stdout]     | |_________________^
[INFO] [stdout] ...
[INFO] [stdout] 211 | /     expand_tests! {
[INFO] [stdout] 212 | |         include_wasm_blobs,
[INFO] [stdout] 213 | |
[INFO] [stdout] 214 | |         let folder = "testsuite";
[INFO] [stdout] 215 | |     }
[INFO] [stdout]     | |_____- in this macro invocation
[INFO] [stdout]     |
[INFO] [stdout]     = note: this error originates in the macro `::core::include_str` which comes from the expansion of the macro `expand_tests` (in Nightly builds, run with -Z macro-backtrace for more info)
[INFO] [stdout] 
[INFO] [stdout] 
[INFO] [stdout] error: couldn't read `tests/spec/testsuite/table_set.wast`: No such file or directory (os error 2)
[INFO] [stdout]    --> tests/spec/mod.rs:202:17
[INFO] [stdout]     |
[INFO] [stdout] 202 | /                 ::core::include_str!(
[INFO] [stdout] 203 | |                     ::core::concat!($test_folder, "/", $file_name, ".wast")
[INFO] [stdout] 204 | |                 )
[INFO] [stdout]     | |_________________^
[INFO] [stdout] ...
[INFO] [stdout] 211 | /     expand_tests! {
[INFO] [stdout] 212 | |         include_wasm_blobs,
[INFO] [stdout] 213 | |
[INFO] [stdout] 214 | |         let folder = "testsuite";
[INFO] [stdout] 215 | |     }
[INFO] [stdout]     | |_____- in this macro invocation
[INFO] [stdout]     |
[INFO] [stdout]     = note: this error originates in the macro `::core::include_str` which comes from the expansion of the macro `expand_tests` (in Nightly builds, run with -Z macro-backtrace for more info)
[INFO] [stdout] 
[INFO] [stdout] 
[INFO] [stdout] error: couldn't read `tests/spec/testsuite/table_size.wast`: No such file or directory (os error 2)
[INFO] [stdout]    --> tests/spec/mod.rs:202:17
[INFO] [stdout]     |
[INFO] [stdout] 202 | /                 ::core::include_str!(
[INFO] [stdout] 203 | |                     ::core::concat!($test_folder, "/", $file_name, ".wast")
[INFO] [stdout] 204 | |                 )
[INFO] [stdout]     | |_________________^
[INFO] [stdout] ...
[INFO] [stdout] 211 | /     expand_tests! {
[INFO] [stdout] 212 | |         include_wasm_blobs,
[INFO] [stdout] 213 | |
[INFO] [stdout] 214 | |         let folder = "testsuite";
[INFO] [stdout] 215 | |     }
[INFO] [stdout]     | |_____- in this macro invocation
[INFO] [stdout]     |
[INFO] [stdout]     = note: this error originates in the macro `::core::include_str` which comes from the expansion of the macro `expand_tests` (in Nightly builds, run with -Z macro-backtrace for more info)
[INFO] [stdout] 
[INFO] [stdout] 
[INFO] [stdout] error: couldn't read `tests/spec/testsuite/token.wast`: No such file or directory (os error 2)
[INFO] [stdout]    --> tests/spec/mod.rs:202:17
[INFO] [stdout]     |
[INFO] [stdout] 202 | /                 ::core::include_str!(
[INFO] [stdout] 203 | |                     ::core::concat!($test_folder, "/", $file_name, ".wast")
[INFO] [stdout] 204 | |                 )
[INFO] [stdout]     | |_________________^
[INFO] [stdout] ...
[INFO] [stdout] 211 | /     expand_tests! {
[INFO] [stdout] 212 | |         include_wasm_blobs,
[INFO] [stdout] 213 | |
[INFO] [stdout] 214 | |         let folder = "testsuite";
[INFO] [stdout] 215 | |     }
[INFO] [stdout]     | |_____- in this macro invocation
[INFO] [stdout]     |
[INFO] [stdout]     = note: this error originates in the macro `::core::include_str` which comes from the expansion of the macro `expand_tests` (in Nightly builds, run with -Z macro-backtrace for more info)
[INFO] [stdout] 
[INFO] [stdout] 
[INFO] [stdout] error: couldn't read `tests/spec/testsuite/traps.wast`: No such file or directory (os error 2)
[INFO] [stdout]    --> tests/spec/mod.rs:202:17
[INFO] [stdout]     |
[INFO] [stdout] 202 | /                 ::core::include_str!(
[INFO] [stdout] 203 | |                     ::core::concat!($test_folder, "/", $file_name, ".wast")
[INFO] [stdout] 204 | |                 )
[INFO] [stdout]     | |_________________^
[INFO] [stdout] ...
[INFO] [stdout] 211 | /     expand_tests! {
[INFO] [stdout] 212 | |         include_wasm_blobs,
[INFO] [stdout] 213 | |
[INFO] [stdout] 214 | |         let folder = "testsuite";
[INFO] [stdout] 215 | |     }
[INFO] [stdout]     | |_____- in this macro invocation
[INFO] [stdout]     |
[INFO] [stdout]     = note: this error originates in the macro `::core::include_str` which comes from the expansion of the macro `expand_tests` (in Nightly builds, run with -Z macro-backtrace for more info)
[INFO] [stdout] 
[INFO] [stdout] 
[INFO] [stdout] error: couldn't read `tests/spec/testsuite/type.wast`: No such file or directory (os error 2)
[INFO] [stdout]    --> tests/spec/mod.rs:202:17
[INFO] [stdout]     |
[INFO] [stdout] 202 | /                 ::core::include_str!(
[INFO] [stdout] 203 | |                     ::core::concat!($test_folder, "/", $file_name, ".wast")
[INFO] [stdout] 204 | |                 )
[INFO] [stdout]     | |_________________^
[INFO] [stdout] ...
[INFO] [stdout] 211 | /     expand_tests! {
[INFO] [stdout] 212 | |         include_wasm_blobs,
[INFO] [stdout] 213 | |
[INFO] [stdout] 214 | |         let folder = "testsuite";
[INFO] [stdout] 215 | |     }
[INFO] [stdout]     | |_____- in this macro invocation
[INFO] [stdout]     |
[INFO] [stdout]     = note: this error originates in the macro `::core::include_str` which comes from the expansion of the macro `expand_tests` (in Nightly builds, run with -Z macro-backtrace for more info)
[INFO] [stdout] 
[INFO] [stdout] 
[INFO] [stdout] error: couldn't read `tests/spec/testsuite/unreachable.wast`: No such file or directory (os error 2)
[INFO] [stdout]    --> tests/spec/mod.rs:202:17
[INFO] [stdout]     |
[INFO] [stdout] 202 | /                 ::core::include_str!(
[INFO] [stdout] 203 | |                     ::core::concat!($test_folder, "/", $file_name, ".wast")
[INFO] [stdout] 204 | |                 )
[INFO] [stdout]     | |_________________^
[INFO] [stdout] ...
[INFO] [stdout] 211 | /     expand_tests! {
[INFO] [stdout] 212 | |         include_wasm_blobs,
[INFO] [stdout] 213 | |
[INFO] [stdout] 214 | |         let folder = "testsuite";
[INFO] [stdout] 215 | |     }
[INFO] [stdout]     | |_____- in this macro invocation
[INFO] [stdout]     |
[INFO] [stdout]     = note: this error originates in the macro `::core::include_str` which comes from the expansion of the macro `expand_tests` (in Nightly builds, run with -Z macro-backtrace for more info)
[INFO] [stdout] 
[INFO] [stdout] 
[INFO] [stdout] error: couldn't read `tests/spec/testsuite/unreached-invalid.wast`: No such file or directory (os error 2)
[INFO] [stdout]    --> tests/spec/mod.rs:202:17
[INFO] [stdout]     |
[INFO] [stdout] 202 | /                 ::core::include_str!(
[INFO] [stdout] 203 | |                     ::core::concat!($test_folder, "/", $file_name, ".wast")
[INFO] [stdout] 204 | |                 )
[INFO] [stdout]     | |_________________^
[INFO] [stdout] ...
[INFO] [stdout] 211 | /     expand_tests! {
[INFO] [stdout] 212 | |         include_wasm_blobs,
[INFO] [stdout] 213 | |
[INFO] [stdout] 214 | |         let folder = "testsuite";
[INFO] [stdout] 215 | |     }
[INFO] [stdout]     | |_____- in this macro invocation
[INFO] [stdout]     |
[INFO] [stdout]     = note: this error originates in the macro `::core::include_str` which comes from the expansion of the macro `expand_tests` (in Nightly builds, run with -Z macro-backtrace for more info)
[INFO] [stdout] 
[INFO] [stdout] 
[INFO] [stdout] error: couldn't read `tests/spec/testsuite/unreached-valid.wast`: No such file or directory (os error 2)
[INFO] [stdout]    --> tests/spec/mod.rs:202:17
[INFO] [stdout]     |
[INFO] [stdout] 202 | /                 ::core::include_str!(
[INFO] [stdout] 203 | |                     ::core::concat!($test_folder, "/", $file_name, ".wast")
[INFO] [stdout] 204 | |                 )
[INFO] [stdout]     | |_________________^
[INFO] [stdout] ...
[INFO] [stdout] 211 | /     expand_tests! {
[INFO] [stdout] 212 | |         include_wasm_blobs,
[INFO] [stdout] 213 | |
[INFO] [stdout] 214 | |         let folder = "testsuite";
[INFO] [stdout] 215 | |     }
[INFO] [stdout]     | |_____- in this macro invocation
[INFO] [stdout]     |
[INFO] [stdout]     = note: this error originates in the macro `::core::include_str` which comes from the expansion of the macro `expand_tests` (in Nightly builds, run with -Z macro-backtrace for more info)
[INFO] [stdout] 
[INFO] [stdout] 
[INFO] [stdout] error: couldn't read `tests/spec/testsuite/unwind.wast`: No such file or directory (os error 2)
[INFO] [stdout]    --> tests/spec/mod.rs:202:17
[INFO] [stdout]     |
[INFO] [stdout] 202 | /                 ::core::include_str!(
[INFO] [stdout] 203 | |                     ::core::concat!($test_folder, "/", $file_name, ".wast")
[INFO] [stdout] 204 | |                 )
[INFO] [stdout]     | |_________________^
[INFO] [stdout] ...
[INFO] [stdout] 211 | /     expand_tests! {
[INFO] [stdout] 212 | |         include_wasm_blobs,
[INFO] [stdout] 213 | |
[INFO] [stdout] 214 | |         let folder = "testsuite";
[INFO] [stdout] 215 | |     }
[INFO] [stdout]     | |_____- in this macro invocation
[INFO] [stdout]     |
[INFO] [stdout]     = note: this error originates in the macro `::core::include_str` which comes from the expansion of the macro `expand_tests` (in Nightly builds, run with -Z macro-backtrace for more info)
[INFO] [stdout] 
[INFO] [stdout] 
[INFO] [stdout] error: couldn't read `tests/spec/testsuite/utf8-custom-section-id.wast`: No such file or directory (os error 2)
[INFO] [stdout]    --> tests/spec/mod.rs:202:17
[INFO] [stdout]     |
[INFO] [stdout] 202 | /                 ::core::include_str!(
[INFO] [stdout] 203 | |                     ::core::concat!($test_folder, "/", $file_name, ".wast")
[INFO] [stdout] 204 | |                 )
[INFO] [stdout]     | |_________________^
[INFO] [stdout] ...
[INFO] [stdout] 211 | /     expand_tests! {
[INFO] [stdout] 212 | |         include_wasm_blobs,
[INFO] [stdout] 213 | |
[INFO] [stdout] 214 | |         let folder = "testsuite";
[INFO] [stdout] 215 | |     }
[INFO] [stdout]     | |_____- in this macro invocation
[INFO] [stdout]     |
[INFO] [stdout]     = note: this error originates in the macro `::core::include_str` which comes from the expansion of the macro `expand_tests` (in Nightly builds, run with -Z macro-backtrace for more info)
[INFO] [stdout] 
[INFO] [stdout] 
[INFO] [stdout] error: couldn't read `tests/spec/testsuite/utf8-import-field.wast`: No such file or directory (os error 2)
[INFO] [stdout]    --> tests/spec/mod.rs:202:17
[INFO] [stdout]     |
[INFO] [stdout] 202 | /                 ::core::include_str!(
[INFO] [stdout] 203 | |                     ::core::concat!($test_folder, "/", $file_name, ".wast")
[INFO] [stdout] 204 | |                 )
[INFO] [stdout]     | |_________________^
[INFO] [stdout] ...
[INFO] [stdout] 211 | /     expand_tests! {
[INFO] [stdout] 212 | |         include_wasm_blobs,
[INFO] [stdout] 213 | |
[INFO] [stdout] 214 | |         let folder = "testsuite";
[INFO] [stdout] 215 | |     }
[INFO] [stdout]     | |_____- in this macro invocation
[INFO] [stdout]     |
[INFO] [stdout]     = note: this error originates in the macro `::core::include_str` which comes from the expansion of the macro `expand_tests` (in Nightly builds, run with -Z macro-backtrace for more info)
[INFO] [stdout] 
[INFO] [stdout] 
[INFO] [stdout] error: couldn't read `tests/spec/testsuite/utf8-import-module.wast`: No such file or directory (os error 2)
[INFO] [stdout]    --> tests/spec/mod.rs:202:17
[INFO] [stdout]     |
[INFO] [stdout] 202 | /                 ::core::include_str!(
[INFO] [stdout] 203 | |                     ::core::concat!($test_folder, "/", $file_name, ".wast")
[INFO] [stdout] 204 | |                 )
[INFO] [stdout]     | |_________________^
[INFO] [stdout] ...
[INFO] [stdout] 211 | /     expand_tests! {
[INFO] [stdout] 212 | |         include_wasm_blobs,
[INFO] [stdout] 213 | |
[INFO] [stdout] 214 | |         let folder = "testsuite";
[INFO] [stdout] 215 | |     }
[INFO] [stdout]     | |_____- in this macro invocation
[INFO] [stdout]     |
[INFO] [stdout]     = note: this error originates in the macro `::core::include_str` which comes from the expansion of the macro `expand_tests` (in Nightly builds, run with -Z macro-backtrace for more info)
[INFO] [stdout] 
[INFO] [stdout] 
[INFO] [stdout] error: couldn't read `tests/spec/testsuite/utf8-invalid-encoding.wast`: No such file or directory (os error 2)
[INFO] [stdout]    --> tests/spec/mod.rs:202:17
[INFO] [stdout]     |
[INFO] [stdout] 202 | /                 ::core::include_str!(
[INFO] [stdout] 203 | |                     ::core::concat!($test_folder, "/", $file_name, ".wast")
[INFO] [stdout] 204 | |                 )
[INFO] [stdout]     | |_________________^
[INFO] [stdout] ...
[INFO] [stdout] 211 | /     expand_tests! {
[INFO] [stdout] 212 | |         include_wasm_blobs,
[INFO] [stdout] 213 | |
[INFO] [stdout] 214 | |         let folder = "testsuite";
[INFO] [stdout] 215 | |     }
[INFO] [stdout]     | |_____- in this macro invocation
[INFO] [stdout]     |
[INFO] [stdout]     = note: this error originates in the macro `::core::include_str` which comes from the expansion of the macro `expand_tests` (in Nightly builds, run with -Z macro-backtrace for more info)
[INFO] [stdout] 
[INFO] [stdout] 
[INFO] [stdout] error[E0433]: failed to resolve: use of undeclared crate or module `wasmi`
[INFO] [stdout]  --> tests/e2e/v1/fuel_metering.rs:4:5
[INFO] [stdout]   |
[INFO] [stdout] 4 | use wasmi::{core::TrapCode, Config, Engine, Error, Func, Linker, Module, Store};
[INFO] [stdout]   |     ^^^^^ use of undeclared crate or module `wasmi`
[INFO] [stdout] 
[INFO] [stdout] 
[INFO] [stdout] error[E0432]: unresolved import `wasmi`
[INFO] [stdout]  --> tests/e2e/v1/fuel_consumption.rs:3:5
[INFO] [stdout]   |
[INFO] [stdout] 3 | use wasmi::{Config, Engine, Error, Func, Linker, Module, Store};
[INFO] [stdout]   |     ^^^^^ use of undeclared crate or module `wasmi`
[INFO] [stdout] 
[INFO] [stdout] 
[INFO] [stdout] error[E0433]: failed to resolve: use of undeclared crate or module `wasmi`
[INFO] [stdout]  --> tests/e2e/v1/func.rs:6:5
[INFO] [stdout]   |
[INFO] [stdout] 6 | use wasmi::{
[INFO] [stdout]   |     ^^^^^ use of undeclared crate or module `wasmi`
[INFO] [stdout] 
[INFO] [stdout] 
[INFO] [stdout] error[E0432]: unresolved import `wasmi`
[INFO] [stdout]  --> tests/e2e/v1/fuel_metering.rs:4:5
[INFO] [stdout]   |
[INFO] [stdout] 4 | use wasmi::{core::TrapCode, Config, Engine, Error, Func, Linker, Module, Store};
[INFO] [stdout]   |     ^^^^^ use of undeclared crate or module `wasmi`
[INFO] [stdout] 
[INFO] [stdout] 
[INFO] [stdout] error[E0432]: unresolved import `wasmi`
[INFO] [stdout]  --> tests/e2e/v1/func.rs:6:5
[INFO] [stdout]   |
[INFO] [stdout] 6 | use wasmi::{
[INFO] [stdout]   |     ^^^^^ use of undeclared crate or module `wasmi`
[INFO] [stdout] 
[INFO] [stdout] 
[INFO] [stdout] error[E0432]: unresolved import `wasmi`
[INFO] [stdout]  --> tests/e2e/v1/host_call_compilation.rs:3:5
[INFO] [stdout]   |
[INFO] [stdout] 3 | use wasmi::{AsContextMut, Caller, Engine, Linker, Module, Store};
[INFO] [stdout]   |     ^^^^^ use of undeclared crate or module `wasmi`
[INFO] [stdout] 
[INFO] [stdout] 
[INFO] [stdout] error[E0432]: unresolved import `wasmi`
[INFO] [stdout]  --> tests/e2e/v1/host_call_instantiation.rs:4:5
[INFO] [stdout]   |
[INFO] [stdout] 4 | use wasmi::{AsContextMut, Caller, Engine, Linker, Module, Store};
[INFO] [stdout]   |     ^^^^^ use of undeclared crate or module `wasmi`
[INFO] [stdout] 
[INFO] [stdout] 
[INFO] [stdout] error[E0433]: failed to resolve: use of undeclared crate or module `wasmi`
[INFO] [stdout]  --> tests/e2e/v1/resource_limiter.rs:2:5
[INFO] [stdout]   |
[INFO] [stdout] 2 | use wasmi::{
[INFO] [stdout]   |     ^^^^^ use of undeclared crate or module `wasmi`
[INFO] [stdout] 
[INFO] [stdout] 
[INFO] [stdout] error[E0432]: unresolved import `wasmi`
[INFO] [stdout]  --> tests/e2e/v1/host_calls_wasm.rs:4:5
[INFO] [stdout]   |
[INFO] [stdout] 4 | use wasmi::{Caller, Engine, Extern, Func, Linker, Module, Store};
[INFO] [stdout]   |     ^^^^^ use of undeclared crate or module `wasmi`
[INFO] [stdout] 
[INFO] [stdout] 
[INFO] [stdout] error[E0433]: failed to resolve: use of undeclared crate or module `wasmi`
[INFO] [stdout]  --> tests/e2e/v1/resumable_call.rs:4:5
[INFO] [stdout]   |
[INFO] [stdout] 4 | use wasmi::{
[INFO] [stdout]   |     ^^^^^ use of undeclared crate or module `wasmi`
[INFO] [stdout] 
[INFO] [stdout] 
[INFO] [stdout] error[E0432]: unresolved import `wasmi`
[INFO] [stdout]  --> tests/e2e/v1/resource_limiter.rs:2:5
[INFO] [stdout]   |
[INFO] [stdout] 2 | use wasmi::{
[INFO] [stdout]   |     ^^^^^ use of undeclared crate or module `wasmi`
[INFO] [stdout] 
[INFO] [stdout] 
[INFO] [stdout] error[E0432]: unresolved import `wasmi`
[INFO] [stdout]  --> tests/e2e/v1/resumable_call.rs:4:5
[INFO] [stdout]   |
[INFO] [stdout] 4 | use wasmi::{
[INFO] [stdout]   |     ^^^^^ use of undeclared crate or module `wasmi`
[INFO] [stdout] 
[INFO] [stdout] 
[INFO] [stdout] error[E0432]: unresolved import `wasmi`
[INFO] [stdout]   --> tests/spec/context.rs:10:5
[INFO] [stdout]    |
[INFO] [stdout] 10 | use wasmi::{
[INFO] [stdout]    |     ^^^^^ use of undeclared crate or module `wasmi`
[INFO] [stdout] 
[INFO] [stdout] 
[INFO] [stdout] error[E0432]: unresolved import `wasmi`
[INFO] [stdout]  --> tests/spec/error.rs:2:5
[INFO] [stdout]   |
[INFO] [stdout] 2 | use wasmi::Error as WasmiError;
[INFO] [stdout]   |     ^^^^^ use of undeclared crate or module `wasmi`
[INFO] [stdout] 
[INFO] [stdout] 
[INFO] [stdout] error[E0432]: unresolved import `wasmi`
[INFO] [stdout]  --> tests/spec/run.rs:3:5
[INFO] [stdout]   |
[INFO] [stdout] 3 | use wasmi::{Config, ExternRef, FuncRef, Instance, Val};
[INFO] [stdout]   |     ^^^^^ use of undeclared crate or module `wasmi`
[INFO] [stdout] 
[INFO] [stdout] 
[INFO] [stdout] error[E0432]: unresolved import `wasmi`
[INFO] [stdout]   --> tests/spec/mod.rs:14:5
[INFO] [stdout]    |
[INFO] [stdout] 14 | use wasmi::Config;
[INFO] [stdout]    |     ^^^^^ use of undeclared crate or module `wasmi`
[INFO] [stdout] 
[INFO] [stdout] 
[INFO] [stdout] error[E0433]: failed to resolve: use of undeclared crate or module `wasmi`
[INFO] [stdout]   --> tests/e2e/v1/host_call_instantiation.rs:31:6
[INFO] [stdout]    |
[INFO] [stdout] 31 | impl wasmi::core::HostError for Error {}
[INFO] [stdout]    |      ^^^^^ use of undeclared crate or module `wasmi`
[INFO] [stdout]    |
[INFO] [stdout] help: consider importing this struct
[INFO] [stdout]    |
[INFO] [stdout] 3  + use wast::kw::core;
[INFO] [stdout]    |
[INFO] [stdout] help: if you import `core`, refer to it directly
[INFO] [stdout]    |
[INFO] [stdout] 31 - impl wasmi::core::HostError for Error {}
[INFO] [stdout] 31 + impl core::HostError for Error {}
[INFO] [stdout]    |
[INFO] [stdout] 
[INFO] [stdout] 
[INFO] [stdout] error[E0433]: failed to resolve: use of undeclared crate or module `wasmi`
[INFO] [stdout]   --> tests/e2e/v1/host_call_instantiation.rs:52:32
[INFO] [stdout]    |
[INFO] [stdout] 52 |                     return Err(wasmi::Error::host(Error::Uninit));
[INFO] [stdout]    |                                ^^^^^ use of undeclared crate or module `wasmi`
[INFO] [stdout]    |
[INFO] [stdout] help: consider importing one of these items
[INFO] [stdout]    |
[INFO] [stdout] 3  + use crate::e2e::v1::host_call_instantiation::fmt::Error;
[INFO] [stdout]    |
[INFO] [stdout] 3  + use std::error::Error;
[INFO] [stdout]    |
[INFO] [stdout] 3  + use std::fmt::Error;
[INFO] [stdout]    |
[INFO] [stdout] 3  + use std::io::Error;
[INFO] [stdout]    |
[INFO] [stdout]      and 6 other candidates
[INFO] [stdout] help: if you import `Error`, refer to it directly
[INFO] [stdout]    |
[INFO] [stdout] 52 -                     return Err(wasmi::Error::host(Error::Uninit));
[INFO] [stdout] 52 +                     return Err(Error::host(Error::Uninit));
[INFO] [stdout]    |
[INFO] [stdout] 
[INFO] [stdout] 
[INFO] [stdout] error[E0433]: failed to resolve: use of undeclared crate or module `wasmi`
[INFO] [stdout]   --> tests/e2e/v1/host_call_instantiation.rs:60:34
[INFO] [stdout]    |
[INFO] [stdout] 60 |                     .map_err(|_| wasmi::Error::host(Error::InstantiationFailed))?;
[INFO] [stdout]    |                                  ^^^^^ use of undeclared crate or module `wasmi`
[INFO] [stdout]    |
[INFO] [stdout] help: consider importing one of these items
[INFO] [stdout]    |
[INFO] [stdout] 3  + use crate::e2e::v1::host_call_instantiation::fmt::Error;
[INFO] [stdout]    |
[INFO] [stdout] 3  + use std::error::Error;
[INFO] [stdout]    |
[INFO] [stdout] 3  + use std::fmt::Error;
[INFO] [stdout]    |
[INFO] [stdout] 3  + use std::io::Error;
[INFO] [stdout]    |
[INFO] [stdout]      and 6 other candidates
[INFO] [stdout] help: if you import `Error`, refer to it directly
[INFO] [stdout]    |
[INFO] [stdout] 60 -                     .map_err(|_| wasmi::Error::host(Error::InstantiationFailed))?;
[INFO] [stdout] 60 +                     .map_err(|_| Error::host(Error::InstantiationFailed))?;
[INFO] [stdout]    |
[INFO] [stdout] 
[INFO] [stdout] 
[INFO] [stdout] error[E0119]: conflicting implementations of trait `From<TestError>` for type `TestError`
[INFO] [stdout]   --> tests/spec/error.rs:53:1
[INFO] [stdout]    |
[INFO] [stdout] 53 | / impl<E> From<E> for TestError
[INFO] [stdout] 54 | | where
[INFO] [stdout] 55 | |     E: Into<WasmiError>,
[INFO] [stdout]    | |________________________^
[INFO] [stdout]    |
[INFO] [stdout]    = note: conflicting implementation in crate `core`:
[INFO] [stdout]            - impl<T> From<T> for T;
[INFO] [stdout] 
[INFO] [stdout] 
[INFO] [stdout] error[E0433]: failed to resolve: use of undeclared crate or module `wasmi`
[INFO] [stdout]   --> tests/e2e/v1/host_call_compilation.rs:10:39
[INFO] [stdout]    |
[INFO] [stdout] 10 | fn compile_module(engine: &Engine) -> wasmi::Module {
[INFO] [stdout]    |                                       ^^^^^ use of undeclared crate or module `wasmi`
[INFO] [stdout] 
[INFO] [stdout] 
[INFO] [stdout] error[E0433]: failed to resolve: use of undeclared crate or module `wasmi`
[INFO] [stdout]   --> tests/e2e/v1/host_call_compilation.rs:25:52
[INFO] [stdout]    |
[INFO] [stdout] 25 |             |mut caller: Caller<()>| -> Result<(), wasmi::Error> {
[INFO] [stdout]    |                                                    ^^^^^ use of undeclared crate or module `wasmi`
[INFO] [stdout] 
[INFO] [stdout] 
[INFO] [stdout] error[E0433]: failed to resolve: use of undeclared crate or module `wasmi`
[INFO] [stdout]   --> tests/e2e/v1/host_call_instantiation.rs:49:54
[INFO] [stdout]    |
[INFO] [stdout] 49 |             |mut caller: Caller<Data>| -> Result<(), wasmi::Error> {
[INFO] [stdout]    |                                                      ^^^^^ use of undeclared crate or module `wasmi`
[INFO] [stdout] 
[INFO] [stdout] 
[INFO] [stdout] error[E0433]: failed to resolve: use of undeclared crate or module `wasmi`
[INFO] [stdout]    --> tests/spec/run.rs:412:20
[INFO] [stdout]     |
[INFO] [stdout] 412 | fn value(ctx: &mut wasmi::Store<()>, value: &wast::core::WastArgCore) -> Option<Val> {
[INFO] [stdout]     |                    ^^^^^ use of undeclared crate or module `wasmi`
[INFO] [stdout] 
[INFO] [stdout] 
[INFO] [stdout] Some errors have detailed explanations: E0119, E0432, E0433.
[INFO] [stdout] 
[INFO] [stdout] For more information about an error, try `rustc --explain E0119`.
[INFO] [stdout] 
[INFO] [stderr] error: could not compile `soroban-wasmi` (test "spec_shim") due to 118 previous errors
[INFO] [stderr] warning: build failed, waiting for other jobs to finish...
[INFO] running `Command { std: "docker" "inspect" "321799cef52951925621f6c5f50fd8a3f669ffe5ac41fc3c0c1643c7dba9a471", kill_on_drop: false }`
[INFO] running `Command { std: "docker" "rm" "-f" "321799cef52951925621f6c5f50fd8a3f669ffe5ac41fc3c0c1643c7dba9a471", kill_on_drop: false }`
[INFO] [stdout] 321799cef52951925621f6c5f50fd8a3f669ffe5ac41fc3c0c1643c7dba9a471
