[INFO] fetching crate sorm 0.1.2...
[INFO] testing sorm-0.1.2 against nightly-2024-10-28 for randomize-layout
[INFO] extracting crate sorm 0.1.2 into /workspace/builds/worker-5-tc1/source
[INFO] validating manifest of crates.io crate sorm 0.1.2 on toolchain nightly-2024-10-28
[INFO] running `Command { std: CARGO_HOME="/workspace/cargo-home" RUSTUP_HOME="/workspace/rustup-home" "/workspace/cargo-home/bin/cargo" "+nightly-2024-10-28" "metadata" "--manifest-path" "Cargo.toml" "--no-deps", kill_on_drop: false }`
[INFO] started tweaking crates.io crate sorm 0.1.2
[INFO] finished tweaking crates.io crate sorm 0.1.2
[INFO] tweaked toml for crates.io crate sorm 0.1.2 written to /workspace/builds/worker-5-tc1/source/Cargo.toml
[INFO] running `Command { std: CARGO_HOME="/workspace/cargo-home" RUSTUP_HOME="/workspace/rustup-home" "/workspace/cargo-home/bin/cargo" "+nightly-2024-10-28" "generate-lockfile" "--manifest-path" "Cargo.toml", kill_on_drop: false }`
[INFO] [stderr]     Updating crates.io index
[INFO] [stderr]      Locking 157 packages to latest compatible versions
[INFO] running `Command { std: CARGO_HOME="/workspace/cargo-home" RUSTUP_HOME="/workspace/rustup-home" "/workspace/cargo-home/bin/cargo" "+nightly-2024-10-28" "fetch" "--manifest-path" "Cargo.toml", kill_on_drop: false }`
[INFO] [stderr]     Blocking waiting for file lock on package cache
[INFO] [stderr]  Downloading crates ...
[INFO] [stderr]   Downloaded sorm-macros v0.1.2
[INFO] running `Command { std: "docker" "create" "-v" "/var/lib/crater-agent-workspace/builds/worker-5-tc1/target:/opt/rustwide/target:rw,Z" "-v" "/var/lib/crater-agent-workspace/builds/worker-5-tc1/source:/opt/rustwide/workdir:ro,Z" "-v" "/var/lib/crater-agent-workspace/cargo-home:/opt/rustwide/cargo-home:ro,Z" "-v" "/var/lib/crater-agent-workspace/rustup-home:/opt/rustwide/rustup-home:ro,Z" "-e" "SOURCE_DIR=/opt/rustwide/workdir" "-e" "CARGO_TARGET_DIR=/opt/rustwide/target" "-e" "CARGO_HOME=/opt/rustwide/cargo-home" "-e" "RUSTUP_HOME=/opt/rustwide/rustup-home" "-w" "/opt/rustwide/workdir" "-m" "1610612736" "--user" "0:0" "--network" "none" "ghcr.io/rust-lang/crates-build-env/linux@sha256:4a844ea9eb2546a2d2c7022eacef16ef2e8229c7fbb2c7d4d55a9ceca922f72d" "/opt/rustwide/cargo-home/bin/cargo" "+nightly-2024-10-28" "metadata" "--no-deps" "--format-version=1", kill_on_drop: false }`
[INFO] [stdout] df30f138885161b89901e0414e619db6da6696a8c37893afc938b78e96d52ecc
[INFO] running `Command { std: "docker" "start" "-a" "df30f138885161b89901e0414e619db6da6696a8c37893afc938b78e96d52ecc", kill_on_drop: false }`
[INFO] running `Command { std: "docker" "inspect" "df30f138885161b89901e0414e619db6da6696a8c37893afc938b78e96d52ecc", kill_on_drop: false }`
[INFO] running `Command { std: "docker" "rm" "-f" "df30f138885161b89901e0414e619db6da6696a8c37893afc938b78e96d52ecc", kill_on_drop: false }`
[INFO] [stdout] df30f138885161b89901e0414e619db6da6696a8c37893afc938b78e96d52ecc
[INFO] running `Command { std: "docker" "create" "-v" "/var/lib/crater-agent-workspace/builds/worker-5-tc1/target:/opt/rustwide/target:rw,Z" "-v" "/var/lib/crater-agent-workspace/builds/worker-5-tc1/source:/opt/rustwide/workdir:ro,Z" "-v" "/var/lib/crater-agent-workspace/cargo-home:/opt/rustwide/cargo-home:ro,Z" "-v" "/var/lib/crater-agent-workspace/rustup-home:/opt/rustwide/rustup-home:ro,Z" "-e" "SOURCE_DIR=/opt/rustwide/workdir" "-e" "CARGO_TARGET_DIR=/opt/rustwide/target" "-e" "CARGO_INCREMENTAL=0" "-e" "RUST_BACKTRACE=full" "-e" "RUSTFLAGS=--cap-lints=forbid" "-e" "RUSTDOCFLAGS=--cap-lints=forbid" "-e" "CARGO_HOME=/opt/rustwide/cargo-home" "-e" "RUSTUP_HOME=/opt/rustwide/rustup-home" "-w" "/opt/rustwide/workdir" "-m" "1610612736" "--user" "0:0" "--network" "none" "ghcr.io/rust-lang/crates-build-env/linux@sha256:4a844ea9eb2546a2d2c7022eacef16ef2e8229c7fbb2c7d4d55a9ceca922f72d" "/opt/rustwide/cargo-home/bin/cargo" "+nightly-2024-10-28" "build" "--frozen" "--message-format=json", kill_on_drop: false }`
[INFO] [stdout] aad5848bb13953a40b01f7b5192f30f006ec1bf49f435d9068989bbff07f0148
[INFO] running `Command { std: "docker" "start" "-a" "aad5848bb13953a40b01f7b5192f30f006ec1bf49f435d9068989bbff07f0148", kill_on_drop: false }`
[INFO] [stderr]    Compiling generic-array v0.14.7
[INFO] [stderr]    Compiling once_cell v1.20.2
[INFO] [stderr]    Compiling crossbeam-utils v0.8.20
[INFO] [stderr]    Compiling ahash v0.8.11
[INFO] [stderr]    Compiling tinyvec_macros v0.1.1
[INFO] [stderr]    Compiling serde v1.0.214
[INFO] [stderr]    Compiling memchr v2.7.4
[INFO] [stderr]    Compiling parking_lot_core v0.9.10
[INFO] [stderr]    Compiling scopeguard v1.2.0
[INFO] [stderr]    Compiling futures-core v0.3.31
[INFO] [stderr]    Compiling lock_api v0.4.12
[INFO] [stderr]    Compiling num-traits v0.2.19
[INFO] [stderr]    Compiling slab v0.4.9
[INFO] [stderr]    Compiling zerocopy v0.7.35
[INFO] [stderr]    Compiling smallvec v1.13.2
[INFO] [stderr]    Compiling syn v2.0.86
[INFO] [stderr]    Compiling tinyvec v1.8.0
[INFO] [stderr]    Compiling pin-project-lite v0.2.15
[INFO] [stderr]    Compiling minimal-lexical v0.2.1
[INFO] [stderr]    Compiling paste v1.0.15
[INFO] [stderr]    Compiling percent-encoding v2.3.1
[INFO] [stderr]    Compiling allocator-api2 v0.2.18
[INFO] [stderr]    Compiling unicode-bidi v0.3.17
[INFO] [stderr]    Compiling futures-sink v0.3.31
[INFO] [stderr]    Compiling thiserror v1.0.66
[INFO] [stderr]    Compiling form_urlencoded v1.2.1
[INFO] [stderr]    Compiling tracing-core v0.1.32
[INFO] [stderr]    Compiling unicode_categories v0.1.1
[INFO] [stderr]    Compiling futures-io v0.3.31
[INFO] [stderr]    Compiling equivalent v1.0.1
[INFO] [stderr]    Compiling hashbrown v0.15.0
[INFO] [stderr]    Compiling parking_lot v0.12.3
[INFO] [stderr]    Compiling log v0.4.22
[INFO] [stderr]    Compiling parking v2.2.1
[INFO] [stderr]    Compiling crc-catalog v2.4.0
[INFO] [stderr]    Compiling concurrent-queue v2.5.0
[INFO] [stderr]    Compiling futures-task v0.3.31
[INFO] [stderr]    Compiling serde_json v1.0.132
[INFO] [stderr]    Compiling rustix v0.38.38
[INFO] [stderr]    Compiling pin-utils v0.1.0
[INFO] [stderr]    Compiling crc v3.2.1
[INFO] [stderr]    Compiling crossbeam-queue v0.3.11
[INFO] [stderr]    Compiling hashbrown v0.14.5
[INFO] [stderr]    Compiling nom v7.1.3
[INFO] [stderr]    Compiling futures-util v0.3.31
[INFO] [stderr]    Compiling block-buffer v0.10.4
[INFO] [stderr]    Compiling crypto-common v0.1.6
[INFO] [stderr]    Compiling digest v0.10.7
[INFO] [stderr]    Compiling event-listener v5.3.1
[INFO] [stderr]    Compiling futures-intrusive v0.5.0
[INFO] [stderr]    Compiling futures-channel v0.3.31
[INFO] [stderr]    Compiling bytes v1.8.0
[INFO] [stderr]    Compiling unicode-normalization v0.1.24
[INFO] [stderr]    Compiling linux-raw-sys v0.4.14
[INFO] [stderr]    Compiling byteorder v1.5.0
[INFO] [stderr]    Compiling bitflags v2.6.0
[INFO] [stderr]    Compiling itoa v1.0.11
[INFO] [stderr]    Compiling hex v0.4.3
[INFO] [stderr]    Compiling ryu v1.0.18
[INFO] [stderr]    Compiling hashlink v0.9.1
[INFO] [stderr]    Compiling sha2 v0.10.8
[INFO] [stderr]    Compiling indexmap v2.6.0
[INFO] [stderr]    Compiling fastrand v2.1.1
[INFO] [stderr]    Compiling dotenvy v0.15.7
[INFO] [stderr]    Compiling heck v0.5.0
[INFO] [stderr]    Compiling atoi v2.0.0
[INFO] [stderr]    Compiling idna v0.5.0
[INFO] [stderr]    Compiling url v2.5.2
[INFO] [stderr]    Compiling sqlformat v0.2.6
[INFO] [stderr]    Compiling tempfile v3.13.0
[INFO] [stderr]    Compiling serde_derive v1.0.214
[INFO] [stderr]    Compiling tracing-attributes v0.1.27
[INFO] [stderr]    Compiling thiserror-impl v1.0.66
[INFO] [stderr]    Compiling sorm-macros v0.1.2
[INFO] [stderr]    Compiling tracing v0.1.40
[INFO] [stderr]    Compiling either v1.13.0
[INFO] [stderr]    Compiling sqlx-core v0.8.2
[INFO] [stderr]    Compiling sqlx-macros-core v0.8.2
[INFO] [stderr]    Compiling sqlx-macros v0.8.2
[INFO] [stderr]    Compiling sqlx v0.8.2
[INFO] [stderr]    Compiling sorm v0.1.2 (/opt/rustwide/workdir)
[INFO] [stdout] error: either the sqlite or mysql or postgres feature must be enabled)
[INFO] [stdout]    --> src/lib.rs:184:1
[INFO] [stdout]     |
[INFO] [stdout] 184 | compile_error!("either the sqlite or mysql or postgres feature must be enabled)");
[INFO] [stdout]     | ^^^^^^^^^^^^^^^^^^^^^^^^^^^^^^^^^^^^^^^^^^^^^^^^^^^^^^^^^^^^^^^^^^^^^^^^^^^^^^^^^
[INFO] [stdout] 
[INFO] [stdout] 
[INFO] [stdout] error[E0432]: unresolved imports `crate::Database`, `crate::Param`, `crate::Row`
[INFO] [stdout]  --> src/model.rs:5:50
[INFO] [stdout]   |
[INFO] [stdout] 5 | use crate::{concat_ident, concat_idents, Clause, Database, Param, Row};
[INFO] [stdout]   |                                                  ^^^^^^^^  ^^^^^  ^^^ no `Row` in the root
[INFO] [stdout]   |                                                  |         |
[INFO] [stdout]   |                                                  |         no `Param` in the root
[INFO] [stdout]   |                                                  no `Database` in the root
[INFO] [stdout]   |
[INFO] [stdout]   = help: consider importing one of these items instead:
[INFO] [stdout]           crate::sqlx::Database
[INFO] [stdout]           crate::sqlx::Error::Database
[INFO] [stdout]           sqlx::Database
[INFO] [stdout]           sqlx::Error::Database
[INFO] [stdout]   = help: consider importing one of these traits instead:
[INFO] [stdout]           crate::sqlx::Row
[INFO] [stdout]           sqlx::Row
[INFO] [stdout] 
[INFO] [stdout] 
[INFO] [stdout] error[E0432]: unresolved imports `crate::Database`, `crate::Param`
[INFO] [stdout]  --> src/query.rs:4:50
[INFO] [stdout]   |
[INFO] [stdout] 4 | use crate::{concat_ident, concat_idents, Clause, Database, Error, Param};
[INFO] [stdout]   |                                                  ^^^^^^^^         ^^^^^ no `Param` in the root
[INFO] [stdout]   |                                                  |
[INFO] [stdout]   |                                                  no `Database` in the root
[INFO] [stdout]   |
[INFO] [stdout]   = help: consider importing one of these items instead:
[INFO] [stdout]           crate::sqlx::Database
[INFO] [stdout]           crate::sqlx::Error::Database
[INFO] [stdout]           sqlx::Database
[INFO] [stdout]           sqlx::Error::Database
[INFO] [stdout] 
[INFO] [stdout] 
[INFO] [stdout] error[E0433]: failed to resolve: could not find `Arguments` in the crate root
[INFO] [stdout]   --> src/model.rs:86:31
[INFO] [stdout]    |
[INFO] [stdout] 86 |         let mut args = crate::Arguments::default();
[INFO] [stdout]    |                               ^^^^^^^^^ could not find `Arguments` in the crate root
[INFO] [stdout]    |
[INFO] [stdout] help: consider importing one of these items
[INFO] [stdout]    |
[INFO] [stdout] 2  + use crate::sqlx::Arguments;
[INFO] [stdout]    |
[INFO] [stdout] 2  + use std::fmt::Arguments;
[INFO] [stdout]    |
[INFO] [stdout] 2  + use sqlx::Arguments;
[INFO] [stdout]    |
[INFO] [stdout] help: if you import `Arguments`, refer to it directly
[INFO] [stdout]    |
[INFO] [stdout] 86 -         let mut args = crate::Arguments::default();
[INFO] [stdout] 86 +         let mut args = Arguments::default();
[INFO] [stdout]    |
[INFO] [stdout] 
[INFO] [stdout] 
[INFO] [stdout] error[E0425]: cannot find value `id` in this scope
[INFO] [stdout]    --> src/model.rs:139:35
[INFO] [stdout]     |
[INFO] [stdout] 139 |             self.set_increment_id(id);
[INFO] [stdout]     |                                   ^^ not found in this scope
[INFO] [stdout]     |
[INFO] [stdout] help: consider importing this function
[INFO] [stdout]     |
[INFO] [stdout] 2   + use std::process::id;
[INFO] [stdout]     |
[INFO] [stdout] 
[INFO] [stdout] 
[INFO] [stdout] error[E0433]: failed to resolve: could not find `Arguments` in the crate root
[INFO] [stdout]    --> src/model.rs:158:31
[INFO] [stdout]     |
[INFO] [stdout] 158 |         let mut args = crate::Arguments::default();
[INFO] [stdout]     |                               ^^^^^^^^^ could not find `Arguments` in the crate root
[INFO] [stdout]     |
[INFO] [stdout] help: consider importing one of these items
[INFO] [stdout]     |
[INFO] [stdout] 2   + use crate::model::Arguments;
[INFO] [stdout]     |
[INFO] [stdout] 2   + use std::fmt::Arguments;
[INFO] [stdout]     |
[INFO] [stdout] 2   + use sqlx::Arguments;
[INFO] [stdout]     |
[INFO] [stdout] help: if you import `Arguments`, refer to it directly
[INFO] [stdout]     |
[INFO] [stdout] 158 -         let mut args = crate::Arguments::default();
[INFO] [stdout] 158 +         let mut args = Arguments::default();
[INFO] [stdout]     |
[INFO] [stdout] 
[INFO] [stdout] 
[INFO] [stdout] error[E0412]: cannot find type `Row` in the crate root
[INFO] [stdout]    --> src/query.rs:454:39
[INFO] [stdout]     |
[INFO] [stdout] 454 |         T: for<'r> FromRow<'r, crate::Row> + Send + Unpin,
[INFO] [stdout]     |                                       ^^^ not found in the crate root
[INFO] [stdout]     |
[INFO] [stdout] help: consider importing one of these traits
[INFO] [stdout]     |
[INFO] [stdout] 2   + use crate::sqlx::Row;
[INFO] [stdout]     |
[INFO] [stdout] 2   + use sqlx::Row;
[INFO] [stdout]     |
[INFO] [stdout] help: if you import `Row`, refer to it directly
[INFO] [stdout]     |
[INFO] [stdout] 454 -         T: for<'r> FromRow<'r, crate::Row> + Send + Unpin,
[INFO] [stdout] 454 +         T: for<'r> FromRow<'r, Row> + Send + Unpin,
[INFO] [stdout]     |
[INFO] [stdout] 
[INFO] [stdout] 
[INFO] [stdout] error[E0412]: cannot find type `Row` in the crate root
[INFO] [stdout]    --> src/query.rs:488:39
[INFO] [stdout]     |
[INFO] [stdout] 488 |         T: for<'r> FromRow<'r, crate::Row> + Send + Unpin,
[INFO] [stdout]     |                                       ^^^ not found in the crate root
[INFO] [stdout]     |
[INFO] [stdout] help: consider importing one of these traits
[INFO] [stdout]     |
[INFO] [stdout] 2   + use crate::sqlx::Row;
[INFO] [stdout]     |
[INFO] [stdout] 2   + use sqlx::Row;
[INFO] [stdout]     |
[INFO] [stdout] help: if you import `Row`, refer to it directly
[INFO] [stdout]     |
[INFO] [stdout] 488 -         T: for<'r> FromRow<'r, crate::Row> + Send + Unpin,
[INFO] [stdout] 488 +         T: for<'r> FromRow<'r, Row> + Send + Unpin,
[INFO] [stdout]     |
[INFO] [stdout] 
[INFO] [stdout] 
[INFO] [stdout] error[E0412]: cannot find type `Row` in the crate root
[INFO] [stdout]    --> src/query.rs:522:39
[INFO] [stdout]     |
[INFO] [stdout] 522 |         T: for<'r> FromRow<'r, crate::Row> + Send + Unpin,
[INFO] [stdout]     |                                       ^^^ not found in the crate root
[INFO] [stdout]     |
[INFO] [stdout] help: consider importing one of these traits
[INFO] [stdout]     |
[INFO] [stdout] 2   + use crate::sqlx::Row;
[INFO] [stdout]     |
[INFO] [stdout] 2   + use sqlx::Row;
[INFO] [stdout]     |
[INFO] [stdout] help: if you import `Row`, refer to it directly
[INFO] [stdout]     |
[INFO] [stdout] 522 -         T: for<'r> FromRow<'r, crate::Row> + Send + Unpin,
[INFO] [stdout] 522 +         T: for<'r> FromRow<'r, Row> + Send + Unpin,
[INFO] [stdout]     |
[INFO] [stdout] 
[INFO] [stdout] 
[INFO] [stdout] error[E0405]: cannot find trait `Param` in this scope
[INFO] [stdout]    --> src/lib.rs:335:39
[INFO] [stdout]     |
[INFO] [stdout] 335 |     fn params(&self) -> &'q [&'q (dyn Param<'q> + Sync)];
[INFO] [stdout]     |                                       ^^^^^ not found in this scope
[INFO] [stdout] 
[INFO] [stdout] 
[INFO] [stdout] error[E0405]: cannot find trait `Param` in this scope
[INFO] [stdout]    --> src/lib.rs:345:39
[INFO] [stdout]     |
[INFO] [stdout] 345 |     fn params(&self) -> &'q [&'q (dyn Param<'q> + Sync)] {
[INFO] [stdout]     |                                       ^^^^^ not found in this scope
[INFO] [stdout] 
[INFO] [stdout] 
[INFO] [stdout] error[E0405]: cannot find trait `Param` in this scope
[INFO] [stdout]    --> src/lib.rs:350:49
[INFO] [stdout]     |
[INFO] [stdout] 350 | impl<'q> Clause<'q> for (&'q str, &'q [&'q (dyn Param<'q> + Sync)]) {
[INFO] [stdout]     |                                                 ^^^^^ not found in this scope
[INFO] [stdout] 
[INFO] [stdout] 
[INFO] [stdout] error[E0405]: cannot find trait `Param` in this scope
[INFO] [stdout]    --> src/lib.rs:357:39
[INFO] [stdout]     |
[INFO] [stdout] 357 |     fn params(&self) -> &'q [&'q (dyn Param<'q> + Sync)] {
[INFO] [stdout]     |                                       ^^^^^ not found in this scope
[INFO] [stdout] 
[INFO] [stdout] 
[INFO] [stdout] warning: unused import: `sqlx::error::BoxDynError`
[INFO] [stdout]  --> src/query.rs:6:5
[INFO] [stdout]   |
[INFO] [stdout] 6 | use sqlx::error::BoxDynError;
[INFO] [stdout]   |     ^^^^^^^^^^^^^^^^^^^^^^^^
[INFO] [stdout]   |
[INFO] [stdout]   = note: `#[warn(unused_imports)]` on by default
[INFO] [stdout] 
[INFO] [stdout] 
[INFO] [stdout] error[E0425]: cannot find function `to_args` in this scope
[INFO] [stdout]    --> src/query.rs:355:43
[INFO] [stdout]     |
[INFO] [stdout] 355 |         let rows = sqlx::query_with(&sql, to_args(params)?)
[INFO] [stdout]     |                                           ^^^^^^^ not found in this scope
[INFO] [stdout] 
[INFO] [stdout] 
[INFO] [stdout] error[E0425]: cannot find function `to_args` in this scope
[INFO] [stdout]    --> src/query.rs:389:42
[INFO] [stdout]     |
[INFO] [stdout] 389 |         let row = sqlx::query_with(&sql, to_args(params)?)
[INFO] [stdout]     |                                          ^^^^^^^ not found in this scope
[INFO] [stdout] 
[INFO] [stdout] 
[INFO] [stdout] error[E0425]: cannot find function `to_args` in this scope
[INFO] [stdout]    --> src/query.rs:419:38
[INFO] [stdout]     |
[INFO] [stdout] 419 |         match sqlx::query_with(&sql, to_args(params)?)
[INFO] [stdout]     |                                      ^^^^^^^ not found in this scope
[INFO] [stdout] 
[INFO] [stdout] 
[INFO] [stdout] error[E0425]: cannot find function `to_args` in this scope
[INFO] [stdout]    --> src/query.rs:457:38
[INFO] [stdout]     |
[INFO] [stdout] 457 |         Ok(sqlx::query_as_with(&sql, to_args(params)?)
[INFO] [stdout]     |                                      ^^^^^^^ not found in this scope
[INFO] [stdout] 
[INFO] [stdout] 
[INFO] [stdout] error[E0425]: cannot find function `to_args` in this scope
[INFO] [stdout]    --> src/query.rs:491:38
[INFO] [stdout]     |
[INFO] [stdout] 491 |         Ok(sqlx::query_as_with(&sql, to_args(params)?)
[INFO] [stdout]     |                                      ^^^^^^^ not found in this scope
[INFO] [stdout] 
[INFO] [stdout] 
[INFO] [stdout] error[E0425]: cannot find function `to_args` in this scope
[INFO] [stdout]    --> src/query.rs:525:38
[INFO] [stdout]     |
[INFO] [stdout] 525 |         Ok(sqlx::query_as_with(&sql, to_args(params)?)
[INFO] [stdout]     |                                      ^^^^^^^ not found in this scope
[INFO] [stdout] 
[INFO] [stdout] 
[INFO] [stdout] error[E0425]: cannot find function `to_args` in this scope
[INFO] [stdout]    --> src/query.rs:660:45
[INFO] [stdout]     |
[INFO] [stdout] 660 |         let result = sqlx::query_with(&sql, to_args(params)?)
[INFO] [stdout]     |                                             ^^^^^^^ not found in this scope
[INFO] [stdout] 
[INFO] [stdout] 
[INFO] [stdout] error[E0425]: cannot find function `to_args` in this scope
[INFO] [stdout]    --> src/query.rs:691:45
[INFO] [stdout]     |
[INFO] [stdout] 691 |         let result = sqlx::query_with(&sql, to_args(params)?)
[INFO] [stdout]     |                                             ^^^^^^^ not found in this scope
[INFO] [stdout] 
[INFO] [stdout] 
[INFO] [stdout] Some errors have detailed explanations: E0405, E0412, E0425, E0432, E0433.
[INFO] [stdout] 
[INFO] [stdout] For more information about an error, try `rustc --explain E0405`.
[INFO] [stdout] 
[INFO] [stderr] error: could not compile `sorm` (lib) due to 21 previous errors; 1 warning emitted
[INFO] running `Command { std: "docker" "inspect" "aad5848bb13953a40b01f7b5192f30f006ec1bf49f435d9068989bbff07f0148", kill_on_drop: false }`
[INFO] running `Command { std: "docker" "rm" "-f" "aad5848bb13953a40b01f7b5192f30f006ec1bf49f435d9068989bbff07f0148", kill_on_drop: false }`
[INFO] [stdout] aad5848bb13953a40b01f7b5192f30f006ec1bf49f435d9068989bbff07f0148
