[INFO] fetching crate sonic-channel2 1.1.2...
[INFO] testing sonic-channel2-1.1.2 against nightly-2024-10-28 for randomize-layout
[INFO] extracting crate sonic-channel2 1.1.2 into /workspace/builds/worker-3-tc1/source
[INFO] validating manifest of crates.io crate sonic-channel2 1.1.2 on toolchain nightly-2024-10-28
[INFO] running `Command { std: CARGO_HOME="/workspace/cargo-home" RUSTUP_HOME="/workspace/rustup-home" "/workspace/cargo-home/bin/cargo" "+nightly-2024-10-28" "metadata" "--manifest-path" "Cargo.toml" "--no-deps", kill_on_drop: false }`
[INFO] started tweaking crates.io crate sonic-channel2 1.1.2
[INFO] finished tweaking crates.io crate sonic-channel2 1.1.2
[INFO] tweaked toml for crates.io crate sonic-channel2 1.1.2 written to /workspace/builds/worker-3-tc1/source/Cargo.toml
[INFO] running `Command { std: CARGO_HOME="/workspace/cargo-home" RUSTUP_HOME="/workspace/rustup-home" "/workspace/cargo-home/bin/cargo" "+nightly-2024-10-28" "generate-lockfile" "--manifest-path" "Cargo.toml", kill_on_drop: false }`
[INFO] [stderr]     Updating crates.io index
[INFO] [stderr]      Locking 14 packages to latest compatible versions
[INFO] running `Command { std: CARGO_HOME="/workspace/cargo-home" RUSTUP_HOME="/workspace/rustup-home" "/workspace/cargo-home/bin/cargo" "+nightly-2024-10-28" "fetch" "--manifest-path" "Cargo.toml", kill_on_drop: false }`
[INFO] [stderr]  Downloading crates ...
[INFO] [stderr]   Downloaded whatlang v0.16.4
[INFO] running `Command { std: "docker" "create" "-v" "/var/lib/crater-agent-workspace/builds/worker-3-tc1/target:/opt/rustwide/target:rw,Z" "-v" "/var/lib/crater-agent-workspace/builds/worker-3-tc1/source:/opt/rustwide/workdir:ro,Z" "-v" "/var/lib/crater-agent-workspace/cargo-home:/opt/rustwide/cargo-home:ro,Z" "-v" "/var/lib/crater-agent-workspace/rustup-home:/opt/rustwide/rustup-home:ro,Z" "-e" "SOURCE_DIR=/opt/rustwide/workdir" "-e" "CARGO_TARGET_DIR=/opt/rustwide/target" "-e" "CARGO_HOME=/opt/rustwide/cargo-home" "-e" "RUSTUP_HOME=/opt/rustwide/rustup-home" "-w" "/opt/rustwide/workdir" "-m" "1610612736" "--user" "0:0" "--network" "none" "ghcr.io/rust-lang/crates-build-env/linux@sha256:4a844ea9eb2546a2d2c7022eacef16ef2e8229c7fbb2c7d4d55a9ceca922f72d" "/opt/rustwide/cargo-home/bin/cargo" "+nightly-2024-10-28" "metadata" "--no-deps" "--format-version=1", kill_on_drop: false }`
[INFO] [stdout] 0a2ed28a97ad9cf6263be5d3335bd996d45283089f0069154c36808ca083888d
[INFO] running `Command { std: "docker" "start" "-a" "0a2ed28a97ad9cf6263be5d3335bd996d45283089f0069154c36808ca083888d", kill_on_drop: false }`
[INFO] running `Command { std: "docker" "inspect" "0a2ed28a97ad9cf6263be5d3335bd996d45283089f0069154c36808ca083888d", kill_on_drop: false }`
[INFO] running `Command { std: "docker" "rm" "-f" "0a2ed28a97ad9cf6263be5d3335bd996d45283089f0069154c36808ca083888d", kill_on_drop: false }`
[INFO] [stdout] 0a2ed28a97ad9cf6263be5d3335bd996d45283089f0069154c36808ca083888d
[INFO] running `Command { std: "docker" "create" "-v" "/var/lib/crater-agent-workspace/builds/worker-3-tc1/target:/opt/rustwide/target:rw,Z" "-v" "/var/lib/crater-agent-workspace/builds/worker-3-tc1/source:/opt/rustwide/workdir:ro,Z" "-v" "/var/lib/crater-agent-workspace/cargo-home:/opt/rustwide/cargo-home:ro,Z" "-v" "/var/lib/crater-agent-workspace/rustup-home:/opt/rustwide/rustup-home:ro,Z" "-e" "SOURCE_DIR=/opt/rustwide/workdir" "-e" "CARGO_TARGET_DIR=/opt/rustwide/target" "-e" "CARGO_INCREMENTAL=0" "-e" "RUST_BACKTRACE=full" "-e" "RUSTFLAGS=--cap-lints=forbid" "-e" "RUSTDOCFLAGS=--cap-lints=forbid" "-e" "CARGO_HOME=/opt/rustwide/cargo-home" "-e" "RUSTUP_HOME=/opt/rustwide/rustup-home" "-w" "/opt/rustwide/workdir" "-m" "1610612736" "--user" "0:0" "--network" "none" "ghcr.io/rust-lang/crates-build-env/linux@sha256:4a844ea9eb2546a2d2c7022eacef16ef2e8229c7fbb2c7d4d55a9ceca922f72d" "/opt/rustwide/cargo-home/bin/cargo" "+nightly-2024-10-28" "build" "--frozen" "--message-format=json", kill_on_drop: false }`
[INFO] [stdout] 414214ceed17c1463d7c07bdffa22332311c0d3562e24727d129909529b115a5
[INFO] running `Command { std: "docker" "start" "-a" "414214ceed17c1463d7c07bdffa22332311c0d3562e24727d129909529b115a5", kill_on_drop: false }`
[INFO] [stderr]    Compiling once_cell v1.20.2
[INFO] [stderr]    Compiling log v0.4.22
[INFO] [stderr]    Compiling ahash v0.8.11
[INFO] [stderr]    Compiling hashbrown v0.14.5
[INFO] [stderr]    Compiling whatlang v0.16.4
[INFO] [stderr]    Compiling sonic-channel2 v1.1.2 (/opt/rustwide/workdir)
[INFO] [stderr]     Finished `dev` profile [unoptimized + debuginfo] target(s) in 2.42s
[INFO] running `Command { std: "docker" "inspect" "414214ceed17c1463d7c07bdffa22332311c0d3562e24727d129909529b115a5", kill_on_drop: false }`
[INFO] running `Command { std: "docker" "rm" "-f" "414214ceed17c1463d7c07bdffa22332311c0d3562e24727d129909529b115a5", kill_on_drop: false }`
[INFO] [stdout] 414214ceed17c1463d7c07bdffa22332311c0d3562e24727d129909529b115a5
[INFO] running `Command { std: "docker" "create" "-v" "/var/lib/crater-agent-workspace/builds/worker-3-tc1/target:/opt/rustwide/target:rw,Z" "-v" "/var/lib/crater-agent-workspace/builds/worker-3-tc1/source:/opt/rustwide/workdir:ro,Z" "-v" "/var/lib/crater-agent-workspace/cargo-home:/opt/rustwide/cargo-home:ro,Z" "-v" "/var/lib/crater-agent-workspace/rustup-home:/opt/rustwide/rustup-home:ro,Z" "-e" "SOURCE_DIR=/opt/rustwide/workdir" "-e" "CARGO_TARGET_DIR=/opt/rustwide/target" "-e" "CARGO_INCREMENTAL=0" "-e" "RUST_BACKTRACE=full" "-e" "RUSTFLAGS=--cap-lints=forbid" "-e" "RUSTDOCFLAGS=--cap-lints=forbid" "-e" "CARGO_HOME=/opt/rustwide/cargo-home" "-e" "RUSTUP_HOME=/opt/rustwide/rustup-home" "-w" "/opt/rustwide/workdir" "-m" "1610612736" "--user" "0:0" "--network" "none" "ghcr.io/rust-lang/crates-build-env/linux@sha256:4a844ea9eb2546a2d2c7022eacef16ef2e8229c7fbb2c7d4d55a9ceca922f72d" "/opt/rustwide/cargo-home/bin/cargo" "+nightly-2024-10-28" "test" "--frozen" "--no-run" "--message-format=json", kill_on_drop: false }`
[INFO] [stdout] 0a55dc2fcd6ef565d9983cd140af8220cb5cd5ea5c0f5ce756d95a375d95f254
[INFO] running `Command { std: "docker" "start" "-a" "0a55dc2fcd6ef565d9983cd140af8220cb5cd5ea5c0f5ce756d95a375d95f254", kill_on_drop: false }`
[INFO] [stderr]    Compiling sonic-channel2 v1.1.2 (/opt/rustwide/workdir)
[INFO] [stdout] error[E0432]: unresolved import `sonic_channel`
[INFO] [stdout]  --> tests/common.rs:3:9
[INFO] [stdout]   |
[INFO] [stdout] 3 | pub use sonic_channel::*;
[INFO] [stdout]   |         ^^^^^^^^^^^^^ use of undeclared crate or module `sonic_channel`
[INFO] [stdout]   |
[INFO] [stdout] help: there is a crate or module with a similar name
[INFO] [stdout]   |
[INFO] [stdout] 3 | pub use sonic_channel2::*;
[INFO] [stdout]   |         ~~~~~~~~~~~~~~
[INFO] [stdout] 
[INFO] [stdout] 
[INFO] [stdout] error[E0432]: unresolved import `sonic_channel`
[INFO] [stdout]  --> tests/common.rs:3:9
[INFO] [stdout]   |
[INFO] [stdout] 3 | pub use sonic_channel::*;
[INFO] [stdout]   |         ^^^^^^^^^^^^^ use of undeclared crate or module `sonic_channel`
[INFO] [stdout]   |
[INFO] [stdout] help: there is a crate or module with a similar name
[INFO] [stdout]   |
[INFO] [stdout] 3 | pub use sonic_channel2::*;
[INFO] [stdout]   |         ~~~~~~~~~~~~~~
[INFO] [stdout] 
[INFO] [stdout] 
[INFO] [stdout] error[E0432]: unresolved import `sonic_channel`
[INFO] [stdout]  --> tests/common.rs:3:9
[INFO] [stdout]   |
[INFO] [stdout] 3 | pub use sonic_channel::*;
[INFO] [stdout]   |         ^^^^^^^^^^^^^ use of undeclared crate or module `sonic_channel`
[INFO] [stdout]   |
[INFO] [stdout] help: there is a crate or module with a similar name
[INFO] [stdout]   |
[INFO] [stdout] 3 | pub use sonic_channel2::*;
[INFO] [stdout]   |         ~~~~~~~~~~~~~~
[INFO] [stdout] 
[INFO] [stdout] 
[INFO] [stdout] error[E0432]: unresolved import `sonic_channel`
[INFO] [stdout]  --> tests/common.rs:3:9
[INFO] [stdout]   |
[INFO] [stdout] 3 | pub use sonic_channel::*;
[INFO] [stdout]   |         ^^^^^^^^^^^^^ use of undeclared crate or module `sonic_channel`
[INFO] [stdout]   |
[INFO] [stdout] help: there is a crate or module with a similar name
[INFO] [stdout]   |
[INFO] [stdout] 3 | pub use sonic_channel2::*;
[INFO] [stdout]   |         ~~~~~~~~~~~~~~
[INFO] [stdout] 
[INFO] [stdout] 
[INFO] [stdout] error[E0432]: unresolved import `sonic_channel`
[INFO] [stdout]  --> tests/common.rs:3:9
[INFO] [stdout]   |
[INFO] [stdout] 3 | pub use sonic_channel::*;
[INFO] [stdout]   |         ^^^^^^^^^^^^^ use of undeclared crate or module `sonic_channel`
[INFO] [stdout]   |
[INFO] [stdout] help: there is a crate or module with a similar name
[INFO] [stdout]   |
[INFO] [stdout] 3 | pub use sonic_channel2::*;
[INFO] [stdout]   |         ~~~~~~~~~~~~~~
[INFO] [stdout] 
[INFO] [stdout] 
[INFO] [stdout] For more information about this error, try `rustc --explain E0432`.
[INFO] [stdout] 
[INFO] [stderr] error: could not compile `sonic-channel2` (test "common") due to 1 previous error
[INFO] [stderr] warning: build failed, waiting for other jobs to finish...
[INFO] [stdout] For more information about this error, try `rustc --explain E0432`.
[INFO] [stdout] 
[INFO] [stdout] For more information about this error, try `rustc --explain E0432`.
[INFO] [stdout] 
[INFO] [stderr] error: could not compile `sonic-channel2` (test "suggest_command") due to 1 previous error
[INFO] [stderr] error: could not compile `sonic-channel2` (test "list_command") due to 1 previous error
[INFO] [stdout] For more information about this error, try `rustc --explain E0432`.
[INFO] [stdout] 
[INFO] [stderr] error: could not compile `sonic-channel2` (test "push_command") due to 1 previous error
[INFO] [stdout] For more information about this error, try `rustc --explain E0432`.
[INFO] [stdout] 
[INFO] [stderr] error: could not compile `sonic-channel2` (test "query_command") due to 1 previous error
[INFO] running `Command { std: "docker" "inspect" "0a55dc2fcd6ef565d9983cd140af8220cb5cd5ea5c0f5ce756d95a375d95f254", kill_on_drop: false }`
[INFO] running `Command { std: "docker" "rm" "-f" "0a55dc2fcd6ef565d9983cd140af8220cb5cd5ea5c0f5ce756d95a375d95f254", kill_on_drop: false }`
[INFO] [stdout] 0a55dc2fcd6ef565d9983cd140af8220cb5cd5ea5c0f5ce756d95a375d95f254
