[INFO] fetching crate soldeer-core 0.4.1...
[INFO] testing soldeer-core-0.4.1 against nightly-2024-10-28+rustflags=-Zrandomize-layout for randomize-layout
[INFO] extracting crate soldeer-core 0.4.1 into /workspace/builds/worker-0-tc2/source
[INFO] validating manifest of crates.io crate soldeer-core 0.4.1 on toolchain nightly-2024-10-28
[INFO] running `Command { std: CARGO_HOME="/workspace/cargo-home" RUSTUP_HOME="/workspace/rustup-home" "/workspace/cargo-home/bin/cargo" "+nightly-2024-10-28" "metadata" "--manifest-path" "Cargo.toml" "--no-deps", kill_on_drop: false }`
[INFO] started tweaking crates.io crate soldeer-core 0.4.1
[INFO] finished tweaking crates.io crate soldeer-core 0.4.1
[INFO] tweaked toml for crates.io crate soldeer-core 0.4.1 written to /workspace/builds/worker-0-tc2/source/Cargo.toml
[INFO] running `Command { std: CARGO_HOME="/workspace/cargo-home" RUSTUP_HOME="/workspace/rustup-home" "/workspace/cargo-home/bin/cargo" "+nightly-2024-10-28" "generate-lockfile" "--manifest-path" "Cargo.toml", kill_on_drop: false }`
[INFO] [stderr]     Updating crates.io index
[INFO] [stderr]      Locking 243 packages to latest compatible versions
[INFO] running `Command { std: CARGO_HOME="/workspace/cargo-home" RUSTUP_HOME="/workspace/rustup-home" "/workspace/cargo-home/bin/cargo" "+nightly-2024-10-28" "fetch" "--manifest-path" "Cargo.toml", kill_on_drop: false }`
[INFO] running `Command { std: "docker" "create" "-v" "/var/lib/crater-agent-workspace/builds/worker-0-tc2/target:/opt/rustwide/target:rw,Z" "-v" "/var/lib/crater-agent-workspace/builds/worker-0-tc2/source:/opt/rustwide/workdir:ro,Z" "-v" "/var/lib/crater-agent-workspace/cargo-home:/opt/rustwide/cargo-home:ro,Z" "-v" "/var/lib/crater-agent-workspace/rustup-home:/opt/rustwide/rustup-home:ro,Z" "-e" "SOURCE_DIR=/opt/rustwide/workdir" "-e" "CARGO_TARGET_DIR=/opt/rustwide/target" "-e" "CARGO_HOME=/opt/rustwide/cargo-home" "-e" "RUSTUP_HOME=/opt/rustwide/rustup-home" "-w" "/opt/rustwide/workdir" "-m" "1610612736" "--user" "0:0" "--network" "none" "ghcr.io/rust-lang/crates-build-env/linux@sha256:4a844ea9eb2546a2d2c7022eacef16ef2e8229c7fbb2c7d4d55a9ceca922f72d" "/opt/rustwide/cargo-home/bin/cargo" "+nightly-2024-10-28" "metadata" "--no-deps" "--format-version=1", kill_on_drop: false }`
[INFO] [stdout] c8d20e3f7f5c4beead8129596d405a2ea9a780aa576ec5693bc5a831930c130e
[INFO] running `Command { std: "docker" "start" "-a" "c8d20e3f7f5c4beead8129596d405a2ea9a780aa576ec5693bc5a831930c130e", kill_on_drop: false }`
[INFO] running `Command { std: "docker" "inspect" "c8d20e3f7f5c4beead8129596d405a2ea9a780aa576ec5693bc5a831930c130e", kill_on_drop: false }`
[INFO] running `Command { std: "docker" "rm" "-f" "c8d20e3f7f5c4beead8129596d405a2ea9a780aa576ec5693bc5a831930c130e", kill_on_drop: false }`
[INFO] [stdout] c8d20e3f7f5c4beead8129596d405a2ea9a780aa576ec5693bc5a831930c130e
[INFO] running `Command { std: "docker" "create" "-v" "/var/lib/crater-agent-workspace/builds/worker-0-tc2/target:/opt/rustwide/target:rw,Z" "-v" "/var/lib/crater-agent-workspace/builds/worker-0-tc2/source:/opt/rustwide/workdir:ro,Z" "-v" "/var/lib/crater-agent-workspace/cargo-home:/opt/rustwide/cargo-home:ro,Z" "-v" "/var/lib/crater-agent-workspace/rustup-home:/opt/rustwide/rustup-home:ro,Z" "-e" "SOURCE_DIR=/opt/rustwide/workdir" "-e" "CARGO_TARGET_DIR=/opt/rustwide/target" "-e" "CARGO_INCREMENTAL=0" "-e" "RUST_BACKTRACE=full" "-e" "RUSTFLAGS=--cap-lints=forbid -Zrandomize-layout" "-e" "RUSTDOCFLAGS=--cap-lints=forbid" "-e" "CARGO_HOME=/opt/rustwide/cargo-home" "-e" "RUSTUP_HOME=/opt/rustwide/rustup-home" "-w" "/opt/rustwide/workdir" "-m" "1610612736" "--user" "0:0" "--network" "none" "ghcr.io/rust-lang/crates-build-env/linux@sha256:4a844ea9eb2546a2d2c7022eacef16ef2e8229c7fbb2c7d4d55a9ceca922f72d" "/opt/rustwide/cargo-home/bin/cargo" "+nightly-2024-10-28" "build" "--frozen" "--message-format=json", kill_on_drop: false }`
[INFO] [stdout] 3a2b9c032668c801d26a617dd2246d28e1ebb082e8a4121337bb8354d5d336d4
[INFO] running `Command { std: "docker" "start" "-a" "3a2b9c032668c801d26a617dd2246d28e1ebb082e8a4121337bb8354d5d336d4", kill_on_drop: false }`
[INFO] [stderr]    Compiling memchr v2.7.4
[INFO] [stderr]    Compiling serde v1.0.214
[INFO] [stderr]    Compiling once_cell v1.20.2
[INFO] [stderr]    Compiling bytes v1.8.0
[INFO] [stderr]    Compiling pin-project-lite v0.2.15
[INFO] [stderr]    Compiling futures-core v0.3.31
[INFO] [stderr]    Compiling crossbeam-utils v0.8.20
[INFO] [stderr]    Compiling rustls-pki-types v1.10.0
[INFO] [stderr]    Compiling version_check v0.9.5
[INFO] [stderr]    Compiling futures-task v0.3.31
[INFO] [stderr]    Compiling httparse v1.9.5
[INFO] [stderr]    Compiling ring v0.17.8
[INFO] [stderr]    Compiling pkg-config v0.3.31
[INFO] [stderr]    Compiling syn v2.0.86
[INFO] [stderr]    Compiling socket2 v0.5.7
[INFO] [stderr]    Compiling mio v1.0.2
[INFO] [stderr]    Compiling signal-hook-registry v1.4.2
[INFO] [stderr]    Compiling getrandom v0.2.15
[INFO] [stderr]    Compiling untrusted v0.9.0
[INFO] [stderr]    Compiling spin v0.9.8
[INFO] [stderr]    Compiling futures-util v0.3.31
[INFO] [stderr]    Compiling regex-syntax v0.8.5
[INFO] [stderr]    Compiling ident_case v1.0.1
[INFO] [stderr]    Compiling rustls v0.23.16
[INFO] [stderr]    Compiling generic-array v0.14.7
[INFO] [stderr]    Compiling tinyvec_macros v0.1.1
[INFO] [stderr]    Compiling try-lock v0.2.5
[INFO] [stderr]    Compiling strsim v0.11.1
[INFO] [stderr]    Compiling http v1.1.0
[INFO] [stderr]    Compiling aho-corasick v1.1.3
[INFO] [stderr]    Compiling want v0.3.1
[INFO] [stderr]    Compiling bzip2-sys v0.1.11+1.0.8
[INFO] [stderr]    Compiling tinyvec v1.8.0
[INFO] [stderr]    Compiling tracing-core v0.1.32
[INFO] [stderr]    Compiling crossbeam-epoch v0.9.18
[INFO] [stderr]    Compiling futures-channel v0.3.31
[INFO] [stderr]    Compiling crc32fast v1.4.2
[INFO] [stderr]    Compiling subtle v2.6.1
[INFO] [stderr]    Compiling thiserror v1.0.66
[INFO] [stderr]    Compiling adler2 v2.0.0
[INFO] [stderr]    Compiling hashbrown v0.15.0
[INFO] [stderr]    Compiling equivalent v1.0.1
[INFO] [stderr]    Compiling smallvec v1.13.2
[INFO] [stderr]    Compiling zeroize v1.8.1
[INFO] [stderr]    Compiling unicase v2.8.0
[INFO] [stderr]    Compiling miniz_oxide v0.8.0
[INFO] [stderr]    Compiling form_urlencoded v1.2.1
[INFO] [stderr]    Compiling http-body v1.0.1
[INFO] [stderr]    Compiling tracing v0.1.40
[INFO] [stderr]    Compiling crossbeam-deque v0.8.5
[INFO] [stderr]    Compiling mime_guess v2.0.5
[INFO] [stderr]    Compiling rustversion v1.0.18
[INFO] [stderr]    Compiling lockfree-object-pool v0.1.6
[INFO] [stderr]    Compiling bumpalo v3.16.0
[INFO] [stderr]    Compiling simd-adler32 v0.3.7
[INFO] [stderr]    Compiling tower-service v0.3.3
[INFO] [stderr]    Compiling unicode-bidi v0.3.17
[INFO] [stderr]    Compiling zip v2.2.0
[INFO] [stderr]    Compiling indexmap v2.6.0
[INFO] [stderr]    Compiling zopfli v0.8.1
[INFO] [stderr]    Compiling flate2 v1.0.34
[INFO] [stderr]    Compiling block-buffer v0.10.4
[INFO] [stderr]    Compiling crypto-common v0.1.6
[INFO] [stderr]    Compiling bstr v1.10.0
[INFO] [stderr]    Compiling webpki-roots v0.26.6
[INFO] [stderr]    Compiling unicode-normalization v0.1.24
[INFO] [stderr]    Compiling mime v0.3.17
[INFO] [stderr]    Compiling semver v1.0.23
[INFO] [stderr]    Compiling futures-sink v0.3.31
[INFO] [stderr]    Compiling unicode-xid v0.2.6
[INFO] [stderr]    Compiling same-file v1.0.6
[INFO] [stderr]    Compiling cpufeatures v0.2.14
[INFO] [stderr]    Compiling bzip2 v0.4.4
[INFO] [stderr]    Compiling walkdir v2.5.0
[INFO] [stderr]    Compiling digest v0.10.7
[INFO] [stderr]    Compiling rayon-core v1.12.1
[INFO] [stderr]    Compiling http-body-util v0.1.2
[INFO] [stderr]    Compiling rustls-pemfile v2.2.0
[INFO] [stderr]    Compiling sync_wrapper v1.0.1
[INFO] [stderr]    Compiling ipnet v2.10.1
[INFO] [stderr]    Compiling winnow v0.6.20
[INFO] [stderr]    Compiling base64 v0.22.1
[INFO] [stderr]    Compiling sha2 v0.10.8
[INFO] [stderr]    Compiling const-hex v1.13.1
[INFO] [stderr]    Compiling path-slash v0.2.1
[INFO] [stderr]    Compiling dunce v1.0.5
[INFO] [stderr]    Compiling regex-automata v0.4.8
[INFO] [stderr]    Compiling rayon v1.10.0
[INFO] [stderr]    Compiling home v0.5.9
[INFO] [stderr]    Compiling idna v0.5.0
[INFO] [stderr]    Compiling url v2.5.2
[INFO] [stderr]    Compiling darling_core v0.20.10
[INFO] [stderr]    Compiling rustls-webpki v0.102.8
[INFO] [stderr]    Compiling serde_derive v1.0.214
[INFO] [stderr]    Compiling tokio-macros v2.4.0
[INFO] [stderr]    Compiling thiserror-impl v1.0.66
[INFO] [stderr]    Compiling displaydoc v0.2.5
[INFO] [stderr]    Compiling derive_more-impl v1.0.0
[INFO] [stderr]    Compiling regex v1.11.1
[INFO] [stderr]    Compiling globset v0.4.15
[INFO] [stderr]    Compiling tokio v1.41.0
[INFO] [stderr]    Compiling sanitize-filename v0.5.0
[INFO] [stderr]    Compiling ignore v0.4.23
[INFO] [stderr]    Compiling darling_macro v0.20.10
[INFO] [stderr]    Compiling darling v0.20.10
[INFO] [stderr]    Compiling zip-extract v0.2.1
[INFO] [stderr]    Compiling bon-macros v2.3.0
[INFO] [stderr]    Compiling derive_more v1.0.0
[INFO] [stderr]    Compiling bon v2.3.0
[INFO] [stderr]    Compiling hyper v1.5.0
[INFO] [stderr]    Compiling tokio-rustls v0.26.0
[INFO] [stderr]    Compiling tokio-util v0.7.12
[INFO] [stderr]    Compiling hyper-util v0.1.10
[INFO] [stderr]    Compiling toml_datetime v0.6.8
[INFO] [stderr]    Compiling serde_json v1.0.132
[INFO] [stderr]    Compiling serde_urlencoded v0.7.1
[INFO] [stderr]    Compiling serde_spanned v0.6.8
[INFO] [stderr]    Compiling uuid v1.11.0
[INFO] [stderr]    Compiling chrono v0.4.38
[INFO] [stderr]    Compiling toml_edit v0.22.22
[INFO] [stderr]    Compiling hyper-rustls v0.27.3
[INFO] [stderr]    Compiling reqwest v0.12.9
[INFO] [stderr]    Compiling soldeer-core v0.4.1 (/opt/rustwide/workdir)
[INFO] [stderr]     Finished `dev` profile [unoptimized + debuginfo] target(s) in 34.12s
[INFO] running `Command { std: "docker" "inspect" "3a2b9c032668c801d26a617dd2246d28e1ebb082e8a4121337bb8354d5d336d4", kill_on_drop: false }`
[INFO] running `Command { std: "docker" "rm" "-f" "3a2b9c032668c801d26a617dd2246d28e1ebb082e8a4121337bb8354d5d336d4", kill_on_drop: false }`
[INFO] [stdout] 3a2b9c032668c801d26a617dd2246d28e1ebb082e8a4121337bb8354d5d336d4
[INFO] running `Command { std: "docker" "create" "-v" "/var/lib/crater-agent-workspace/builds/worker-0-tc2/target:/opt/rustwide/target:rw,Z" "-v" "/var/lib/crater-agent-workspace/builds/worker-0-tc2/source:/opt/rustwide/workdir:ro,Z" "-v" "/var/lib/crater-agent-workspace/cargo-home:/opt/rustwide/cargo-home:ro,Z" "-v" "/var/lib/crater-agent-workspace/rustup-home:/opt/rustwide/rustup-home:ro,Z" "-e" "SOURCE_DIR=/opt/rustwide/workdir" "-e" "CARGO_TARGET_DIR=/opt/rustwide/target" "-e" "CARGO_INCREMENTAL=0" "-e" "RUST_BACKTRACE=full" "-e" "RUSTFLAGS=--cap-lints=forbid -Zrandomize-layout" "-e" "RUSTDOCFLAGS=--cap-lints=forbid" "-e" "CARGO_HOME=/opt/rustwide/cargo-home" "-e" "RUSTUP_HOME=/opt/rustwide/rustup-home" "-w" "/opt/rustwide/workdir" "-m" "1610612736" "--user" "0:0" "--network" "none" "ghcr.io/rust-lang/crates-build-env/linux@sha256:4a844ea9eb2546a2d2c7022eacef16ef2e8229c7fbb2c7d4d55a9ceca922f72d" "/opt/rustwide/cargo-home/bin/cargo" "+nightly-2024-10-28" "test" "--frozen" "--no-run" "--message-format=json", kill_on_drop: false }`
[INFO] [stdout] da7a1600c61360a5459ed6057f4df3f72fbe4b063541e1b30364ed9c0b97f690
[INFO] running `Command { std: "docker" "start" "-a" "da7a1600c61360a5459ed6057f4df3f72fbe4b063541e1b30364ed9c0b97f690", kill_on_drop: false }`
[INFO] [stderr]    Compiling parking_lot_core v0.9.10
[INFO] [stderr]    Compiling slab v0.4.9
[INFO] [stderr]    Compiling lock_api v0.4.12
[INFO] [stderr]    Compiling scopeguard v1.2.0
[INFO] [stderr]    Compiling futures-channel v0.3.31
[INFO] [stderr]    Compiling futures-io v0.3.31
[INFO] [stderr]    Compiling futures-task v0.3.31
[INFO] [stderr]    Compiling serde_json v1.0.132
[INFO] [stderr]    Compiling getrandom v0.2.15
[INFO] [stderr]    Compiling futures-macro v0.3.31
[INFO] [stderr]    Compiling atomic-waker v1.1.2
[INFO] [stderr]    Compiling httpdate v1.0.3
[INFO] [stderr]    Compiling zerocopy-derive v0.7.35
[INFO] [stderr]    Compiling semver v1.0.23
[INFO] [stderr]    Compiling byteorder v1.5.0
[INFO] [stderr]    Compiling camino v1.1.9
[INFO] [stderr]    Compiling gimli v0.31.1
[INFO] [stderr]    Compiling anyhow v1.0.92
[INFO] [stderr]    Compiling ring v0.17.8
[INFO] [stderr]    Compiling rand_core v0.6.4
[INFO] [stderr]    Compiling cargo-platform v0.1.8
[INFO] [stderr]    Compiling object v0.36.5
[INFO] [stderr]    Compiling rustc-demangle v0.1.24
[INFO] [stderr]    Compiling uuid v1.11.0
[INFO] [stderr]    Compiling colored v2.1.0
[INFO] [stderr]    Compiling sysinfo v0.26.9
[INFO] [stderr]    Compiling similar v2.6.0
[INFO] [stderr]    Compiling parking_lot v0.12.3
[INFO] [stderr]    Compiling whoami v1.5.2
[INFO] [stderr]    Compiling tokio v1.41.0
[INFO] [stderr]    Compiling zerocopy v0.7.35
[INFO] [stderr]    Compiling futures-util v0.3.31
[INFO] [stderr]    Compiling cargo_metadata v0.14.2
[INFO] [stderr]    Compiling assert-json-diff v2.0.2
[INFO] [stderr]    Compiling rustls-webpki v0.102.8
[INFO] [stderr]    Compiling ppv-lite86 v0.2.20
[INFO] [stderr]    Compiling rand_chacha v0.3.1
[INFO] [stderr]    Compiling rand v0.8.5
[INFO] [stderr]    Compiling rustls v0.23.16
[INFO] [stderr]    Compiling addr2line v0.24.2
[INFO] [stderr]    Compiling backtrace v0.3.74
[INFO] [stderr]    Compiling http-body-util v0.1.2
[INFO] [stderr]    Compiling futures-executor v0.3.31
[INFO] [stderr]    Compiling futures v0.3.31
[INFO] [stderr]    Compiling temp-env v0.3.6
[INFO] [stderr]    Compiling testdir v0.9.1
[INFO] [stderr]    Compiling tokio-util v0.7.12
[INFO] [stderr]    Compiling tokio-rustls v0.26.0
[INFO] [stderr]    Compiling h2 v0.4.6
[INFO] [stderr]    Compiling hyper v1.5.0
[INFO] [stderr]    Compiling hyper-util v0.1.10
[INFO] [stderr]    Compiling hyper-rustls v0.27.3
[INFO] [stderr]    Compiling mockito v1.5.0
[INFO] [stderr]    Compiling reqwest v0.12.9
[INFO] [stderr]    Compiling soldeer-core v0.4.1 (/opt/rustwide/workdir)
[INFO] [stdout] error[E0432]: unresolved import `cliclack`
[INFO] [stdout]    --> src/install.rs:597:9
[INFO] [stdout]     |
[INFO] [stdout] 597 |     use cliclack::multi_progress;
[INFO] [stdout]     |         ^^^^^^^^ use of undeclared crate or module `cliclack`
[INFO] [stdout] 
[INFO] [stdout] 
[INFO] [stdout] error[E0433]: failed to resolve: use of undeclared type `Progress`
[INFO] [stdout]    --> src/install.rs:740:67
[INFO] [stdout]     |
[INFO] [stdout] 740 |         let res = install_dependency_inner(&install, &dir, false, Progress::new(&multi, 1)).await;
[INFO] [stdout]     |                                                                   ^^^^^^^^ use of undeclared type `Progress`
[INFO] [stdout] 
[INFO] [stdout] 
[INFO] [stdout] error[E0061]: this function takes 3 arguments but 4 arguments were supplied
[INFO] [stdout]    --> src/install.rs:740:19
[INFO] [stdout]     |
[INFO] [stdout] 740 |         let res = install_dependency_inner(&install, &dir, false, Progress::new(&multi, 1)).await;
[INFO] [stdout]     |                   ^^^^^^^^^^^^^^^^^^^^^^^^                        ------------------------ unexpected argument #4
[INFO] [stdout]     |
[INFO] [stdout] note: function defined here
[INFO] [stdout]    --> src/install.rs:393:10
[INFO] [stdout]     |
[INFO] [stdout] 393 | async fn install_dependency_inner(
[INFO] [stdout]     |          ^^^^^^^^^^^^^^^^^^^^^^^^
[INFO] [stdout] 394 |     dep: &InstallInfo,
[INFO] [stdout]     |     -----------------
[INFO] [stdout] 395 |     path: impl AsRef<Path>,
[INFO] [stdout]     |     ----------------------
[INFO] [stdout] 396 |     subdependencies: bool,
[INFO] [stdout]     |     ---------------------
[INFO] [stdout] help: remove the extra argument
[INFO] [stdout]     |
[INFO] [stdout] 740 -         let res = install_dependency_inner(&install, &dir, false, Progress::new(&multi, 1)).await;
[INFO] [stdout] 740 +         let res = install_dependency_inner(&install, &dir, false).await;
[INFO] [stdout]     |
[INFO] [stdout] 
[INFO] [stdout] 
[INFO] [stdout] error[E0433]: failed to resolve: use of undeclared type `Progress`
[INFO] [stdout]    --> src/install.rs:765:67
[INFO] [stdout]     |
[INFO] [stdout] 765 |         let res = install_dependency_inner(&install, &dir, false, Progress::new(&multi, 1)).await;
[INFO] [stdout]     |                                                                   ^^^^^^^^ use of undeclared type `Progress`
[INFO] [stdout] 
[INFO] [stdout] 
[INFO] [stdout] error[E0061]: this function takes 3 arguments but 4 arguments were supplied
[INFO] [stdout]    --> src/install.rs:765:19
[INFO] [stdout]     |
[INFO] [stdout] 765 |         let res = install_dependency_inner(&install, &dir, false, Progress::new(&multi, 1)).await;
[INFO] [stdout]     |                   ^^^^^^^^^^^^^^^^^^^^^^^^                        ------------------------ unexpected argument #4
[INFO] [stdout]     |
[INFO] [stdout] note: function defined here
[INFO] [stdout]    --> src/install.rs:393:10
[INFO] [stdout]     |
[INFO] [stdout] 393 | async fn install_dependency_inner(
[INFO] [stdout]     |          ^^^^^^^^^^^^^^^^^^^^^^^^
[INFO] [stdout] 394 |     dep: &InstallInfo,
[INFO] [stdout]     |     -----------------
[INFO] [stdout] 395 |     path: impl AsRef<Path>,
[INFO] [stdout]     |     ----------------------
[INFO] [stdout] 396 |     subdependencies: bool,
[INFO] [stdout]     |     ---------------------
[INFO] [stdout] help: remove the extra argument
[INFO] [stdout]     |
[INFO] [stdout] 765 -         let res = install_dependency_inner(&install, &dir, false, Progress::new(&multi, 1)).await;
[INFO] [stdout] 765 +         let res = install_dependency_inner(&install, &dir, false).await;
[INFO] [stdout]     |
[INFO] [stdout] 
[INFO] [stdout] 
[INFO] [stdout] error[E0433]: failed to resolve: use of undeclared type `Progress`
[INFO] [stdout]    --> src/install.rs:787:67
[INFO] [stdout]     |
[INFO] [stdout] 787 |         let res = install_dependency_inner(&install, &dir, false, Progress::new(&multi, 1)).await;
[INFO] [stdout]     |                                                                   ^^^^^^^^ use of undeclared type `Progress`
[INFO] [stdout] 
[INFO] [stdout] 
[INFO] [stdout] error[E0061]: this function takes 3 arguments but 4 arguments were supplied
[INFO] [stdout]    --> src/install.rs:787:19
[INFO] [stdout]     |
[INFO] [stdout] 787 |         let res = install_dependency_inner(&install, &dir, false, Progress::new(&multi, 1)).await;
[INFO] [stdout]     |                   ^^^^^^^^^^^^^^^^^^^^^^^^                        ------------------------ unexpected argument #4
[INFO] [stdout]     |
[INFO] [stdout] note: function defined here
[INFO] [stdout]    --> src/install.rs:393:10
[INFO] [stdout]     |
[INFO] [stdout] 393 | async fn install_dependency_inner(
[INFO] [stdout]     |          ^^^^^^^^^^^^^^^^^^^^^^^^
[INFO] [stdout] 394 |     dep: &InstallInfo,
[INFO] [stdout]     |     -----------------
[INFO] [stdout] 395 |     path: impl AsRef<Path>,
[INFO] [stdout]     |     ----------------------
[INFO] [stdout] 396 |     subdependencies: bool,
[INFO] [stdout]     |     ---------------------
[INFO] [stdout] help: remove the extra argument
[INFO] [stdout]     |
[INFO] [stdout] 787 -         let res = install_dependency_inner(&install, &dir, false, Progress::new(&multi, 1)).await;
[INFO] [stdout] 787 +         let res = install_dependency_inner(&install, &dir, false).await;
[INFO] [stdout]     |
[INFO] [stdout] 
[INFO] [stdout] 
[INFO] [stdout] error[E0433]: failed to resolve: use of undeclared type `Progress`
[INFO] [stdout]    --> src/install.rs:809:67
[INFO] [stdout]     |
[INFO] [stdout] 809 |         let res = install_dependency_inner(&install, &dir, false, Progress::new(&multi, 1)).await;
[INFO] [stdout]     |                                                                   ^^^^^^^^ use of undeclared type `Progress`
[INFO] [stdout] 
[INFO] [stdout] 
[INFO] [stdout] error[E0061]: this function takes 3 arguments but 4 arguments were supplied
[INFO] [stdout]    --> src/install.rs:809:19
[INFO] [stdout]     |
[INFO] [stdout] 809 |         let res = install_dependency_inner(&install, &dir, false, Progress::new(&multi, 1)).await;
[INFO] [stdout]     |                   ^^^^^^^^^^^^^^^^^^^^^^^^                        ------------------------ unexpected argument #4
[INFO] [stdout]     |
[INFO] [stdout] note: function defined here
[INFO] [stdout]    --> src/install.rs:393:10
[INFO] [stdout]     |
[INFO] [stdout] 393 | async fn install_dependency_inner(
[INFO] [stdout]     |          ^^^^^^^^^^^^^^^^^^^^^^^^
[INFO] [stdout] 394 |     dep: &InstallInfo,
[INFO] [stdout]     |     -----------------
[INFO] [stdout] 395 |     path: impl AsRef<Path>,
[INFO] [stdout]     |     ----------------------
[INFO] [stdout] 396 |     subdependencies: bool,
[INFO] [stdout]     |     ---------------------
[INFO] [stdout] help: remove the extra argument
[INFO] [stdout]     |
[INFO] [stdout] 809 -         let res = install_dependency_inner(&install, &dir, false, Progress::new(&multi, 1)).await;
[INFO] [stdout] 809 +         let res = install_dependency_inner(&install, &dir, false).await;
[INFO] [stdout]     |
[INFO] [stdout] 
[INFO] [stdout] 
[INFO] [stdout] error[E0433]: failed to resolve: use of undeclared type `Progress`
[INFO] [stdout]    --> src/install.rs:831:67
[INFO] [stdout]     |
[INFO] [stdout] 831 |         let res = install_dependency_inner(&install, &dir, false, Progress::new(&multi, 1)).await;
[INFO] [stdout]     |                                                                   ^^^^^^^^ use of undeclared type `Progress`
[INFO] [stdout] 
[INFO] [stdout] 
[INFO] [stdout] error[E0061]: this function takes 3 arguments but 4 arguments were supplied
[INFO] [stdout]    --> src/install.rs:831:19
[INFO] [stdout]     |
[INFO] [stdout] 831 |         let res = install_dependency_inner(&install, &dir, false, Progress::new(&multi, 1)).await;
[INFO] [stdout]     |                   ^^^^^^^^^^^^^^^^^^^^^^^^                        ------------------------ unexpected argument #4
[INFO] [stdout]     |
[INFO] [stdout] note: function defined here
[INFO] [stdout]    --> src/install.rs:393:10
[INFO] [stdout]     |
[INFO] [stdout] 393 | async fn install_dependency_inner(
[INFO] [stdout]     |          ^^^^^^^^^^^^^^^^^^^^^^^^
[INFO] [stdout] 394 |     dep: &InstallInfo,
[INFO] [stdout]     |     -----------------
[INFO] [stdout] 395 |     path: impl AsRef<Path>,
[INFO] [stdout]     |     ----------------------
[INFO] [stdout] 396 |     subdependencies: bool,
[INFO] [stdout]     |     ---------------------
[INFO] [stdout] help: remove the extra argument
[INFO] [stdout]     |
[INFO] [stdout] 831 -         let res = install_dependency_inner(&install, &dir, false, Progress::new(&multi, 1)).await;
[INFO] [stdout] 831 +         let res = install_dependency_inner(&install, &dir, false).await;
[INFO] [stdout]     |
[INFO] [stdout] 
[INFO] [stdout] 
[INFO] [stdout] error[E0433]: failed to resolve: use of undeclared type `Progress`
[INFO] [stdout]    --> src/install.rs:850:63
[INFO] [stdout]     |
[INFO] [stdout] 850 |             install_dependency(&dep, None, &dir, None, false, Progress::new(&multi, 1)),
[INFO] [stdout]     |                                                               ^^^^^^^^ use of undeclared type `Progress`
[INFO] [stdout] 
[INFO] [stdout] 
[INFO] [stdout] error[E0061]: this function takes 5 arguments but 6 arguments were supplied
[INFO] [stdout]    --> src/install.rs:850:13
[INFO] [stdout]     |
[INFO] [stdout] 850 |             install_dependency(&dep, None, &dir, None, false, Progress::new(&multi, 1)),
[INFO] [stdout]     |             ^^^^^^^^^^^^^^^^^^                                ------------------------ unexpected argument #6
[INFO] [stdout]     |
[INFO] [stdout] note: function defined here
[INFO] [stdout]    --> src/install.rs:246:14
[INFO] [stdout]     |
[INFO] [stdout] 246 | pub async fn install_dependency(
[INFO] [stdout]     |              ^^^^^^^^^^^^^^^^^^
[INFO] [stdout] 247 |     dependency: &Dependency,
[INFO] [stdout]     |     -----------------------
[INFO] [stdout] 248 |     lock: Option<&LockEntry>,
[INFO] [stdout]     |     ------------------------
[INFO] [stdout] 249 |     deps: impl AsRef<Path>,
[INFO] [stdout]     |     ----------------------
[INFO] [stdout] 250 |     force_version: Option<String>,
[INFO] [stdout]     |     -----------------------------
[INFO] [stdout] 251 |     recursive_deps: bool,
[INFO] [stdout]     |     --------------------
[INFO] [stdout] help: remove the extra argument
[INFO] [stdout]     |
[INFO] [stdout] 850 -             install_dependency(&dep, None, &dir, None, false, Progress::new(&multi, 1)),
[INFO] [stdout] 850 +             install_dependency(&dep, None, &dir, None, false),
[INFO] [stdout]     |
[INFO] [stdout] 
[INFO] [stdout] 
[INFO] [stdout] error[E0433]: failed to resolve: use of undeclared type `Progress`
[INFO] [stdout]    --> src/install.rs:875:63
[INFO] [stdout]     |
[INFO] [stdout] 875 |             install_dependency(&dep, None, &dir, None, false, Progress::new(&multi, 1)),
[INFO] [stdout]     |                                                               ^^^^^^^^ use of undeclared type `Progress`
[INFO] [stdout] 
[INFO] [stdout] 
[INFO] [stdout] error[E0061]: this function takes 5 arguments but 6 arguments were supplied
[INFO] [stdout]    --> src/install.rs:875:13
[INFO] [stdout]     |
[INFO] [stdout] 875 |             install_dependency(&dep, None, &dir, None, false, Progress::new(&multi, 1)),
[INFO] [stdout]     |             ^^^^^^^^^^^^^^^^^^                                ------------------------ unexpected argument #6
[INFO] [stdout]     |
[INFO] [stdout] note: function defined here
[INFO] [stdout]    --> src/install.rs:246:14
[INFO] [stdout]     |
[INFO] [stdout] 246 | pub async fn install_dependency(
[INFO] [stdout]     |              ^^^^^^^^^^^^^^^^^^
[INFO] [stdout] 247 |     dependency: &Dependency,
[INFO] [stdout]     |     -----------------------
[INFO] [stdout] 248 |     lock: Option<&LockEntry>,
[INFO] [stdout]     |     ------------------------
[INFO] [stdout] 249 |     deps: impl AsRef<Path>,
[INFO] [stdout]     |     ----------------------
[INFO] [stdout] 250 |     force_version: Option<String>,
[INFO] [stdout]     |     -----------------------------
[INFO] [stdout] 251 |     recursive_deps: bool,
[INFO] [stdout]     |     --------------------
[INFO] [stdout] help: remove the extra argument
[INFO] [stdout]     |
[INFO] [stdout] 875 -             install_dependency(&dep, None, &dir, None, false, Progress::new(&multi, 1)),
[INFO] [stdout] 875 +             install_dependency(&dep, None, &dir, None, false),
[INFO] [stdout]     |
[INFO] [stdout] 
[INFO] [stdout] 
[INFO] [stdout] error[E0433]: failed to resolve: use of undeclared type `Progress`
[INFO] [stdout]    --> src/install.rs:893:69
[INFO] [stdout]     |
[INFO] [stdout] 893 |         let res = install_dependency(&dep, None, &dir, None, false, Progress::new(&multi, 1)).await;
[INFO] [stdout]     |                                                                     ^^^^^^^^ use of undeclared type `Progress`
[INFO] [stdout] 
[INFO] [stdout] 
[INFO] [stdout] error[E0061]: this function takes 5 arguments but 6 arguments were supplied
[INFO] [stdout]    --> src/install.rs:893:19
[INFO] [stdout]     |
[INFO] [stdout] 893 |         let res = install_dependency(&dep, None, &dir, None, false, Progress::new(&multi, 1)).await;
[INFO] [stdout]     |                   ^^^^^^^^^^^^^^^^^^                                ------------------------ unexpected argument #6
[INFO] [stdout]     |
[INFO] [stdout] note: function defined here
[INFO] [stdout]    --> src/install.rs:246:14
[INFO] [stdout]     |
[INFO] [stdout] 246 | pub async fn install_dependency(
[INFO] [stdout]     |              ^^^^^^^^^^^^^^^^^^
[INFO] [stdout] 247 |     dependency: &Dependency,
[INFO] [stdout]     |     -----------------------
[INFO] [stdout] 248 |     lock: Option<&LockEntry>,
[INFO] [stdout]     |     ------------------------
[INFO] [stdout] 249 |     deps: impl AsRef<Path>,
[INFO] [stdout]     |     ----------------------
[INFO] [stdout] 250 |     force_version: Option<String>,
[INFO] [stdout]     |     -----------------------------
[INFO] [stdout] 251 |     recursive_deps: bool,
[INFO] [stdout]     |     --------------------
[INFO] [stdout] help: remove the extra argument
[INFO] [stdout]     |
[INFO] [stdout] 893 -         let res = install_dependency(&dep, None, &dir, None, false, Progress::new(&multi, 1)).await;
[INFO] [stdout] 893 +         let res = install_dependency(&dep, None, &dir, None, false).await;
[INFO] [stdout]     |
[INFO] [stdout] 
[INFO] [stdout] 
[INFO] [stdout] error[E0433]: failed to resolve: use of undeclared type `Progress`
[INFO] [stdout]    --> src/install.rs:918:69
[INFO] [stdout]     |
[INFO] [stdout] 918 |         let res = install_dependency(&dep, None, &dir, None, false, Progress::new(&multi, 1)).await;
[INFO] [stdout]     |                                                                     ^^^^^^^^ use of undeclared type `Progress`
[INFO] [stdout] 
[INFO] [stdout] 
[INFO] [stdout] error[E0061]: this function takes 5 arguments but 6 arguments were supplied
[INFO] [stdout]    --> src/install.rs:918:19
[INFO] [stdout]     |
[INFO] [stdout] 918 |         let res = install_dependency(&dep, None, &dir, None, false, Progress::new(&multi, 1)).await;
[INFO] [stdout]     |                   ^^^^^^^^^^^^^^^^^^                                ------------------------ unexpected argument #6
[INFO] [stdout]     |
[INFO] [stdout] note: function defined here
[INFO] [stdout]    --> src/install.rs:246:14
[INFO] [stdout]     |
[INFO] [stdout] 246 | pub async fn install_dependency(
[INFO] [stdout]     |              ^^^^^^^^^^^^^^^^^^
[INFO] [stdout] 247 |     dependency: &Dependency,
[INFO] [stdout]     |     -----------------------
[INFO] [stdout] 248 |     lock: Option<&LockEntry>,
[INFO] [stdout]     |     ------------------------
[INFO] [stdout] 249 |     deps: impl AsRef<Path>,
[INFO] [stdout]     |     ----------------------
[INFO] [stdout] 250 |     force_version: Option<String>,
[INFO] [stdout]     |     -----------------------------
[INFO] [stdout] 251 |     recursive_deps: bool,
[INFO] [stdout]     |     --------------------
[INFO] [stdout] help: remove the extra argument
[INFO] [stdout]     |
[INFO] [stdout] 918 -         let res = install_dependency(&dep, None, &dir, None, false, Progress::new(&multi, 1)).await;
[INFO] [stdout] 918 +         let res = install_dependency(&dep, None, &dir, None, false).await;
[INFO] [stdout]     |
[INFO] [stdout] 
[INFO] [stdout] 
[INFO] [stdout] Some errors have detailed explanations: E0061, E0432, E0433.
[INFO] [stdout] 
[INFO] [stdout] For more information about an error, try `rustc --explain E0061`.
[INFO] [stdout] 
[INFO] [stderr] error: could not compile `soldeer-core` (lib test) due to 19 previous errors
[INFO] running `Command { std: "docker" "inspect" "da7a1600c61360a5459ed6057f4df3f72fbe4b063541e1b30364ed9c0b97f690", kill_on_drop: false }`
[INFO] running `Command { std: "docker" "rm" "-f" "da7a1600c61360a5459ed6057f4df3f72fbe4b063541e1b30364ed9c0b97f690", kill_on_drop: false }`
[INFO] [stdout] da7a1600c61360a5459ed6057f4df3f72fbe4b063541e1b30364ed9c0b97f690
