[INFO] fetching crate solarti-math 0.1.3...
[INFO] testing solarti-math-0.1.3 against nightly-2024-10-28 for randomize-layout
[INFO] extracting crate solarti-math 0.1.3 into /workspace/builds/worker-0-tc1/source
[INFO] validating manifest of crates.io crate solarti-math 0.1.3 on toolchain nightly-2024-10-28
[INFO] running `Command { std: CARGO_HOME="/workspace/cargo-home" RUSTUP_HOME="/workspace/rustup-home" "/workspace/cargo-home/bin/cargo" "+nightly-2024-10-28" "metadata" "--manifest-path" "Cargo.toml" "--no-deps", kill_on_drop: false }`
[INFO] started tweaking crates.io crate solarti-math 0.1.3
[INFO] finished tweaking crates.io crate solarti-math 0.1.3
[INFO] tweaked toml for crates.io crate solarti-math 0.1.3 written to /workspace/builds/worker-0-tc1/source/Cargo.toml
[INFO] running `Command { std: CARGO_HOME="/workspace/cargo-home" RUSTUP_HOME="/workspace/rustup-home" "/workspace/cargo-home/bin/cargo" "+nightly-2024-10-28" "generate-lockfile" "--manifest-path" "Cargo.toml", kill_on_drop: false }`
[INFO] [stderr]     Updating crates.io index
[INFO] [stderr]      Locking 542 packages to latest compatible versions
[INFO] [stderr]       Adding blake3 v1.5.1 (available: v1.5.4)
[INFO] [stderr]       Adding borsh v0.10.4 (available: v1.5.1)
[INFO] [stderr]       Adding borsh-derive v0.10.4 (available: v1.5.1)
[INFO] [stderr]       Adding miraland-account-decoder v1.14.20 (available: v1.18.3)
[INFO] [stderr]       Adding miraland-address-lookup-table-program v1.14.19 (available: v1.18.3)
[INFO] [stderr]       Adding miraland-banks-server v1.14.19 (available: v1.18.3)
[INFO] [stderr]       Adding miraland-bpf-loader-program v1.14.19 (available: v1.18.3)
[INFO] [stderr]       Adding miraland-client v1.14.20 (available: v1.18.3)
[INFO] [stderr]       Adding miraland-compute-budget-program v1.14.19 (available: v1.18.3)
[INFO] [stderr]       Adding miraland-config-program v1.14.19 (available: v1.18.3)
[INFO] [stderr]       Adding miraland-perf v1.14.19 (available: v1.18.3)
[INFO] [stderr]       Adding miraland-program-runtime v1.14.19 (available: v1.18.3)
[INFO] [stderr]       Adding miraland-program-test v1.14.19 (available: v1.18.3)
[INFO] [stderr]       Adding miraland-runtime v1.14.19 (available: v1.18.3)
[INFO] [stderr]       Adding miraland-send-transaction-service v1.14.19 (available: v1.18.3)
[INFO] [stderr]       Adding miraland-stake-program v1.14.19 (available: v1.18.3)
[INFO] [stderr]       Adding miraland-streamer v1.14.19 (available: v1.18.3)
[INFO] [stderr]       Adding miraland-transaction-status v1.14.21 (available: v1.18.3)
[INFO] [stderr]       Adding miraland-vote-program v1.14.19 (available: v1.18.3)
[INFO] [stderr]       Adding miraland-zk-token-proof-program v1.14.20 (available: v1.18.3)
[INFO] [stderr]       Adding num-derive v0.3.3 (available: v0.4.2)
[INFO] [stderr]       Adding solana_rbpf v0.2.31 (available: v0.2.40)
[INFO] [stderr]       Adding subtle v2.4.1 (available: v2.6.1)
[INFO] [stderr]       Adding uint v0.9.5 (available: v0.10.0)
[INFO] [stderr]       Adding winnow v0.4.1 (available: v0.4.11)
[INFO] [stderr]       Adding zeroize v1.3.0 (available: v1.8.1)
[INFO] running `Command { std: CARGO_HOME="/workspace/cargo-home" RUSTUP_HOME="/workspace/rustup-home" "/workspace/cargo-home/bin/cargo" "+nightly-2024-10-28" "fetch" "--manifest-path" "Cargo.toml", kill_on_drop: false }`
[INFO] [stderr]  Downloading crates ...
[INFO] [stderr]   Downloaded miraland-zk-token-proof-program v1.14.20
[INFO] [stderr]   Downloaded miraland-compute-budget-program v1.14.19
[INFO] [stderr]   Downloaded solarti-discriminator v0.1.6
[INFO] [stderr]   Downloaded solarti-pod v0.1.6
[INFO] [stderr]   Downloaded solarti-memo v3.0.7
[INFO] [stderr]   Downloaded miraland-config-program v1.14.19
[INFO] [stderr]   Downloaded solarti-token-group-interface v0.1.2
[INFO] [stderr]   Downloaded miraland-banks-client v1.18.3
[INFO] [stderr]   Downloaded miraland-banks-interface v1.18.3
[INFO] [stderr]   Downloaded miraland-address-lookup-table-program v1.14.19
[INFO] [stderr]   Downloaded solarti-memo v4.0.2
[INFO] [stderr]   Downloaded solarti-discriminator-syn v0.1.6
[INFO] [stderr]   Downloaded miraland-account-decoder v1.14.20
[INFO] [stderr]   Downloaded miraland-perf v1.14.19
[INFO] [stderr]   Downloaded solarti-token v3.5.6
[INFO] [stderr]   Downloaded miraland-bpf-loader-program v1.14.19
[INFO] [stderr]   Downloaded solarti-token-2022 v0.6.7
[INFO] [stderr]   Downloaded solarti-token-2022 v0.9.0
[INFO] [stderr]   Downloaded miraland-client v1.14.20
[INFO] [stderr]   Downloaded miraland-program-test v1.14.19
[INFO] [stderr]   Downloaded miraland-bucket-map v1.18.3
[INFO] [stderr]   Downloaded miraland-runtime v1.14.19
[INFO] [stderr]   Downloaded miraland-stake-program v1.14.19
[INFO] [stderr]   Downloaded miraland-program-runtime v1.14.19
[INFO] [stderr]   Downloaded miraland-streamer v1.14.19
[INFO] [stderr]   Downloaded solarti-token v4.1.1
[INFO] [stderr]   Downloaded solarti-tlv-account-resolution v0.4.0
[INFO] [stderr]   Downloaded miraland-send-transaction-service v1.14.19
[INFO] [stderr]   Downloaded solarti-token-metadata-interface v0.2.4
[INFO] [stderr]   Downloaded solarti-type-length-value v0.3.5
[INFO] [stderr]   Downloaded solarti-discriminator-derive v0.1.6
[INFO] [stderr]   Downloaded solarti-program-error v0.3.7
[INFO] [stderr]   Downloaded miraland-banks-server v1.14.19
[INFO] [stderr]   Downloaded solarti-transfer-hook-interface v0.3.0
[INFO] [stderr]   Downloaded solarti-program-error-derive v0.3.7
[INFO] [stderr]   Downloaded miraland-vote-program v1.14.19
[INFO] [stderr]   Downloaded miraland-transaction-status v1.14.21
[INFO] [stderr]   Downloaded solarti-associated-token-account v1.1.8
[INFO] running `Command { std: "docker" "create" "-v" "/var/lib/crater-agent-workspace/builds/worker-0-tc1/target:/opt/rustwide/target:rw,Z" "-v" "/var/lib/crater-agent-workspace/builds/worker-0-tc1/source:/opt/rustwide/workdir:ro,Z" "-v" "/var/lib/crater-agent-workspace/cargo-home:/opt/rustwide/cargo-home:ro,Z" "-v" "/var/lib/crater-agent-workspace/rustup-home:/opt/rustwide/rustup-home:ro,Z" "-e" "SOURCE_DIR=/opt/rustwide/workdir" "-e" "CARGO_TARGET_DIR=/opt/rustwide/target" "-e" "CARGO_HOME=/opt/rustwide/cargo-home" "-e" "RUSTUP_HOME=/opt/rustwide/rustup-home" "-w" "/opt/rustwide/workdir" "-m" "1610612736" "--user" "0:0" "--network" "none" "ghcr.io/rust-lang/crates-build-env/linux@sha256:4a844ea9eb2546a2d2c7022eacef16ef2e8229c7fbb2c7d4d55a9ceca922f72d" "/opt/rustwide/cargo-home/bin/cargo" "+nightly-2024-10-28" "metadata" "--no-deps" "--format-version=1", kill_on_drop: false }`
[INFO] [stdout] 2cae6c0a608c4bce2a9220790c64c693d66495fbae8132e7655ec33fabf4c497
[INFO] running `Command { std: "docker" "start" "-a" "2cae6c0a608c4bce2a9220790c64c693d66495fbae8132e7655ec33fabf4c497", kill_on_drop: false }`
[INFO] running `Command { std: "docker" "inspect" "2cae6c0a608c4bce2a9220790c64c693d66495fbae8132e7655ec33fabf4c497", kill_on_drop: false }`
[INFO] running `Command { std: "docker" "rm" "-f" "2cae6c0a608c4bce2a9220790c64c693d66495fbae8132e7655ec33fabf4c497", kill_on_drop: false }`
[INFO] [stdout] 2cae6c0a608c4bce2a9220790c64c693d66495fbae8132e7655ec33fabf4c497
[INFO] running `Command { std: "docker" "create" "-v" "/var/lib/crater-agent-workspace/builds/worker-0-tc1/target:/opt/rustwide/target:rw,Z" "-v" "/var/lib/crater-agent-workspace/builds/worker-0-tc1/source:/opt/rustwide/workdir:ro,Z" "-v" "/var/lib/crater-agent-workspace/cargo-home:/opt/rustwide/cargo-home:ro,Z" "-v" "/var/lib/crater-agent-workspace/rustup-home:/opt/rustwide/rustup-home:ro,Z" "-e" "SOURCE_DIR=/opt/rustwide/workdir" "-e" "CARGO_TARGET_DIR=/opt/rustwide/target" "-e" "CARGO_INCREMENTAL=0" "-e" "RUST_BACKTRACE=full" "-e" "RUSTFLAGS=--cap-lints=forbid" "-e" "RUSTDOCFLAGS=--cap-lints=forbid" "-e" "CARGO_HOME=/opt/rustwide/cargo-home" "-e" "RUSTUP_HOME=/opt/rustwide/rustup-home" "-w" "/opt/rustwide/workdir" "-m" "1610612736" "--user" "0:0" "--network" "none" "ghcr.io/rust-lang/crates-build-env/linux@sha256:4a844ea9eb2546a2d2c7022eacef16ef2e8229c7fbb2c7d4d55a9ceca922f72d" "/opt/rustwide/cargo-home/bin/cargo" "+nightly-2024-10-28" "build" "--frozen" "--message-format=json", kill_on_drop: false }`
[INFO] [stdout] 44d7b97b90d6c2175e88ff00ba7430aa65083c0be996ab9a9b9b07a92a791749
[INFO] running `Command { std: "docker" "start" "-a" "44d7b97b90d6c2175e88ff00ba7430aa65083c0be996ab9a9b9b07a92a791749", kill_on_drop: false }`
[INFO] [stderr]    Compiling proc-macro2 v1.0.89
[INFO] [stderr]    Compiling unicode-ident v1.0.13
[INFO] [stderr]    Compiling version_check v0.9.5
[INFO] [stderr]    Compiling typenum v1.17.0
[INFO] [stderr]    Compiling serde v1.0.214
[INFO] [stderr]    Compiling libc v0.2.161
[INFO] [stderr]    Compiling syn v1.0.109
[INFO] [stderr]    Compiling autocfg v1.4.0
[INFO] [stderr]    Compiling byteorder v1.5.0
[INFO] [stderr]    Compiling once_cell v1.20.2
[INFO] [stderr]    Compiling semver v1.0.23
[INFO] [stderr]    Compiling generic-array v0.14.7
[INFO] [stderr]    Compiling either v1.13.0
[INFO] [stderr]    Compiling num-traits v0.2.19
[INFO] [stderr]    Compiling ahash v0.8.11
[INFO] [stderr]    Compiling quote v1.0.37
[INFO] [stderr]    Compiling rustc_version v0.4.1
[INFO] [stderr]    Compiling crunchy v0.2.2
[INFO] [stderr]    Compiling crossbeam-utils v0.8.20
[INFO] [stderr]    Compiling syn v2.0.86
[INFO] [stderr]    Compiling getrandom v0.1.16
[INFO] [stderr]    Compiling num-integer v0.1.46
[INFO] [stderr]    Compiling paste v1.0.15
[INFO] [stderr]    Compiling digest v0.9.0
[INFO] [stderr]    Compiling num-bigint v0.4.6
[INFO] [stderr]    Compiling getrandom v0.2.15
[INFO] [stderr]    Compiling jobserver v0.1.32
[INFO] [stderr]    Compiling rand_core v0.6.4
[INFO] [stderr]    Compiling proc-macro-error-attr v1.0.4
[INFO] [stderr]    Compiling subtle v2.4.1
[INFO] [stderr]    Compiling wasm-bindgen-shared v0.2.95
[INFO] [stderr]    Compiling shlex v1.3.0
[INFO] [stderr]    Compiling cc v1.1.31
[INFO] [stderr]    Compiling libsecp256k1-core v0.2.2
[INFO] [stderr]    Compiling rand_core v0.5.1
[INFO] [stderr]    Compiling crossbeam-epoch v0.9.18
[INFO] [stderr]    Compiling itertools v0.10.5
[INFO] [stderr]    Compiling proc-macro-error v1.0.4
[INFO] [stderr]    Compiling rayon-core v1.12.1
[INFO] [stderr]    Compiling equivalent v1.0.1
[INFO] [stderr]    Compiling cpufeatures v0.2.14
[INFO] [stderr]    Compiling thiserror v1.0.66
[INFO] [stderr]    Compiling hashbrown v0.15.0
[INFO] [stderr]    Compiling crossbeam-deque v0.8.5
[INFO] [stderr]    Compiling ahash v0.7.8
[INFO] [stderr]    Compiling bumpalo v3.16.0
[INFO] [stderr]    Compiling indexmap v2.6.0
[INFO] [stderr]    Compiling toml_datetime v0.6.8
[INFO] [stderr]    Compiling feature-probe v0.1.1
[INFO] [stderr]    Compiling log v0.4.22
[INFO] [stderr]    Compiling winnow v0.6.20
[INFO] [stderr]    Compiling bv v0.11.1
[INFO] [stderr]    Compiling toml v0.5.11
[INFO] [stderr]    Compiling libsecp256k1-gen-genmult v0.2.1
[INFO] [stderr]    Compiling libsecp256k1-gen-ecmult v0.2.1
[INFO] [stderr]    Compiling bitmaps v2.1.0
[INFO] [stderr]    Compiling miraland-frozen-abi-macro v1.18.3
[INFO] [stderr]    Compiling im v15.1.0
[INFO] [stderr]    Compiling wasm-bindgen-backend v0.2.95
[INFO] [stderr]    Compiling opaque-debug v0.3.1
[INFO] [stderr]    Compiling anyhow v1.0.92
[INFO] [stderr]    Compiling tinyvec_macros v0.1.1
[INFO] [stderr]    Compiling cfg_aliases v0.2.1
[INFO] [stderr]    Compiling rustversion v1.0.18
[INFO] [stderr]    Compiling borsh v1.5.1
[INFO] [stderr]    Compiling proc-macro-crate v0.1.5
[INFO] [stderr]    Compiling sized-chunks v0.6.5
[INFO] [stderr]    Compiling tinyvec v1.8.0
[INFO] [stderr]    Compiling rayon v1.10.0
[INFO] [stderr]    Compiling libsecp256k1 v0.6.0
[INFO] [stderr]    Compiling borsh-schema-derive-internal v0.10.4
[INFO] [stderr]    Compiling borsh-derive-internal v0.10.4
[INFO] [stderr]    Compiling toml_edit v0.22.22
[INFO] [stderr]    Compiling wasm-bindgen-macro-support v0.2.95
[INFO] [stderr]    Compiling borsh-derive-internal v0.9.3
[INFO] [stderr]    Compiling borsh-schema-derive-internal v0.9.3
[INFO] [stderr]    Compiling blake3 v1.5.1
[INFO] [stderr]    Compiling ark-serialize-derive v0.4.2
[INFO] [stderr]    Compiling ark-ff-asm v0.4.2
[INFO] [stderr]    Compiling ark-ff-macros v0.4.2
[INFO] [stderr]    Compiling derivative v2.2.0
[INFO] [stderr]    Compiling rand_xoshiro v0.6.0
[INFO] [stderr]    Compiling miraland-frozen-abi v1.18.3
[INFO] [stderr]    Compiling memoffset v0.9.1
[INFO] [stderr]    Compiling serde_derive v1.0.214
[INFO] [stderr]    Compiling zerocopy-derive v0.7.35
[INFO] [stderr]    Compiling zeroize_derive v1.4.2
[INFO] [stderr]    Compiling thiserror-impl v1.0.66
[INFO] [stderr]    Compiling syn_derive v0.1.8
[INFO] [stderr]    Compiling zeroize v1.3.0
[INFO] [stderr]    Compiling zerocopy v0.7.35
[INFO] [stderr]    Compiling arrayref v0.3.9
[INFO] [stderr]    Compiling wasm-bindgen v0.2.95
[INFO] [stderr]    Compiling bs58 v0.4.0
[INFO] [stderr]    Compiling proc-macro-crate v3.2.0
[INFO] [stderr]    Compiling serde_json v1.0.132
[INFO] [stderr]    Compiling bytemuck_derive v1.8.0
[INFO] [stderr]    Compiling wasm-bindgen-macro v0.2.95
[INFO] [stderr]    Compiling ppv-lite86 v0.2.20
[INFO] [stderr]    Compiling hashbrown v0.11.2
[INFO] [stderr]    Compiling hashbrown v0.13.2
[INFO] [stderr]    Compiling borsh-derive v0.9.3
[INFO] [stderr]    Compiling rand_chacha v0.3.1
[INFO] [stderr]    Compiling rand_chacha v0.2.2
[INFO] [stderr]    Compiling rand v0.8.5
[INFO] [stderr]    Compiling rand v0.7.3
[INFO] [stderr]    Compiling borsh-derive v0.10.4
[INFO] [stderr]    Compiling unicode-normalization v0.1.24
[INFO] [stderr]    Compiling borsh-derive v1.5.1
[INFO] [stderr]    Compiling ark-std v0.4.0
[INFO] [stderr]    Compiling miraland-program v1.18.3
[INFO] [stderr]    Compiling memmap2 v0.5.10
[INFO] [stderr]    Compiling memchr v2.7.4
[INFO] [stderr]    Compiling base64 v0.12.3
[INFO] [stderr]    Compiling rustc-hash v1.1.0
[INFO] [stderr]    Compiling itoa v1.0.11
[INFO] [stderr]    Compiling arrayvec v0.7.6
[INFO] [stderr]    Compiling ryu v1.0.18
[INFO] [stderr]    Compiling constant_time_eq v0.3.1
[INFO] [stderr]    Compiling keccak v0.1.5
[INFO] [stderr]    Compiling miraland-sdk-macro v1.18.3
[INFO] [stderr]    Compiling borsh v0.10.4
[INFO] [stderr]    Compiling bytemuck v1.19.0
[INFO] [stderr]    Compiling borsh v0.9.3
[INFO] [stderr]    Compiling num-derive v0.4.2
[INFO] [stderr]    Compiling lazy_static v1.5.0
[INFO] [stderr]    Compiling static_assertions v1.1.0
[INFO] [stderr]    Compiling hex v0.4.3
[INFO] [stderr]    Compiling base64 v0.21.7
[INFO] [stderr]    Compiling uint v0.9.5
[INFO] [stderr]    Compiling num-derive v0.3.3
[INFO] [stderr]    Compiling serde_bytes v0.11.15
[INFO] [stderr]    Compiling bincode v1.3.3
[INFO] [stderr]    Compiling bitflags v2.6.0
[INFO] [stderr]    Compiling crypto-common v0.1.6
[INFO] [stderr]    Compiling block-buffer v0.10.4
[INFO] [stderr]    Compiling crypto-mac v0.8.0
[INFO] [stderr]    Compiling block-buffer v0.9.0
[INFO] [stderr]    Compiling curve25519-dalek v3.2.1
[INFO] [stderr]    Compiling digest v0.10.7
[INFO] [stderr]    Compiling hmac v0.8.1
[INFO] [stderr]    Compiling sha2 v0.9.9
[INFO] [stderr]    Compiling pbkdf2 v0.4.0
[INFO] [stderr]    Compiling hmac-drbg v0.3.0
[INFO] [stderr]    Compiling ark-serialize v0.4.2
[INFO] [stderr]    Compiling sha2 v0.10.8
[INFO] [stderr]    Compiling sha3 v0.10.8
[INFO] [stderr]    Compiling tiny-bip39 v0.8.2
[INFO] [stderr]    Compiling ark-ff v0.4.2
[INFO] [stderr]    Compiling ark-poly v0.4.2
[INFO] [stderr]    Compiling ark-ec v0.4.2
[INFO] [stderr]    Compiling ark-bn254 v0.4.0
[INFO] [stderr]    Compiling light-poseidon v0.2.0
[INFO] [stderr]    Compiling solarti-math v0.1.3 (/opt/rustwide/workdir)
[INFO] [stdout] warning: non-local `impl` definition, `impl` blocks should be written at the same level as their item
[INFO] [stdout]   --> src/error.rs:10:35
[INFO] [stdout]    |
[INFO] [stdout] 10 | #[derive(Clone, Debug, Eq, Error, FromPrimitive, PartialEq)]
[INFO] [stdout]    |                                   ^------------
[INFO] [stdout]    |                                   |
[INFO] [stdout]    |                                   `FromPrimitive` is not local
[INFO] [stdout]    |                                   move the `impl` block outside of this constant `_IMPL_NUM_FromPrimitive_FOR_MathError`
[INFO] [stdout] 11 | pub enum MathError {
[INFO] [stdout]    |          --------- `MathError` is not local
[INFO] [stdout]    |
[INFO] [stdout]    = note: the derive macro `FromPrimitive` defines the non-local `impl`, and may need to be changed
[INFO] [stdout]    = note: the derive macro `FromPrimitive` may come from an old version of the `num_derive` crate, try updating your dependency with `cargo update -p num_derive`
[INFO] [stdout]    = note: an `impl` is never scoped, even when it is nested inside an item, as it may impact type checking outside of that item, which can be the case if neither the trait or the self type are at the same nesting level as the `impl`
[INFO] [stdout]    = note: items in an anonymous const item (`const _: () = { ... }`) are treated as in the same scope as the anonymous const's declaration for the purpose of this lint
[INFO] [stdout]    = note: `#[warn(non_local_definitions)]` on by default
[INFO] [stdout]    = note: this warning originates in the derive macro `FromPrimitive` (in Nightly builds, run with -Z macro-backtrace for more info)
[INFO] [stdout] 
[INFO] [stdout] 
[INFO] [stderr]     Finished `dev` profile [unoptimized + debuginfo] target(s) in 58.27s
[INFO] running `Command { std: "docker" "inspect" "44d7b97b90d6c2175e88ff00ba7430aa65083c0be996ab9a9b9b07a92a791749", kill_on_drop: false }`
[INFO] running `Command { std: "docker" "rm" "-f" "44d7b97b90d6c2175e88ff00ba7430aa65083c0be996ab9a9b9b07a92a791749", kill_on_drop: false }`
[INFO] [stdout] 44d7b97b90d6c2175e88ff00ba7430aa65083c0be996ab9a9b9b07a92a791749
[INFO] running `Command { std: "docker" "create" "-v" "/var/lib/crater-agent-workspace/builds/worker-0-tc1/target:/opt/rustwide/target:rw,Z" "-v" "/var/lib/crater-agent-workspace/builds/worker-0-tc1/source:/opt/rustwide/workdir:ro,Z" "-v" "/var/lib/crater-agent-workspace/cargo-home:/opt/rustwide/cargo-home:ro,Z" "-v" "/var/lib/crater-agent-workspace/rustup-home:/opt/rustwide/rustup-home:ro,Z" "-e" "SOURCE_DIR=/opt/rustwide/workdir" "-e" "CARGO_TARGET_DIR=/opt/rustwide/target" "-e" "CARGO_INCREMENTAL=0" "-e" "RUST_BACKTRACE=full" "-e" "RUSTFLAGS=--cap-lints=forbid" "-e" "RUSTDOCFLAGS=--cap-lints=forbid" "-e" "CARGO_HOME=/opt/rustwide/cargo-home" "-e" "RUSTUP_HOME=/opt/rustwide/rustup-home" "-w" "/opt/rustwide/workdir" "-m" "1610612736" "--user" "0:0" "--network" "none" "ghcr.io/rust-lang/crates-build-env/linux@sha256:4a844ea9eb2546a2d2c7022eacef16ef2e8229c7fbb2c7d4d55a9ceca922f72d" "/opt/rustwide/cargo-home/bin/cargo" "+nightly-2024-10-28" "test" "--frozen" "--no-run" "--message-format=json", kill_on_drop: false }`
[INFO] [stdout] c67438c72a12b844077f6361c4ded8f04c50f78fd8186f99faeecb25180f57e6
[INFO] running `Command { std: "docker" "start" "-a" "c67438c72a12b844077f6361c4ded8f04c50f78fd8186f99faeecb25180f57e6", kill_on_drop: false }`
[INFO] [stderr]    Compiling byteorder v1.5.0
[INFO] [stderr]    Compiling memchr v2.7.4
[INFO] [stderr]    Compiling libm v0.2.11
[INFO] [stderr]    Compiling semver v1.0.23
[INFO] [stderr]    Compiling num-traits v0.2.19
[INFO] [stderr]    Compiling generic-array v0.14.7
[INFO] [stderr]    Compiling equivalent v1.0.1
[INFO] [stderr]    Compiling hashbrown v0.15.0
[INFO] [stderr]    Compiling toml_datetime v0.6.8
[INFO] [stderr]    Compiling zerocopy v0.7.35
[INFO] [stderr]    Compiling rustc_version v0.4.1
[INFO] [stderr]    Compiling getrandom v0.1.16
[INFO] [stderr]    Compiling indexmap v2.6.0
[INFO] [stderr]    Compiling fnv v1.0.7
[INFO] [stderr]    Compiling ahash v0.7.8
[INFO] [stderr]    Compiling rand_core v0.5.1
[INFO] [stderr]    Compiling bitflags v2.6.0
[INFO] [stderr]    Compiling proc-macro-error v1.0.4
[INFO] [stderr]    Compiling ppv-lite86 v0.2.20
[INFO] [stderr]    Compiling block-padding v0.2.1
[INFO] [stderr]    Compiling ahash v0.8.11
[INFO] [stderr]    Compiling block-buffer v0.9.0
[INFO] [stderr]    Compiling digest v0.9.0
[INFO] [stderr]    Compiling toml_edit v0.22.22
[INFO] [stderr]    Compiling libsecp256k1-core v0.2.2
[INFO] [stderr]    Compiling num-integer v0.1.46
[INFO] [stderr]    Compiling hashbrown v0.13.2
[INFO] [stderr]    Compiling serde_json v1.0.132
[INFO] [stderr]    Compiling rand_chacha v0.3.1
[INFO] [stderr]    Compiling num-bigint v0.4.6
[INFO] [stderr]    Compiling rand_chacha v0.2.2
[INFO] [stderr]    Compiling rand v0.8.5
[INFO] [stderr]    Compiling rand v0.7.3
[INFO] [stderr]    Compiling sha2 v0.9.9
[INFO] [stderr]    Compiling libsecp256k1-gen-genmult v0.2.1
[INFO] [stderr]    Compiling libsecp256k1-gen-ecmult v0.2.1
[INFO] [stderr]    Compiling miraland-frozen-abi-macro v1.18.3
[INFO] [stderr]    Compiling ark-std v0.4.0
[INFO] [stderr]    Compiling proc-macro-crate v3.2.0
[INFO] [stderr]    Compiling libsecp256k1 v0.6.0
[INFO] [stderr]    Compiling syn_derive v0.1.8
[INFO] [stderr]    Compiling curve25519-dalek v3.2.1
[INFO] [stderr]    Compiling miraland-frozen-abi v1.18.3
[INFO] [stderr]    Compiling percent-encoding v2.3.1
[INFO] [stderr]    Compiling hashbrown v0.11.2
[INFO] [stderr]    Compiling miraland-program v1.18.3
[INFO] [stderr]    Compiling tiny-bip39 v0.8.2
[INFO] [stderr]    Compiling ark-ff-macros v0.4.2
[INFO] [stderr]    Compiling ark-serialize v0.4.2
[INFO] [stderr]    Compiling borsh v0.9.3
[INFO] [stderr]    Compiling borsh-derive v1.5.1
[INFO] [stderr]    Compiling borsh v0.10.4
[INFO] [stderr]    Compiling pin-project-lite v0.2.15
[INFO] [stderr]    Compiling regex-syntax v0.8.5
[INFO] [stderr]    Compiling aho-corasick v1.1.3
[INFO] [stderr]    Compiling ark-ff v0.4.2
[INFO] [stderr]    Compiling ident_case v1.0.1
[INFO] [stderr]    Compiling strsim v0.11.1
[INFO] [stderr]    Compiling darling_core v0.20.10
[INFO] [stderr]    Compiling atty v0.2.14
[INFO] [stderr]    Compiling lock_api v0.4.12
[INFO] [stderr]    Compiling parking_lot_core v0.9.10
[INFO] [stderr]    Compiling bytes v1.8.0
[INFO] [stderr]    Compiling smallvec v1.13.2
[INFO] [stderr]    Compiling scopeguard v1.2.0
[INFO] [stderr]    Compiling signature v1.6.4
[INFO] [stderr]    Compiling termcolor v1.4.1
[INFO] [stderr]    Compiling regex-automata v0.4.8
[INFO] [stderr]    Compiling humantime v2.1.0
[INFO] [stderr]    Compiling borsh v1.5.1
[INFO] [stderr]    Compiling ed25519 v1.5.3
[INFO] [stderr]    Compiling num_enum_derive v0.7.3
[INFO] [stderr]    Compiling iana-time-zone v0.1.61
[INFO] [stderr]    Compiling futures-core v0.3.31
[INFO] [stderr]    Compiling parking_lot v0.12.3
[INFO] [stderr]    Compiling chrono v0.4.38
[INFO] [stderr]    Compiling ed25519-dalek v1.0.1
[INFO] [stderr]    Compiling miraland-sdk v1.18.3
[INFO] [stderr]    Compiling darling_macro v0.20.10
[INFO] [stderr]    Compiling hmac v0.12.1
[INFO] [stderr]    Compiling derivation-path v0.2.0
[INFO] [stderr]    Compiling qstring v0.7.2
[INFO] [stderr]    Compiling uriparse v0.6.4
[INFO] [stderr]    Compiling num_enum v0.7.3
[INFO] [stderr]    Compiling ed25519-dalek-bip32 v0.2.0
[INFO] [stderr]    Compiling darling v0.20.10
[INFO] [stderr]    Compiling pbkdf2 v0.11.0
[INFO] [stderr]    Compiling qualifier_attr v0.2.2
[INFO] [stderr]    Compiling serde_with_macros v2.3.3
[INFO] [stderr]    Compiling slab v0.4.9
[INFO] [stderr]    Compiling siphasher v0.3.11
[INFO] [stderr]    Compiling regex v1.11.1
[INFO] [stderr]    Compiling assert_matches v1.5.0
[INFO] [stderr]    Compiling futures-sink v0.3.31
[INFO] [stderr]    Compiling env_logger v0.9.3
[INFO] [stderr]    Compiling ring v0.17.8
[INFO] [stderr]    Compiling miraland-logger v1.18.3
[INFO] [stderr]    Compiling serde_with v2.3.3
[INFO] [stderr]    Compiling tokio-macros v2.4.0
[INFO] [stderr]    Compiling socket2 v0.5.7
[INFO] [stderr]    Compiling mio v1.0.2
[INFO] [stderr]    Compiling signal-hook-registry v1.4.2
[INFO] [stderr]    Compiling pin-utils v0.1.0
[INFO] [stderr]    Compiling tokio v1.41.0
[INFO] [stderr]    Compiling futures-channel v0.3.31
[INFO] [stderr]    Compiling futures-macro v0.3.31
[INFO] [stderr]    Compiling futures-task v0.3.31
[INFO] [stderr]    Compiling spin v0.9.8
[INFO] [stderr]    Compiling futures-io v0.3.31
[INFO] [stderr]    Compiling untrusted v0.9.0
[INFO] [stderr]    Compiling tracing-core v0.1.32
[INFO] [stderr]    Compiling tracing-attributes v0.1.27
[INFO] [stderr]    Compiling form_urlencoded v1.2.1
[INFO] [stderr]    Compiling unicode-bidi v0.3.17
[INFO] [stderr]    Compiling futures-util v0.3.31
[INFO] [stderr]    Compiling idna v0.5.0
[INFO] [stderr]    Compiling http v0.2.12
[INFO] [stderr]    Compiling tracing v0.1.40
[INFO] [stderr]    Compiling httparse v1.9.5
[INFO] [stderr]    Compiling base64 v0.13.1
[INFO] [stderr]    Compiling url v2.5.2
[INFO] [stderr]    Compiling crossbeam-channel v0.5.13
[INFO] [stderr]    Compiling rustls-pemfile v1.0.4
[INFO] [stderr]    Compiling rustls v0.21.12
[INFO] [stderr]    Compiling alloc-no-stdlib v2.0.4
[INFO] [stderr]    Compiling alloc-stdlib v0.2.2
[INFO] [stderr]    Compiling try-lock v0.2.5
[INFO] [stderr]    Compiling adler2 v2.0.0
[INFO] [stderr]    Compiling want v0.3.1
[INFO] [stderr]    Compiling miniz_oxide v0.8.0
[INFO] [stderr]    Compiling brotli-decompressor v4.0.1
[INFO] [stderr]    Compiling http-body v0.4.6
[INFO] [stderr]    Compiling cipher v0.3.0
[INFO] [stderr]    Compiling crc32fast v1.4.2
[INFO] [stderr]    Compiling tower-service v0.3.3
[INFO] [stderr]    Compiling httpdate v1.0.3
[INFO] [stderr]    Compiling flate2 v1.0.34
[INFO] [stderr]    Compiling brotli v7.0.0
[INFO] [stderr]    Compiling universal-hash v0.4.1
[INFO] [stderr]    Compiling polyval v0.5.3
[INFO] [stderr]    Compiling ctr v0.8.0
[INFO] [stderr]    Compiling aes v0.7.5
[INFO] [stderr]    Compiling serde_urlencoded v0.7.1
[INFO] [stderr]    Compiling ark-poly v0.4.2
[INFO] [stderr]    Compiling crypto-common v0.1.6
[INFO] [stderr]    Compiling block-buffer v0.10.4
[INFO] [stderr]    Compiling aead v0.4.3
[INFO] [stderr]    Compiling encoding_rs v0.8.35
[INFO] [stderr]    Compiling webpki-roots v0.25.4
[INFO] [stderr]    Compiling sync_wrapper v0.1.2
[INFO] [stderr]    Compiling ipnet v2.10.1
[INFO] [stderr]    Compiling mime v0.3.17
[INFO] [stderr]    Compiling sct v0.7.1
[INFO] [stderr]    Compiling rustls-webpki v0.101.7
[INFO] [stderr]    Compiling aes-gcm-siv v0.10.3
[INFO] [stderr]    Compiling digest v0.10.7
[INFO] [stderr]    Compiling ark-ec v0.4.2
[INFO] [stderr]    Compiling sha3 v0.9.1
[INFO] [stderr]    Compiling tokio-util v0.7.12
[INFO] [stderr]    Compiling merlin v3.0.0
[INFO] [stderr]    Compiling gethostname v0.2.3
[INFO] [stderr]    Compiling sha2 v0.10.8
[INFO] [stderr]    Compiling miraland-program-runtime v1.14.19
[INFO] [stderr]    Compiling h2 v0.3.26
[INFO] [stderr]    Compiling enum-iterator-derive v0.8.1
[INFO] [stderr]    Compiling rustix v0.38.38
[INFO] [stderr]    Compiling libloading v0.7.4
[INFO] [stderr]    Compiling pkg-config v0.3.31
[INFO] [stderr]    Compiling ark-bn254 v0.4.0
[INFO] [stderr]    Compiling enum-iterator v0.8.1
[INFO] [stderr]    Compiling eager v0.1.0
[INFO] [stderr]    Compiling linux-raw-sys v0.4.14
[INFO] [stderr]    Compiling light-poseidon v0.2.0
[INFO] [stderr]    Compiling ring v0.16.20
[INFO] [stderr]    Compiling tokio-rustls v0.24.1
[INFO] [stderr]    Compiling async-compression v0.4.17
[INFO] [stderr]    Compiling solarti-program-error-derive v0.3.7
[INFO] [stderr]    Compiling solarti-discriminator-syn v0.1.6
[INFO] [stderr]    Compiling bitflags v1.3.2
[INFO] [stderr]    Compiling spin v0.5.2
[INFO] [stderr]    Compiling untrusted v0.7.1
[INFO] [stderr]    Compiling fastrand v2.1.1
[INFO] [stderr]    Compiling solarti-discriminator-derive v0.1.6
[INFO] [stderr]    Compiling webpki v0.22.4
[INFO] [stderr]    Compiling num-conv v0.1.0
[INFO] [stderr]    Compiling rustls v0.20.9
[INFO] [stderr]    Compiling powerfmt v0.2.0
[INFO] [stderr]    Compiling time-core v0.1.2
[INFO] [stderr]    Compiling unicode-width v0.1.14
[INFO] [stderr]    Compiling winnow v0.5.40
[INFO] [stderr]    Compiling deranged v0.3.11
[INFO] [stderr]    Compiling time-macros v0.2.18
[INFO] [stderr]    Compiling tempfile v3.13.0
[INFO] [stderr]    Compiling zstd-sys v2.0.13+zstd.1.5.6
[INFO] [stderr]    Compiling miraland-vote-program v1.14.19
[INFO] [stderr]    Compiling proc-macro2 v0.4.30
[INFO] [stderr]    Compiling hyper v0.14.31
[INFO] [stderr]    Compiling time v0.3.36
[INFO] [stderr]    Compiling toml_edit v0.19.15
[INFO] [stderr]    Compiling futures-executor v0.3.31
[INFO] [stderr]    Compiling minimal-lexical v0.2.1
[INFO] [stderr]    Compiling proc-macro-crate v1.3.1
[INFO] [stderr]    Compiling unicode-xid v0.1.0
[INFO] [stderr]    Compiling unicode-xid v0.2.6
[INFO] [stderr]    Compiling synstructure v0.12.6
[INFO] [stderr]    Compiling nom v7.1.3
[INFO] [stderr]    Compiling console v0.15.8
[INFO] [stderr]    Compiling hashbrown v0.12.3
[INFO] [stderr]    Compiling num_enum_derive v0.5.11
[INFO] [stderr]    Compiling hyper-rustls v0.24.2
[INFO] [stderr]    Compiling reqwest v0.11.27
[INFO] [stderr]    Compiling num-bigint v0.2.6
[INFO] [stderr]    Compiling syn v0.15.44
[INFO] [stderr]    Compiling zstd-safe v5.0.2+zstd.1.5.2
[INFO] [stderr]    Compiling num_enum v0.5.11
[INFO] [stderr]    Compiling asn1-rs-derive v0.4.0
[INFO] [stderr]    Compiling quote v0.6.13
[INFO] [stderr]    Compiling miraland-address-lookup-table-program v1.14.19
[INFO] [stderr]    Compiling displaydoc v0.2.5
[INFO] [stderr]    Compiling rusticata-macros v4.1.0
[INFO] [stderr]    Compiling asn1-rs-impl v0.1.0
[INFO] [stderr]    Compiling pin-project-internal v1.1.7
[INFO] [stderr]    Compiling async-trait v0.1.83
[INFO] [stderr]    Compiling num_cpus v1.16.0
[INFO] [stderr]    Compiling indexmap v1.9.3
[INFO] [stderr]    Compiling num-complex v0.2.4
[INFO] [stderr]    Compiling memoffset v0.6.5
[INFO] [stderr]    Compiling num-rational v0.2.4
[INFO] [stderr]    Compiling winnow v0.4.1
[INFO] [stderr]    Compiling openssl-probe v0.1.5
[INFO] [stderr]    Compiling shell-words v1.1.0
[INFO] [stderr]    Compiling rustls-native-certs v0.6.3
[INFO] [stderr]    Compiling dialoguer v0.10.4
[INFO] [stderr]    Compiling asn1-rs v0.5.2
[INFO] [stderr]    Compiling pin-project v1.1.7
[INFO] [stderr]    Compiling futures v0.3.31
[INFO] [stderr]    Compiling textwrap v0.11.0
[INFO] [stderr]    Compiling rustls-pemfile v0.2.1
[INFO] [stderr]    Compiling miraland-version v1.18.3
[INFO] [stderr]    Compiling fxhash v0.2.1
[INFO] [stderr]    Compiling rtoolbox v0.0.2
[INFO] [stderr]    Compiling memoffset v0.7.1
[INFO] [stderr]    Compiling ansi_term v0.12.1
[INFO] [stderr]    Compiling const-oid v0.7.1
[INFO] [stderr]    Compiling strsim v0.8.0
[INFO] [stderr]    Compiling oid-registry v0.6.1
[INFO] [stderr]    Compiling vec_map v0.8.2
[INFO] [stderr]    Compiling clap v2.34.0
[INFO] [stderr]    Compiling der v0.5.1
[INFO] [stderr]    Compiling rpassword v7.3.1
[INFO] [stderr]    Compiling quinn-proto v0.8.4
[INFO] [stderr]    Compiling dlopen_derive v0.1.4
[INFO] [stderr]    Compiling miraland-rayon-threadlimit v1.18.3
[INFO] [stderr]    Compiling bzip2-sys v0.1.11+1.0.8
[INFO] [stderr]    Compiling enum-ordinalize v3.1.15
[INFO] [stderr]    Compiling num-iter v0.1.45
[INFO] [stderr]    Compiling sharded-slab v0.1.7
[INFO] [stderr]    Compiling lz4-sys v1.11.1+lz4-1.10.0
[INFO] [stderr]    Compiling socket2 v0.4.10
[INFO] [stderr]    Compiling dirs-sys-next v0.1.2
[INFO] [stderr]    Compiling thread_local v1.1.8
[INFO] [stderr]    Compiling miraland-perf v1.14.19
[INFO] [stderr]    Compiling os_str_bytes v6.6.1
[INFO] [stderr]    Compiling unsafe-libyaml v0.2.11
[INFO] [stderr]    Compiling base64ct v1.6.0
[INFO] [stderr]    Compiling spki v0.5.4
[INFO] [stderr]    Compiling clap_lex v0.2.4
[INFO] [stderr]    Compiling tracing-subscriber v0.3.18
[INFO] [stderr]    Compiling dirs-next v2.0.0
[INFO] [stderr]    Compiling educe v0.4.23
[INFO] [stderr]    Compiling serde_yaml v0.9.34+deprecated
[INFO] [stderr]    Compiling quinn-udp v0.1.4
[INFO] [stderr]    Compiling num v0.2.1
[INFO] [stderr]    Compiling nix v0.24.3
[INFO] [stderr]    Compiling solarti-program-error v0.3.7
[INFO] [stderr]    Compiling solarti-discriminator v0.1.6
[INFO] [stderr]    Compiling solarti-memo v4.0.2
[INFO] [stderr]    Compiling solarti-token v3.5.6
[INFO] [stderr]    Compiling solarti-memo v3.0.7
[INFO] [stderr]    Compiling solarti-token v4.1.1
[INFO] [stderr]    Compiling dlopen v0.1.8
[INFO] [stderr]    Compiling zstd v0.11.2+zstd.1.5.2
[INFO] [stderr]    Compiling der-parser v8.2.0
[INFO] [stderr]    Compiling opentelemetry v0.17.0
[INFO] [stderr]    Compiling yasna v0.5.2
[INFO] [stderr]    Compiling webpki-roots v0.22.6
[INFO] [stderr]    Compiling pem v1.1.1
[INFO] [stderr]    Compiling Inflector v0.11.4
[INFO] [stderr]    Compiling miraland-stake-program v1.14.19
[INFO] [stderr]    Compiling sha-1 v0.10.1
[INFO] [stderr]    Compiling caps v0.5.5
[INFO] [stderr]    Compiling modular-bitfield-impl v0.11.2
[INFO] [stderr]    Compiling heck v0.4.1
[INFO] [stderr]    Compiling strsim v0.10.0
[INFO] [stderr]    Compiling same-file v1.0.6
[INFO] [stderr]    Compiling data-encoding v2.6.0
[INFO] [stderr]    Compiling textwrap v0.16.1
[INFO] [stderr]    Compiling utf-8 v0.7.6
[INFO] [stderr]    Compiling clap v3.2.25
[INFO] [stderr]    Compiling tungstenite v0.17.3
[INFO] [stderr]    Compiling modular-bitfield v0.11.2
[INFO] [stderr]    Compiling x509-parser v0.14.0
[INFO] [stderr]    Compiling ouroboros_macro v0.15.6
[INFO] [stderr]    Compiling walkdir v2.5.0
[INFO] [stderr]    Compiling tracing-opentelemetry v0.17.4
[INFO] [stderr]    Compiling strum_macros v0.24.3
[INFO] [stderr]    Compiling rcgen v0.9.3
[INFO] [stderr]    Compiling nix v0.26.4
[INFO] [stderr]    Compiling percentage v0.1.0
[INFO] [stderr]    Compiling quinn v0.8.5
[INFO] [stderr]    Compiling miraland-measure v1.18.3
[INFO] [stderr]    Compiling miraland-metrics v1.18.3
[INFO] [stderr]    Compiling miraland-zk-token-sdk v1.18.3
[INFO] [stderr]    Compiling miraland-remote-wallet v1.18.3
[INFO] [stdout] error[E0432]: unresolved import `solana_sdk::keyed_account`
[INFO] [stdout]  --> /opt/rustwide/cargo-home/registry/src/index.crates.io-6f17d22bba15001f/miraland-program-runtime-1.14.19/src/invoke_context.rs:2:17
[INFO] [stdout]   |
[INFO] [stdout] 2 | use solana_sdk::keyed_account::{create_keyed_accounts_unified, KeyedAccount};
[INFO] [stdout]   |                 ^^^^^^^^^^^^^ could not find `keyed_account` in `solana_sdk`
[INFO] [stdout] 
[INFO] [stdout] 
[INFO] [stderr]    Compiling miraland-clap-utils v1.18.3
[INFO] [stdout] error[E0599]: no variant or associated item named `MaxAccountsDataSizeExceeded` found for enum `solana_sdk::instruction::InstructionError` in the current scope
[INFO] [stdout]   --> /opt/rustwide/cargo-home/registry/src/index.crates.io-6f17d22bba15001f/miraland-program-runtime-1.14.19/src/accounts_data_meter.rs:83:42
[INFO] [stdout]    |
[INFO] [stdout] 83 |             return Err(InstructionError::MaxAccountsDataSizeExceeded);
[INFO] [stdout]    |                                          ^^^^^^^^^^^^^^^^^^^^^^^^^^^ variant or associated item not found in `InstructionError`
[INFO] [stdout]    |
[INFO] [stdout] help: there is a variant with a similar name
[INFO] [stdout]    |
[INFO] [stdout] 83 |             return Err(InstructionError::MaxAccountsExceeded;
[INFO] [stdout]    |                                          ~~~~~~~~~~~~~~~~~~~
[INFO] [stdout] 
[INFO] [stdout] 
[INFO] [stdout] error[E0308]: mismatched types
[INFO] [stdout]    --> /opt/rustwide/cargo-home/registry/src/index.crates.io-6f17d22bba15001f/miraland-program-runtime-1.14.19/src/invoke_context.rs:249:13
[INFO] [stdout]     |
[INFO] [stdout] 248 |           let program_id = self.transaction_context.get_key_of_account_at_index(
[INFO] [stdout]     |                                                     --------------------------- arguments to this method are incorrect
[INFO] [stdout] 249 | /             *program_indices
[INFO] [stdout] 250 | |                 .last()
[INFO] [stdout] 251 | |                 .ok_or(InstructionError::UnsupportedProgramId)?,
[INFO] [stdout]     | |_______________________________________________________________^ expected `u16`, found `usize`
[INFO] [stdout]     |
[INFO] [stdout] note: method defined here
[INFO] [stdout]    --> /opt/rustwide/cargo-home/registry/src/index.crates.io-6f17d22bba15001f/miraland-sdk-1.18.3/src/transaction_context.rs:216:12
[INFO] [stdout]     |
[INFO] [stdout] 216 |     pub fn get_key_of_account_at_index(
[INFO] [stdout]     |            ^^^^^^^^^^^^^^^^^^^^^^^^^^^
[INFO] [stdout] help: you can convert a `usize` to a `u16` and panic if the converted value doesn't fit
[INFO] [stdout]     |
[INFO] [stdout] 249 ~             (*program_indices
[INFO] [stdout] 250 |                 .last()
[INFO] [stdout] 251 ~                 .ok_or(InstructionError::UnsupportedProgramId)?).try_into().unwrap(),
[INFO] [stdout]     |
[INFO] [stdout] 
[INFO] [stdout] 
[INFO] [stdout] error[E0308]: mismatched types
[INFO] [stdout]    --> /opt/rustwide/cargo-home/registry/src/index.crates.io-6f17d22bba15001f/miraland-program-runtime-1.14.19/src/invoke_context.rs:268:53
[INFO] [stdout]     |
[INFO] [stdout] 268 |                     if instruction_account_index != instruction_account.index_in_callee {
[INFO] [stdout]     |                                                     ^^^^^^^^^^^^^^^^^^^^^^^^^^^^^^^^^^^ expected `usize`, found `u16`
[INFO] [stdout] 
[INFO] [stdout] 
[INFO] [stdout] error[E0277]: can't compare `usize` with `u16`
[INFO] [stdout]    --> /opt/rustwide/cargo-home/registry/src/index.crates.io-6f17d22bba15001f/miraland-program-runtime-1.14.19/src/invoke_context.rs:268:50
[INFO] [stdout]     |
[INFO] [stdout] 268 |                     if instruction_account_index != instruction_account.index_in_callee {
[INFO] [stdout]     |                                                  ^^ no implementation for `usize == u16`
[INFO] [stdout]     |
[INFO] [stdout]     = help: the trait `PartialEq<u16>` is not implemented for `usize`
[INFO] [stdout]     = help: the following other types implement trait `PartialEq<Rhs>`:
[INFO] [stdout]               `usize` implements `PartialEq<serde_json::value::Value>`
[INFO] [stdout]               `usize` implements `PartialEq`
[INFO] [stdout] 
[INFO] [stdout] 
[INFO] [stdout] error[E0599]: no method named `get_instruction_context_at` found for mutable reference `&'a mut solana_sdk::transaction_context::TransactionContext` in the current scope
[INFO] [stdout]    --> /opt/rustwide/cargo-home/registry/src/index.crates.io-6f17d22bba15001f/miraland-program-runtime-1.14.19/src/invoke_context.rs:295:26
[INFO] [stdout]     |
[INFO] [stdout] 294 | /                     self.transaction_context
[INFO] [stdout] 295 | |                         .get_instruction_context_at(level)
[INFO] [stdout]     | |_________________________-^^^^^^^^^^^^^^^^^^^^^^^^^^
[INFO] [stdout]     |
[INFO] [stdout] help: there is a method `get_instruction_context_stack_height` with a similar name, but with different arguments
[INFO] [stdout]    --> /opt/rustwide/cargo-home/registry/src/index.crates.io-6f17d22bba15001f/miraland-sdk-1.18.3/src/transaction_context.rs:296:5
[INFO] [stdout]     |
[INFO] [stdout] 296 |     pub fn get_instruction_context_stack_height(&self) -> usize {
[INFO] [stdout]     |     ^^^^^^^^^^^^^^^^^^^^^^^^^^^^^^^^^^^^^^^^^^^^^^^^^^^^^^^^^^^
[INFO] [stdout] 
[INFO] [stdout] 
[INFO] [stdout] error[E0308]: mismatched types
[INFO] [stdout]    --> /opt/rustwide/cargo-home/registry/src/index.crates.io-6f17d22bba15001f/miraland-program-runtime-1.14.19/src/invoke_context.rs:326:54
[INFO] [stdout]     |
[INFO] [stdout] 326 |                         .get_key_of_account_at_index(*account_index)?,
[INFO] [stdout]     |                          --------------------------- ^^^^^^^^^^^^^^ expected `u16`, found `usize`
[INFO] [stdout]     |                          |
[INFO] [stdout]     |                          arguments to this method are incorrect
[INFO] [stdout]     |
[INFO] [stdout] note: method defined here
[INFO] [stdout]    --> /opt/rustwide/cargo-home/registry/src/index.crates.io-6f17d22bba15001f/miraland-sdk-1.18.3/src/transaction_context.rs:216:12
[INFO] [stdout]     |
[INFO] [stdout] 216 |     pub fn get_key_of_account_at_index(
[INFO] [stdout]     |            ^^^^^^^^^^^^^^^^^^^^^^^^^^^
[INFO] [stdout] help: you can convert a `usize` to a `u16` and panic if the converted value doesn't fit
[INFO] [stdout]     |
[INFO] [stdout] 326 |                         .get_key_of_account_at_index((*account_index).try_into().unwrap())?,
[INFO] [stdout]     |                                                      +              +++++++++++++++++++++
[INFO] [stdout] 
[INFO] [stdout] 
[INFO] [stdout] error[E0308]: mismatched types
[INFO] [stdout]    --> /opt/rustwide/cargo-home/registry/src/index.crates.io-6f17d22bba15001f/miraland-program-runtime-1.14.19/src/invoke_context.rs:328:47
[INFO] [stdout]     |
[INFO] [stdout] 328 |                         .get_account_at_index(*account_index)?,
[INFO] [stdout]     |                          -------------------- ^^^^^^^^^^^^^^ expected `u16`, found `usize`
[INFO] [stdout]     |                          |
[INFO] [stdout]     |                          arguments to this method are incorrect
[INFO] [stdout]     |
[INFO] [stdout] note: method defined here
[INFO] [stdout]    --> /opt/rustwide/cargo-home/registry/src/index.crates.io-6f17d22bba15001f/miraland-sdk-1.18.3/src/transaction_context.rs:227:12
[INFO] [stdout]     |
[INFO] [stdout] 227 |     pub fn get_account_at_index(
[INFO] [stdout]     |            ^^^^^^^^^^^^^^^^^^^^
[INFO] [stdout] help: you can convert a `usize` to a `u16` and panic if the converted value doesn't fit
[INFO] [stdout]     |
[INFO] [stdout] 328 |                         .get_account_at_index((*account_index).try_into().unwrap())?,
[INFO] [stdout]     |                                               +              +++++++++++++++++++++
[INFO] [stdout] 
[INFO] [stdout] 
[INFO] [stderr]    Compiling tokio-serde v0.8.0
[INFO] [stdout] error[E0061]: this method takes 0 arguments but 3 arguments were supplied
[INFO] [stdout]    --> /opt/rustwide/cargo-home/registry/src/index.crates.io-6f17d22bba15001f/miraland-program-runtime-1.14.19/src/invoke_context.rs:353:14
[INFO] [stdout]     |
[INFO] [stdout] 353 |             .push(program_indices, instruction_accounts, instruction_data)
[INFO] [stdout]     |              ^^^^ ---------------  --------------------  ---------------- unexpected argument #3 of type `&[u8]`
[INFO] [stdout]     |                   |                |
[INFO] [stdout]     |                   |                unexpected argument #2 of type `&[InstructionAccount]`
[INFO] [stdout]     |                   unexpected argument #1 of type `&[usize]`
[INFO] [stdout]     |
[INFO] [stdout] note: method defined here
[INFO] [stdout]    --> /opt/rustwide/cargo-home/registry/src/index.crates.io-6f17d22bba15001f/miraland-sdk-1.18.3/src/transaction_context.rs:322:12
[INFO] [stdout]     |
[INFO] [stdout] 322 |     pub fn push(&mut self) -> Result<(), InstructionError> {
[INFO] [stdout]     |            ^^^^
[INFO] [stdout] help: remove the extra arguments
[INFO] [stdout]     |
[INFO] [stdout] 353 -             .push(program_indices, instruction_accounts, instruction_data)
[INFO] [stdout] 353 +             .push()
[INFO] [stdout]     |
[INFO] [stdout] 
[INFO] [stdout] 
[INFO] [stderr]    Compiling pkcs8 v0.8.0
[INFO] [stdout] error[E0308]: mismatched types
[INFO] [stdout]    --> /opt/rustwide/cargo-home/registry/src/index.crates.io-6f17d22bba15001f/miraland-program-runtime-1.14.19/src/invoke_context.rs:391:39
[INFO] [stdout]     |
[INFO] [stdout] 391 |                 .get_account_at_index(*account_index)?
[INFO] [stdout]     |                  -------------------- ^^^^^^^^^^^^^^ expected `u16`, found `usize`
[INFO] [stdout]     |                  |
[INFO] [stdout]     |                  arguments to this method are incorrect
[INFO] [stdout]     |
[INFO] [stdout] note: method defined here
[INFO] [stdout]    --> /opt/rustwide/cargo-home/registry/src/index.crates.io-6f17d22bba15001f/miraland-sdk-1.18.3/src/transaction_context.rs:227:12
[INFO] [stdout]     |
[INFO] [stdout] 227 |     pub fn get_account_at_index(
[INFO] [stdout]     |            ^^^^^^^^^^^^^^^^^^^^
[INFO] [stdout] help: you can convert a `usize` to a `u16` and panic if the converted value doesn't fit
[INFO] [stdout]     |
[INFO] [stdout] 391 |                 .get_account_at_index((*account_index).try_into().unwrap())?
[INFO] [stdout]     |                                       +              +++++++++++++++++++++
[INFO] [stdout] 
[INFO] [stdout] 
[INFO] [stdout] error[E0308]: mismatched types
[INFO] [stdout]    --> /opt/rustwide/cargo-home/registry/src/index.crates.io-6f17d22bba15001f/miraland-program-runtime-1.14.19/src/invoke_context.rs:402:45
[INFO] [stdout]     |
[INFO] [stdout] 402 |             if instruction_account_index != instruction_account.index_in_callee {
[INFO] [stdout]     |                                             ^^^^^^^^^^^^^^^^^^^^^^^^^^^^^^^^^^^ expected `usize`, found `u16`
[INFO] [stdout] 
[INFO] [stdout] 
[INFO] [stdout] error[E0277]: can't compare `usize` with `u16`
[INFO] [stdout]    --> /opt/rustwide/cargo-home/registry/src/index.crates.io-6f17d22bba15001f/miraland-program-runtime-1.14.19/src/invoke_context.rs:402:42
[INFO] [stdout]     |
[INFO] [stdout] 402 |             if instruction_account_index != instruction_account.index_in_callee {
[INFO] [stdout]     |                                          ^^ no implementation for `usize == u16`
[INFO] [stdout]     |
[INFO] [stdout]     = help: the trait `PartialEq<u16>` is not implemented for `usize`
[INFO] [stdout]     = help: the following other types implement trait `PartialEq<Rhs>`:
[INFO] [stdout]               `usize` implements `PartialEq<serde_json::value::Value>`
[INFO] [stdout]               `usize` implements `PartialEq`
[INFO] [stdout] 
[INFO] [stdout] 
[INFO] [stderr]    Compiling miraland-cli-config v1.18.3
[INFO] [stdout] error[E0308]: mismatched types
[INFO] [stdout]    --> /opt/rustwide/cargo-home/registry/src/index.crates.io-6f17d22bba15001f/miraland-program-runtime-1.14.19/src/invoke_context.rs:486:45
[INFO] [stdout]     |
[INFO] [stdout] 486 |             if instruction_account_index != instruction_account.index_in_callee {
[INFO] [stdout]     |                                             ^^^^^^^^^^^^^^^^^^^^^^^^^^^^^^^^^^^ expected `usize`, found `u16`
[INFO] [stdout] 
[INFO] [stdout] 
[INFO] [stdout] error[E0277]: can't compare `usize` with `u16`
[INFO] [stdout]    --> /opt/rustwide/cargo-home/registry/src/index.crates.io-6f17d22bba15001f/miraland-program-runtime-1.14.19/src/invoke_context.rs:486:42
[INFO] [stdout]     |
[INFO] [stdout] 486 |             if instruction_account_index != instruction_account.index_in_callee {
[INFO] [stdout]     |                                          ^^ no implementation for `usize == u16`
[INFO] [stdout]     |
[INFO] [stdout]     = help: the trait `PartialEq<u16>` is not implemented for `usize`
[INFO] [stdout]     = help: the following other types implement trait `PartialEq<Rhs>`:
[INFO] [stdout]               `usize` implements `PartialEq<serde_json::value::Value>`
[INFO] [stdout]               `usize` implements `PartialEq`
[INFO] [stdout] 
[INFO] [stdout] 
[INFO] [stdout] error[E0308]: mismatched types
[INFO] [stdout]    --> /opt/rustwide/cargo-home/registry/src/index.crates.io-6f17d22bba15001f/miraland-program-runtime-1.14.19/src/invoke_context.rs:639:38
[INFO] [stdout]     |
[INFO] [stdout] 639 |                     index_in_callee: instruction_account_index,
[INFO] [stdout]     |                                      ^^^^^^^^^^^^^^^^^^^^^^^^^ expected `u16`, found `usize`
[INFO] [stdout] 
[INFO] [stdout] 
[INFO] [stdout] error[E0061]: this method takes 1 argument but 0 arguments were supplied
[INFO] [stdout]     --> /opt/rustwide/cargo-home/registry/src/index.crates.io-6f17d22bba15001f/miraland-program-runtime-1.14.19/src/invoke_context.rs:694:38
[INFO] [stdout]      |
[INFO] [stdout] 694  |         if !borrowed_program_account.is_executable() {
[INFO] [stdout]      |                                      ^^^^^^^^^^^^^-- argument #1 of type `&FeatureSet` is missing
[INFO] [stdout]      |
[INFO] [stdout] note: method defined here
[INFO] [stdout]     --> /opt/rustwide/cargo-home/registry/src/index.crates.io-6f17d22bba15001f/miraland-sdk-1.18.3/src/transaction_context.rs:1043:12
[INFO] [stdout]      |
[INFO] [stdout] 1043 |     pub fn is_executable(&self, feature_set: &FeatureSet) -> bool {
[INFO] [stdout]      |            ^^^^^^^^^^^^^
[INFO] [stdout] help: provide the argument
[INFO] [stdout]      |
[INFO] [stdout] 694  |         if !borrowed_program_account.is_executable(/* &FeatureSet */) {
[INFO] [stdout]      |                                                   ~~~~~~~~~~~~~~~~~~~
[INFO] [stdout] 
[INFO] [stdout] 
[INFO] [stdout] error[E0308]: mismatched types
[INFO] [stdout]    --> /opt/rustwide/cargo-home/registry/src/index.crates.io-6f17d22bba15001f/miraland-program-runtime-1.14.19/src/invoke_context.rs:728:35
[INFO] [stdout]     |
[INFO] [stdout] 708 |                     program_indices.push(programdata_account_index);
[INFO] [stdout]     |                     ---------------      ------------------------- this argument has type `u16`...
[INFO] [stdout]     |                     |
[INFO] [stdout]     |                     ... which causes `program_indices` to have type `Vec<u16>`
[INFO] [stdout] ...
[INFO] [stdout] 728 |         Ok((instruction_accounts, program_indices))
[INFO] [stdout]     |                                   ^^^^^^^^^^^^^^^ expected `Vec<usize>`, found `Vec<u16>`
[INFO] [stdout]     |
[INFO] [stdout]     = note: expected struct `Vec<usize>`
[INFO] [stdout]                found struct `Vec<u16>`
[INFO] [stdout] help: you can convert a `u16` to a `usize`
[INFO] [stdout]     |
[INFO] [stdout] 708 |                     program_indices.push(programdata_account_index.into());
[INFO] [stdout]     |                                                                   +++++++
[INFO] [stdout] 
[INFO] [stdout] 
[INFO] [stderr]    Compiling tokio-rustls v0.23.4
[INFO] [stdout] error[E0308]: mismatched types
[INFO] [stdout]    --> /opt/rustwide/cargo-home/registry/src/index.crates.io-6f17d22bba15001f/miraland-program-runtime-1.14.19/src/invoke_context.rs:924:42
[INFO] [stdout]     |
[INFO] [stdout] 924 |             .get_key_of_account_at_index(index_in_transaction)
[INFO] [stdout]     |              --------------------------- ^^^^^^^^^^^^^^^^^^^^ expected `u16`, found `usize`
[INFO] [stdout]     |              |
[INFO] [stdout]     |              arguments to this method are incorrect
[INFO] [stdout]     |
[INFO] [stdout] note: method defined here
[INFO] [stdout]    --> /opt/rustwide/cargo-home/registry/src/index.crates.io-6f17d22bba15001f/miraland-sdk-1.18.3/src/transaction_context.rs:216:12
[INFO] [stdout]     |
[INFO] [stdout] 216 |     pub fn get_key_of_account_at_index(
[INFO] [stdout]     |            ^^^^^^^^^^^^^^^^^^^^^^^^^^^
[INFO] [stdout] help: you can convert a `usize` to a `u16` and panic if the converted value doesn't fit
[INFO] [stdout]     |
[INFO] [stdout] 924 |             .get_key_of_account_at_index(index_in_transaction.try_into().unwrap())
[INFO] [stdout]     |                                                              ++++++++++++++++++++
[INFO] [stdout] 
[INFO] [stdout] 
[INFO] [stdout] error[E0308]: mismatched types
[INFO] [stdout]     --> /opt/rustwide/cargo-home/registry/src/index.crates.io-6f17d22bba15001f/miraland-program-runtime-1.14.19/src/invoke_context.rs:1006:61
[INFO] [stdout]      |
[INFO] [stdout] 1006 |                 instruction_account.index_in_transaction == index_in_transaction
[INFO] [stdout]      |                                                             ^^^^^^^^^^^^^^^^^^^^ expected `u16`, found `usize`
[INFO] [stdout] 
[INFO] [stdout] 
[INFO] [stdout] error[E0277]: can't compare `u16` with `usize`
[INFO] [stdout]     --> /opt/rustwide/cargo-home/registry/src/index.crates.io-6f17d22bba15001f/miraland-program-runtime-1.14.19/src/invoke_context.rs:1006:58
[INFO] [stdout]      |
[INFO] [stdout] 1006 |                 instruction_account.index_in_transaction == index_in_transaction
[INFO] [stdout]      |                                                          ^^ no implementation for `u16 == usize`
[INFO] [stdout]      |
[INFO] [stdout]      = help: the trait `PartialEq<usize>` is not implemented for `u16`
[INFO] [stdout]      = help: the following other types implement trait `PartialEq<Rhs>`:
[INFO] [stdout]                `u16` implements `PartialEq<http::status::StatusCode>`
[INFO] [stdout]                `u16` implements `PartialEq<http::uri::port::Port<T>>`
[INFO] [stdout]                `u16` implements `PartialEq<serde_json::value::Value>`
[INFO] [stdout]                `u16` implements `PartialEq`
[INFO] [stdout] 
[INFO] [stdout] 
[INFO] [stdout] error[E0308]: mismatched types
[INFO] [stdout]     --> /opt/rustwide/cargo-home/registry/src/index.crates.io-6f17d22bba15001f/miraland-program-runtime-1.14.19/src/invoke_context.rs:1010:13
[INFO] [stdout]      |
[INFO] [stdout] 1010 |             index_in_transaction,
[INFO] [stdout]      |             ^^^^^^^^^^^^^^^^^^^^ expected `u16`, found `usize`
[INFO] [stdout]      |
[INFO] [stdout] help: you can convert a `usize` to a `u16` and panic if the converted value doesn't fit
[INFO] [stdout]      |
[INFO] [stdout] 1010 |             index_in_transaction: index_in_transaction.try_into().unwrap(),
[INFO] [stdout]      |             +++++++++++++++++++++                     ++++++++++++++++++++
[INFO] [stdout] 
[INFO] [stdout] 
[INFO] [stdout] error[E0308]: mismatched types
[INFO] [stdout]     --> /opt/rustwide/cargo-home/registry/src/index.crates.io-6f17d22bba15001f/miraland-program-runtime-1.14.19/src/invoke_context.rs:1011:30
[INFO] [stdout]      |
[INFO] [stdout] 1011 |             index_in_caller: index_in_transaction,
[INFO] [stdout]      |                              ^^^^^^^^^^^^^^^^^^^^ expected `u16`, found `usize`
[INFO] [stdout] 
[INFO] [stdout] 
[INFO] [stdout] error[E0308]: mismatched types
[INFO] [stdout]     --> /opt/rustwide/cargo-home/registry/src/index.crates.io-6f17d22bba15001f/miraland-program-runtime-1.14.19/src/invoke_context.rs:1012:13
[INFO] [stdout]      |
[INFO] [stdout] 1012 |             index_in_callee,
[INFO] [stdout]      |             ^^^^^^^^^^^^^^^ expected `u16`, found `usize`
[INFO] [stdout]      |
[INFO] [stdout] help: you can convert a `usize` to a `u16` and panic if the converted value doesn't fit
[INFO] [stdout]      |
[INFO] [stdout] 1012 |             index_in_callee: index_in_callee.try_into().unwrap(),
[INFO] [stdout]      |             ++++++++++++++++                ++++++++++++++++++++
[INFO] [stdout] 
[INFO] [stdout] 
[INFO] [stdout] error[E0308]: mismatched types
[INFO] [stdout]     --> /opt/rustwide/cargo-home/registry/src/index.crates.io-6f17d22bba15001f/miraland-program-runtime-1.14.19/src/invoke_context.rs:1052:9
[INFO] [stdout]      |
[INFO] [stdout] 1050 |     let mut transaction_context = TransactionContext::new(
[INFO] [stdout]      |                                   ----------------------- arguments to this function are incorrect
[INFO] [stdout] 1051 |         preparation.transaction_accounts,
[INFO] [stdout] 1052 |         Some(Rent::default()),
[INFO] [stdout]      |         ^^^^^^^^^^^^^^^^^^^^^ expected `Rent`, found `Option<Rent>`
[INFO] [stdout]      |
[INFO] [stdout]      = note: expected struct `solana_sdk::rent::Rent`
[INFO] [stdout]                   found enum `Option<solana_sdk::rent::Rent>`
[INFO] [stdout] note: associated function defined here
[INFO] [stdout]     --> /opt/rustwide/cargo-home/registry/src/index.crates.io-6f17d22bba15001f/miraland-sdk-1.18.3/src/transaction_context.rs:156:12
[INFO] [stdout]      |
[INFO] [stdout] 156  |     pub fn new(
[INFO] [stdout]      |            ^^^
[INFO] [stdout] 
[INFO] [stdout] 
[INFO] [stdout] error[E0308]: mismatched types
[INFO] [stdout]     --> /opt/rustwide/cargo-home/registry/src/index.crates.io-6f17d22bba15001f/miraland-program-runtime-1.14.19/src/invoke_context.rs:1083:9
[INFO] [stdout]      |
[INFO] [stdout] 1081 |     let mut transaction_context = TransactionContext::new(
[INFO] [stdout]      |                                   ----------------------- arguments to this function are incorrect
[INFO] [stdout] 1082 |         preparation.transaction_accounts,
[INFO] [stdout] 1083 |         Some(Rent::default()),
[INFO] [stdout]      |         ^^^^^^^^^^^^^^^^^^^^^ expected `Rent`, found `Option<Rent>`
[INFO] [stdout]      |
[INFO] [stdout]      = note: expected struct `solana_sdk::rent::Rent`
[INFO] [stdout]                   found enum `Option<solana_sdk::rent::Rent>`
[INFO] [stdout] note: associated function defined here
[INFO] [stdout]     --> /opt/rustwide/cargo-home/registry/src/index.crates.io-6f17d22bba15001f/miraland-sdk-1.18.3/src/transaction_context.rs:156:12
[INFO] [stdout]      |
[INFO] [stdout] 156  |     pub fn new(
[INFO] [stdout]      |            ^^^
[INFO] [stdout] 
[INFO] [stdout] 
[INFO] [stdout] error[E0308]: mismatched types
[INFO] [stdout]    --> /opt/rustwide/cargo-home/registry/src/index.crates.io-6f17d22bba15001f/miraland-program-runtime-1.14.19/src/sysvar_cache.rs:189:62
[INFO] [stdout]     |
[INFO] [stdout] 189 |             .get_index_of_instruction_account_in_transaction(instruction_account_index)?;
[INFO] [stdout]     |              ----------------------------------------------- ^^^^^^^^^^^^^^^^^^^^^^^^^ expected `u16`, found `usize`
[INFO] [stdout]     |              |
[INFO] [stdout]     |              arguments to this method are incorrect
[INFO] [stdout]     |
[INFO] [stdout] note: method defined here
[INFO] [stdout]    --> /opt/rustwide/cargo-home/registry/src/index.crates.io-6f17d22bba15001f/miraland-sdk-1.18.3/src/transaction_context.rs:556:12
[INFO] [stdout]     |
[INFO] [stdout] 556 |     pub fn get_index_of_instruction_account_in_transaction(
[INFO] [stdout]     |            ^^^^^^^^^^^^^^^^^^^^^^^^^^^^^^^^^^^^^^^^^^^^^^^
[INFO] [stdout] help: you can convert a `usize` to a `u16` and panic if the converted value doesn't fit
[INFO] [stdout]     |
[INFO] [stdout] 189 |             .get_index_of_instruction_account_in_transaction(instruction_account_index.try_into().unwrap())?;
[INFO] [stdout]     |                                                                                       ++++++++++++++++++++
[INFO] [stdout] 
[INFO] [stdout] 
[INFO] [stderr]    Compiling xattr v1.3.1
[INFO] [stderr]    Compiling tokio-util v0.6.10
[INFO] [stdout] Some errors have detailed explanations: E0061, E0277, E0308, E0432, E0599.
[INFO] [stdout] 
[INFO] [stdout] For more information about an error, try `rustc --explain E0061`.
[INFO] [stdout] 
[INFO] [stderr] error: could not compile `miraland-program-runtime` (lib) due to 26 previous errors
[INFO] [stderr] warning: build failed, waiting for other jobs to finish...
[INFO] running `Command { std: "docker" "inspect" "c67438c72a12b844077f6361c4ded8f04c50f78fd8186f99faeecb25180f57e6", kill_on_drop: false }`
[INFO] running `Command { std: "docker" "rm" "-f" "c67438c72a12b844077f6361c4ded8f04c50f78fd8186f99faeecb25180f57e6", kill_on_drop: false }`
[INFO] [stdout] c67438c72a12b844077f6361c4ded8f04c50f78fd8186f99faeecb25180f57e6
