[INFO] fetching crate solarti-managed-token 0.1.0...
[INFO] testing solarti-managed-token-0.1.0 against nightly-2024-10-28 for randomize-layout
[INFO] extracting crate solarti-managed-token 0.1.0 into /workspace/builds/worker-6-tc1/source
[INFO] validating manifest of crates.io crate solarti-managed-token 0.1.0 on toolchain nightly-2024-10-28
[INFO] running `Command { std: CARGO_HOME="/workspace/cargo-home" RUSTUP_HOME="/workspace/rustup-home" "/workspace/cargo-home/bin/cargo" "+nightly-2024-10-28" "metadata" "--manifest-path" "Cargo.toml" "--no-deps", kill_on_drop: false }`
[INFO] started tweaking crates.io crate solarti-managed-token 0.1.0
[INFO] finished tweaking crates.io crate solarti-managed-token 0.1.0
[INFO] tweaked toml for crates.io crate solarti-managed-token 0.1.0 written to /workspace/builds/worker-6-tc1/source/Cargo.toml
[INFO] running `Command { std: CARGO_HOME="/workspace/cargo-home" RUSTUP_HOME="/workspace/rustup-home" "/workspace/cargo-home/bin/cargo" "+nightly-2024-10-28" "generate-lockfile" "--manifest-path" "Cargo.toml", kill_on_drop: false }`
[INFO] [stderr]     Blocking waiting for file lock on package cache
[INFO] [stderr]     Updating crates.io index
[INFO] [stderr]     Blocking waiting for file lock on package cache
[INFO] [stderr]      Locking 562 packages to latest compatible versions
[INFO] [stderr]       Adding blake3 v1.5.1 (available: v1.5.4)
[INFO] [stderr]       Adding borsh v0.9.3 (available: v1.5.1)
[INFO] [stderr]       Adding shank v0.0.5 (available: v0.4.2)
[INFO] [stderr]       Adding solana-program v1.18.26 (available: v2.1.0)
[INFO] [stderr]       Adding solana-program-test v1.18.26 (available: v2.1.0)
[INFO] [stderr]       Adding solana-sdk v1.18.26 (available: v2.1.0)
[INFO] [stderr]       Adding solana_rbpf v0.8.3 (available: v0.8.5)
[INFO] [stderr]       Adding solarti-associated-token-account v1.1.8 (available: v2.1.1)
[INFO] [stderr]       Adding solarti-token v3.5.6 (available: v4.1.1)
[INFO] [stderr]       Adding spl-memo v4.0.0 (available: v4.0.4)
[INFO] [stderr]       Adding spl-token v4.0.0 (available: v4.0.3)
[INFO] [stderr]       Adding subtle v2.4.1 (available: v2.6.1)
[INFO] [stderr]       Adding winnow v0.4.1 (available: v0.4.11)
[INFO] [stderr]       Adding zeroize v1.3.0 (available: v1.8.1)
[INFO] running `Command { std: CARGO_HOME="/workspace/cargo-home" RUSTUP_HOME="/workspace/rustup-home" "/workspace/cargo-home/bin/cargo" "+nightly-2024-10-28" "fetch" "--manifest-path" "Cargo.toml", kill_on_drop: false }`
[INFO] [stderr]     Blocking waiting for file lock on package cache
[INFO] [stderr]     Blocking waiting for file lock on package cache
[INFO] [stderr]  Downloading crates ...
[INFO] [stderr]   Downloaded miraland-frozen-abi v1.18.3
[INFO] [stderr]   Downloaded solarti-token v3.5.6
[INFO] [stderr]   Downloaded solarti-associated-token-account v1.1.8
[INFO] [stderr]   Downloaded miraland-frozen-abi-macro v1.18.3
[INFO] [stderr]   Downloaded miraland-sdk-macro v1.18.3
[INFO] [stderr]   Downloaded solarti-token-2022 v0.6.7
[INFO] [stderr]   Downloaded shell-words v1.1.0
[INFO] [stderr]   Downloaded solana-banks-client v1.18.26
[INFO] [stderr]   Downloaded solana-banks-interface v1.18.26
[INFO] [stderr]   Downloaded spl-token-group-interface v0.1.0
[INFO] [stderr]   Downloaded shank_macro_impl v0.0.5
[INFO] [stderr]   Downloaded solana-compute-budget-program v1.18.26
[INFO] [stderr]   Downloaded spl-discriminator-derive v0.1.2
[INFO] [stderr]   Downloaded test-case v3.3.1
[INFO] [stderr]   Downloaded solana-net-utils v1.18.26
[INFO] [stderr]   Downloaded const-oid v0.7.1
[INFO] [stderr]   Downloaded solana-clap-utils v1.18.26
[INFO] [stderr]   Downloaded solana-streamer v1.18.26
[INFO] [stderr]   Downloaded spl-associated-token-account v2.3.0
[INFO] [stderr]   Downloaded solana-rpc-client v1.18.26
[INFO] [stderr]   Downloaded histogram v0.6.9
[INFO] [stderr]   Downloaded solana-rpc-client-nonce-utils v1.18.26
[INFO] [stderr]   Downloaded solana-cost-model v1.18.26
[INFO] [stderr]   Downloaded dlopen2_derive v0.3.0
[INFO] [stderr]   Downloaded der v0.5.1
[INFO] [stderr]   Downloaded dialoguer v0.10.4
[INFO] [stderr]   Downloaded solana-remote-wallet v1.18.26
[INFO] [stderr]   Downloaded shank v0.0.5
[INFO] [stderr]   Downloaded chrono-humanize v0.2.3
[INFO] [stderr]   Downloaded x509-parser v0.14.0
[INFO] [stderr]   Downloaded tarpc v0.29.0
[INFO] [stderr]   Downloaded spl-token-2022 v1.0.0
[INFO] [stderr]   Downloaded tracing-opentelemetry v0.17.4
[INFO] [stderr]   Downloaded solana-runtime v1.18.26
[INFO] [stderr]   Downloaded miraland-sdk v1.18.3
[INFO] [stderr]   Downloaded shank_macro v0.0.5
[INFO] [stderr]   Downloaded solana-quic-client v1.18.26
[INFO] [stderr]   Downloaded webpki-roots v0.24.0
[INFO] [stderr]   Downloaded solana-program-test v1.18.26
[INFO] [stderr]   Downloaded educe v0.4.23
[INFO] [stderr]   Downloaded solana-bpf-loader-program v1.18.26
[INFO] [stderr]   Downloaded solana-accounts-db v1.18.26
[INFO] [stderr]   Downloaded solana-thin-client v1.18.26
[INFO] [stderr]   Downloaded solana-pubsub-client v1.18.26
[INFO] [stderr]   Downloaded solana-rpc-client-api v1.18.26
[INFO] [stderr]   Downloaded solana-send-transaction-service v1.18.26
[INFO] [stderr]   Downloaded solana-loader-v4-program v1.18.26
[INFO] [stderr]   Downloaded solana-program-runtime v1.18.26
[INFO] [stderr]   Downloaded ascii v0.9.3
[INFO] [stderr]   Downloaded unreachable v1.0.0
[INFO] [stderr]   Downloaded goblin v0.5.4
[INFO] [stderr]   Downloaded solana_rbpf v0.8.3
[INFO] [stderr]   Downloaded test-case-core v3.3.1
[INFO] [stderr]   Downloaded spki v0.5.4
[INFO] [stderr]   Downloaded solana-client v1.18.26
[INFO] [stderr]   Downloaded spl-token v4.0.0
[INFO] [stderr]   Downloaded spl-token-metadata-interface v0.2.0
[INFO] [stderr]   Downloaded include_dir_macros v0.7.4
[INFO] [stderr]   Downloaded plain v0.2.3
[INFO] [stderr]   Downloaded solana-udp-client v1.18.26
[INFO] [stderr]   Downloaded tarpc-plugins v0.12.0
[INFO] [stderr]   Downloaded solana-banks-server v1.18.26
[INFO] [stderr]   Downloaded miraland-program v1.18.3
[INFO] [stderr]   Downloaded solana-config-program v1.18.26
[INFO] [stderr]   Downloaded solana-version v1.18.26
[INFO] [stderr]   Downloaded enum-iterator v1.5.0
[INFO] [stderr]   Downloaded solana-metrics v1.18.26
[INFO] [stderr]   Downloaded combine v3.8.1
[INFO] [stderr]   Downloaded scroll_derive v0.11.1
[INFO] [stderr]   Downloaded scroll v0.11.0
[INFO] [stderr]   Downloaded test-case-macros v3.3.1
[INFO] [stderr]   Downloaded winnow v0.4.1
[INFO] [stderr]   Downloaded solana-account-decoder v1.18.26
[INFO] [stderr]   Downloaded spl-memo v4.0.0
[INFO] [stderr]   Downloaded spl-tlv-account-resolution v0.5.1
[INFO] [stderr]   Downloaded spl-discriminator-syn v0.1.2
[INFO] [stderr]   Downloaded spl-discriminator v0.1.0
[INFO] [stderr]   Downloaded spl-program-error-derive v0.3.2
[INFO] [stderr]   Downloaded spl-program-error v0.3.0
[INFO] [stderr]   Downloaded solana-address-lookup-table-program v1.18.26
[INFO] [stderr]   Downloaded solana-rayon-threadlimit v1.18.26
[INFO] [stderr]   Downloaded solana-system-program v1.18.26
[INFO] [stderr]   Downloaded tokio-util v0.6.10
[INFO] [stderr]   Downloaded solana-bucket-map v1.18.26
[INFO] [stderr]   Downloaded solana-stake-program v1.18.26
[INFO] [stderr]   Downloaded solana-zk-token-proof-program v1.18.26
[INFO] [stderr]   Downloaded percentage v0.1.0
[INFO] [stderr]   Downloaded solana-transaction-status v1.18.26
[INFO] [stderr]   Downloaded pkcs8 v0.8.0
[INFO] [stderr]   Downloaded solana-tpu-client v1.18.26
[INFO] [stderr]   Downloaded seqlock v0.2.0
[INFO] [stderr]   Downloaded caps v0.5.5
[INFO] [stderr]   Downloaded solana-perf v1.18.26
[INFO] [stderr]   Downloaded solana-vote-program v1.18.26
[INFO] [stderr]   Downloaded solana-connection-cache v1.18.26
[INFO] [stderr]   Downloaded spl-type-length-value v0.3.0
[INFO] [stderr]   Downloaded tokio-serde v0.8.0
[INFO] [stderr]   Downloaded solana-nohash-hasher v0.2.1
[INFO] [stderr]   Downloaded solana-vote v1.18.26
[INFO] [stderr]   Downloaded miraland-logger v1.18.3
[INFO] [stderr]   Downloaded solarti-memo v3.0.7
[INFO] [stderr]   Downloaded enum-ordinalize v3.1.15
[INFO] [stderr]   Downloaded include_dir v0.7.4
[INFO] [stderr]   Downloaded spl-pod v0.1.0
[INFO] [stderr]   Downloaded solana-measure v1.18.26
[INFO] [stderr]   Downloaded spl-transfer-hook-interface v0.4.1
[INFO] [stderr]   Downloaded miraland-zk-token-sdk v1.18.3
[INFO] [stderr]   Downloaded aquamarine v0.3.3
[INFO] running `Command { std: "docker" "create" "-v" "/var/lib/crater-agent-workspace/builds/worker-6-tc1/target:/opt/rustwide/target:rw,Z" "-v" "/var/lib/crater-agent-workspace/builds/worker-6-tc1/source:/opt/rustwide/workdir:ro,Z" "-v" "/var/lib/crater-agent-workspace/cargo-home:/opt/rustwide/cargo-home:ro,Z" "-v" "/var/lib/crater-agent-workspace/rustup-home:/opt/rustwide/rustup-home:ro,Z" "-e" "SOURCE_DIR=/opt/rustwide/workdir" "-e" "CARGO_TARGET_DIR=/opt/rustwide/target" "-e" "CARGO_HOME=/opt/rustwide/cargo-home" "-e" "RUSTUP_HOME=/opt/rustwide/rustup-home" "-w" "/opt/rustwide/workdir" "-m" "1610612736" "--user" "0:0" "--network" "none" "ghcr.io/rust-lang/crates-build-env/linux@sha256:4a844ea9eb2546a2d2c7022eacef16ef2e8229c7fbb2c7d4d55a9ceca922f72d" "/opt/rustwide/cargo-home/bin/cargo" "+nightly-2024-10-28" "metadata" "--no-deps" "--format-version=1", kill_on_drop: false }`
[INFO] [stdout] 5cec2d4595475580c6c31226c5eff34803dc583a2ebc148a1cd7115e77b0bb86
[INFO] running `Command { std: "docker" "start" "-a" "5cec2d4595475580c6c31226c5eff34803dc583a2ebc148a1cd7115e77b0bb86", kill_on_drop: false }`
[INFO] running `Command { std: "docker" "inspect" "5cec2d4595475580c6c31226c5eff34803dc583a2ebc148a1cd7115e77b0bb86", kill_on_drop: false }`
[INFO] running `Command { std: "docker" "rm" "-f" "5cec2d4595475580c6c31226c5eff34803dc583a2ebc148a1cd7115e77b0bb86", kill_on_drop: false }`
[INFO] [stdout] 5cec2d4595475580c6c31226c5eff34803dc583a2ebc148a1cd7115e77b0bb86
[INFO] running `Command { std: "docker" "create" "-v" "/var/lib/crater-agent-workspace/builds/worker-6-tc1/target:/opt/rustwide/target:rw,Z" "-v" "/var/lib/crater-agent-workspace/builds/worker-6-tc1/source:/opt/rustwide/workdir:ro,Z" "-v" "/var/lib/crater-agent-workspace/cargo-home:/opt/rustwide/cargo-home:ro,Z" "-v" "/var/lib/crater-agent-workspace/rustup-home:/opt/rustwide/rustup-home:ro,Z" "-e" "SOURCE_DIR=/opt/rustwide/workdir" "-e" "CARGO_TARGET_DIR=/opt/rustwide/target" "-e" "CARGO_INCREMENTAL=0" "-e" "RUST_BACKTRACE=full" "-e" "RUSTFLAGS=--cap-lints=forbid" "-e" "RUSTDOCFLAGS=--cap-lints=forbid" "-e" "CARGO_HOME=/opt/rustwide/cargo-home" "-e" "RUSTUP_HOME=/opt/rustwide/rustup-home" "-w" "/opt/rustwide/workdir" "-m" "1610612736" "--user" "0:0" "--network" "none" "ghcr.io/rust-lang/crates-build-env/linux@sha256:4a844ea9eb2546a2d2c7022eacef16ef2e8229c7fbb2c7d4d55a9ceca922f72d" "/opt/rustwide/cargo-home/bin/cargo" "+nightly-2024-10-28" "build" "--frozen" "--message-format=json", kill_on_drop: false }`
[INFO] [stdout] 3a313ef609ccdad30c81ff996337466cef57e027afec49a289b305238136677a
[INFO] running `Command { std: "docker" "start" "-a" "3a313ef609ccdad30c81ff996337466cef57e027afec49a289b305238136677a", kill_on_drop: false }`
[INFO] [stderr]    Compiling serde v1.0.214
[INFO] [stderr]    Compiling libc v0.2.161
[INFO] [stderr]    Compiling subtle v2.4.1
[INFO] [stderr]    Compiling syn v1.0.109
[INFO] [stderr]    Compiling byteorder v1.5.0
[INFO] [stderr]    Compiling semver v1.0.23
[INFO] [stderr]    Compiling equivalent v1.0.1
[INFO] [stderr]    Compiling hashbrown v0.15.0
[INFO] [stderr]    Compiling cpufeatures v0.2.14
[INFO] [stderr]    Compiling generic-array v0.14.7
[INFO] [stderr]    Compiling num-traits v0.2.19
[INFO] [stderr]    Compiling syn v2.0.86
[INFO] [stderr]    Compiling toml_datetime v0.6.8
[INFO] [stderr]    Compiling either v1.13.0
[INFO] [stderr]    Compiling opaque-debug v0.3.1
[INFO] [stderr]    Compiling crossbeam-utils v0.8.20
[INFO] [stderr]    Compiling ahash v0.8.11
[INFO] [stderr]    Compiling paste v1.0.15
[INFO] [stderr]    Compiling proc-macro-error-attr v1.0.4
[INFO] [stderr]    Compiling winnow v0.6.20
[INFO] [stderr]    Compiling rayon-core v1.12.1
[INFO] [stderr]    Compiling wasm-bindgen-shared v0.2.95
[INFO] [stderr]    Compiling anyhow v1.0.92
[INFO] [stderr]    Compiling itertools v0.10.5
[INFO] [stderr]    Compiling digest v0.9.0
[INFO] [stderr]    Compiling proc-macro-error v1.0.4
[INFO] [stderr]    Compiling libsecp256k1-core v0.2.2
[INFO] [stderr]    Compiling rustc_version v0.4.1
[INFO] [stderr]    Compiling ahash v0.7.8
[INFO] [stderr]    Compiling jobserver v0.1.32
[INFO] [stderr]    Compiling num-integer v0.1.46
[INFO] [stderr]    Compiling im v15.1.0
[INFO] [stderr]    Compiling indexmap v2.6.0
[INFO] [stderr]    Compiling cc v1.1.31
[INFO] [stderr]    Compiling crossbeam-epoch v0.9.18
[INFO] [stderr]    Compiling bumpalo v3.16.0
[INFO] [stderr]    Compiling log v0.4.22
[INFO] [stderr]    Compiling rustversion v1.0.18
[INFO] [stderr]    Compiling num-bigint v0.4.6
[INFO] [stderr]    Compiling keccak v0.1.5
[INFO] [stderr]    Compiling tinyvec v1.8.0
[INFO] [stderr]    Compiling borsh v1.5.1
[INFO] [stderr]    Compiling crossbeam-deque v0.8.5
[INFO] [stderr]    Compiling libsecp256k1-gen-ecmult v0.2.1
[INFO] [stderr]    Compiling libsecp256k1-gen-genmult v0.2.1
[INFO] [stderr]    Compiling miraland-frozen-abi-macro v1.18.3
[INFO] [stderr]    Compiling memoffset v0.9.1
[INFO] [stderr]    Compiling fnv v1.0.7
[INFO] [stderr]    Compiling wasm-bindgen v0.2.95
[INFO] [stderr]    Compiling libsecp256k1 v0.6.0
[INFO] [stderr]    Compiling miraland-frozen-abi v1.18.3
[INFO] [stderr]    Compiling rustc-hash v1.1.0
[INFO] [stderr]    Compiling ident_case v1.0.1
[INFO] [stderr]    Compiling strsim v0.11.1
[INFO] [stderr]    Compiling constant_time_eq v0.3.1
[INFO] [stderr]    Compiling getrandom v0.2.15
[INFO] [stderr]    Compiling getrandom v0.1.16
[INFO] [stderr]    Compiling memmap2 v0.5.10
[INFO] [stderr]    Compiling rand_core v0.6.4
[INFO] [stderr]    Compiling rand_core v0.5.1
[INFO] [stderr]    Compiling unicode-normalization v0.1.24
[INFO] [stderr]    Compiling base64 v0.21.7
[INFO] [stderr]    Compiling regex-syntax v0.8.5
[INFO] [stderr]    Compiling winnow v0.5.40
[INFO] [stderr]    Compiling rand_xoshiro v0.6.0
[INFO] [stderr]    Compiling hashbrown v0.11.2
[INFO] [stderr]    Compiling atty v0.2.14
[INFO] [stderr]    Compiling rayon v1.10.0
[INFO] [stderr]    Compiling toml_edit v0.22.22
[INFO] [stderr]    Compiling miraland-sdk v1.18.3
[INFO] [stderr]    Compiling derivation-path v0.2.0
[INFO] [stderr]    Compiling qstring v0.7.2
[INFO] [stderr]    Compiling uriparse v0.6.4
[INFO] [stderr]    Compiling chrono v0.4.38
[INFO] [stderr]    Compiling solana-frozen-abi-macro v1.18.26
[INFO] [stderr]    Compiling blake3 v1.5.1
[INFO] [stderr]    Compiling miraland-program v1.18.3
[INFO] [stderr]    Compiling siphasher v0.3.11
[INFO] [stderr]    Compiling assert_matches v1.5.0
[INFO] [stderr]    Compiling solana-frozen-abi v1.18.26
[INFO] [stderr]    Compiling winnow v0.4.1
[INFO] [stderr]    Compiling solana-program v1.18.26
[INFO] [stderr]    Compiling regex-automata v0.4.8
[INFO] [stderr]    Compiling proc-macro-crate v3.2.0
[INFO] [stderr]    Compiling toml_edit v0.19.15
[INFO] [stderr]    Compiling borsh-schema-derive-internal v0.9.3
[INFO] [stderr]    Compiling borsh-schema-derive-internal v0.10.4
[INFO] [stderr]    Compiling borsh-derive-internal v0.10.4
[INFO] [stderr]    Compiling borsh-derive-internal v0.9.3
[INFO] [stderr]    Compiling wasm-bindgen-backend v0.2.95
[INFO] [stderr]    Compiling darling_core v0.20.10
[INFO] [stderr]    Compiling ark-serialize-derive v0.4.2
[INFO] [stderr]    Compiling ark-ff-macros v0.4.2
[INFO] [stderr]    Compiling ark-ff-asm v0.4.2
[INFO] [stderr]    Compiling derivative v2.2.0
[INFO] [stderr]    Compiling num-derive v0.3.3
[INFO] [stderr]    Compiling proc-macro-crate v1.3.1
[INFO] [stderr]    Compiling serde_derive v1.0.214
[INFO] [stderr]    Compiling zerocopy-derive v0.7.35
[INFO] [stderr]    Compiling zeroize_derive v1.4.2
[INFO] [stderr]    Compiling thiserror-impl v1.0.66
[INFO] [stderr]    Compiling syn_derive v0.1.8
[INFO] [stderr]    Compiling bytemuck_derive v1.8.0
[INFO] [stderr]    Compiling num-derive v0.4.2
[INFO] [stderr]    Compiling miraland-sdk-macro v1.18.3
[INFO] [stderr]    Compiling regex v1.11.1
[INFO] [stderr]    Compiling borsh-derive v1.5.1
[INFO] [stderr]    Compiling num_enum_derive v0.7.3
[INFO] [stderr]    Compiling qualifier_attr v0.2.2
[INFO] [stderr]    Compiling zeroize v1.3.0
[INFO] [stderr]    Compiling zerocopy v0.7.35
[INFO] [stderr]    Compiling wasm-bindgen-macro-support v0.2.95
[INFO] [stderr]    Compiling env_logger v0.9.3
[INFO] [stderr]    Compiling num_enum_derive v0.5.11
[INFO] [stderr]    Compiling miraland-logger v1.18.3
[INFO] [stderr]    Compiling bytemuck v1.19.0
[INFO] [stderr]    Compiling merlin v3.0.0
[INFO] [stderr]    Compiling thiserror v1.0.66
[INFO] [stderr]    Compiling solana-sdk-macro v1.18.26
[INFO] [stderr]    Compiling ppv-lite86 v0.2.20
[INFO] [stderr]    Compiling num_enum v0.7.3
[INFO] [stderr]    Compiling hashbrown v0.13.2
[INFO] [stderr]    Compiling rand_chacha v0.3.1
[INFO] [stderr]    Compiling rand_chacha v0.2.2
[INFO] [stderr]    Compiling wasm-bindgen-macro v0.2.95
[INFO] [stderr]    Compiling darling_macro v0.20.10
[INFO] [stderr]    Compiling num_enum v0.5.11
[INFO] [stderr]    Compiling rand v0.8.5
[INFO] [stderr]    Compiling rand v0.7.3
[INFO] [stderr]    Compiling darling v0.20.10
[INFO] [stderr]    Compiling serde_with_macros v2.3.3
[INFO] [stderr]    Compiling ark-std v0.4.0
[INFO] [stderr]    Compiling serde_bytes v0.11.15
[INFO] [stderr]    Compiling bv v0.11.1
[INFO] [stderr]    Compiling bincode v1.3.3
[INFO] [stderr]    Compiling bitflags v2.6.0
[INFO] [stderr]    Compiling serde_json v1.0.132
[INFO] [stderr]    Compiling serde_with v2.3.3
[INFO] [stderr]    Compiling toml v0.5.11
[INFO] [stderr]    Compiling shank_macro_impl v0.0.5
[INFO] [stderr]    Compiling crypto-common v0.1.6
[INFO] [stderr]    Compiling block-buffer v0.10.4
[INFO] [stderr]    Compiling block-buffer v0.9.0
[INFO] [stderr]    Compiling crypto-mac v0.8.0
[INFO] [stderr]    Compiling cipher v0.3.0
[INFO] [stderr]    Compiling universal-hash v0.4.1
[INFO] [stderr]    Compiling aead v0.4.3
[INFO] [stderr]    Compiling curve25519-dalek v3.2.1
[INFO] [stderr]    Compiling sha2 v0.9.9
[INFO] [stderr]    Compiling hmac v0.8.1
[INFO] [stderr]    Compiling pbkdf2 v0.4.0
[INFO] [stderr]    Compiling digest v0.10.7
[INFO] [stderr]    Compiling aes v0.7.5
[INFO] [stderr]    Compiling ctr v0.8.0
[INFO] [stderr]    Compiling polyval v0.5.3
[INFO] [stderr]    Compiling sha3 v0.9.1
[INFO] [stderr]    Compiling hmac-drbg v0.3.0
[INFO] [stderr]    Compiling ark-serialize v0.4.2
[INFO] [stderr]    Compiling sha2 v0.10.8
[INFO] [stderr]    Compiling sha3 v0.10.8
[INFO] [stderr]    Compiling hmac v0.12.1
[INFO] [stderr]    Compiling pbkdf2 v0.11.0
[INFO] [stderr]    Compiling shank_macro v0.0.5
[INFO] [stderr]    Compiling tiny-bip39 v0.8.2
[INFO] [stderr]    Compiling aes-gcm-siv v0.10.3
[INFO] [stderr]    Compiling ark-ff v0.4.2
[INFO] [stderr]    Compiling shank v0.0.5
[INFO] [stderr]    Compiling proc-macro-crate v0.1.5
[INFO] [stderr]    Compiling ed25519-dalek v1.0.1
[INFO] [stderr]    Compiling borsh-derive v0.9.3
[INFO] [stderr]    Compiling borsh-derive v0.10.4
[INFO] [stderr]    Compiling ed25519-dalek-bip32 v0.2.0
[INFO] [stderr]    Compiling borsh v0.9.3
[INFO] [stderr]    Compiling borsh v0.10.4
[INFO] [stderr]    Compiling ark-poly v0.4.2
[INFO] [stderr]    Compiling ark-ec v0.4.2
[INFO] [stderr]    Compiling ark-bn254 v0.4.0
[INFO] [stderr]    Compiling light-poseidon v0.2.0
[INFO] [stderr]    Compiling solarti-token v3.5.6
[INFO] [stderr]    Compiling solarti-memo v3.0.7
[INFO] [stderr]    Compiling miraland-zk-token-sdk v1.18.3
[INFO] [stderr]    Compiling solarti-token-2022 v0.6.7
[INFO] [stderr]    Compiling solarti-associated-token-account v1.1.8
[INFO] [stderr]    Compiling solarti-managed-token v0.1.0 (/opt/rustwide/workdir)
[INFO] [stdout] error[E0277]: can't compare `solana_program::pubkey::Pubkey` with `spl_associated_token_account::solana_program::pubkey::Pubkey`
[INFO] [stdout]   --> src/accounts.rs:37:35
[INFO] [stdout]    |
[INFO] [stdout] 37 |             ctx.token_program.key == &spl_token::id(),
[INFO] [stdout]    |                                   ^^ no implementation for `solana_program::pubkey::Pubkey == spl_associated_token_account::solana_program::pubkey::Pubkey`
[INFO] [stdout]    |
[INFO] [stdout]    = help: the trait `PartialEq<spl_associated_token_account::solana_program::pubkey::Pubkey>` is not implemented for `solana_program::pubkey::Pubkey`, which is required by `&solana_program::pubkey::Pubkey: PartialEq<&spl_associated_token_account::solana_program::pubkey::Pubkey>`
[INFO] [stdout]    = help: the trait `PartialEq` is implemented for `solana_program::pubkey::Pubkey`
[INFO] [stdout]    = help: for that trait implementation, expected `solana_program::pubkey::Pubkey`, found `spl_associated_token_account::solana_program::pubkey::Pubkey`
[INFO] [stdout]    = note: required for `&solana_program::pubkey::Pubkey` to implement `PartialEq<&spl_associated_token_account::solana_program::pubkey::Pubkey>`
[INFO] [stdout] 
[INFO] [stdout] 
[INFO] [stdout] error[E0277]: can't compare `solana_program::pubkey::Pubkey` with `spl_associated_token_account::solana_program::pubkey::Pubkey`
[INFO] [stdout]    --> src/accounts.rs:107:35
[INFO] [stdout]     |
[INFO] [stdout] 107 |             ctx.token_program.key == &spl_token::id(),
[INFO] [stdout]     |                                   ^^ no implementation for `solana_program::pubkey::Pubkey == spl_associated_token_account::solana_program::pubkey::Pubkey`
[INFO] [stdout]     |
[INFO] [stdout]     = help: the trait `PartialEq<spl_associated_token_account::solana_program::pubkey::Pubkey>` is not implemented for `solana_program::pubkey::Pubkey`, which is required by `&solana_program::pubkey::Pubkey: PartialEq<&spl_associated_token_account::solana_program::pubkey::Pubkey>`
[INFO] [stdout]     = help: the trait `PartialEq` is implemented for `solana_program::pubkey::Pubkey`
[INFO] [stdout]     = help: for that trait implementation, expected `solana_program::pubkey::Pubkey`, found `spl_associated_token_account::solana_program::pubkey::Pubkey`
[INFO] [stdout]     = note: required for `&solana_program::pubkey::Pubkey` to implement `PartialEq<&spl_associated_token_account::solana_program::pubkey::Pubkey>`
[INFO] [stdout] 
[INFO] [stdout] 
[INFO] [stdout] error[E0277]: can't compare `solana_program::pubkey::Pubkey` with `spl_associated_token_account::solana_program::pubkey::Pubkey`
[INFO] [stdout]    --> src/accounts.rs:117:46
[INFO] [stdout]     |
[INFO] [stdout] 117 |             ctx.associated_token_program.key == &spl_associated_token_account::id(),
[INFO] [stdout]     |                                              ^^ no implementation for `solana_program::pubkey::Pubkey == spl_associated_token_account::solana_program::pubkey::Pubkey`
[INFO] [stdout]     |
[INFO] [stdout]     = help: the trait `PartialEq<spl_associated_token_account::solana_program::pubkey::Pubkey>` is not implemented for `solana_program::pubkey::Pubkey`, which is required by `&solana_program::pubkey::Pubkey: PartialEq<&spl_associated_token_account::solana_program::pubkey::Pubkey>`
[INFO] [stdout]     = help: the trait `PartialEq` is implemented for `solana_program::pubkey::Pubkey`
[INFO] [stdout]     = help: for that trait implementation, expected `solana_program::pubkey::Pubkey`, found `spl_associated_token_account::solana_program::pubkey::Pubkey`
[INFO] [stdout]     = note: required for `&solana_program::pubkey::Pubkey` to implement `PartialEq<&spl_associated_token_account::solana_program::pubkey::Pubkey>`
[INFO] [stdout] 
[INFO] [stdout] 
[INFO] [stdout] error[E0277]: can't compare `solana_program::pubkey::Pubkey` with `spl_associated_token_account::solana_program::pubkey::Pubkey`
[INFO] [stdout]    --> src/accounts.rs:174:35
[INFO] [stdout]     |
[INFO] [stdout] 174 |             ctx.token_program.key == &spl_token::id(),
[INFO] [stdout]     |                                   ^^ no implementation for `solana_program::pubkey::Pubkey == spl_associated_token_account::solana_program::pubkey::Pubkey`
[INFO] [stdout]     |
[INFO] [stdout]     = help: the trait `PartialEq<spl_associated_token_account::solana_program::pubkey::Pubkey>` is not implemented for `solana_program::pubkey::Pubkey`, which is required by `&solana_program::pubkey::Pubkey: PartialEq<&spl_associated_token_account::solana_program::pubkey::Pubkey>`
[INFO] [stdout]     = help: the trait `PartialEq` is implemented for `solana_program::pubkey::Pubkey`
[INFO] [stdout]     = help: for that trait implementation, expected `solana_program::pubkey::Pubkey`, found `spl_associated_token_account::solana_program::pubkey::Pubkey`
[INFO] [stdout]     = note: required for `&solana_program::pubkey::Pubkey` to implement `PartialEq<&spl_associated_token_account::solana_program::pubkey::Pubkey>`
[INFO] [stdout] 
[INFO] [stdout] 
[INFO] [stdout] error[E0277]: can't compare `solana_program::pubkey::Pubkey` with `spl_associated_token_account::solana_program::pubkey::Pubkey`
[INFO] [stdout]    --> src/accounts.rs:228:35
[INFO] [stdout]     |
[INFO] [stdout] 228 |             ctx.token_program.key == &spl_token::id(),
[INFO] [stdout]     |                                   ^^ no implementation for `solana_program::pubkey::Pubkey == spl_associated_token_account::solana_program::pubkey::Pubkey`
[INFO] [stdout]     |
[INFO] [stdout]     = help: the trait `PartialEq<spl_associated_token_account::solana_program::pubkey::Pubkey>` is not implemented for `solana_program::pubkey::Pubkey`, which is required by `&solana_program::pubkey::Pubkey: PartialEq<&spl_associated_token_account::solana_program::pubkey::Pubkey>`
[INFO] [stdout]     = help: the trait `PartialEq` is implemented for `solana_program::pubkey::Pubkey`
[INFO] [stdout]     = help: for that trait implementation, expected `solana_program::pubkey::Pubkey`, found `spl_associated_token_account::solana_program::pubkey::Pubkey`
[INFO] [stdout]     = note: required for `&solana_program::pubkey::Pubkey` to implement `PartialEq<&spl_associated_token_account::solana_program::pubkey::Pubkey>`
[INFO] [stdout] 
[INFO] [stdout] 
[INFO] [stdout] error[E0277]: can't compare `solana_program::pubkey::Pubkey` with `spl_associated_token_account::solana_program::pubkey::Pubkey`
[INFO] [stdout]    --> src/accounts.rs:279:28
[INFO] [stdout]     |
[INFO] [stdout] 279 |             ctx.mint.owner == &spl_token::id(),
[INFO] [stdout]     |                            ^^ no implementation for `solana_program::pubkey::Pubkey == spl_associated_token_account::solana_program::pubkey::Pubkey`
[INFO] [stdout]     |
[INFO] [stdout]     = help: the trait `PartialEq<spl_associated_token_account::solana_program::pubkey::Pubkey>` is not implemented for `solana_program::pubkey::Pubkey`, which is required by `&solana_program::pubkey::Pubkey: PartialEq<&spl_associated_token_account::solana_program::pubkey::Pubkey>`
[INFO] [stdout]     = help: the trait `PartialEq` is implemented for `solana_program::pubkey::Pubkey`
[INFO] [stdout]     = help: for that trait implementation, expected `solana_program::pubkey::Pubkey`, found `spl_associated_token_account::solana_program::pubkey::Pubkey`
[INFO] [stdout]     = note: required for `&solana_program::pubkey::Pubkey` to implement `PartialEq<&spl_associated_token_account::solana_program::pubkey::Pubkey>`
[INFO] [stdout] 
[INFO] [stdout] 
[INFO] [stdout] error[E0277]: can't compare `solana_program::pubkey::Pubkey` with `spl_associated_token_account::solana_program::pubkey::Pubkey`
[INFO] [stdout]    --> src/accounts.rs:284:35
[INFO] [stdout]     |
[INFO] [stdout] 284 |             ctx.src_account.owner == &spl_token::id(),
[INFO] [stdout]     |                                   ^^ no implementation for `solana_program::pubkey::Pubkey == spl_associated_token_account::solana_program::pubkey::Pubkey`
[INFO] [stdout]     |
[INFO] [stdout]     = help: the trait `PartialEq<spl_associated_token_account::solana_program::pubkey::Pubkey>` is not implemented for `solana_program::pubkey::Pubkey`, which is required by `&solana_program::pubkey::Pubkey: PartialEq<&spl_associated_token_account::solana_program::pubkey::Pubkey>`
[INFO] [stdout]     = help: the trait `PartialEq` is implemented for `solana_program::pubkey::Pubkey`
[INFO] [stdout]     = help: for that trait implementation, expected `solana_program::pubkey::Pubkey`, found `spl_associated_token_account::solana_program::pubkey::Pubkey`
[INFO] [stdout]     = note: required for `&solana_program::pubkey::Pubkey` to implement `PartialEq<&spl_associated_token_account::solana_program::pubkey::Pubkey>`
[INFO] [stdout] 
[INFO] [stdout] 
[INFO] [stdout] error[E0277]: can't compare `solana_program::pubkey::Pubkey` with `spl_associated_token_account::solana_program::pubkey::Pubkey`
[INFO] [stdout]    --> src/accounts.rs:289:35
[INFO] [stdout]     |
[INFO] [stdout] 289 |             ctx.dst_account.owner == &spl_token::id(),
[INFO] [stdout]     |                                   ^^ no implementation for `solana_program::pubkey::Pubkey == spl_associated_token_account::solana_program::pubkey::Pubkey`
[INFO] [stdout]     |
[INFO] [stdout]     = help: the trait `PartialEq<spl_associated_token_account::solana_program::pubkey::Pubkey>` is not implemented for `solana_program::pubkey::Pubkey`, which is required by `&solana_program::pubkey::Pubkey: PartialEq<&spl_associated_token_account::solana_program::pubkey::Pubkey>`
[INFO] [stdout]     = help: the trait `PartialEq` is implemented for `solana_program::pubkey::Pubkey`
[INFO] [stdout]     = help: for that trait implementation, expected `solana_program::pubkey::Pubkey`, found `spl_associated_token_account::solana_program::pubkey::Pubkey`
[INFO] [stdout]     = note: required for `&solana_program::pubkey::Pubkey` to implement `PartialEq<&spl_associated_token_account::solana_program::pubkey::Pubkey>`
[INFO] [stdout] 
[INFO] [stdout] 
[INFO] [stdout] error[E0277]: can't compare `solana_program::pubkey::Pubkey` with `spl_associated_token_account::solana_program::pubkey::Pubkey`
[INFO] [stdout]    --> src/accounts.rs:294:35
[INFO] [stdout]     |
[INFO] [stdout] 294 |             ctx.token_program.key == &spl_token::id(),
[INFO] [stdout]     |                                   ^^ no implementation for `solana_program::pubkey::Pubkey == spl_associated_token_account::solana_program::pubkey::Pubkey`
[INFO] [stdout]     |
[INFO] [stdout]     = help: the trait `PartialEq<spl_associated_token_account::solana_program::pubkey::Pubkey>` is not implemented for `solana_program::pubkey::Pubkey`, which is required by `&solana_program::pubkey::Pubkey: PartialEq<&spl_associated_token_account::solana_program::pubkey::Pubkey>`
[INFO] [stdout]     = help: the trait `PartialEq` is implemented for `solana_program::pubkey::Pubkey`
[INFO] [stdout]     = help: for that trait implementation, expected `solana_program::pubkey::Pubkey`, found `spl_associated_token_account::solana_program::pubkey::Pubkey`
[INFO] [stdout]     = note: required for `&solana_program::pubkey::Pubkey` to implement `PartialEq<&spl_associated_token_account::solana_program::pubkey::Pubkey>`
[INFO] [stdout] 
[INFO] [stdout] 
[INFO] [stdout] error[E0277]: can't compare `solana_program::pubkey::Pubkey` with `spl_associated_token_account::solana_program::pubkey::Pubkey`
[INFO] [stdout]    --> src/accounts.rs:360:35
[INFO] [stdout]     |
[INFO] [stdout] 360 |             ctx.token_program.key == &spl_token::id(),
[INFO] [stdout]     |                                   ^^ no implementation for `solana_program::pubkey::Pubkey == spl_associated_token_account::solana_program::pubkey::Pubkey`
[INFO] [stdout]     |
[INFO] [stdout]     = help: the trait `PartialEq<spl_associated_token_account::solana_program::pubkey::Pubkey>` is not implemented for `solana_program::pubkey::Pubkey`, which is required by `&solana_program::pubkey::Pubkey: PartialEq<&spl_associated_token_account::solana_program::pubkey::Pubkey>`
[INFO] [stdout]     = help: the trait `PartialEq` is implemented for `solana_program::pubkey::Pubkey`
[INFO] [stdout]     = help: for that trait implementation, expected `solana_program::pubkey::Pubkey`, found `spl_associated_token_account::solana_program::pubkey::Pubkey`
[INFO] [stdout]     = note: required for `&solana_program::pubkey::Pubkey` to implement `PartialEq<&spl_associated_token_account::solana_program::pubkey::Pubkey>`
[INFO] [stdout] 
[INFO] [stdout] 
[INFO] [stdout] error[E0277]: can't compare `solana_program::pubkey::Pubkey` with `spl_associated_token_account::solana_program::pubkey::Pubkey`
[INFO] [stdout]    --> src/accounts.rs:411:28
[INFO] [stdout]     |
[INFO] [stdout] 411 |             ctx.mint.owner == &spl_token::id(),
[INFO] [stdout]     |                            ^^ no implementation for `solana_program::pubkey::Pubkey == spl_associated_token_account::solana_program::pubkey::Pubkey`
[INFO] [stdout]     |
[INFO] [stdout]     = help: the trait `PartialEq<spl_associated_token_account::solana_program::pubkey::Pubkey>` is not implemented for `solana_program::pubkey::Pubkey`, which is required by `&solana_program::pubkey::Pubkey: PartialEq<&spl_associated_token_account::solana_program::pubkey::Pubkey>`
[INFO] [stdout]     = help: the trait `PartialEq` is implemented for `solana_program::pubkey::Pubkey`
[INFO] [stdout]     = help: for that trait implementation, expected `solana_program::pubkey::Pubkey`, found `spl_associated_token_account::solana_program::pubkey::Pubkey`
[INFO] [stdout]     = note: required for `&solana_program::pubkey::Pubkey` to implement `PartialEq<&spl_associated_token_account::solana_program::pubkey::Pubkey>`
[INFO] [stdout] 
[INFO] [stdout] 
[INFO] [stdout] error[E0277]: can't compare `solana_program::pubkey::Pubkey` with `spl_associated_token_account::solana_program::pubkey::Pubkey`
[INFO] [stdout]    --> src/accounts.rs:426:35
[INFO] [stdout]     |
[INFO] [stdout] 426 |             ctx.token_program.key == &spl_token::id(),
[INFO] [stdout]     |                                   ^^ no implementation for `solana_program::pubkey::Pubkey == spl_associated_token_account::solana_program::pubkey::Pubkey`
[INFO] [stdout]     |
[INFO] [stdout]     = help: the trait `PartialEq<spl_associated_token_account::solana_program::pubkey::Pubkey>` is not implemented for `solana_program::pubkey::Pubkey`, which is required by `&solana_program::pubkey::Pubkey: PartialEq<&spl_associated_token_account::solana_program::pubkey::Pubkey>`
[INFO] [stdout]     = help: the trait `PartialEq` is implemented for `solana_program::pubkey::Pubkey`
[INFO] [stdout]     = help: for that trait implementation, expected `solana_program::pubkey::Pubkey`, found `spl_associated_token_account::solana_program::pubkey::Pubkey`
[INFO] [stdout]     = note: required for `&solana_program::pubkey::Pubkey` to implement `PartialEq<&spl_associated_token_account::solana_program::pubkey::Pubkey>`
[INFO] [stdout] 
[INFO] [stdout] 
[INFO] [stdout] error[E0277]: can't compare `solana_program::pubkey::Pubkey` with `spl_associated_token_account::solana_program::pubkey::Pubkey`
[INFO] [stdout]    --> src/accounts.rs:465:28
[INFO] [stdout]     |
[INFO] [stdout] 465 |             ctx.mint.owner == &spl_token::id(),
[INFO] [stdout]     |                            ^^ no implementation for `solana_program::pubkey::Pubkey == spl_associated_token_account::solana_program::pubkey::Pubkey`
[INFO] [stdout]     |
[INFO] [stdout]     = help: the trait `PartialEq<spl_associated_token_account::solana_program::pubkey::Pubkey>` is not implemented for `solana_program::pubkey::Pubkey`, which is required by `&solana_program::pubkey::Pubkey: PartialEq<&spl_associated_token_account::solana_program::pubkey::Pubkey>`
[INFO] [stdout]     = help: the trait `PartialEq` is implemented for `solana_program::pubkey::Pubkey`
[INFO] [stdout]     = help: for that trait implementation, expected `solana_program::pubkey::Pubkey`, found `spl_associated_token_account::solana_program::pubkey::Pubkey`
[INFO] [stdout]     = note: required for `&solana_program::pubkey::Pubkey` to implement `PartialEq<&spl_associated_token_account::solana_program::pubkey::Pubkey>`
[INFO] [stdout] 
[INFO] [stdout] 
[INFO] [stdout] error[E0277]: can't compare `solana_program::pubkey::Pubkey` with `spl_associated_token_account::solana_program::pubkey::Pubkey`
[INFO] [stdout]    --> src/accounts.rs:480:35
[INFO] [stdout]     |
[INFO] [stdout] 480 |             ctx.token_program.key == &spl_token::id(),
[INFO] [stdout]     |                                   ^^ no implementation for `solana_program::pubkey::Pubkey == spl_associated_token_account::solana_program::pubkey::Pubkey`
[INFO] [stdout]     |
[INFO] [stdout]     = help: the trait `PartialEq<spl_associated_token_account::solana_program::pubkey::Pubkey>` is not implemented for `solana_program::pubkey::Pubkey`, which is required by `&solana_program::pubkey::Pubkey: PartialEq<&spl_associated_token_account::solana_program::pubkey::Pubkey>`
[INFO] [stdout]     = help: the trait `PartialEq` is implemented for `solana_program::pubkey::Pubkey`
[INFO] [stdout]     = help: for that trait implementation, expected `solana_program::pubkey::Pubkey`, found `spl_associated_token_account::solana_program::pubkey::Pubkey`
[INFO] [stdout]     = note: required for `&solana_program::pubkey::Pubkey` to implement `PartialEq<&spl_associated_token_account::solana_program::pubkey::Pubkey>`
[INFO] [stdout] 
[INFO] [stdout] 
[INFO] [stdout] error[E0308]: mismatched types
[INFO] [stdout]    --> src/instruction.rs:105:39
[INFO] [stdout]     |
[INFO] [stdout] 105 |             AccountMeta::new_readonly(spl_token::id(), false),
[INFO] [stdout]     |             ------------------------- ^^^^^^^^^^^^^^^ expected `solana_program::pubkey::Pubkey`, found `Pubkey`
[INFO] [stdout]     |             |
[INFO] [stdout]     |             arguments to this function are incorrect
[INFO] [stdout]     |
[INFO] [stdout]     = note: `Pubkey` and `solana_program::pubkey::Pubkey` have similar names, but are actually distinct types
[INFO] [stdout] note: `Pubkey` is defined in crate `solana_program`
[INFO] [stdout]    --> /opt/rustwide/cargo-home/registry/src/index.crates.io-6f17d22bba15001f/miraland-program-1.18.3/src/pubkey.rs:92:1
[INFO] [stdout]     |
[INFO] [stdout] 92  | pub struct Pubkey(pub(crate) [u8; 32]);
[INFO] [stdout]     | ^^^^^^^^^^^^^^^^^
[INFO] [stdout] note: `solana_program::pubkey::Pubkey` is defined in crate `solana_program`
[INFO] [stdout]    --> /opt/rustwide/cargo-home/registry/src/index.crates.io-6f17d22bba15001f/solana-program-1.18.26/src/pubkey.rs:88:1
[INFO] [stdout]     |
[INFO] [stdout] 88  | pub struct Pubkey(pub(crate) [u8; 32]);
[INFO] [stdout]     | ^^^^^^^^^^^^^^^^^
[INFO] [stdout]     = note: perhaps two different versions of crate `solana_program` are being used?
[INFO] [stdout] note: associated function defined here
[INFO] [stdout]    --> /opt/rustwide/cargo-home/registry/src/index.crates.io-6f17d22bba15001f/solana-program-1.18.26/src/instruction.rs:615:12
[INFO] [stdout]     |
[INFO] [stdout] 615 |     pub fn new_readonly(pubkey: Pubkey, is_signer: bool) -> Self {
[INFO] [stdout]     |            ^^^^^^^^^^^^
[INFO] [stdout] 
[INFO] [stdout] 
[INFO] [stdout] error[E0308]: arguments to this function are incorrect
[INFO] [stdout]    --> src/instruction.rs:117:19
[INFO] [stdout]     |
[INFO] [stdout] 117 |     let account = get_associated_token_address(owner, mint);
[INFO] [stdout]     |                   ^^^^^^^^^^^^^^^^^^^^^^^^^^^^ -----  ---- expected `Pubkey`, found `solana_program::pubkey::Pubkey`
[INFO] [stdout]     |                                                |
[INFO] [stdout]     |                                                expected `Pubkey`, found `solana_program::pubkey::Pubkey`
[INFO] [stdout]     |
[INFO] [stdout]     = note: `solana_program::pubkey::Pubkey` and `Pubkey` have similar names, but are actually distinct types
[INFO] [stdout] note: `solana_program::pubkey::Pubkey` is defined in crate `solana_program`
[INFO] [stdout]    --> /opt/rustwide/cargo-home/registry/src/index.crates.io-6f17d22bba15001f/solana-program-1.18.26/src/pubkey.rs:88:1
[INFO] [stdout]     |
[INFO] [stdout] 88  | pub struct Pubkey(pub(crate) [u8; 32]);
[INFO] [stdout]     | ^^^^^^^^^^^^^^^^^
[INFO] [stdout] note: `Pubkey` is defined in crate `solana_program`
[INFO] [stdout]    --> /opt/rustwide/cargo-home/registry/src/index.crates.io-6f17d22bba15001f/miraland-program-1.18.3/src/pubkey.rs:92:1
[INFO] [stdout]     |
[INFO] [stdout] 92  | pub struct Pubkey(pub(crate) [u8; 32]);
[INFO] [stdout]     | ^^^^^^^^^^^^^^^^^
[INFO] [stdout]     = note: perhaps two different versions of crate `solana_program` are being used?
[INFO] [stdout]     = note: `solana_program::pubkey::Pubkey` and `Pubkey` have similar names, but are actually distinct types
[INFO] [stdout] note: `solana_program::pubkey::Pubkey` is defined in crate `solana_program`
[INFO] [stdout]    --> /opt/rustwide/cargo-home/registry/src/index.crates.io-6f17d22bba15001f/solana-program-1.18.26/src/pubkey.rs:88:1
[INFO] [stdout]     |
[INFO] [stdout] 88  | pub struct Pubkey(pub(crate) [u8; 32]);
[INFO] [stdout]     | ^^^^^^^^^^^^^^^^^
[INFO] [stdout] note: `Pubkey` is defined in crate `solana_program`
[INFO] [stdout]    --> /opt/rustwide/cargo-home/registry/src/index.crates.io-6f17d22bba15001f/miraland-program-1.18.3/src/pubkey.rs:92:1
[INFO] [stdout]     |
[INFO] [stdout] 92  | pub struct Pubkey(pub(crate) [u8; 32]);
[INFO] [stdout]     | ^^^^^^^^^^^^^^^^^
[INFO] [stdout]     = note: perhaps two different versions of crate `solana_program` are being used?
[INFO] [stdout] note: function defined here
[INFO] [stdout]    --> /opt/rustwide/cargo-home/registry/src/index.crates.io-6f17d22bba15001f/solarti-associated-token-account-1.1.8/src/lib.rs:36:8
[INFO] [stdout]     |
[INFO] [stdout] 36  | pub fn get_associated_token_address(
[INFO] [stdout]     |        ^^^^^^^^^^^^^^^^^^^^^^^^^^^^
[INFO] [stdout] 
[INFO] [stdout] 
[INFO] [stdout] error[E0308]: mismatched types
[INFO] [stdout]    --> src/instruction.rs:122:30
[INFO] [stdout]     |
[INFO] [stdout] 122 |             AccountMeta::new(account, false),
[INFO] [stdout]     |             ---------------- ^^^^^^^ expected `solana_program::pubkey::Pubkey`, found `Pubkey`
[INFO] [stdout]     |             |
[INFO] [stdout]     |             arguments to this function are incorrect
[INFO] [stdout]     |
[INFO] [stdout]     = note: `Pubkey` and `solana_program::pubkey::Pubkey` have similar names, but are actually distinct types
[INFO] [stdout] note: `Pubkey` is defined in crate `solana_program`
[INFO] [stdout]    --> /opt/rustwide/cargo-home/registry/src/index.crates.io-6f17d22bba15001f/miraland-program-1.18.3/src/pubkey.rs:92:1
[INFO] [stdout]     |
[INFO] [stdout] 92  | pub struct Pubkey(pub(crate) [u8; 32]);
[INFO] [stdout]     | ^^^^^^^^^^^^^^^^^
[INFO] [stdout] note: `solana_program::pubkey::Pubkey` is defined in crate `solana_program`
[INFO] [stdout]    --> /opt/rustwide/cargo-home/registry/src/index.crates.io-6f17d22bba15001f/solana-program-1.18.26/src/pubkey.rs:88:1
[INFO] [stdout]     |
[INFO] [stdout] 88  | pub struct Pubkey(pub(crate) [u8; 32]);
[INFO] [stdout]     | ^^^^^^^^^^^^^^^^^
[INFO] [stdout]     = note: perhaps two different versions of crate `solana_program` are being used?
[INFO] [stdout] note: associated function defined here
[INFO] [stdout]    --> /opt/rustwide/cargo-home/registry/src/index.crates.io-6f17d22bba15001f/solana-program-1.18.26/src/instruction.rs:577:12
[INFO] [stdout]     |
[INFO] [stdout] 577 |     pub fn new(pubkey: Pubkey, is_signer: bool) -> Self {
[INFO] [stdout]     |            ^^^
[INFO] [stdout] 
[INFO] [stdout] 
[INFO] [stdout] error[E0308]: mismatched types
[INFO] [stdout]    --> src/instruction.rs:129:39
[INFO] [stdout]     |
[INFO] [stdout] 129 |             AccountMeta::new_readonly(spl_associated_token_account::id(), false),
[INFO] [stdout]     |             ------------------------- ^^^^^^^^^^^^^^^^^^^^^^^^^^^^^^^^^^ expected `solana_program::pubkey::Pubkey`, found `Pubkey`
[INFO] [stdout]     |             |
[INFO] [stdout]     |             arguments to this function are incorrect
[INFO] [stdout]     |
[INFO] [stdout]     = note: `Pubkey` and `solana_program::pubkey::Pubkey` have similar names, but are actually distinct types
[INFO] [stdout] note: `Pubkey` is defined in crate `solana_program`
[INFO] [stdout]    --> /opt/rustwide/cargo-home/registry/src/index.crates.io-6f17d22bba15001f/miraland-program-1.18.3/src/pubkey.rs:92:1
[INFO] [stdout]     |
[INFO] [stdout] 92  | pub struct Pubkey(pub(crate) [u8; 32]);
[INFO] [stdout]     | ^^^^^^^^^^^^^^^^^
[INFO] [stdout] note: `solana_program::pubkey::Pubkey` is defined in crate `solana_program`
[INFO] [stdout]    --> /opt/rustwide/cargo-home/registry/src/index.crates.io-6f17d22bba15001f/solana-program-1.18.26/src/pubkey.rs:88:1
[INFO] [stdout]     |
[INFO] [stdout] 88  | pub struct Pubkey(pub(crate) [u8; 32]);
[INFO] [stdout]     | ^^^^^^^^^^^^^^^^^
[INFO] [stdout]     = note: perhaps two different versions of crate `solana_program` are being used?
[INFO] [stdout] note: associated function defined here
[INFO] [stdout]    --> /opt/rustwide/cargo-home/registry/src/index.crates.io-6f17d22bba15001f/solana-program-1.18.26/src/instruction.rs:615:12
[INFO] [stdout]     |
[INFO] [stdout] 615 |     pub fn new_readonly(pubkey: Pubkey, is_signer: bool) -> Self {
[INFO] [stdout]     |            ^^^^^^^^^^^^
[INFO] [stdout] 
[INFO] [stdout] 
[INFO] [stdout] error[E0308]: mismatched types
[INFO] [stdout]    --> src/instruction.rs:130:39
[INFO] [stdout]     |
[INFO] [stdout] 130 |             AccountMeta::new_readonly(spl_token::id(), false),
[INFO] [stdout]     |             ------------------------- ^^^^^^^^^^^^^^^ expected `solana_program::pubkey::Pubkey`, found `Pubkey`
[INFO] [stdout]     |             |
[INFO] [stdout]     |             arguments to this function are incorrect
[INFO] [stdout]     |
[INFO] [stdout]     = note: `Pubkey` and `solana_program::pubkey::Pubkey` have similar names, but are actually distinct types
[INFO] [stdout] note: `Pubkey` is defined in crate `solana_program`
[INFO] [stdout]    --> /opt/rustwide/cargo-home/registry/src/index.crates.io-6f17d22bba15001f/miraland-program-1.18.3/src/pubkey.rs:92:1
[INFO] [stdout]     |
[INFO] [stdout] 92  | pub struct Pubkey(pub(crate) [u8; 32]);
[INFO] [stdout]     | ^^^^^^^^^^^^^^^^^
[INFO] [stdout] note: `solana_program::pubkey::Pubkey` is defined in crate `solana_program`
[INFO] [stdout]    --> /opt/rustwide/cargo-home/registry/src/index.crates.io-6f17d22bba15001f/solana-program-1.18.26/src/pubkey.rs:88:1
[INFO] [stdout]     |
[INFO] [stdout] 88  | pub struct Pubkey(pub(crate) [u8; 32]);
[INFO] [stdout]     | ^^^^^^^^^^^^^^^^^
[INFO] [stdout]     = note: perhaps two different versions of crate `solana_program` are being used?
[INFO] [stdout] note: associated function defined here
[INFO] [stdout]    --> /opt/rustwide/cargo-home/registry/src/index.crates.io-6f17d22bba15001f/solana-program-1.18.26/src/instruction.rs:615:12
[INFO] [stdout]     |
[INFO] [stdout] 615 |     pub fn new_readonly(pubkey: Pubkey, is_signer: bool) -> Self {
[INFO] [stdout]     |            ^^^^^^^^^^^^
[INFO] [stdout] 
[INFO] [stdout] 
[INFO] [stdout] error[E0308]: arguments to this function are incorrect
[INFO] [stdout]    --> src/instruction.rs:142:19
[INFO] [stdout]     |
[INFO] [stdout] 142 |     let account = get_associated_token_address(owner, mint);
[INFO] [stdout]     |                   ^^^^^^^^^^^^^^^^^^^^^^^^^^^^ -----  ---- expected `Pubkey`, found `solana_program::pubkey::Pubkey`
[INFO] [stdout]     |                                                |
[INFO] [stdout]     |                                                expected `Pubkey`, found `solana_program::pubkey::Pubkey`
[INFO] [stdout]     |
[INFO] [stdout]     = note: `solana_program::pubkey::Pubkey` and `Pubkey` have similar names, but are actually distinct types
[INFO] [stdout] note: `solana_program::pubkey::Pubkey` is defined in crate `solana_program`
[INFO] [stdout]    --> /opt/rustwide/cargo-home/registry/src/index.crates.io-6f17d22bba15001f/solana-program-1.18.26/src/pubkey.rs:88:1
[INFO] [stdout]     |
[INFO] [stdout] 88  | pub struct Pubkey(pub(crate) [u8; 32]);
[INFO] [stdout]     | ^^^^^^^^^^^^^^^^^
[INFO] [stdout] note: `Pubkey` is defined in crate `solana_program`
[INFO] [stdout]    --> /opt/rustwide/cargo-home/registry/src/index.crates.io-6f17d22bba15001f/miraland-program-1.18.3/src/pubkey.rs:92:1
[INFO] [stdout]     |
[INFO] [stdout] 92  | pub struct Pubkey(pub(crate) [u8; 32]);
[INFO] [stdout]     | ^^^^^^^^^^^^^^^^^
[INFO] [stdout]     = note: perhaps two different versions of crate `solana_program` are being used?
[INFO] [stdout]     = note: `solana_program::pubkey::Pubkey` and `Pubkey` have similar names, but are actually distinct types
[INFO] [stdout] note: `solana_program::pubkey::Pubkey` is defined in crate `solana_program`
[INFO] [stdout]    --> /opt/rustwide/cargo-home/registry/src/index.crates.io-6f17d22bba15001f/solana-program-1.18.26/src/pubkey.rs:88:1
[INFO] [stdout]     |
[INFO] [stdout] 88  | pub struct Pubkey(pub(crate) [u8; 32]);
[INFO] [stdout]     | ^^^^^^^^^^^^^^^^^
[INFO] [stdout] note: `Pubkey` is defined in crate `solana_program`
[INFO] [stdout]    --> /opt/rustwide/cargo-home/registry/src/index.crates.io-6f17d22bba15001f/miraland-program-1.18.3/src/pubkey.rs:92:1
[INFO] [stdout]     |
[INFO] [stdout] 92  | pub struct Pubkey(pub(crate) [u8; 32]);
[INFO] [stdout]     | ^^^^^^^^^^^^^^^^^
[INFO] [stdout]     = note: perhaps two different versions of crate `solana_program` are being used?
[INFO] [stdout] note: function defined here
[INFO] [stdout]    --> /opt/rustwide/cargo-home/registry/src/index.crates.io-6f17d22bba15001f/solarti-associated-token-account-1.1.8/src/lib.rs:36:8
[INFO] [stdout]     |
[INFO] [stdout] 36  | pub fn get_associated_token_address(
[INFO] [stdout]     |        ^^^^^^^^^^^^^^^^^^^^^^^^^^^^
[INFO] [stdout] 
[INFO] [stdout] 
[INFO] [stdout] error[E0308]: mismatched types
[INFO] [stdout]    --> src/instruction.rs:148:30
[INFO] [stdout]     |
[INFO] [stdout] 148 |             AccountMeta::new(account, false),
[INFO] [stdout]     |             ---------------- ^^^^^^^ expected `solana_program::pubkey::Pubkey`, found `Pubkey`
[INFO] [stdout]     |             |
[INFO] [stdout]     |             arguments to this function are incorrect
[INFO] [stdout]     |
[INFO] [stdout]     = note: `Pubkey` and `solana_program::pubkey::Pubkey` have similar names, but are actually distinct types
[INFO] [stdout] note: `Pubkey` is defined in crate `solana_program`
[INFO] [stdout]    --> /opt/rustwide/cargo-home/registry/src/index.crates.io-6f17d22bba15001f/miraland-program-1.18.3/src/pubkey.rs:92:1
[INFO] [stdout]     |
[INFO] [stdout] 92  | pub struct Pubkey(pub(crate) [u8; 32]);
[INFO] [stdout]     | ^^^^^^^^^^^^^^^^^
[INFO] [stdout] note: `solana_program::pubkey::Pubkey` is defined in crate `solana_program`
[INFO] [stdout]    --> /opt/rustwide/cargo-home/registry/src/index.crates.io-6f17d22bba15001f/solana-program-1.18.26/src/pubkey.rs:88:1
[INFO] [stdout]     |
[INFO] [stdout] 88  | pub struct Pubkey(pub(crate) [u8; 32]);
[INFO] [stdout]     | ^^^^^^^^^^^^^^^^^
[INFO] [stdout]     = note: perhaps two different versions of crate `solana_program` are being used?
[INFO] [stdout] note: associated function defined here
[INFO] [stdout]    --> /opt/rustwide/cargo-home/registry/src/index.crates.io-6f17d22bba15001f/solana-program-1.18.26/src/instruction.rs:577:12
[INFO] [stdout]     |
[INFO] [stdout] 577 |     pub fn new(pubkey: Pubkey, is_signer: bool) -> Self {
[INFO] [stdout]     |            ^^^
[INFO] [stdout] 
[INFO] [stdout] 
[INFO] [stdout] error[E0308]: mismatched types
[INFO] [stdout]    --> src/instruction.rs:151:39
[INFO] [stdout]     |
[INFO] [stdout] 151 |             AccountMeta::new_readonly(spl_token::id(), false),
[INFO] [stdout]     |             ------------------------- ^^^^^^^^^^^^^^^ expected `solana_program::pubkey::Pubkey`, found `Pubkey`
[INFO] [stdout]     |             |
[INFO] [stdout]     |             arguments to this function are incorrect
[INFO] [stdout]     |
[INFO] [stdout]     = note: `Pubkey` and `solana_program::pubkey::Pubkey` have similar names, but are actually distinct types
[INFO] [stdout] note: `Pubkey` is defined in crate `solana_program`
[INFO] [stdout]    --> /opt/rustwide/cargo-home/registry/src/index.crates.io-6f17d22bba15001f/miraland-program-1.18.3/src/pubkey.rs:92:1
[INFO] [stdout]     |
[INFO] [stdout] 92  | pub struct Pubkey(pub(crate) [u8; 32]);
[INFO] [stdout]     | ^^^^^^^^^^^^^^^^^
[INFO] [stdout] note: `solana_program::pubkey::Pubkey` is defined in crate `solana_program`
[INFO] [stdout]    --> /opt/rustwide/cargo-home/registry/src/index.crates.io-6f17d22bba15001f/solana-program-1.18.26/src/pubkey.rs:88:1
[INFO] [stdout]     |
[INFO] [stdout] 88  | pub struct Pubkey(pub(crate) [u8; 32]);
[INFO] [stdout]     | ^^^^^^^^^^^^^^^^^
[INFO] [stdout]     = note: perhaps two different versions of crate `solana_program` are being used?
[INFO] [stdout] note: associated function defined here
[INFO] [stdout]    --> /opt/rustwide/cargo-home/registry/src/index.crates.io-6f17d22bba15001f/solana-program-1.18.26/src/instruction.rs:615:12
[INFO] [stdout]     |
[INFO] [stdout] 615 |     pub fn new_readonly(pubkey: Pubkey, is_signer: bool) -> Self {
[INFO] [stdout]     |            ^^^^^^^^^^^^
[INFO] [stdout] 
[INFO] [stdout] 
[INFO] [stdout] error[E0308]: arguments to this function are incorrect
[INFO] [stdout]    --> src/instruction.rs:164:23
[INFO] [stdout]     |
[INFO] [stdout] 164 |     let src_account = get_associated_token_address(src, mint);
[INFO] [stdout]     |                       ^^^^^^^^^^^^^^^^^^^^^^^^^^^^ ---  ---- expected `Pubkey`, found `solana_program::pubkey::Pubkey`
[INFO] [stdout]     |                                                    |
[INFO] [stdout]     |                                                    expected `Pubkey`, found `solana_program::pubkey::Pubkey`
[INFO] [stdout]     |
[INFO] [stdout]     = note: `solana_program::pubkey::Pubkey` and `Pubkey` have similar names, but are actually distinct types
[INFO] [stdout] note: `solana_program::pubkey::Pubkey` is defined in crate `solana_program`
[INFO] [stdout]    --> /opt/rustwide/cargo-home/registry/src/index.crates.io-6f17d22bba15001f/solana-program-1.18.26/src/pubkey.rs:88:1
[INFO] [stdout]     |
[INFO] [stdout] 88  | pub struct Pubkey(pub(crate) [u8; 32]);
[INFO] [stdout]     | ^^^^^^^^^^^^^^^^^
[INFO] [stdout] note: `Pubkey` is defined in crate `solana_program`
[INFO] [stdout]    --> /opt/rustwide/cargo-home/registry/src/index.crates.io-6f17d22bba15001f/miraland-program-1.18.3/src/pubkey.rs:92:1
[INFO] [stdout]     |
[INFO] [stdout] 92  | pub struct Pubkey(pub(crate) [u8; 32]);
[INFO] [stdout]     | ^^^^^^^^^^^^^^^^^
[INFO] [stdout]     = note: perhaps two different versions of crate `solana_program` are being used?
[INFO] [stdout]     = note: `solana_program::pubkey::Pubkey` and `Pubkey` have similar names, but are actually distinct types
[INFO] [stdout] note: `solana_program::pubkey::Pubkey` is defined in crate `solana_program`
[INFO] [stdout]    --> /opt/rustwide/cargo-home/registry/src/index.crates.io-6f17d22bba15001f/solana-program-1.18.26/src/pubkey.rs:88:1
[INFO] [stdout]     |
[INFO] [stdout] 88  | pub struct Pubkey(pub(crate) [u8; 32]);
[INFO] [stdout]     | ^^^^^^^^^^^^^^^^^
[INFO] [stdout] note: `Pubkey` is defined in crate `solana_program`
[INFO] [stdout]    --> /opt/rustwide/cargo-home/registry/src/index.crates.io-6f17d22bba15001f/miraland-program-1.18.3/src/pubkey.rs:92:1
[INFO] [stdout]     |
[INFO] [stdout] 92  | pub struct Pubkey(pub(crate) [u8; 32]);
[INFO] [stdout]     | ^^^^^^^^^^^^^^^^^
[INFO] [stdout]     = note: perhaps two different versions of crate `solana_program` are being used?
[INFO] [stdout] note: function defined here
[INFO] [stdout]    --> /opt/rustwide/cargo-home/registry/src/index.crates.io-6f17d22bba15001f/solarti-associated-token-account-1.1.8/src/lib.rs:36:8
[INFO] [stdout]     |
[INFO] [stdout] 36  | pub fn get_associated_token_address(
[INFO] [stdout]     |        ^^^^^^^^^^^^^^^^^^^^^^^^^^^^
[INFO] [stdout] 
[INFO] [stdout] 
[INFO] [stdout] error[E0308]: arguments to this function are incorrect
[INFO] [stdout]    --> src/instruction.rs:165:23
[INFO] [stdout]     |
[INFO] [stdout] 165 |     let dst_account = get_associated_token_address(dst, mint);
[INFO] [stdout]     |                       ^^^^^^^^^^^^^^^^^^^^^^^^^^^^ ---  ---- expected `Pubkey`, found `solana_program::pubkey::Pubkey`
[INFO] [stdout]     |                                                    |
[INFO] [stdout]     |                                                    expected `Pubkey`, found `solana_program::pubkey::Pubkey`
[INFO] [stdout]     |
[INFO] [stdout]     = note: `solana_program::pubkey::Pubkey` and `Pubkey` have similar names, but are actually distinct types
[INFO] [stdout] note: `solana_program::pubkey::Pubkey` is defined in crate `solana_program`
[INFO] [stdout]    --> /opt/rustwide/cargo-home/registry/src/index.crates.io-6f17d22bba15001f/solana-program-1.18.26/src/pubkey.rs:88:1
[INFO] [stdout]     |
[INFO] [stdout] 88  | pub struct Pubkey(pub(crate) [u8; 32]);
[INFO] [stdout]     | ^^^^^^^^^^^^^^^^^
[INFO] [stdout] note: `Pubkey` is defined in crate `solana_program`
[INFO] [stdout]    --> /opt/rustwide/cargo-home/registry/src/index.crates.io-6f17d22bba15001f/miraland-program-1.18.3/src/pubkey.rs:92:1
[INFO] [stdout]     |
[INFO] [stdout] 92  | pub struct Pubkey(pub(crate) [u8; 32]);
[INFO] [stdout]     | ^^^^^^^^^^^^^^^^^
[INFO] [stdout]     = note: perhaps two different versions of crate `solana_program` are being used?
[INFO] [stdout]     = note: `solana_program::pubkey::Pubkey` and `Pubkey` have similar names, but are actually distinct types
[INFO] [stdout] note: `solana_program::pubkey::Pubkey` is defined in crate `solana_program`
[INFO] [stdout]    --> /opt/rustwide/cargo-home/registry/src/index.crates.io-6f17d22bba15001f/solana-program-1.18.26/src/pubkey.rs:88:1
[INFO] [stdout]     |
[INFO] [stdout] 88  | pub struct Pubkey(pub(crate) [u8; 32]);
[INFO] [stdout]     | ^^^^^^^^^^^^^^^^^
[INFO] [stdout] note: `Pubkey` is defined in crate `solana_program`
[INFO] [stdout]    --> /opt/rustwide/cargo-home/registry/src/index.crates.io-6f17d22bba15001f/miraland-program-1.18.3/src/pubkey.rs:92:1
[INFO] [stdout]     |
[INFO] [stdout] 92  | pub struct Pubkey(pub(crate) [u8; 32]);
[INFO] [stdout]     | ^^^^^^^^^^^^^^^^^
[INFO] [stdout]     = note: perhaps two different versions of crate `solana_program` are being used?
[INFO] [stdout] note: function defined here
[INFO] [stdout]    --> /opt/rustwide/cargo-home/registry/src/index.crates.io-6f17d22bba15001f/solarti-associated-token-account-1.1.8/src/lib.rs:36:8
[INFO] [stdout]     |
[INFO] [stdout] 36  | pub fn get_associated_token_address(
[INFO] [stdout]     |        ^^^^^^^^^^^^^^^^^^^^^^^^^^^^
[INFO] [stdout] 
[INFO] [stdout] 
[INFO] [stdout] error[E0308]: mismatched types
[INFO] [stdout]    --> src/instruction.rs:170:30
[INFO] [stdout]     |
[INFO] [stdout] 170 |             AccountMeta::new(src_account, false),
[INFO] [stdout]     |             ---------------- ^^^^^^^^^^^ expected `solana_program::pubkey::Pubkey`, found `Pubkey`
[INFO] [stdout]     |             |
[INFO] [stdout]     |             arguments to this function are incorrect
[INFO] [stdout]     |
[INFO] [stdout]     = note: `Pubkey` and `solana_program::pubkey::Pubkey` have similar names, but are actually distinct types
[INFO] [stdout] note: `Pubkey` is defined in crate `solana_program`
[INFO] [stdout]    --> /opt/rustwide/cargo-home/registry/src/index.crates.io-6f17d22bba15001f/miraland-program-1.18.3/src/pubkey.rs:92:1
[INFO] [stdout]     |
[INFO] [stdout] 92  | pub struct Pubkey(pub(crate) [u8; 32]);
[INFO] [stdout]     | ^^^^^^^^^^^^^^^^^
[INFO] [stdout] note: `solana_program::pubkey::Pubkey` is defined in crate `solana_program`
[INFO] [stdout]    --> /opt/rustwide/cargo-home/registry/src/index.crates.io-6f17d22bba15001f/solana-program-1.18.26/src/pubkey.rs:88:1
[INFO] [stdout]     |
[INFO] [stdout] 88  | pub struct Pubkey(pub(crate) [u8; 32]);
[INFO] [stdout]     | ^^^^^^^^^^^^^^^^^
[INFO] [stdout]     = note: perhaps two different versions of crate `solana_program` are being used?
[INFO] [stdout] note: associated function defined here
[INFO] [stdout]    --> /opt/rustwide/cargo-home/registry/src/index.crates.io-6f17d22bba15001f/solana-program-1.18.26/src/instruction.rs:577:12
[INFO] [stdout]     |
[INFO] [stdout] 577 |     pub fn new(pubkey: Pubkey, is_signer: bool) -> Self {
[INFO] [stdout]     |            ^^^
[INFO] [stdout] 
[INFO] [stdout] 
[INFO] [stdout] error[E0308]: mismatched types
[INFO] [stdout]    --> src/instruction.rs:171:30
[INFO] [stdout]     |
[INFO] [stdout] 171 |             AccountMeta::new(dst_account, false),
[INFO] [stdout]     |             ---------------- ^^^^^^^^^^^ expected `solana_program::pubkey::Pubkey`, found `Pubkey`
[INFO] [stdout]     |             |
[INFO] [stdout]     |             arguments to this function are incorrect
[INFO] [stdout]     |
[INFO] [stdout]     = note: `Pubkey` and `solana_program::pubkey::Pubkey` have similar names, but are actually distinct types
[INFO] [stdout] note: `Pubkey` is defined in crate `solana_program`
[INFO] [stdout]    --> /opt/rustwide/cargo-home/registry/src/index.crates.io-6f17d22bba15001f/miraland-program-1.18.3/src/pubkey.rs:92:1
[INFO] [stdout]     |
[INFO] [stdout] 92  | pub struct Pubkey(pub(crate) [u8; 32]);
[INFO] [stdout]     | ^^^^^^^^^^^^^^^^^
[INFO] [stdout] note: `solana_program::pubkey::Pubkey` is defined in crate `solana_program`
[INFO] [stdout]    --> /opt/rustwide/cargo-home/registry/src/index.crates.io-6f17d22bba15001f/solana-program-1.18.26/src/pubkey.rs:88:1
[INFO] [stdout]     |
[INFO] [stdout] 88  | pub struct Pubkey(pub(crate) [u8; 32]);
[INFO] [stdout]     | ^^^^^^^^^^^^^^^^^
[INFO] [stdout]     = note: perhaps two different versions of crate `solana_program` are being used?
[INFO] [stdout] note: associated function defined here
[INFO] [stdout]    --> /opt/rustwide/cargo-home/registry/src/index.crates.io-6f17d22bba15001f/solana-program-1.18.26/src/instruction.rs:577:12
[INFO] [stdout]     |
[INFO] [stdout] 577 |     pub fn new(pubkey: Pubkey, is_signer: bool) -> Self {
[INFO] [stdout]     |            ^^^
[INFO] [stdout] 
[INFO] [stdout] 
[INFO] [stdout] error[E0308]: mismatched types
[INFO] [stdout]    --> src/instruction.rs:176:39
[INFO] [stdout]     |
[INFO] [stdout] 176 |             AccountMeta::new_readonly(spl_token::id(), false),
[INFO] [stdout]     |             ------------------------- ^^^^^^^^^^^^^^^ expected `solana_program::pubkey::Pubkey`, found `Pubkey`
[INFO] [stdout]     |             |
[INFO] [stdout]     |             arguments to this function are incorrect
[INFO] [stdout]     |
[INFO] [stdout]     = note: `Pubkey` and `solana_program::pubkey::Pubkey` have similar names, but are actually distinct types
[INFO] [stdout] note: `Pubkey` is defined in crate `solana_program`
[INFO] [stdout]    --> /opt/rustwide/cargo-home/registry/src/index.crates.io-6f17d22bba15001f/miraland-program-1.18.3/src/pubkey.rs:92:1
[INFO] [stdout]     |
[INFO] [stdout] 92  | pub struct Pubkey(pub(crate) [u8; 32]);
[INFO] [stdout]     | ^^^^^^^^^^^^^^^^^
[INFO] [stdout] note: `solana_program::pubkey::Pubkey` is defined in crate `solana_program`
[INFO] [stdout]    --> /opt/rustwide/cargo-home/registry/src/index.crates.io-6f17d22bba15001f/solana-program-1.18.26/src/pubkey.rs:88:1
[INFO] [stdout]     |
[INFO] [stdout] 88  | pub struct Pubkey(pub(crate) [u8; 32]);
[INFO] [stdout]     | ^^^^^^^^^^^^^^^^^
[INFO] [stdout]     = note: perhaps two different versions of crate `solana_program` are being used?
[INFO] [stdout] note: associated function defined here
[INFO] [stdout]    --> /opt/rustwide/cargo-home/registry/src/index.crates.io-6f17d22bba15001f/solana-program-1.18.26/src/instruction.rs:615:12
[INFO] [stdout]     |
[INFO] [stdout] 615 |     pub fn new_readonly(pubkey: Pubkey, is_signer: bool) -> Self {
[INFO] [stdout]     |            ^^^^^^^^^^^^
[INFO] [stdout] 
[INFO] [stdout] 
[INFO] [stdout] error[E0308]: arguments to this function are incorrect
[INFO] [stdout]    --> src/instruction.rs:190:23
[INFO] [stdout]     |
[INFO] [stdout] 190 |     let src_account = get_associated_token_address(src, mint);
[INFO] [stdout]     |                       ^^^^^^^^^^^^^^^^^^^^^^^^^^^^ ---  ---- expected `Pubkey`, found `solana_program::pubkey::Pubkey`
[INFO] [stdout]     |                                                    |
[INFO] [stdout]     |                                                    expected `Pubkey`, found `solana_program::pubkey::Pubkey`
[INFO] [stdout]     |
[INFO] [stdout]     = note: `solana_program::pubkey::Pubkey` and `Pubkey` have similar names, but are actually distinct types
[INFO] [stdout] note: `solana_program::pubkey::Pubkey` is defined in crate `solana_program`
[INFO] [stdout]    --> /opt/rustwide/cargo-home/registry/src/index.crates.io-6f17d22bba15001f/solana-program-1.18.26/src/pubkey.rs:88:1
[INFO] [stdout]     |
[INFO] [stdout] 88  | pub struct Pubkey(pub(crate) [u8; 32]);
[INFO] [stdout]     | ^^^^^^^^^^^^^^^^^
[INFO] [stdout] note: `Pubkey` is defined in crate `solana_program`
[INFO] [stdout]    --> /opt/rustwide/cargo-home/registry/src/index.crates.io-6f17d22bba15001f/miraland-program-1.18.3/src/pubkey.rs:92:1
[INFO] [stdout]     |
[INFO] [stdout] 92  | pub struct Pubkey(pub(crate) [u8; 32]);
[INFO] [stdout]     | ^^^^^^^^^^^^^^^^^
[INFO] [stdout]     = note: perhaps two different versions of crate `solana_program` are being used?
[INFO] [stdout]     = note: `solana_program::pubkey::Pubkey` and `Pubkey` have similar names, but are actually distinct types
[INFO] [stdout] note: `solana_program::pubkey::Pubkey` is defined in crate `solana_program`
[INFO] [stdout]    --> /opt/rustwide/cargo-home/registry/src/index.crates.io-6f17d22bba15001f/solana-program-1.18.26/src/pubkey.rs:88:1
[INFO] [stdout]     |
[INFO] [stdout] 88  | pub struct Pubkey(pub(crate) [u8; 32]);
[INFO] [stdout]     | ^^^^^^^^^^^^^^^^^
[INFO] [stdout] note: `Pubkey` is defined in crate `solana_program`
[INFO] [stdout]    --> /opt/rustwide/cargo-home/registry/src/index.crates.io-6f17d22bba15001f/miraland-program-1.18.3/src/pubkey.rs:92:1
[INFO] [stdout]     |
[INFO] [stdout] 92  | pub struct Pubkey(pub(crate) [u8; 32]);
[INFO] [stdout]     | ^^^^^^^^^^^^^^^^^
[INFO] [stdout]     = note: perhaps two different versions of crate `solana_program` are being used?
[INFO] [stdout] note: function defined here
[INFO] [stdout]    --> /opt/rustwide/cargo-home/registry/src/index.crates.io-6f17d22bba15001f/solarti-associated-token-account-1.1.8/src/lib.rs:36:8
[INFO] [stdout]     |
[INFO] [stdout] 36  | pub fn get_associated_token_address(
[INFO] [stdout]     |        ^^^^^^^^^^^^^^^^^^^^^^^^^^^^
[INFO] [stdout] 
[INFO] [stdout] 
[INFO] [stdout] error[E0308]: arguments to this function are incorrect
[INFO] [stdout]    --> src/instruction.rs:191:23
[INFO] [stdout]     |
[INFO] [stdout] 191 |     let dst_account = get_associated_token_address(dst, mint);
[INFO] [stdout]     |                       ^^^^^^^^^^^^^^^^^^^^^^^^^^^^ ---  ---- expected `Pubkey`, found `solana_program::pubkey::Pubkey`
[INFO] [stdout]     |                                                    |
[INFO] [stdout]     |                                                    expected `Pubkey`, found `solana_program::pubkey::Pubkey`
[INFO] [stdout]     |
[INFO] [stdout]     = note: `solana_program::pubkey::Pubkey` and `Pubkey` have similar names, but are actually distinct types
[INFO] [stdout] note: `solana_program::pubkey::Pubkey` is defined in crate `solana_program`
[INFO] [stdout]    --> /opt/rustwide/cargo-home/registry/src/index.crates.io-6f17d22bba15001f/solana-program-1.18.26/src/pubkey.rs:88:1
[INFO] [stdout]     |
[INFO] [stdout] 88  | pub struct Pubkey(pub(crate) [u8; 32]);
[INFO] [stdout]     | ^^^^^^^^^^^^^^^^^
[INFO] [stdout] note: `Pubkey` is defined in crate `solana_program`
[INFO] [stdout]    --> /opt/rustwide/cargo-home/registry/src/index.crates.io-6f17d22bba15001f/miraland-program-1.18.3/src/pubkey.rs:92:1
[INFO] [stdout]     |
[INFO] [stdout] 92  | pub struct Pubkey(pub(crate) [u8; 32]);
[INFO] [stdout]     | ^^^^^^^^^^^^^^^^^
[INFO] [stdout]     = note: perhaps two different versions of crate `solana_program` are being used?
[INFO] [stdout]     = note: `solana_program::pubkey::Pubkey` and `Pubkey` have similar names, but are actually distinct types
[INFO] [stdout] note: `solana_program::pubkey::Pubkey` is defined in crate `solana_program`
[INFO] [stdout]    --> /opt/rustwide/cargo-home/registry/src/index.crates.io-6f17d22bba15001f/solana-program-1.18.26/src/pubkey.rs:88:1
[INFO] [stdout]     |
[INFO] [stdout] 88  | pub struct Pubkey(pub(crate) [u8; 32]);
[INFO] [stdout]     | ^^^^^^^^^^^^^^^^^
[INFO] [stdout] note: `Pubkey` is defined in crate `solana_program`
[INFO] [stdout]    --> /opt/rustwide/cargo-home/registry/src/index.crates.io-6f17d22bba15001f/miraland-program-1.18.3/src/pubkey.rs:92:1
[INFO] [stdout]     |
[INFO] [stdout] 92  | pub struct Pubkey(pub(crate) [u8; 32]);
[INFO] [stdout]     | ^^^^^^^^^^^^^^^^^
[INFO] [stdout]     = note: perhaps two different versions of crate `solana_program` are being used?
[INFO] [stdout] note: function defined here
[INFO] [stdout]    --> /opt/rustwide/cargo-home/registry/src/index.crates.io-6f17d22bba15001f/solarti-associated-token-account-1.1.8/src/lib.rs:36:8
[INFO] [stdout]     |
[INFO] [stdout] 36  | pub fn get_associated_token_address(
[INFO] [stdout]     |        ^^^^^^^^^^^^^^^^^^^^^^^^^^^^
[INFO] [stdout] 
[INFO] [stdout] 
[INFO] [stdout] error[E0308]: mismatched types
[INFO] [stdout]    --> src/instruction.rs:196:30
[INFO] [stdout]     |
[INFO] [stdout] 196 |             AccountMeta::new(src_account, false),
[INFO] [stdout]     |             ---------------- ^^^^^^^^^^^ expected `solana_program::pubkey::Pubkey`, found `Pubkey`
[INFO] [stdout]     |             |
[INFO] [stdout]     |             arguments to this function are incorrect
[INFO] [stdout]     |
[INFO] [stdout]     = note: `Pubkey` and `solana_program::pubkey::Pubkey` have similar names, but are actually distinct types
[INFO] [stdout] note: `Pubkey` is defined in crate `solana_program`
[INFO] [stdout]    --> /opt/rustwide/cargo-home/registry/src/index.crates.io-6f17d22bba15001f/miraland-program-1.18.3/src/pubkey.rs:92:1
[INFO] [stdout]     |
[INFO] [stdout] 92  | pub struct Pubkey(pub(crate) [u8; 32]);
[INFO] [stdout]     | ^^^^^^^^^^^^^^^^^
[INFO] [stdout] note: `solana_program::pubkey::Pubkey` is defined in crate `solana_program`
[INFO] [stdout]    --> /opt/rustwide/cargo-home/registry/src/index.crates.io-6f17d22bba15001f/solana-program-1.18.26/src/pubkey.rs:88:1
[INFO] [stdout]     |
[INFO] [stdout] 88  | pub struct Pubkey(pub(crate) [u8; 32]);
[INFO] [stdout]     | ^^^^^^^^^^^^^^^^^
[INFO] [stdout]     = note: perhaps two different versions of crate `solana_program` are being used?
[INFO] [stdout] note: associated function defined here
[INFO] [stdout]    --> /opt/rustwide/cargo-home/registry/src/index.crates.io-6f17d22bba15001f/solana-program-1.18.26/src/instruction.rs:577:12
[INFO] [stdout]     |
[INFO] [stdout] 577 |     pub fn new(pubkey: Pubkey, is_signer: bool) -> Self {
[INFO] [stdout]     |            ^^^
[INFO] [stdout] 
[INFO] [stdout] 
[INFO] [stdout] error[E0308]: mismatched types
[INFO] [stdout]    --> src/instruction.rs:197:30
[INFO] [stdout]     |
[INFO] [stdout] 197 |             AccountMeta::new(dst_account, false),
[INFO] [stdout]     |             ---------------- ^^^^^^^^^^^ expected `solana_program::pubkey::Pubkey`, found `Pubkey`
[INFO] [stdout]     |             |
[INFO] [stdout]     |             arguments to this function are incorrect
[INFO] [stdout]     |
[INFO] [stdout]     = note: `Pubkey` and `solana_program::pubkey::Pubkey` have similar names, but are actually distinct types
[INFO] [stdout] note: `Pubkey` is defined in crate `solana_program`
[INFO] [stdout]    --> /opt/rustwide/cargo-home/registry/src/index.crates.io-6f17d22bba15001f/miraland-program-1.18.3/src/pubkey.rs:92:1
[INFO] [stdout]     |
[INFO] [stdout] 92  | pub struct Pubkey(pub(crate) [u8; 32]);
[INFO] [stdout]     | ^^^^^^^^^^^^^^^^^
[INFO] [stdout] note: `solana_program::pubkey::Pubkey` is defined in crate `solana_program`
[INFO] [stdout]    --> /opt/rustwide/cargo-home/registry/src/index.crates.io-6f17d22bba15001f/solana-program-1.18.26/src/pubkey.rs:88:1
[INFO] [stdout]     |
[INFO] [stdout] 88  | pub struct Pubkey(pub(crate) [u8; 32]);
[INFO] [stdout]     | ^^^^^^^^^^^^^^^^^
[INFO] [stdout]     = note: perhaps two different versions of crate `solana_program` are being used?
[INFO] [stdout] note: associated function defined here
[INFO] [stdout]    --> /opt/rustwide/cargo-home/registry/src/index.crates.io-6f17d22bba15001f/solana-program-1.18.26/src/instruction.rs:577:12
[INFO] [stdout]     |
[INFO] [stdout] 577 |     pub fn new(pubkey: Pubkey, is_signer: bool) -> Self {
[INFO] [stdout]     |            ^^^
[INFO] [stdout] 
[INFO] [stdout] 
[INFO] [stdout] error[E0308]: mismatched types
[INFO] [stdout]    --> src/instruction.rs:202:39
[INFO] [stdout]     |
[INFO] [stdout] 202 |             AccountMeta::new_readonly(spl_token::id(), false),
[INFO] [stdout]     |             ------------------------- ^^^^^^^^^^^^^^^ expected `solana_program::pubkey::Pubkey`, found `Pubkey`
[INFO] [stdout]     |             |
[INFO] [stdout]     |             arguments to this function are incorrect
[INFO] [stdout]     |
[INFO] [stdout]     = note: `Pubkey` and `solana_program::pubkey::Pubkey` have similar names, but are actually distinct types
[INFO] [stdout] note: `Pubkey` is defined in crate `solana_program`
[INFO] [stdout]    --> /opt/rustwide/cargo-home/registry/src/index.crates.io-6f17d22bba15001f/miraland-program-1.18.3/src/pubkey.rs:92:1
[INFO] [stdout]     |
[INFO] [stdout] 92  | pub struct Pubkey(pub(crate) [u8; 32]);
[INFO] [stdout]     | ^^^^^^^^^^^^^^^^^
[INFO] [stdout] note: `solana_program::pubkey::Pubkey` is defined in crate `solana_program`
[INFO] [stdout]    --> /opt/rustwide/cargo-home/registry/src/index.crates.io-6f17d22bba15001f/solana-program-1.18.26/src/pubkey.rs:88:1
[INFO] [stdout]     |
[INFO] [stdout] 88  | pub struct Pubkey(pub(crate) [u8; 32]);
[INFO] [stdout]     | ^^^^^^^^^^^^^^^^^
[INFO] [stdout]     = note: perhaps two different versions of crate `solana_program` are being used?
[INFO] [stdout] note: associated function defined here
[INFO] [stdout]    --> /opt/rustwide/cargo-home/registry/src/index.crates.io-6f17d22bba15001f/solana-program-1.18.26/src/instruction.rs:615:12
[INFO] [stdout]     |
[INFO] [stdout] 615 |     pub fn new_readonly(pubkey: Pubkey, is_signer: bool) -> Self {
[INFO] [stdout]     |            ^^^^^^^^^^^^
[INFO] [stdout] 
[INFO] [stdout] 
[INFO] [stdout] error[E0308]: arguments to this function are incorrect
[INFO] [stdout]    --> src/instruction.rs:214:19
[INFO] [stdout]     |
[INFO] [stdout] 214 |     let account = get_associated_token_address(owner, mint);
[INFO] [stdout]     |                   ^^^^^^^^^^^^^^^^^^^^^^^^^^^^ -----  ---- expected `Pubkey`, found `solana_program::pubkey::Pubkey`
[INFO] [stdout]     |                                                |
[INFO] [stdout]     |                                                expected `Pubkey`, found `solana_program::pubkey::Pubkey`
[INFO] [stdout]     |
[INFO] [stdout]     = note: `solana_program::pubkey::Pubkey` and `Pubkey` have similar names, but are actually distinct types
[INFO] [stdout] note: `solana_program::pubkey::Pubkey` is defined in crate `solana_program`
[INFO] [stdout]    --> /opt/rustwide/cargo-home/registry/src/index.crates.io-6f17d22bba15001f/solana-program-1.18.26/src/pubkey.rs:88:1
[INFO] [stdout]     |
[INFO] [stdout] 88  | pub struct Pubkey(pub(crate) [u8; 32]);
[INFO] [stdout]     | ^^^^^^^^^^^^^^^^^
[INFO] [stdout] note: `Pubkey` is defined in crate `solana_program`
[INFO] [stdout]    --> /opt/rustwide/cargo-home/registry/src/index.crates.io-6f17d22bba15001f/miraland-program-1.18.3/src/pubkey.rs:92:1
[INFO] [stdout]     |
[INFO] [stdout] 92  | pub struct Pubkey(pub(crate) [u8; 32]);
[INFO] [stdout]     | ^^^^^^^^^^^^^^^^^
[INFO] [stdout]     = note: perhaps two different versions of crate `solana_program` are being used?
[INFO] [stdout]     = note: `solana_program::pubkey::Pubkey` and `Pubkey` have similar names, but are actually distinct types
[INFO] [stdout] note: `solana_program::pubkey::Pubkey` is defined in crate `solana_program`
[INFO] [stdout]    --> /opt/rustwide/cargo-home/registry/src/index.crates.io-6f17d22bba15001f/solana-program-1.18.26/src/pubkey.rs:88:1
[INFO] [stdout]     |
[INFO] [stdout] 88  | pub struct Pubkey(pub(crate) [u8; 32]);
[INFO] [stdout]     | ^^^^^^^^^^^^^^^^^
[INFO] [stdout] note: `Pubkey` is defined in crate `solana_program`
[INFO] [stdout]    --> /opt/rustwide/cargo-home/registry/src/index.crates.io-6f17d22bba15001f/miraland-program-1.18.3/src/pubkey.rs:92:1
[INFO] [stdout]     |
[INFO] [stdout] 92  | pub struct Pubkey(pub(crate) [u8; 32]);
[INFO] [stdout]     | ^^^^^^^^^^^^^^^^^
[INFO] [stdout]     = note: perhaps two different versions of crate `solana_program` are being used?
[INFO] [stdout] note: function defined here
[INFO] [stdout]    --> /opt/rustwide/cargo-home/registry/src/index.crates.io-6f17d22bba15001f/solarti-associated-token-account-1.1.8/src/lib.rs:36:8
[INFO] [stdout]     |
[INFO] [stdout] 36  | pub fn get_associated_token_address(
[INFO] [stdout]     |        ^^^^^^^^^^^^^^^^^^^^^^^^^^^^
[INFO] [stdout] 
[INFO] [stdout] 
[INFO] [stdout] error[E0308]: mismatched types
[INFO] [stdout]    --> src/instruction.rs:220:30
[INFO] [stdout]     |
[INFO] [stdout] 220 |             AccountMeta::new(account, false),
[INFO] [stdout]     |             ---------------- ^^^^^^^ expected `solana_program::pubkey::Pubkey`, found `Pubkey`
[INFO] [stdout]     |             |
[INFO] [stdout]     |             arguments to this function are incorrect
[INFO] [stdout]     |
[INFO] [stdout]     = note: `Pubkey` and `solana_program::pubkey::Pubkey` have similar names, but are actually distinct types
[INFO] [stdout] note: `Pubkey` is defined in crate `solana_program`
[INFO] [stdout]    --> /opt/rustwide/cargo-home/registry/src/index.crates.io-6f17d22bba15001f/miraland-program-1.18.3/src/pubkey.rs:92:1
[INFO] [stdout]     |
[INFO] [stdout] 92  | pub struct Pubkey(pub(crate) [u8; 32]);
[INFO] [stdout]     | ^^^^^^^^^^^^^^^^^
[INFO] [stdout] note: `solana_program::pubkey::Pubkey` is defined in crate `solana_program`
[INFO] [stdout]    --> /opt/rustwide/cargo-home/registry/src/index.crates.io-6f17d22bba15001f/solana-program-1.18.26/src/pubkey.rs:88:1
[INFO] [stdout]     |
[INFO] [stdout] 88  | pub struct Pubkey(pub(crate) [u8; 32]);
[INFO] [stdout]     | ^^^^^^^^^^^^^^^^^
[INFO] [stdout]     = note: perhaps two different versions of crate `solana_program` are being used?
[INFO] [stdout] note: associated function defined here
[INFO] [stdout]    --> /opt/rustwide/cargo-home/registry/src/index.crates.io-6f17d22bba15001f/solana-program-1.18.26/src/instruction.rs:577:12
[INFO] [stdout]     |
[INFO] [stdout] 577 |     pub fn new(pubkey: Pubkey, is_signer: bool) -> Self {
[INFO] [stdout]     |            ^^^
[INFO] [stdout] 
[INFO] [stdout] 
[INFO] [stdout] error[E0308]: mismatched types
[INFO] [stdout]    --> src/instruction.rs:224:39
[INFO] [stdout]     |
[INFO] [stdout] 224 |             AccountMeta::new_readonly(spl_token::id(), false),
[INFO] [stdout]     |             ------------------------- ^^^^^^^^^^^^^^^ expected `solana_program::pubkey::Pubkey`, found `Pubkey`
[INFO] [stdout]     |             |
[INFO] [stdout]     |             arguments to this function are incorrect
[INFO] [stdout]     |
[INFO] [stdout]     = note: `Pubkey` and `solana_program::pubkey::Pubkey` have similar names, but are actually distinct types
[INFO] [stdout] note: `Pubkey` is defined in crate `solana_program`
[INFO] [stdout]    --> /opt/rustwide/cargo-home/registry/src/index.crates.io-6f17d22bba15001f/miraland-program-1.18.3/src/pubkey.rs:92:1
[INFO] [stdout]     |
[INFO] [stdout] 92  | pub struct Pubkey(pub(crate) [u8; 32]);
[INFO] [stdout]     | ^^^^^^^^^^^^^^^^^
[INFO] [stdout] note: `solana_program::pubkey::Pubkey` is defined in crate `solana_program`
[INFO] [stdout]    --> /opt/rustwide/cargo-home/registry/src/index.crates.io-6f17d22bba15001f/solana-program-1.18.26/src/pubkey.rs:88:1
[INFO] [stdout]     |
[INFO] [stdout] 88  | pub struct Pubkey(pub(crate) [u8; 32]);
[INFO] [stdout]     | ^^^^^^^^^^^^^^^^^
[INFO] [stdout]     = note: perhaps two different versions of crate `solana_program` are being used?
[INFO] [stdout] note: associated function defined here
[INFO] [stdout]    --> /opt/rustwide/cargo-home/registry/src/index.crates.io-6f17d22bba15001f/solana-program-1.18.26/src/instruction.rs:615:12
[INFO] [stdout]     |
[INFO] [stdout] 615 |     pub fn new_readonly(pubkey: Pubkey, is_signer: bool) -> Self {
[INFO] [stdout]     |            ^^^^^^^^^^^^
[INFO] [stdout] 
[INFO] [stdout] 
[INFO] [stdout] error[E0308]: arguments to this function are incorrect
[INFO] [stdout]    --> src/instruction.rs:235:19
[INFO] [stdout]     |
[INFO] [stdout] 235 |     let account = get_associated_token_address(owner, mint);
[INFO] [stdout]     |                   ^^^^^^^^^^^^^^^^^^^^^^^^^^^^ -----  ---- expected `Pubkey`, found `solana_program::pubkey::Pubkey`
[INFO] [stdout]     |                                                |
[INFO] [stdout]     |                                                expected `Pubkey`, found `solana_program::pubkey::Pubkey`
[INFO] [stdout]     |
[INFO] [stdout]     = note: `solana_program::pubkey::Pubkey` and `Pubkey` have similar names, but are actually distinct types
[INFO] [stdout] note: `solana_program::pubkey::Pubkey` is defined in crate `solana_program`
[INFO] [stdout]    --> /opt/rustwide/cargo-home/registry/src/index.crates.io-6f17d22bba15001f/solana-program-1.18.26/src/pubkey.rs:88:1
[INFO] [stdout]     |
[INFO] [stdout] 88  | pub struct Pubkey(pub(crate) [u8; 32]);
[INFO] [stdout]     | ^^^^^^^^^^^^^^^^^
[INFO] [stdout] note: `Pubkey` is defined in crate `solana_program`
[INFO] [stdout]    --> /opt/rustwide/cargo-home/registry/src/index.crates.io-6f17d22bba15001f/miraland-program-1.18.3/src/pubkey.rs:92:1
[INFO] [stdout]     |
[INFO] [stdout] 92  | pub struct Pubkey(pub(crate) [u8; 32]);
[INFO] [stdout]     | ^^^^^^^^^^^^^^^^^
[INFO] [stdout]     = note: perhaps two different versions of crate `solana_program` are being used?
[INFO] [stdout]     = note: `solana_program::pubkey::Pubkey` and `Pubkey` have similar names, but are actually distinct types
[INFO] [stdout] note: `solana_program::pubkey::Pubkey` is defined in crate `solana_program`
[INFO] [stdout]    --> /opt/rustwide/cargo-home/registry/src/index.crates.io-6f17d22bba15001f/solana-program-1.18.26/src/pubkey.rs:88:1
[INFO] [stdout]     |
[INFO] [stdout] 88  | pub struct Pubkey(pub(crate) [u8; 32]);
[INFO] [stdout]     | ^^^^^^^^^^^^^^^^^
[INFO] [stdout] note: `Pubkey` is defined in crate `solana_program`
[INFO] [stdout]    --> /opt/rustwide/cargo-home/registry/src/index.crates.io-6f17d22bba15001f/miraland-program-1.18.3/src/pubkey.rs:92:1
[INFO] [stdout]     |
[INFO] [stdout] 92  | pub struct Pubkey(pub(crate) [u8; 32]);
[INFO] [stdout]     | ^^^^^^^^^^^^^^^^^
[INFO] [stdout]     = note: perhaps two different versions of crate `solana_program` are being used?
[INFO] [stdout] note: function defined here
[INFO] [stdout]    --> /opt/rustwide/cargo-home/registry/src/index.crates.io-6f17d22bba15001f/solarti-associated-token-account-1.1.8/src/lib.rs:36:8
[INFO] [stdout]     |
[INFO] [stdout] 36  | pub fn get_associated_token_address(
[INFO] [stdout]     |        ^^^^^^^^^^^^^^^^^^^^^^^^^^^^
[INFO] [stdout] 
[INFO] [stdout] 
[INFO] [stdout] error[E0308]: mismatched types
[INFO] [stdout]    --> src/instruction.rs:240:30
[INFO] [stdout]     |
[INFO] [stdout] 240 |             AccountMeta::new(account, false),
[INFO] [stdout]     |             ---------------- ^^^^^^^ expected `solana_program::pubkey::Pubkey`, found `Pubkey`
[INFO] [stdout]     |             |
[INFO] [stdout]     |             arguments to this function are incorrect
[INFO] [stdout]     |
[INFO] [stdout]     = note: `Pubkey` and `solana_program::pubkey::Pubkey` have similar names, but are actually distinct types
[INFO] [stdout] note: `Pubkey` is defined in crate `solana_program`
[INFO] [stdout]    --> /opt/rustwide/cargo-home/registry/src/index.crates.io-6f17d22bba15001f/miraland-program-1.18.3/src/pubkey.rs:92:1
[INFO] [stdout]     |
[INFO] [stdout] 92  | pub struct Pubkey(pub(crate) [u8; 32]);
[INFO] [stdout]     | ^^^^^^^^^^^^^^^^^
[INFO] [stdout] note: `solana_program::pubkey::Pubkey` is defined in crate `solana_program`
[INFO] [stdout]    --> /opt/rustwide/cargo-home/registry/src/index.crates.io-6f17d22bba15001f/solana-program-1.18.26/src/pubkey.rs:88:1
[INFO] [stdout]     |
[INFO] [stdout] 88  | pub struct Pubkey(pub(crate) [u8; 32]);
[INFO] [stdout]     | ^^^^^^^^^^^^^^^^^
[INFO] [stdout]     = note: perhaps two different versions of crate `solana_program` are being used?
[INFO] [stdout] note: associated function defined here
[INFO] [stdout]    --> /opt/rustwide/cargo-home/registry/src/index.crates.io-6f17d22bba15001f/solana-program-1.18.26/src/instruction.rs:577:12
[INFO] [stdout]     |
[INFO] [stdout] 577 |     pub fn new(pubkey: Pubkey, is_signer: bool) -> Self {
[INFO] [stdout]     |            ^^^
[INFO] [stdout] 
[INFO] [stdout] 
[INFO] [stdout] error[E0308]: mismatched types
[INFO] [stdout]    --> src/instruction.rs:246:39
[INFO] [stdout]     |
[INFO] [stdout] 246 |             AccountMeta::new_readonly(spl_token::id(), false),
[INFO] [stdout]     |             ------------------------- ^^^^^^^^^^^^^^^ expected `solana_program::pubkey::Pubkey`, found `Pubkey`
[INFO] [stdout]     |             |
[INFO] [stdout]     |             arguments to this function are incorrect
[INFO] [stdout]     |
[INFO] [stdout]     = note: `Pubkey` and `solana_program::pubkey::Pubkey` have similar names, but are actually distinct types
[INFO] [stdout] note: `Pubkey` is defined in crate `solana_program`
[INFO] [stdout]    --> /opt/rustwide/cargo-home/registry/src/index.crates.io-6f17d22bba15001f/miraland-program-1.18.3/src/pubkey.rs:92:1
[INFO] [stdout]     |
[INFO] [stdout] 92  | pub struct Pubkey(pub(crate) [u8; 32]);
[INFO] [stdout]     | ^^^^^^^^^^^^^^^^^
[INFO] [stdout] note: `solana_program::pubkey::Pubkey` is defined in crate `solana_program`
[INFO] [stdout]    --> /opt/rustwide/cargo-home/registry/src/index.crates.io-6f17d22bba15001f/solana-program-1.18.26/src/pubkey.rs:88:1
[INFO] [stdout]     |
[INFO] [stdout] 88  | pub struct Pubkey(pub(crate) [u8; 32]);
[INFO] [stdout]     | ^^^^^^^^^^^^^^^^^
[INFO] [stdout]     = note: perhaps two different versions of crate `solana_program` are being used?
[INFO] [stdout] note: associated function defined here
[INFO] [stdout]    --> /opt/rustwide/cargo-home/registry/src/index.crates.io-6f17d22bba15001f/solana-program-1.18.26/src/instruction.rs:615:12
[INFO] [stdout]     |
[INFO] [stdout] 615 |     pub fn new_readonly(pubkey: Pubkey, is_signer: bool) -> Self {
[INFO] [stdout]     |            ^^^^^^^^^^^^
[INFO] [stdout] 
[INFO] [stdout] 
[INFO] [stdout] error[E0308]: arguments to this function are incorrect
[INFO] [stdout]    --> src/instruction.rs:260:19
[INFO] [stdout]     |
[INFO] [stdout] 260 |     let account = get_associated_token_address(owner, mint);
[INFO] [stdout]     |                   ^^^^^^^^^^^^^^^^^^^^^^^^^^^^ -----  ---- expected `Pubkey`, found `solana_program::pubkey::Pubkey`
[INFO] [stdout]     |                                                |
[INFO] [stdout]     |                                                expected `Pubkey`, found `solana_program::pubkey::Pubkey`
[INFO] [stdout]     |
[INFO] [stdout]     = note: `solana_program::pubkey::Pubkey` and `Pubkey` have similar names, but are actually distinct types
[INFO] [stdout] note: `solana_program::pubkey::Pubkey` is defined in crate `solana_program`
[INFO] [stdout]    --> /opt/rustwide/cargo-home/registry/src/index.crates.io-6f17d22bba15001f/solana-program-1.18.26/src/pubkey.rs:88:1
[INFO] [stdout]     |
[INFO] [stdout] 88  | pub struct Pubkey(pub(crate) [u8; 32]);
[INFO] [stdout]     | ^^^^^^^^^^^^^^^^^
[INFO] [stdout] note: `Pubkey` is defined in crate `solana_program`
[INFO] [stdout]    --> /opt/rustwide/cargo-home/registry/src/index.crates.io-6f17d22bba15001f/miraland-program-1.18.3/src/pubkey.rs:92:1
[INFO] [stdout]     |
[INFO] [stdout] 92  | pub struct Pubkey(pub(crate) [u8; 32]);
[INFO] [stdout]     | ^^^^^^^^^^^^^^^^^
[INFO] [stdout]     = note: perhaps two different versions of crate `solana_program` are being used?
[INFO] [stdout]     = note: `solana_program::pubkey::Pubkey` and `Pubkey` have similar names, but are actually distinct types
[INFO] [stdout] note: `solana_program::pubkey::Pubkey` is defined in crate `solana_program`
[INFO] [stdout]    --> /opt/rustwide/cargo-home/registry/src/index.crates.io-6f17d22bba15001f/solana-program-1.18.26/src/pubkey.rs:88:1
[INFO] [stdout]     |
[INFO] [stdout] 88  | pub struct Pubkey(pub(crate) [u8; 32]);
[INFO] [stdout]     | ^^^^^^^^^^^^^^^^^
[INFO] [stdout] note: `Pubkey` is defined in crate `solana_program`
[INFO] [stdout]    --> /opt/rustwide/cargo-home/registry/src/index.crates.io-6f17d22bba15001f/miraland-program-1.18.3/src/pubkey.rs:92:1
[INFO] [stdout]     |
[INFO] [stdout] 92  | pub struct Pubkey(pub(crate) [u8; 32]);
[INFO] [stdout]     | ^^^^^^^^^^^^^^^^^
[INFO] [stdout]     = note: perhaps two different versions of crate `solana_program` are being used?
[INFO] [stdout] note: function defined here
[INFO] [stdout]    --> /opt/rustwide/cargo-home/registry/src/index.crates.io-6f17d22bba15001f/solarti-associated-token-account-1.1.8/src/lib.rs:36:8
[INFO] [stdout]     |
[INFO] [stdout] 36  | pub fn get_associated_token_address(
[INFO] [stdout]     |        ^^^^^^^^^^^^^^^^^^^^^^^^^^^^
[INFO] [stdout] 
[INFO] [stdout] 
[INFO] [stdout] error[E0308]: mismatched types
[INFO] [stdout]    --> src/instruction.rs:265:30
[INFO] [stdout]     |
[INFO] [stdout] 265 |             AccountMeta::new(account, false),
[INFO] [stdout]     |             ---------------- ^^^^^^^ expected `solana_program::pubkey::Pubkey`, found `Pubkey`
[INFO] [stdout]     |             |
[INFO] [stdout]     |             arguments to this function are incorrect
[INFO] [stdout]     |
[INFO] [stdout]     = note: `Pubkey` and `solana_program::pubkey::Pubkey` have similar names, but are actually distinct types
[INFO] [stdout] note: `Pubkey` is defined in crate `solana_program`
[INFO] [stdout]    --> /opt/rustwide/cargo-home/registry/src/index.crates.io-6f17d22bba15001f/miraland-program-1.18.3/src/pubkey.rs:92:1
[INFO] [stdout]     |
[INFO] [stdout] 92  | pub struct Pubkey(pub(crate) [u8; 32]);
[INFO] [stdout]     | ^^^^^^^^^^^^^^^^^
[INFO] [stdout] note: `solana_program::pubkey::Pubkey` is defined in crate `solana_program`
[INFO] [stdout]    --> /opt/rustwide/cargo-home/registry/src/index.crates.io-6f17d22bba15001f/solana-program-1.18.26/src/pubkey.rs:88:1
[INFO] [stdout]     |
[INFO] [stdout] 88  | pub struct Pubkey(pub(crate) [u8; 32]);
[INFO] [stdout]     | ^^^^^^^^^^^^^^^^^
[INFO] [stdout]     = note: perhaps two different versions of crate `solana_program` are being used?
[INFO] [stdout] note: associated function defined here
[INFO] [stdout]    --> /opt/rustwide/cargo-home/registry/src/index.crates.io-6f17d22bba15001f/solana-program-1.18.26/src/instruction.rs:577:12
[INFO] [stdout]     |
[INFO] [stdout] 577 |     pub fn new(pubkey: Pubkey, is_signer: bool) -> Self {
[INFO] [stdout]     |            ^^^
[INFO] [stdout] 
[INFO] [stdout] 
[INFO] [stdout] error[E0308]: mismatched types
[INFO] [stdout]    --> src/instruction.rs:270:39
[INFO] [stdout]     |
[INFO] [stdout] 270 |             AccountMeta::new_readonly(spl_token::id(), false),
[INFO] [stdout]     |             ------------------------- ^^^^^^^^^^^^^^^ expected `solana_program::pubkey::Pubkey`, found `Pubkey`
[INFO] [stdout]     |             |
[INFO] [stdout]     |             arguments to this function are incorrect
[INFO] [stdout]     |
[INFO] [stdout]     = note: `Pubkey` and `solana_program::pubkey::Pubkey` have similar names, but are actually distinct types
[INFO] [stdout] note: `Pubkey` is defined in crate `solana_program`
[INFO] [stdout]    --> /opt/rustwide/cargo-home/registry/src/index.crates.io-6f17d22bba15001f/miraland-program-1.18.3/src/pubkey.rs:92:1
[INFO] [stdout]     |
[INFO] [stdout] 92  | pub struct Pubkey(pub(crate) [u8; 32]);
[INFO] [stdout]     | ^^^^^^^^^^^^^^^^^
[INFO] [stdout] note: `solana_program::pubkey::Pubkey` is defined in crate `solana_program`
[INFO] [stdout]    --> /opt/rustwide/cargo-home/registry/src/index.crates.io-6f17d22bba15001f/solana-program-1.18.26/src/pubkey.rs:88:1
[INFO] [stdout]     |
[INFO] [stdout] 88  | pub struct Pubkey(pub(crate) [u8; 32]);
[INFO] [stdout]     | ^^^^^^^^^^^^^^^^^
[INFO] [stdout]     = note: perhaps two different versions of crate `solana_program` are being used?
[INFO] [stdout] note: associated function defined here
[INFO] [stdout]    --> /opt/rustwide/cargo-home/registry/src/index.crates.io-6f17d22bba15001f/solana-program-1.18.26/src/instruction.rs:615:12
[INFO] [stdout]     |
[INFO] [stdout] 615 |     pub fn new_readonly(pubkey: Pubkey, is_signer: bool) -> Self {
[INFO] [stdout]     |            ^^^^^^^^^^^^
[INFO] [stdout] 
[INFO] [stdout] 
[INFO] [stdout] error[E0308]: arguments to this function are incorrect
[INFO] [stdout]    --> src/instruction.rs:282:19
[INFO] [stdout]     |
[INFO] [stdout] 282 |     let account = get_associated_token_address(owner, mint);
[INFO] [stdout]     |                   ^^^^^^^^^^^^^^^^^^^^^^^^^^^^ -----  ---- expected `Pubkey`, found `solana_program::pubkey::Pubkey`
[INFO] [stdout]     |                                                |
[INFO] [stdout]     |                                                expected `Pubkey`, found `solana_program::pubkey::Pubkey`
[INFO] [stdout]     |
[INFO] [stdout]     = note: `solana_program::pubkey::Pubkey` and `Pubkey` have similar names, but are actually distinct types
[INFO] [stdout] note: `solana_program::pubkey::Pubkey` is defined in crate `solana_program`
[INFO] [stdout]    --> /opt/rustwide/cargo-home/registry/src/index.crates.io-6f17d22bba15001f/solana-program-1.18.26/src/pubkey.rs:88:1
[INFO] [stdout]     |
[INFO] [stdout] 88  | pub struct Pubkey(pub(crate) [u8; 32]);
[INFO] [stdout]     | ^^^^^^^^^^^^^^^^^
[INFO] [stdout] note: `Pubkey` is defined in crate `solana_program`
[INFO] [stdout]    --> /opt/rustwide/cargo-home/registry/src/index.crates.io-6f17d22bba15001f/miraland-program-1.18.3/src/pubkey.rs:92:1
[INFO] [stdout]     |
[INFO] [stdout] 92  | pub struct Pubkey(pub(crate) [u8; 32]);
[INFO] [stdout]     | ^^^^^^^^^^^^^^^^^
[INFO] [stdout]     = note: perhaps two different versions of crate `solana_program` are being used?
[INFO] [stdout]     = note: `solana_program::pubkey::Pubkey` and `Pubkey` have similar names, but are actually distinct types
[INFO] [stdout] note: `solana_program::pubkey::Pubkey` is defined in crate `solana_program`
[INFO] [stdout]    --> /opt/rustwide/cargo-home/registry/src/index.crates.io-6f17d22bba15001f/solana-program-1.18.26/src/pubkey.rs:88:1
[INFO] [stdout]     |
[INFO] [stdout] 88  | pub struct Pubkey(pub(crate) [u8; 32]);
[INFO] [stdout]     | ^^^^^^^^^^^^^^^^^
[INFO] [stdout] note: `Pubkey` is defined in crate `solana_program`
[INFO] [stdout]    --> /opt/rustwide/cargo-home/registry/src/index.crates.io-6f17d22bba15001f/miraland-program-1.18.3/src/pubkey.rs:92:1
[INFO] [stdout]     |
[INFO] [stdout] 92  | pub struct Pubkey(pub(crate) [u8; 32]);
[INFO] [stdout]     | ^^^^^^^^^^^^^^^^^
[INFO] [stdout]     = note: perhaps two different versions of crate `solana_program` are being used?
[INFO] [stdout] note: function defined here
[INFO] [stdout]    --> /opt/rustwide/cargo-home/registry/src/index.crates.io-6f17d22bba15001f/solarti-associated-token-account-1.1.8/src/lib.rs:36:8
[INFO] [stdout]     |
[INFO] [stdout] 36  | pub fn get_associated_token_address(
[INFO] [stdout]     |        ^^^^^^^^^^^^^^^^^^^^^^^^^^^^
[INFO] [stdout] 
[INFO] [stdout] 
[INFO] [stdout] error[E0308]: mismatched types
[INFO] [stdout]    --> src/instruction.rs:287:30
[INFO] [stdout]     |
[INFO] [stdout] 287 |             AccountMeta::new(account, false),
[INFO] [stdout]     |             ---------------- ^^^^^^^ expected `solana_program::pubkey::Pubkey`, found `Pubkey`
[INFO] [stdout]     |             |
[INFO] [stdout]     |             arguments to this function are incorrect
[INFO] [stdout]     |
[INFO] [stdout]     = note: `Pubkey` and `solana_program::pubkey::Pubkey` have similar names, but are actually distinct types
[INFO] [stdout] note: `Pubkey` is defined in crate `solana_program`
[INFO] [stdout]    --> /opt/rustwide/cargo-home/registry/src/index.crates.io-6f17d22bba15001f/miraland-program-1.18.3/src/pubkey.rs:92:1
[INFO] [stdout]     |
[INFO] [stdout] 92  | pub struct Pubkey(pub(crate) [u8; 32]);
[INFO] [stdout]     | ^^^^^^^^^^^^^^^^^
[INFO] [stdout] note: `solana_program::pubkey::Pubkey` is defined in crate `solana_program`
[INFO] [stdout]    --> /opt/rustwide/cargo-home/registry/src/index.crates.io-6f17d22bba15001f/solana-program-1.18.26/src/pubkey.rs:88:1
[INFO] [stdout]     |
[INFO] [stdout] 88  | pub struct Pubkey(pub(crate) [u8; 32]);
[INFO] [stdout]     | ^^^^^^^^^^^^^^^^^
[INFO] [stdout]     = note: perhaps two different versions of crate `solana_program` are being used?
[INFO] [stdout] note: associated function defined here
[INFO] [stdout]    --> /opt/rustwide/cargo-home/registry/src/index.crates.io-6f17d22bba15001f/solana-program-1.18.26/src/instruction.rs:577:12
[INFO] [stdout]     |
[INFO] [stdout] 577 |     pub fn new(pubkey: Pubkey, is_signer: bool) -> Self {
[INFO] [stdout]     |            ^^^
[INFO] [stdout] 
[INFO] [stdout] 
[INFO] [stdout] error[E0308]: mismatched types
[INFO] [stdout]    --> src/instruction.rs:291:39
[INFO] [stdout]     |
[INFO] [stdout] 291 |             AccountMeta::new_readonly(spl_token::id(), false),
[INFO] [stdout]     |             ------------------------- ^^^^^^^^^^^^^^^ expected `solana_program::pubkey::Pubkey`, found `Pubkey`
[INFO] [stdout]     |             |
[INFO] [stdout]     |             arguments to this function are incorrect
[INFO] [stdout]     |
[INFO] [stdout]     = note: `Pubkey` and `solana_program::pubkey::Pubkey` have similar names, but are actually distinct types
[INFO] [stdout] note: `Pubkey` is defined in crate `solana_program`
[INFO] [stdout]    --> /opt/rustwide/cargo-home/registry/src/index.crates.io-6f17d22bba15001f/miraland-program-1.18.3/src/pubkey.rs:92:1
[INFO] [stdout]     |
[INFO] [stdout] 92  | pub struct Pubkey(pub(crate) [u8; 32]);
[INFO] [stdout]     | ^^^^^^^^^^^^^^^^^
[INFO] [stdout] note: `solana_program::pubkey::Pubkey` is defined in crate `solana_program`
[INFO] [stdout]    --> /opt/rustwide/cargo-home/registry/src/index.crates.io-6f17d22bba15001f/solana-program-1.18.26/src/pubkey.rs:88:1
[INFO] [stdout]     |
[INFO] [stdout] 88  | pub struct Pubkey(pub(crate) [u8; 32]);
[INFO] [stdout]     | ^^^^^^^^^^^^^^^^^
[INFO] [stdout]     = note: perhaps two different versions of crate `solana_program` are being used?
[INFO] [stdout] note: associated function defined here
[INFO] [stdout]    --> /opt/rustwide/cargo-home/registry/src/index.crates.io-6f17d22bba15001f/solana-program-1.18.26/src/instruction.rs:615:12
[INFO] [stdout]     |
[INFO] [stdout] 615 |     pub fn new_readonly(pubkey: Pubkey, is_signer: bool) -> Self {
[INFO] [stdout]     |            ^^^^^^^^^^^^
[INFO] [stdout] 
[INFO] [stdout] 
[INFO] [stdout] error[E0308]: mismatched types
[INFO] [stdout]   --> src/token.rs:20:18
[INFO] [stdout]    |
[INFO] [stdout] 20 |             Some(freeze_authority),
[INFO] [stdout]    |             ---- ^^^^^^^^^^^^^^^^ expected `Pubkey`, found `solana_program::pubkey::Pubkey`
[INFO] [stdout]    |             |
[INFO] [stdout]    |             arguments to this enum variant are incorrect
[INFO] [stdout]    |
[INFO] [stdout]    = note: `solana_program::pubkey::Pubkey` and `Pubkey` have similar names, but are actually distinct types
[INFO] [stdout] note: `solana_program::pubkey::Pubkey` is defined in crate `solana_program`
[INFO] [stdout]   --> /opt/rustwide/cargo-home/registry/src/index.crates.io-6f17d22bba15001f/solana-program-1.18.26/src/pubkey.rs:88:1
[INFO] [stdout]    |
[INFO] [stdout] 88 | pub struct Pubkey(pub(crate) [u8; 32]);
[INFO] [stdout]    | ^^^^^^^^^^^^^^^^^
[INFO] [stdout] note: `Pubkey` is defined in crate `solana_program`
[INFO] [stdout]   --> /opt/rustwide/cargo-home/registry/src/index.crates.io-6f17d22bba15001f/miraland-program-1.18.3/src/pubkey.rs:92:1
[INFO] [stdout]    |
[INFO] [stdout] 92 | pub struct Pubkey(pub(crate) [u8; 32]);
[INFO] [stdout]    | ^^^^^^^^^^^^^^^^^
[INFO] [stdout]    = note: perhaps two different versions of crate `solana_program` are being used?
[INFO] [stdout] help: the type constructed contains `&solana_program::pubkey::Pubkey` due to the type of the argument passed
[INFO] [stdout]   --> src/token.rs:20:13
[INFO] [stdout]    |
[INFO] [stdout] 20 |             Some(freeze_authority),
[INFO] [stdout]    |             ^^^^^----------------^
[INFO] [stdout]    |                  |
[INFO] [stdout]    |                  this argument influences the type of `Some`
[INFO] [stdout] note: tuple variant defined here
[INFO] [stdout]   --> /rustc/df4ca44d3fbc9301ee17f30f4d474e6ae4b05252/library/core/src/option.rs:579:5
[INFO] [stdout] 
[INFO] [stdout] 
[INFO] [stdout] error[E0308]: arguments to this function are incorrect
[INFO] [stdout]    --> src/token.rs:16:10
[INFO] [stdout]     |
[INFO] [stdout] 16  |         &spl_token::instruction::initialize_mint2(
[INFO] [stdout]     |          ^^^^^^^^^^^^^^^^^^^^^^^^^^^^^^^^^^^^^^^^
[INFO] [stdout] 17  |             token_program.key,
[INFO] [stdout]     |             ----------------- expected `Pubkey`, found `solana_program::pubkey::Pubkey`
[INFO] [stdout] 18  |             mint.key,
[INFO] [stdout]     |             -------- expected `Pubkey`, found `solana_program::pubkey::Pubkey`
[INFO] [stdout] 19  |             mint_authority,
[INFO] [stdout]     |             -------------- expected `Pubkey`, found `solana_program::pubkey::Pubkey`
[INFO] [stdout]     |
[INFO] [stdout]     = note: `solana_program::pubkey::Pubkey` and `Pubkey` have similar names, but are actually distinct types
[INFO] [stdout] note: `solana_program::pubkey::Pubkey` is defined in crate `solana_program`
[INFO] [stdout]    --> /opt/rustwide/cargo-home/registry/src/index.crates.io-6f17d22bba15001f/solana-program-1.18.26/src/pubkey.rs:88:1
[INFO] [stdout]     |
[INFO] [stdout] 88  | pub struct Pubkey(pub(crate) [u8; 32]);
[INFO] [stdout]     | ^^^^^^^^^^^^^^^^^
[INFO] [stdout] note: `Pubkey` is defined in crate `solana_program`
[INFO] [stdout]    --> /opt/rustwide/cargo-home/registry/src/index.crates.io-6f17d22bba15001f/miraland-program-1.18.3/src/pubkey.rs:92:1
[INFO] [stdout]     |
[INFO] [stdout] 92  | pub struct Pubkey(pub(crate) [u8; 32]);
[INFO] [stdout]     | ^^^^^^^^^^^^^^^^^
[INFO] [stdout]     = note: perhaps two different versions of crate `solana_program` are being used?
[INFO] [stdout]     = note: `solana_program::pubkey::Pubkey` and `Pubkey` have similar names, but are actually distinct types
[INFO] [stdout] note: `solana_program::pubkey::Pubkey` is defined in crate `solana_program`
[INFO] [stdout]    --> /opt/rustwide/cargo-home/registry/src/index.crates.io-6f17d22bba15001f/solana-program-1.18.26/src/pubkey.rs:88:1
[INFO] [stdout]     |
[INFO] [stdout] 88  | pub struct Pubkey(pub(crate) [u8; 32]);
[INFO] [stdout]     | ^^^^^^^^^^^^^^^^^
[INFO] [stdout] note: `Pubkey` is defined in crate `solana_program`
[INFO] [stdout]    --> /opt/rustwide/cargo-home/registry/src/index.crates.io-6f17d22bba15001f/miraland-program-1.18.3/src/pubkey.rs:92:1
[INFO] [stdout]     |
[INFO] [stdout] 92  | pub struct Pubkey(pub(crate) [u8; 32]);
[INFO] [stdout]     | ^^^^^^^^^^^^^^^^^
[INFO] [stdout]     = note: perhaps two different versions of crate `solana_program` are being used?
[INFO] [stdout]     = note: `solana_program::pubkey::Pubkey` and `Pubkey` have similar names, but are actually distinct types
[INFO] [stdout] note: `solana_program::pubkey::Pubkey` is defined in crate `solana_program`
[INFO] [stdout]    --> /opt/rustwide/cargo-home/registry/src/index.crates.io-6f17d22bba15001f/solana-program-1.18.26/src/pubkey.rs:88:1
[INFO] [stdout]     |
[INFO] [stdout] 88  | pub struct Pubkey(pub(crate) [u8; 32]);
[INFO] [stdout]     | ^^^^^^^^^^^^^^^^^
[INFO] [stdout] note: `Pubkey` is defined in crate `solana_program`
[INFO] [stdout]    --> /opt/rustwide/cargo-home/registry/src/index.crates.io-6f17d22bba15001f/miraland-program-1.18.3/src/pubkey.rs:92:1
[INFO] [stdout]     |
[INFO] [stdout] 92  | pub struct Pubkey(pub(crate) [u8; 32]);
[INFO] [stdout]     | ^^^^^^^^^^^^^^^^^
[INFO] [stdout]     = note: perhaps two different versions of crate `solana_program` are being used?
[INFO] [stdout] note: function defined here
[INFO] [stdout]    --> /opt/rustwide/cargo-home/registry/src/index.crates.io-6f17d22bba15001f/solarti-token-3.5.6/src/instruction.rs:801:8
[INFO] [stdout]     |
[INFO] [stdout] 801 | pub fn initialize_mint2(
[INFO] [stdout]     |        ^^^^^^^^^^^^^^^^
[INFO] [stdout] 
[INFO] [stdout] 
[INFO] [stdout] error[E0308]: `?` operator has incompatible types
[INFO] [stdout]    --> src/token.rs:16:10
[INFO] [stdout]     |
[INFO] [stdout] 16  |           &spl_token::instruction::initialize_mint2(
[INFO] [stdout]     |  __________^
[INFO] [stdout] 17  | |             token_program.key,
[INFO] [stdout] 18  | |             mint.key,
[INFO] [stdout] 19  | |             mint_authority,
[INFO] [stdout] 20  | |             Some(freeze_authority),
[INFO] [stdout] 21  | |             decimals,
[INFO] [stdout] 22  | |         )?,
[INFO] [stdout]     | |__________^ expected `Instruction`, found a different `Instruction`
[INFO] [stdout]     |
[INFO] [stdout]     = note: `?` operator cannot convert from `spl_associated_token_account::solana_program::instruction::Instruction` to `solana_program::instruction::Instruction`
[INFO] [stdout]     = note: `Instruction` and `Instruction` have similar names, but are actually distinct types
[INFO] [stdout] note: `Instruction` is defined in crate `solana_program`
[INFO] [stdout]    --> /opt/rustwide/cargo-home/registry/src/index.crates.io-6f17d22bba15001f/miraland-program-1.18.3/src/instruction.rs:329:1
[INFO] [stdout]     |
[INFO] [stdout] 329 | pub struct Instruction {
[INFO] [stdout]     | ^^^^^^^^^^^^^^^^^^^^^^
[INFO] [stdout] note: `Instruction` is defined in crate `solana_program`
[INFO] [stdout]    --> /opt/rustwide/cargo-home/registry/src/index.crates.io-6f17d22bba15001f/solana-program-1.18.26/src/instruction.rs:329:1
[INFO] [stdout]     |
[INFO] [stdout] 329 | pub struct Instruction {
[INFO] [stdout]     | ^^^^^^^^^^^^^^^^^^^^^^
[INFO] [stdout]     = note: perhaps two different versions of crate `solana_program` are being used?
[INFO] [stdout] 
[INFO] [stdout] 
[INFO] [stdout] error[E0277]: `?` couldn't convert the error to `solana_program::program_error::ProgramError`
[INFO] [stdout]   --> src/token.rs:22:10
[INFO] [stdout]    |
[INFO] [stdout] 14 |   ) -> ProgramResult {
[INFO] [stdout]    |        ------------- expected `solana_program::program_error::ProgramError` because of this
[INFO] [stdout] 15 |       invoke(
[INFO] [stdout] 16 |           &spl_token::instruction::initialize_mint2(
[INFO] [stdout]    |  __________-
[INFO] [stdout] 17 | |             token_program.key,
[INFO] [stdout] 18 | |             mint.key,
[INFO] [stdout] 19 | |             mint_authority,
[INFO] [stdout] 20 | |             Some(freeze_authority),
[INFO] [stdout] 21 | |             decimals,
[INFO] [stdout] 22 | |         )?,
[INFO] [stdout]    | |         -^ the trait `From<spl_associated_token_account::solana_program::program_error::ProgramError>` is not implemented for `solana_program::program_error::ProgramError`, which is required by `Result<(), solana_program::program_error::ProgramError>: FromResidual<Result<Infallible, spl_associated_token_account::solana_program::program_error::ProgramError>>`
[INFO] [stdout]    | |_________|
[INFO] [stdout]    |           this can't be annotated with `?` because it has type `Result<_, spl_associated_token_account::solana_program::program_error::ProgramError>`
[INFO] [stdout]    |
[INFO] [stdout]    = note: the question mark operation (`?`) implicitly performs a conversion on the error value using the `From` trait
[INFO] [stdout]    = help: the following other types implement trait `From<T>`:
[INFO] [stdout]              `solana_program::program_error::ProgramError` implements `From<solana_program::pubkey::PubkeyError>`
[INFO] [stdout]              `solana_program::program_error::ProgramError` implements `From<std::io::Error>`
[INFO] [stdout]              `solana_program::program_error::ProgramError` implements `From<u64>`
[INFO] [stdout]    = note: required for `Result<(), solana_program::program_error::ProgramError>` to implement `FromResidual<Result<Infallible, spl_associated_token_account::solana_program::program_error::ProgramError>>`
[INFO] [stdout] 
[INFO] [stdout] 
[INFO] [stdout] error[E0308]: arguments to this function are incorrect
[INFO] [stdout]     --> src/token.rs:35:10
[INFO] [stdout]      |
[INFO] [stdout] 35   |         &spl_token::instruction::thaw_account(
[INFO] [stdout]      |          ^^^^^^^^^^^^^^^^^^^^^^^^^^^^^^^^^^^^
[INFO] [stdout] 36   |             token_program.key,
[INFO] [stdout]      |             ----------------- expected `Pubkey`, found `solana_program::pubkey::Pubkey`
[INFO] [stdout] 37   |             target.key,
[INFO] [stdout]      |             ---------- expected `Pubkey`, found `solana_program::pubkey::Pubkey`
[INFO] [stdout] 38   |             mint.key,
[INFO] [stdout]      |             -------- expected `Pubkey`, found `solana_program::pubkey::Pubkey`
[INFO] [stdout] 39   |             freeze_authority.key,
[INFO] [stdout]      |             -------------------- expected `Pubkey`, found `solana_program::pubkey::Pubkey`
[INFO] [stdout]      |
[INFO] [stdout]      = note: `solana_program::pubkey::Pubkey` and `Pubkey` have similar names, but are actually distinct types
[INFO] [stdout] note: `solana_program::pubkey::Pubkey` is defined in crate `solana_program`
[INFO] [stdout]     --> /opt/rustwide/cargo-home/registry/src/index.crates.io-6f17d22bba15001f/solana-program-1.18.26/src/pubkey.rs:88:1
[INFO] [stdout]      |
[INFO] [stdout] 88   | pub struct Pubkey(pub(crate) [u8; 32]);
[INFO] [stdout]      | ^^^^^^^^^^^^^^^^^
[INFO] [stdout] note: `Pubkey` is defined in crate `solana_program`
[INFO] [stdout]     --> /opt/rustwide/cargo-home/registry/src/index.crates.io-6f17d22bba15001f/miraland-program-1.18.3/src/pubkey.rs:92:1
[INFO] [stdout]      |
[INFO] [stdout] 92   | pub struct Pubkey(pub(crate) [u8; 32]);
[INFO] [stdout]      | ^^^^^^^^^^^^^^^^^
[INFO] [stdout]      = note: perhaps two different versions of crate `solana_program` are being used?
[INFO] [stdout]      = note: `solana_program::pubkey::Pubkey` and `Pubkey` have similar names, but are actually distinct types
[INFO] [stdout] note: `solana_program::pubkey::Pubkey` is defined in crate `solana_program`
[INFO] [stdout]     --> /opt/rustwide/cargo-home/registry/src/index.crates.io-6f17d22bba15001f/solana-program-1.18.26/src/pubkey.rs:88:1
[INFO] [stdout]      |
[INFO] [stdout] 88   | pub struct Pubkey(pub(crate) [u8; 32]);
[INFO] [stdout]      | ^^^^^^^^^^^^^^^^^
[INFO] [stdout] note: `Pubkey` is defined in crate `solana_program`
[INFO] [stdout]     --> /opt/rustwide/cargo-home/registry/src/index.crates.io-6f17d22bba15001f/miraland-program-1.18.3/src/pubkey.rs:92:1
[INFO] [stdout]      |
[INFO] [stdout] 92   | pub struct Pubkey(pub(crate) [u8; 32]);
[INFO] [stdout]      | ^^^^^^^^^^^^^^^^^
[INFO] [stdout]      = note: perhaps two different versions of crate `solana_program` are being used?
[INFO] [stdout]      = note: `solana_program::pubkey::Pubkey` and `Pubkey` have similar names, but are actually distinct types
[INFO] [stdout] note: `solana_program::pubkey::Pubkey` is defined in crate `solana_program`
[INFO] [stdout]     --> /opt/rustwide/cargo-home/registry/src/index.crates.io-6f17d22bba15001f/solana-program-1.18.26/src/pubkey.rs:88:1
[INFO] [stdout]      |
[INFO] [stdout] 88   | pub struct Pubkey(pub(crate) [u8; 32]);
[INFO] [stdout]      | ^^^^^^^^^^^^^^^^^
[INFO] [stdout] note: `Pubkey` is defined in crate `solana_program`
[INFO] [stdout]     --> /opt/rustwide/cargo-home/registry/src/index.crates.io-6f17d22bba15001f/miraland-program-1.18.3/src/pubkey.rs:92:1
[INFO] [stdout]      |
[INFO] [stdout] 92   | pub struct Pubkey(pub(crate) [u8; 32]);
[INFO] [stdout]      | ^^^^^^^^^^^^^^^^^
[INFO] [stdout]      = note: perhaps two different versions of crate `solana_program` are being used?
[INFO] [stdout]      = note: `solana_program::pubkey::Pubkey` and `Pubkey` have similar names, but are actually distinct types
[INFO] [stdout] note: `solana_program::pubkey::Pubkey` is defined in crate `solana_program`
[INFO] [stdout]     --> /opt/rustwide/cargo-home/registry/src/index.crates.io-6f17d22bba15001f/solana-program-1.18.26/src/pubkey.rs:88:1
[INFO] [stdout]      |
[INFO] [stdout] 88   | pub struct Pubkey(pub(crate) [u8; 32]);
[INFO] [stdout]      | ^^^^^^^^^^^^^^^^^
[INFO] [stdout] note: `Pubkey` is defined in crate `solana_program`
[INFO] [stdout]     --> /opt/rustwide/cargo-home/registry/src/index.crates.io-6f17d22bba15001f/miraland-program-1.18.3/src/pubkey.rs:92:1
[INFO] [stdout]      |
[INFO] [stdout] 92   | pub struct Pubkey(pub(crate) [u8; 32]);
[INFO] [stdout]      | ^^^^^^^^^^^^^^^^^
[INFO] [stdout]      = note: perhaps two different versions of crate `solana_program` are being used?
[INFO] [stdout] note: function defined here
[INFO] [stdout]     --> /opt/rustwide/cargo-home/registry/src/index.crates.io-6f17d22bba15001f/solarti-token-3.5.6/src/instruction.rs:1200:8
[INFO] [stdout]      |
[INFO] [stdout] 1200 | pub fn thaw_account(
[INFO] [stdout]      |        ^^^^^^^^^^^^
[INFO] [stdout] 
[INFO] [stdout] 
[INFO] [stdout] error[E0308]: `?` operator has incompatible types
[INFO] [stdout]    --> src/token.rs:35:10
[INFO] [stdout]     |
[INFO] [stdout] 35  |           &spl_token::instruction::thaw_account(
[INFO] [stdout]     |  __________^
[INFO] [stdout] 36  | |             token_program.key,
[INFO] [stdout] 37  | |             target.key,
[INFO] [stdout] 38  | |             mint.key,
[INFO] [stdout] 39  | |             freeze_authority.key,
[INFO] [stdout] 40  | |             &[],
[INFO] [stdout] 41  | |         )?,
[INFO] [stdout]     | |__________^ expected `Instruction`, found a different `Instruction`
[INFO] [stdout]     |
[INFO] [stdout]     = note: `?` operator cannot convert from `spl_associated_token_account::solana_program::instruction::Instruction` to `solana_program::instruction::Instruction`
[INFO] [stdout]     = note: `Instruction` and `Instruction` have similar names, but are actually distinct types
[INFO] [stdout] note: `Instruction` is defined in crate `solana_program`
[INFO] [stdout]    --> /opt/rustwide/cargo-home/registry/src/index.crates.io-6f17d22bba15001f/miraland-program-1.18.3/src/instruction.rs:329:1
[INFO] [stdout]     |
[INFO] [stdout] 329 | pub struct Instruction {
[INFO] [stdout]     | ^^^^^^^^^^^^^^^^^^^^^^
[INFO] [stdout] note: `Instruction` is defined in crate `solana_program`
[INFO] [stdout]    --> /opt/rustwide/cargo-home/registry/src/index.crates.io-6f17d22bba15001f/solana-program-1.18.26/src/instruction.rs:329:1
[INFO] [stdout]     |
[INFO] [stdout] 329 | pub struct Instruction {
[INFO] [stdout]     | ^^^^^^^^^^^^^^^^^^^^^^
[INFO] [stdout]     = note: perhaps two different versions of crate `solana_program` are being used?
[INFO] [stdout] 
[INFO] [stdout] 
[INFO] [stdout] error[E0277]: `?` couldn't convert the error to `solana_program::program_error::ProgramError`
[INFO] [stdout]   --> src/token.rs:41:10
[INFO] [stdout]    |
[INFO] [stdout] 33 |   ) -> ProgramResult {
[INFO] [stdout]    |        ------------- expected `solana_program::program_error::ProgramError` because of this
[INFO] [stdout] 34 |       invoke_signed(
[INFO] [stdout] 35 |           &spl_token::instruction::thaw_account(
[INFO] [stdout]    |  __________-
[INFO] [stdout] 36 | |             token_program.key,
[INFO] [stdout] 37 | |             target.key,
[INFO] [stdout] 38 | |             mint.key,
[INFO] [stdout] 39 | |             freeze_authority.key,
[INFO] [stdout] 40 | |             &[],
[INFO] [stdout] 41 | |         )?,
[INFO] [stdout]    | |         -^ the trait `From<spl_associated_token_account::solana_program::program_error::ProgramError>` is not implemented for `solana_program::program_error::ProgramError`, which is required by `Result<(), solana_program::program_error::ProgramError>: FromResidual<Result<Infallible, spl_associated_token_account::solana_program::program_error::ProgramError>>`
[INFO] [stdout]    | |_________|
[INFO] [stdout]    |           this can't be annotated with `?` because it has type `Result<_, spl_associated_token_account::solana_program::program_error::ProgramError>`
[INFO] [stdout]    |
[INFO] [stdout]    = note: the question mark operation (`?`) implicitly performs a conversion on the error value using the `From` trait
[INFO] [stdout]    = help: the following other types implement trait `From<T>`:
[INFO] [stdout]              `solana_program::program_error::ProgramError` implements `From<solana_program::pubkey::PubkeyError>`
[INFO] [stdout]              `solana_program::program_error::ProgramError` implements `From<std::io::Error>`
[INFO] [stdout]              `solana_program::program_error::ProgramError` implements `From<u64>`
[INFO] [stdout]    = note: required for `Result<(), solana_program::program_error::ProgramError>` to implement `FromResidual<Result<Infallible, spl_associated_token_account::solana_program::program_error::ProgramError>>`
[INFO] [stdout] 
[INFO] [stdout] 
[INFO] [stdout] error[E0308]: arguments to this function are incorrect
[INFO] [stdout]     --> src/token.rs:60:10
[INFO] [stdout]      |
[INFO] [stdout] 60   |         &spl_token::instruction::freeze_account(
[INFO] [stdout]      |          ^^^^^^^^^^^^^^^^^^^^^^^^^^^^^^^^^^^^^^
[INFO] [stdout] 61   |             token_program.key,
[INFO] [stdout]      |             ----------------- expected `Pubkey`, found `solana_program::pubkey::Pubkey`
[INFO] [stdout] 62   |             target.key,
[INFO] [stdout]      |             ---------- expected `Pubkey`, found `solana_program::pubkey::Pubkey`
[INFO] [stdout] 63   |             mint.key,
[INFO] [stdout]      |             -------- expected `Pubkey`, found `solana_program::pubkey::Pubkey`
[INFO] [stdout] 64   |             freeze_authority.key,
[INFO] [stdout]      |             -------------------- expected `Pubkey`, found `solana_program::pubkey::Pubkey`
[INFO] [stdout]      |
[INFO] [stdout]      = note: `solana_program::pubkey::Pubkey` and `Pubkey` have similar names, but are actually distinct types
[INFO] [stdout] note: `solana_program::pubkey::Pubkey` is defined in crate `solana_program`
[INFO] [stdout]     --> /opt/rustwide/cargo-home/registry/src/index.crates.io-6f17d22bba15001f/solana-program-1.18.26/src/pubkey.rs:88:1
[INFO] [stdout]      |
[INFO] [stdout] 88   | pub struct Pubkey(pub(crate) [u8; 32]);
[INFO] [stdout]      | ^^^^^^^^^^^^^^^^^
[INFO] [stdout] note: `Pubkey` is defined in crate `solana_program`
[INFO] [stdout]     --> /opt/rustwide/cargo-home/registry/src/index.crates.io-6f17d22bba15001f/miraland-program-1.18.3/src/pubkey.rs:92:1
[INFO] [stdout]      |
[INFO] [stdout] 92   | pub struct Pubkey(pub(crate) [u8; 32]);
[INFO] [stdout]      | ^^^^^^^^^^^^^^^^^
[INFO] [stdout]      = note: perhaps two different versions of crate `solana_program` are being used?
[INFO] [stdout]      = note: `solana_program::pubkey::Pubkey` and `Pubkey` have similar names, but are actually distinct types
[INFO] [stdout] note: `solana_program::pubkey::Pubkey` is defined in crate `solana_program`
[INFO] [stdout]     --> /opt/rustwide/cargo-home/registry/src/index.crates.io-6f17d22bba15001f/solana-program-1.18.26/src/pubkey.rs:88:1
[INFO] [stdout]      |
[INFO] [stdout] 88   | pub struct Pubkey(pub(crate) [u8; 32]);
[INFO] [stdout]      | ^^^^^^^^^^^^^^^^^
[INFO] [stdout] note: `Pubkey` is defined in crate `solana_program`
[INFO] [stdout]     --> /opt/rustwide/cargo-home/registry/src/index.crates.io-6f17d22bba15001f/miraland-program-1.18.3/src/pubkey.rs:92:1
[INFO] [stdout]      |
[INFO] [stdout] 92   | pub struct Pubkey(pub(crate) [u8; 32]);
[INFO] [stdout]      | ^^^^^^^^^^^^^^^^^
[INFO] [stdout]      = note: perhaps two different versions of crate `solana_program` are being used?
[INFO] [stdout]      = note: `solana_program::pubkey::Pubkey` and `Pubkey` have similar names, but are actually distinct types
[INFO] [stdout] note: `solana_program::pubkey::Pubkey` is defined in crate `solana_program`
[INFO] [stdout]     --> /opt/rustwide/cargo-home/registry/src/index.crates.io-6f17d22bba15001f/solana-program-1.18.26/src/pubkey.rs:88:1
[INFO] [stdout]      |
[INFO] [stdout] 88   | pub struct Pubkey(pub(crate) [u8; 32]);
[INFO] [stdout]      | ^^^^^^^^^^^^^^^^^
[INFO] [stdout] note: `Pubkey` is defined in crate `solana_program`
[INFO] [stdout]     --> /opt/rustwide/cargo-home/registry/src/index.crates.io-6f17d22bba15001f/miraland-program-1.18.3/src/pubkey.rs:92:1
[INFO] [stdout]      |
[INFO] [stdout] 92   | pub struct Pubkey(pub(crate) [u8; 32]);
[INFO] [stdout]      | ^^^^^^^^^^^^^^^^^
[INFO] [stdout]      = note: perhaps two different versions of crate `solana_program` are being used?
[INFO] [stdout]      = note: `solana_program::pubkey::Pubkey` and `Pubkey` have similar names, but are actually distinct types
[INFO] [stdout] note: `solana_program::pubkey::Pubkey` is defined in crate `solana_program`
[INFO] [stdout]     --> /opt/rustwide/cargo-home/registry/src/index.crates.io-6f17d22bba15001f/solana-program-1.18.26/src/pubkey.rs:88:1
[INFO] [stdout]      |
[INFO] [stdout] 88   | pub struct Pubkey(pub(crate) [u8; 32]);
[INFO] [stdout]      | ^^^^^^^^^^^^^^^^^
[INFO] [stdout] note: `Pubkey` is defined in crate `solana_program`
[INFO] [stdout]     --> /opt/rustwide/cargo-home/registry/src/index.crates.io-6f17d22bba15001f/miraland-program-1.18.3/src/pubkey.rs:92:1
[INFO] [stdout]      |
[INFO] [stdout] 92   | pub struct Pubkey(pub(crate) [u8; 32]);
[INFO] [stdout]      | ^^^^^^^^^^^^^^^^^
[INFO] [stdout]      = note: perhaps two different versions of crate `solana_program` are being used?
[INFO] [stdout] note: function defined here
[INFO] [stdout]     --> /opt/rustwide/cargo-home/registry/src/index.crates.io-6f17d22bba15001f/solarti-token-3.5.6/src/instruction.rs:1171:8
[INFO] [stdout]      |
[INFO] [stdout] 1171 | pub fn freeze_account(
[INFO] [stdout]      |        ^^^^^^^^^^^^^^
[INFO] [stdout] 
[INFO] [stdout] 
[INFO] [stdout] error[E0308]: `?` operator has incompatible types
[INFO] [stdout]    --> src/token.rs:60:10
[INFO] [stdout]     |
[INFO] [stdout] 60  |           &spl_token::instruction::freeze_account(
[INFO] [stdout]     |  __________^
[INFO] [stdout] 61  | |             token_program.key,
[INFO] [stdout] 62  | |             target.key,
[INFO] [stdout] 63  | |             mint.key,
[INFO] [stdout] 64  | |             freeze_authority.key,
[INFO] [stdout] 65  | |             &[],
[INFO] [stdout] 66  | |         )?,
[INFO] [stdout]     | |__________^ expected `Instruction`, found a different `Instruction`
[INFO] [stdout]     |
[INFO] [stdout]     = note: `?` operator cannot convert from `spl_associated_token_account::solana_program::instruction::Instruction` to `solana_program::instruction::Instruction`
[INFO] [stdout]     = note: `Instruction` and `Instruction` have similar names, but are actually distinct types
[INFO] [stdout] note: `Instruction` is defined in crate `solana_program`
[INFO] [stdout]    --> /opt/rustwide/cargo-home/registry/src/index.crates.io-6f17d22bba15001f/miraland-program-1.18.3/src/instruction.rs:329:1
[INFO] [stdout]     |
[INFO] [stdout] 329 | pub struct Instruction {
[INFO] [stdout]     | ^^^^^^^^^^^^^^^^^^^^^^
[INFO] [stdout] note: `Instruction` is defined in crate `solana_program`
[INFO] [stdout]    --> /opt/rustwide/cargo-home/registry/src/index.crates.io-6f17d22bba15001f/solana-program-1.18.26/src/instruction.rs:329:1
[INFO] [stdout]     |
[INFO] [stdout] 329 | pub struct Instruction {
[INFO] [stdout]     | ^^^^^^^^^^^^^^^^^^^^^^
[INFO] [stdout]     = note: perhaps two different versions of crate `solana_program` are being used?
[INFO] [stdout] 
[INFO] [stdout] 
[INFO] [stdout] error[E0277]: `?` couldn't convert the error to `solana_program::program_error::ProgramError`
[INFO] [stdout]   --> src/token.rs:66:10
[INFO] [stdout]    |
[INFO] [stdout] 58 |   ) -> ProgramResult {
[INFO] [stdout]    |        ------------- expected `solana_program::program_error::ProgramError` because of this
[INFO] [stdout] 59 |       invoke_signed(
[INFO] [stdout] 60 |           &spl_token::instruction::freeze_account(
[INFO] [stdout]    |  __________-
[INFO] [stdout] 61 | |             token_program.key,
[INFO] [stdout] 62 | |             target.key,
[INFO] [stdout] 63 | |             mint.key,
[INFO] [stdout] 64 | |             freeze_authority.key,
[INFO] [stdout] 65 | |             &[],
[INFO] [stdout] 66 | |         )?,
[INFO] [stdout]    | |         -^ the trait `From<spl_associated_token_account::solana_program::program_error::ProgramError>` is not implemented for `solana_program::program_error::ProgramError`, which is required by `Result<(), solana_program::program_error::ProgramError>: FromResidual<Result<Infallible, spl_associated_token_account::solana_program::program_error::ProgramError>>`
[INFO] [stdout]    | |_________|
[INFO] [stdout]    |           this can't be annotated with `?` because it has type `Result<_, spl_associated_token_account::solana_program::program_error::ProgramError>`
[INFO] [stdout]    |
[INFO] [stdout]    = note: the question mark operation (`?`) implicitly performs a conversion on the error value using the `From` trait
[INFO] [stdout]    = help: the following other types implement trait `From<T>`:
[INFO] [stdout]              `solana_program::program_error::ProgramError` implements `From<solana_program::pubkey::PubkeyError>`
[INFO] [stdout]              `solana_program::program_error::ProgramError` implements `From<std::io::Error>`
[INFO] [stdout]              `solana_program::program_error::ProgramError` implements `From<u64>`
[INFO] [stdout]    = note: required for `Result<(), solana_program::program_error::ProgramError>` to implement `FromResidual<Result<Infallible, spl_associated_token_account::solana_program::program_error::ProgramError>>`
[INFO] [stdout] 
[INFO] [stdout] 
[INFO] [stdout] error[E0308]: arguments to this function are incorrect
[INFO] [stdout]    --> src/token.rs:85:10
[INFO] [stdout]     |
[INFO] [stdout] 85  |         &spl_token::instruction::transfer(
[INFO] [stdout]     |          ^^^^^^^^^^^^^^^^^^^^^^^^^^^^^^^^
[INFO] [stdout] 86  |             token_program.key,
[INFO] [stdout]     |             ----------------- expected `Pubkey`, found `solana_program::pubkey::Pubkey`
[INFO] [stdout] 87  |             src.key,
[INFO] [stdout]     |             ------- expected `Pubkey`, found `solana_program::pubkey::Pubkey`
[INFO] [stdout] 88  |             dst.key,
[INFO] [stdout]     |             ------- expected `Pubkey`, found `solana_program::pubkey::Pubkey`
[INFO] [stdout] 89  |             owner.key,
[INFO] [stdout]     |             --------- expected `Pubkey`, found `solana_program::pubkey::Pubkey`
[INFO] [stdout]     |
[INFO] [stdout]     = note: `solana_program::pubkey::Pubkey` and `Pubkey` have similar names, but are actually distinct types
[INFO] [stdout] note: `solana_program::pubkey::Pubkey` is defined in crate `solana_program`
[INFO] [stdout]    --> /opt/rustwide/cargo-home/registry/src/index.crates.io-6f17d22bba15001f/solana-program-1.18.26/src/pubkey.rs:88:1
[INFO] [stdout]     |
[INFO] [stdout] 88  | pub struct Pubkey(pub(crate) [u8; 32]);
[INFO] [stdout]     | ^^^^^^^^^^^^^^^^^
[INFO] [stdout] note: `Pubkey` is defined in crate `solana_program`
[INFO] [stdout]    --> /opt/rustwide/cargo-home/registry/src/index.crates.io-6f17d22bba15001f/miraland-program-1.18.3/src/pubkey.rs:92:1
[INFO] [stdout]     |
[INFO] [stdout] 92  | pub struct Pubkey(pub(crate) [u8; 32]);
[INFO] [stdout]     | ^^^^^^^^^^^^^^^^^
[INFO] [stdout]     = note: perhaps two different versions of crate `solana_program` are being used?
[INFO] [stdout]     = note: `solana_program::pubkey::Pubkey` and `Pubkey` have similar names, but are actually distinct types
[INFO] [stdout] note: `solana_program::pubkey::Pubkey` is defined in crate `solana_program`
[INFO] [stdout]    --> /opt/rustwide/cargo-home/registry/src/index.crates.io-6f17d22bba15001f/solana-program-1.18.26/src/pubkey.rs:88:1
[INFO] [stdout]     |
[INFO] [stdout] 88  | pub struct Pubkey(pub(crate) [u8; 32]);
[INFO] [stdout]     | ^^^^^^^^^^^^^^^^^
[INFO] [stdout] note: `Pubkey` is defined in crate `solana_program`
[INFO] [stdout]    --> /opt/rustwide/cargo-home/registry/src/index.crates.io-6f17d22bba15001f/miraland-program-1.18.3/src/pubkey.rs:92:1
[INFO] [stdout]     |
[INFO] [stdout] 92  | pub struct Pubkey(pub(crate) [u8; 32]);
[INFO] [stdout]     | ^^^^^^^^^^^^^^^^^
[INFO] [stdout]     = note: perhaps two different versions of crate `solana_program` are being used?
[INFO] [stdout]     = note: `solana_program::pubkey::Pubkey` and `Pubkey` have similar names, but are actually distinct types
[INFO] [stdout] note: `solana_program::pubkey::Pubkey` is defined in crate `solana_program`
[INFO] [stdout]    --> /opt/rustwide/cargo-home/registry/src/index.crates.io-6f17d22bba15001f/solana-program-1.18.26/src/pubkey.rs:88:1
[INFO] [stdout]     |
[INFO] [stdout] 88  | pub struct Pubkey(pub(crate) [u8; 32]);
[INFO] [stdout]     | ^^^^^^^^^^^^^^^^^
[INFO] [stdout] note: `Pubkey` is defined in crate `solana_program`
[INFO] [stdout]    --> /opt/rustwide/cargo-home/registry/src/index.crates.io-6f17d22bba15001f/miraland-program-1.18.3/src/pubkey.rs:92:1
[INFO] [stdout]     |
[INFO] [stdout] 92  | pub struct Pubkey(pub(crate) [u8; 32]);
[INFO] [stdout]     | ^^^^^^^^^^^^^^^^^
[INFO] [stdout]     = note: perhaps two different versions of crate `solana_program` are being used?
[INFO] [stdout]     = note: `solana_program::pubkey::Pubkey` and `Pubkey` have similar names, but are actually distinct types
[INFO] [stdout] note: `solana_program::pubkey::Pubkey` is defined in crate `solana_program`
[INFO] [stdout]    --> /opt/rustwide/cargo-home/registry/src/index.crates.io-6f17d22bba15001f/solana-program-1.18.26/src/pubkey.rs:88:1
[INFO] [stdout]     |
[INFO] [stdout] 88  | pub struct Pubkey(pub(crate) [u8; 32]);
[INFO] [stdout]     | ^^^^^^^^^^^^^^^^^
[INFO] [stdout] note: `Pubkey` is defined in crate `solana_program`
[INFO] [stdout]    --> /opt/rustwide/cargo-home/registry/src/index.crates.io-6f17d22bba15001f/miraland-program-1.18.3/src/pubkey.rs:92:1
[INFO] [stdout]     |
[INFO] [stdout] 92  | pub struct Pubkey(pub(crate) [u8; 32]);
[INFO] [stdout]     | ^^^^^^^^^^^^^^^^^
[INFO] [stdout]     = note: perhaps two different versions of crate `solana_program` are being used?
[INFO] [stdout] note: function defined here
[INFO] [stdout]    --> /opt/rustwide/cargo-home/registry/src/index.crates.io-6f17d22bba15001f/solarti-token-3.5.6/src/instruction.rs:961:8
[INFO] [stdout]     |
[INFO] [stdout] 961 | pub fn transfer(
[INFO] [stdout]     |        ^^^^^^^^
[INFO] [stdout] 
[INFO] [stdout] 
[INFO] [stdout] error[E0308]: `?` operator has incompatible types
[INFO] [stdout]    --> src/token.rs:85:10
[INFO] [stdout]     |
[INFO] [stdout] 85  |           &spl_token::instruction::transfer(
[INFO] [stdout]     |  __________^
[INFO] [stdout] 86  | |             token_program.key,
[INFO] [stdout] 87  | |             src.key,
[INFO] [stdout] 88  | |             dst.key,
[INFO] [stdout] ...   |
[INFO] [stdout] 91  | |             amount,
[INFO] [stdout] 92  | |         )?,
[INFO] [stdout]     | |__________^ expected `Instruction`, found a different `Instruction`
[INFO] [stdout]     |
[INFO] [stdout]     = note: `?` operator cannot convert from `spl_associated_token_account::solana_program::instruction::Instruction` to `solana_program::instruction::Instruction`
[INFO] [stdout]     = note: `Instruction` and `Instruction` have similar names, but are actually distinct types
[INFO] [stdout] note: `Instruction` is defined in crate `solana_program`
[INFO] [stdout]    --> /opt/rustwide/cargo-home/registry/src/index.crates.io-6f17d22bba15001f/miraland-program-1.18.3/src/instruction.rs:329:1
[INFO] [stdout]     |
[INFO] [stdout] 329 | pub struct Instruction {
[INFO] [stdout]     | ^^^^^^^^^^^^^^^^^^^^^^
[INFO] [stdout] note: `Instruction` is defined in crate `solana_program`
[INFO] [stdout]    --> /opt/rustwide/cargo-home/registry/src/index.crates.io-6f17d22bba15001f/solana-program-1.18.26/src/instruction.rs:329:1
[INFO] [stdout]     |
[INFO] [stdout] 329 | pub struct Instruction {
[INFO] [stdout]     | ^^^^^^^^^^^^^^^^^^^^^^
[INFO] [stdout]     = note: perhaps two different versions of crate `solana_program` are being used?
[INFO] [stdout] 
[INFO] [stdout] 
[INFO] [stdout] error[E0277]: `?` couldn't convert the error to `solana_program::program_error::ProgramError`
[INFO] [stdout]   --> src/token.rs:92:10
[INFO] [stdout]    |
[INFO] [stdout] 83 |   ) -> ProgramResult {
[INFO] [stdout]    |        ------------- expected `solana_program::program_error::ProgramError` because of this
[INFO] [stdout] 84 |       invoke(
[INFO] [stdout] 85 |           &spl_token::instruction::transfer(
[INFO] [stdout]    |  __________-
[INFO] [stdout] 86 | |             token_program.key,
[INFO] [stdout] 87 | |             src.key,
[INFO] [stdout] 88 | |             dst.key,
[INFO] [stdout] ...  |
[INFO] [stdout] 91 | |             amount,
[INFO] [stdout] 92 | |         )?,
[INFO] [stdout]    | |         -^ the trait `From<spl_associated_token_account::solana_program::program_error::ProgramError>` is not implemented for `solana_program::program_error::ProgramError`, which is required by `Result<(), solana_program::program_error::ProgramError>: FromResidual<Result<Infallible, spl_associated_token_account::solana_program::program_error::ProgramError>>`
[INFO] [stdout]    | |_________|
[INFO] [stdout]    |           this can't be annotated with `?` because it has type `Result<_, spl_associated_token_account::solana_program::program_error::ProgramError>`
[INFO] [stdout]    |
[INFO] [stdout]    = note: the question mark operation (`?`) implicitly performs a conversion on the error value using the `From` trait
[INFO] [stdout]    = help: the following other types implement trait `From<T>`:
[INFO] [stdout]              `solana_program::program_error::ProgramError` implements `From<solana_program::pubkey::PubkeyError>`
[INFO] [stdout]              `solana_program::program_error::ProgramError` implements `From<std::io::Error>`
[INFO] [stdout]              `solana_program::program_error::ProgramError` implements `From<u64>`
[INFO] [stdout]    = note: required for `Result<(), solana_program::program_error::ProgramError>` to implement `FromResidual<Result<Infallible, spl_associated_token_account::solana_program::program_error::ProgramError>>`
[INFO] [stdout] 
[INFO] [stdout] 
[INFO] [stdout] error[E0308]: arguments to this function are incorrect
[INFO] [stdout]     --> src/token.rs:111:10
[INFO] [stdout]      |
[INFO] [stdout] 111  |         &spl_token::instruction::mint_to(
[INFO] [stdout]      |          ^^^^^^^^^^^^^^^^^^^^^^^^^^^^^^^
[INFO] [stdout] 112  |             token_program.key,
[INFO] [stdout]      |             ----------------- expected `Pubkey`, found `solana_program::pubkey::Pubkey`
[INFO] [stdout] 113  |             mint.key,
[INFO] [stdout]      |             -------- expected `Pubkey`, found `solana_program::pubkey::Pubkey`
[INFO] [stdout] 114  |             account.key,
[INFO] [stdout]      |             ----------- expected `Pubkey`, found `solana_program::pubkey::Pubkey`
[INFO] [stdout] 115  |             owner.key,
[INFO] [stdout]      |             --------- expected `Pubkey`, found `solana_program::pubkey::Pubkey`
[INFO] [stdout]      |
[INFO] [stdout]      = note: `solana_program::pubkey::Pubkey` and `Pubkey` have similar names, but are actually distinct types
[INFO] [stdout] note: `solana_program::pubkey::Pubkey` is defined in crate `solana_program`
[INFO] [stdout]     --> /opt/rustwide/cargo-home/registry/src/index.crates.io-6f17d22bba15001f/solana-program-1.18.26/src/pubkey.rs:88:1
[INFO] [stdout]      |
[INFO] [stdout] 88   | pub struct Pubkey(pub(crate) [u8; 32]);
[INFO] [stdout]      | ^^^^^^^^^^^^^^^^^
[INFO] [stdout] note: `Pubkey` is defined in crate `solana_program`
[INFO] [stdout]     --> /opt/rustwide/cargo-home/registry/src/index.crates.io-6f17d22bba15001f/miraland-program-1.18.3/src/pubkey.rs:92:1
[INFO] [stdout]      |
[INFO] [stdout] 92   | pub struct Pubkey(pub(crate) [u8; 32]);
[INFO] [stdout]      | ^^^^^^^^^^^^^^^^^
[INFO] [stdout]      = note: perhaps two different versions of crate `solana_program` are being used?
[INFO] [stdout]      = note: `solana_program::pubkey::Pubkey` and `Pubkey` have similar names, but are actually distinct types
[INFO] [stdout] note: `solana_program::pubkey::Pubkey` is defined in crate `solana_program`
[INFO] [stdout]     --> /opt/rustwide/cargo-home/registry/src/index.crates.io-6f17d22bba15001f/solana-program-1.18.26/src/pubkey.rs:88:1
[INFO] [stdout]      |
[INFO] [stdout] 88   | pub struct Pubkey(pub(crate) [u8; 32]);
[INFO] [stdout]      | ^^^^^^^^^^^^^^^^^
[INFO] [stdout] note: `Pubkey` is defined in crate `solana_program`
[INFO] [stdout]     --> /opt/rustwide/cargo-home/registry/src/index.crates.io-6f17d22bba15001f/miraland-program-1.18.3/src/pubkey.rs:92:1
[INFO] [stdout]      |
[INFO] [stdout] 92   | pub struct Pubkey(pub(crate) [u8; 32]);
[INFO] [stdout]      | ^^^^^^^^^^^^^^^^^
[INFO] [stdout]      = note: perhaps two different versions of crate `solana_program` are being used?
[INFO] [stdout]      = note: `solana_program::pubkey::Pubkey` and `Pubkey` have similar names, but are actually distinct types
[INFO] [stdout] note: `solana_program::pubkey::Pubkey` is defined in crate `solana_program`
[INFO] [stdout]     --> /opt/rustwide/cargo-home/registry/src/index.crates.io-6f17d22bba15001f/solana-program-1.18.26/src/pubkey.rs:88:1
[INFO] [stdout]      |
[INFO] [stdout] 88   | pub struct Pubkey(pub(crate) [u8; 32]);
[INFO] [stdout]      | ^^^^^^^^^^^^^^^^^
[INFO] [stdout] note: `Pubkey` is defined in crate `solana_program`
[INFO] [stdout]     --> /opt/rustwide/cargo-home/registry/src/index.crates.io-6f17d22bba15001f/miraland-program-1.18.3/src/pubkey.rs:92:1
[INFO] [stdout]      |
[INFO] [stdout] 92   | pub struct Pubkey(pub(crate) [u8; 32]);
[INFO] [stdout]      | ^^^^^^^^^^^^^^^^^
[INFO] [stdout]      = note: perhaps two different versions of crate `solana_program` are being used?
[INFO] [stdout]      = note: `solana_program::pubkey::Pubkey` and `Pubkey` have similar names, but are actually distinct types
[INFO] [stdout] note: `solana_program::pubkey::Pubkey` is defined in crate `solana_program`
[INFO] [stdout]     --> /opt/rustwide/cargo-home/registry/src/index.crates.io-6f17d22bba15001f/solana-program-1.18.26/src/pubkey.rs:88:1
[INFO] [stdout]      |
[INFO] [stdout] 88   | pub struct Pubkey(pub(crate) [u8; 32]);
[INFO] [stdout]      | ^^^^^^^^^^^^^^^^^
[INFO] [stdout] note: `Pubkey` is defined in crate `solana_program`
[INFO] [stdout]     --> /opt/rustwide/cargo-home/registry/src/index.crates.io-6f17d22bba15001f/miraland-program-1.18.3/src/pubkey.rs:92:1
[INFO] [stdout]      |
[INFO] [stdout] 92   | pub struct Pubkey(pub(crate) [u8; 32]);
[INFO] [stdout]      | ^^^^^^^^^^^^^^^^^
[INFO] [stdout]      = note: perhaps two different versions of crate `solana_program` are being used?
[INFO] [stdout] note: function defined here
[INFO] [stdout]     --> /opt/rustwide/cargo-home/registry/src/index.crates.io-6f17d22bba15001f/solarti-token-3.5.6/src/instruction.rs:1082:8
[INFO] [stdout]      |
[INFO] [stdout] 1082 | pub fn mint_to(
[INFO] [stdout]      |        ^^^^^^^
[INFO] [stdout] 
[INFO] [stdout] 
[INFO] [stdout] error[E0308]: `?` operator has incompatible types
[INFO] [stdout]    --> src/token.rs:111:10
[INFO] [stdout]     |
[INFO] [stdout] 111 |           &spl_token::instruction::mint_to(
[INFO] [stdout]     |  __________^
[INFO] [stdout] 112 | |             token_program.key,
[INFO] [stdout] 113 | |             mint.key,
[INFO] [stdout] 114 | |             account.key,
[INFO] [stdout] ...   |
[INFO] [stdout] 117 | |             amount,
[INFO] [stdout] 118 | |         )?,
[INFO] [stdout]     | |__________^ expected `Instruction`, found a different `Instruction`
[INFO] [stdout]     |
[INFO] [stdout]     = note: `?` operator cannot convert from `spl_associated_token_account::solana_program::instruction::Instruction` to `solana_program::instruction::Instruction`
[INFO] [stdout]     = note: `Instruction` and `Instruction` have similar names, but are actually distinct types
[INFO] [stdout] note: `Instruction` is defined in crate `solana_program`
[INFO] [stdout]    --> /opt/rustwide/cargo-home/registry/src/index.crates.io-6f17d22bba15001f/miraland-program-1.18.3/src/instruction.rs:329:1
[INFO] [stdout]     |
[INFO] [stdout] 329 | pub struct Instruction {
[INFO] [stdout]     | ^^^^^^^^^^^^^^^^^^^^^^
[INFO] [stdout] note: `Instruction` is defined in crate `solana_program`
[INFO] [stdout]    --> /opt/rustwide/cargo-home/registry/src/index.crates.io-6f17d22bba15001f/solana-program-1.18.26/src/instruction.rs:329:1
[INFO] [stdout]     |
[INFO] [stdout] 329 | pub struct Instruction {
[INFO] [stdout]     | ^^^^^^^^^^^^^^^^^^^^^^
[INFO] [stdout]     = note: perhaps two different versions of crate `solana_program` are being used?
[INFO] [stdout] 
[INFO] [stdout] 
[INFO] [stdout] error[E0277]: `?` couldn't convert the error to `solana_program::program_error::ProgramError`
[INFO] [stdout]    --> src/token.rs:118:10
[INFO] [stdout]     |
[INFO] [stdout] 109 |   ) -> ProgramResult {
[INFO] [stdout]     |        ------------- expected `solana_program::program_error::ProgramError` because of this
[INFO] [stdout] 110 |       invoke_signed(
[INFO] [stdout] 111 |           &spl_token::instruction::mint_to(
[INFO] [stdout]     |  __________-
[INFO] [stdout] 112 | |             token_program.key,
[INFO] [stdout] 113 | |             mint.key,
[INFO] [stdout] 114 | |             account.key,
[INFO] [stdout] ...   |
[INFO] [stdout] 117 | |             amount,
[INFO] [stdout] 118 | |         )?,
[INFO] [stdout]     | |         -^ the trait `From<spl_associated_token_account::solana_program::program_error::ProgramError>` is not implemented for `solana_program::program_error::ProgramError`, which is required by `Result<(), solana_program::program_error::ProgramError>: FromResidual<Result<Infallible, spl_associated_token_account::solana_program::program_error::ProgramError>>`
[INFO] [stdout]     | |_________|
[INFO] [stdout]     |           this can't be annotated with `?` because it has type `Result<_, spl_associated_token_account::solana_program::program_error::ProgramError>`
[INFO] [stdout]     |
[INFO] [stdout]     = note: the question mark operation (`?`) implicitly performs a conversion on the error value using the `From` trait
[INFO] [stdout]     = help: the following other types implement trait `From<T>`:
[INFO] [stdout]               `solana_program::program_error::ProgramError` implements `From<solana_program::pubkey::PubkeyError>`
[INFO] [stdout]               `solana_program::program_error::ProgramError` implements `From<std::io::Error>`
[INFO] [stdout]               `solana_program::program_error::ProgramError` implements `From<u64>`
[INFO] [stdout]     = note: required for `Result<(), solana_program::program_error::ProgramError>` to implement `FromResidual<Result<Infallible, spl_associated_token_account::solana_program::program_error::ProgramError>>`
[INFO] [stdout] 
[INFO] [stdout] 
[INFO] [stdout] error[E0308]: arguments to this function are incorrect
[INFO] [stdout]     --> src/token.rs:137:10
[INFO] [stdout]      |
[INFO] [stdout] 137  |         &spl_token::instruction::burn(
[INFO] [stdout]      |          ^^^^^^^^^^^^^^^^^^^^^^^^^^^^
[INFO] [stdout] 138  |             token_program.key,
[INFO] [stdout]      |             ----------------- expected `Pubkey`, found `solana_program::pubkey::Pubkey`
[INFO] [stdout] 139  |             account.key,
[INFO] [stdout]      |             ----------- expected `Pubkey`, found `solana_program::pubkey::Pubkey`
[INFO] [stdout] 140  |             mint.key,
[INFO] [stdout]      |             -------- expected `Pubkey`, found `solana_program::pubkey::Pubkey`
[INFO] [stdout] 141  |             owner.key,
[INFO] [stdout]      |             --------- expected `Pubkey`, found `solana_program::pubkey::Pubkey`
[INFO] [stdout]      |
[INFO] [stdout]      = note: `solana_program::pubkey::Pubkey` and `Pubkey` have similar names, but are actually distinct types
[INFO] [stdout] note: `solana_program::pubkey::Pubkey` is defined in crate `solana_program`
[INFO] [stdout]     --> /opt/rustwide/cargo-home/registry/src/index.crates.io-6f17d22bba15001f/solana-program-1.18.26/src/pubkey.rs:88:1
[INFO] [stdout]      |
[INFO] [stdout] 88   | pub struct Pubkey(pub(crate) [u8; 32]);
[INFO] [stdout]      | ^^^^^^^^^^^^^^^^^
[INFO] [stdout] note: `Pubkey` is defined in crate `solana_program`
[INFO] [stdout]     --> /opt/rustwide/cargo-home/registry/src/index.crates.io-6f17d22bba15001f/miraland-program-1.18.3/src/pubkey.rs:92:1
[INFO] [stdout]      |
[INFO] [stdout] 92   | pub struct Pubkey(pub(crate) [u8; 32]);
[INFO] [stdout]      | ^^^^^^^^^^^^^^^^^
[INFO] [stdout]      = note: perhaps two different versions of crate `solana_program` are being used?
[INFO] [stdout]      = note: `solana_program::pubkey::Pubkey` and `Pubkey` have similar names, but are actually distinct types
[INFO] [stdout] note: `solana_program::pubkey::Pubkey` is defined in crate `solana_program`
[INFO] [stdout]     --> /opt/rustwide/cargo-home/registry/src/index.crates.io-6f17d22bba15001f/solana-program-1.18.26/src/pubkey.rs:88:1
[INFO] [stdout]      |
[INFO] [stdout] 88   | pub struct Pubkey(pub(crate) [u8; 32]);
[INFO] [stdout]      | ^^^^^^^^^^^^^^^^^
[INFO] [stdout] note: `Pubkey` is defined in crate `solana_program`
[INFO] [stdout]     --> /opt/rustwide/cargo-home/registry/src/index.crates.io-6f17d22bba15001f/miraland-program-1.18.3/src/pubkey.rs:92:1
[INFO] [stdout]      |
[INFO] [stdout] 92   | pub struct Pubkey(pub(crate) [u8; 32]);
[INFO] [stdout]      | ^^^^^^^^^^^^^^^^^
[INFO] [stdout]      = note: perhaps two different versions of crate `solana_program` are being used?
[INFO] [stdout]      = note: `solana_program::pubkey::Pubkey` and `Pubkey` have similar names, but are actually distinct types
[INFO] [stdout] note: `solana_program::pubkey::Pubkey` is defined in crate `solana_program`
[INFO] [stdout]     --> /opt/rustwide/cargo-home/registry/src/index.crates.io-6f17d22bba15001f/solana-program-1.18.26/src/pubkey.rs:88:1
[INFO] [stdout]      |
[INFO] [stdout] 88   | pub struct Pubkey(pub(crate) [u8; 32]);
[INFO] [stdout]      | ^^^^^^^^^^^^^^^^^
[INFO] [stdout] note: `Pubkey` is defined in crate `solana_program`
[INFO] [stdout]     --> /opt/rustwide/cargo-home/registry/src/index.crates.io-6f17d22bba15001f/miraland-program-1.18.3/src/pubkey.rs:92:1
[INFO] [stdout]      |
[INFO] [stdout] 92   | pub struct Pubkey(pub(crate) [u8; 32]);
[INFO] [stdout]      | ^^^^^^^^^^^^^^^^^
[INFO] [stdout]      = note: perhaps two different versions of crate `solana_program` are being used?
[INFO] [stdout]      = note: `solana_program::pubkey::Pubkey` and `Pubkey` have similar names, but are actually distinct types
[INFO] [stdout] note: `solana_program::pubkey::Pubkey` is defined in crate `solana_program`
[INFO] [stdout]     --> /opt/rustwide/cargo-home/registry/src/index.crates.io-6f17d22bba15001f/solana-program-1.18.26/src/pubkey.rs:88:1
[INFO] [stdout]      |
[INFO] [stdout] 88   | pub struct Pubkey(pub(crate) [u8; 32]);
[INFO] [stdout]      | ^^^^^^^^^^^^^^^^^
[INFO] [stdout] note: `Pubkey` is defined in crate `solana_program`
[INFO] [stdout]     --> /opt/rustwide/cargo-home/registry/src/index.crates.io-6f17d22bba15001f/miraland-program-1.18.3/src/pubkey.rs:92:1
[INFO] [stdout]      |
[INFO] [stdout] 92   | pub struct Pubkey(pub(crate) [u8; 32]);
[INFO] [stdout]      | ^^^^^^^^^^^^^^^^^
[INFO] [stdout]      = note: perhaps two different versions of crate `solana_program` are being used?
[INFO] [stdout] note: function defined here
[INFO] [stdout]     --> /opt/rustwide/cargo-home/registry/src/index.crates.io-6f17d22bba15001f/solarti-token-3.5.6/src/instruction.rs:1112:8
[INFO] [stdout]      |
[INFO] [stdout] 1112 | pub fn burn(
[INFO] [stdout]      |        ^^^^
[INFO] [stdout] 
[INFO] [stdout] 
[INFO] [stdout] error[E0308]: `?` operator has incompatible types
[INFO] [stdout]    --> src/token.rs:137:10
[INFO] [stdout]     |
[INFO] [stdout] 137 |           &spl_token::instruction::burn(
[INFO] [stdout]     |  __________^
[INFO] [stdout] 138 | |             token_program.key,
[INFO] [stdout] 139 | |             account.key,
[INFO] [stdout] 140 | |             mint.key,
[INFO] [stdout] ...   |
[INFO] [stdout] 143 | |             amount,
[INFO] [stdout] 144 | |         )?,
[INFO] [stdout]     | |__________^ expected `Instruction`, found a different `Instruction`
[INFO] [stdout]     |
[INFO] [stdout]     = note: `?` operator cannot convert from `spl_associated_token_account::solana_program::instruction::Instruction` to `solana_program::instruction::Instruction`
[INFO] [stdout]     = note: `Instruction` and `Instruction` have similar names, but are actually distinct types
[INFO] [stdout] note: `Instruction` is defined in crate `solana_program`
[INFO] [stdout]    --> /opt/rustwide/cargo-home/registry/src/index.crates.io-6f17d22bba15001f/miraland-program-1.18.3/src/instruction.rs:329:1
[INFO] [stdout]     |
[INFO] [stdout] 329 | pub struct Instruction {
[INFO] [stdout]     | ^^^^^^^^^^^^^^^^^^^^^^
[INFO] [stdout] note: `Instruction` is defined in crate `solana_program`
[INFO] [stdout]    --> /opt/rustwide/cargo-home/registry/src/index.crates.io-6f17d22bba15001f/solana-program-1.18.26/src/instruction.rs:329:1
[INFO] [stdout]     |
[INFO] [stdout] 329 | pub struct Instruction {
[INFO] [stdout]     | ^^^^^^^^^^^^^^^^^^^^^^
[INFO] [stdout]     = note: perhaps two different versions of crate `solana_program` are being used?
[INFO] [stdout] 
[INFO] [stdout] 
[INFO] [stdout] error[E0277]: `?` couldn't convert the error to `solana_program::program_error::ProgramError`
[INFO] [stdout]    --> src/token.rs:144:10
[INFO] [stdout]     |
[INFO] [stdout] 135 |   ) -> ProgramResult {
[INFO] [stdout]     |        ------------- expected `solana_program::program_error::ProgramError` because of this
[INFO] [stdout] 136 |       invoke(
[INFO] [stdout] 137 |           &spl_token::instruction::burn(
[INFO] [stdout]     |  __________-
[INFO] [stdout] 138 | |             token_program.key,
[INFO] [stdout] 139 | |             account.key,
[INFO] [stdout] 140 | |             mint.key,
[INFO] [stdout] ...   |
[INFO] [stdout] 143 | |             amount,
[INFO] [stdout] 144 | |         )?,
[INFO] [stdout]     | |         -^ the trait `From<spl_associated_token_account::solana_program::program_error::ProgramError>` is not implemented for `solana_program::program_error::ProgramError`, which is required by `Result<(), solana_program::program_error::ProgramError>: FromResidual<Result<Infallible, spl_associated_token_account::solana_program::program_error::ProgramError>>`
[INFO] [stdout]     | |_________|
[INFO] [stdout]     |           this can't be annotated with `?` because it has type `Result<_, spl_associated_token_account::solana_program::program_error::ProgramError>`
[INFO] [stdout]     |
[INFO] [stdout]     = note: the question mark operation (`?`) implicitly performs a conversion on the error value using the `From` trait
[INFO] [stdout]     = help: the following other types implement trait `From<T>`:
[INFO] [stdout]               `solana_program::program_error::ProgramError` implements `From<solana_program::pubkey::PubkeyError>`
[INFO] [stdout]               `solana_program::program_error::ProgramError` implements `From<std::io::Error>`
[INFO] [stdout]               `solana_program::program_error::ProgramError` implements `From<u64>`
[INFO] [stdout]     = note: required for `Result<(), solana_program::program_error::ProgramError>` to implement `FromResidual<Result<Infallible, spl_associated_token_account::solana_program::program_error::ProgramError>>`
[INFO] [stdout] 
[INFO] [stdout] 
[INFO] [stdout] error[E0308]: arguments to this function are incorrect
[INFO] [stdout]    --> src/token.rs:162:10
[INFO] [stdout]     |
[INFO] [stdout] 162 |         &spl_token::instruction::approve(
[INFO] [stdout]     |          ^^^^^^^^^^^^^^^^^^^^^^^^^^^^^^^
[INFO] [stdout] 163 |             token_program.key,
[INFO] [stdout]     |             ----------------- expected `Pubkey`, found `solana_program::pubkey::Pubkey`
[INFO] [stdout] 164 |             account.key,
[INFO] [stdout]     |             ----------- expected `Pubkey`, found `solana_program::pubkey::Pubkey`
[INFO] [stdout] 165 |             delegate.key,
[INFO] [stdout]     |             ------------ expected `Pubkey`, found `solana_program::pubkey::Pubkey`
[INFO] [stdout] 166 |             owner.key,
[INFO] [stdout]     |             --------- expected `Pubkey`, found `solana_program::pubkey::Pubkey`
[INFO] [stdout]     |
[INFO] [stdout]     = note: `solana_program::pubkey::Pubkey` and `Pubkey` have similar names, but are actually distinct types
[INFO] [stdout] note: `solana_program::pubkey::Pubkey` is defined in crate `solana_program`
[INFO] [stdout]    --> /opt/rustwide/cargo-home/registry/src/index.crates.io-6f17d22bba15001f/solana-program-1.18.26/src/pubkey.rs:88:1
[INFO] [stdout]     |
[INFO] [stdout] 88  | pub struct Pubkey(pub(crate) [u8; 32]);
[INFO] [stdout]     | ^^^^^^^^^^^^^^^^^
[INFO] [stdout] note: `Pubkey` is defined in crate `solana_program`
[INFO] [stdout]    --> /opt/rustwide/cargo-home/registry/src/index.crates.io-6f17d22bba15001f/miraland-program-1.18.3/src/pubkey.rs:92:1
[INFO] [stdout]     |
[INFO] [stdout] 92  | pub struct Pubkey(pub(crate) [u8; 32]);
[INFO] [stdout]     | ^^^^^^^^^^^^^^^^^
[INFO] [stdout]     = note: perhaps two different versions of crate `solana_program` are being used?
[INFO] [stdout]     = note: `solana_program::pubkey::Pubkey` and `Pubkey` have similar names, but are actually distinct types
[INFO] [stdout] note: `solana_program::pubkey::Pubkey` is defined in crate `solana_program`
[INFO] [stdout]    --> /opt/rustwide/cargo-home/registry/src/index.crates.io-6f17d22bba15001f/solana-program-1.18.26/src/pubkey.rs:88:1
[INFO] [stdout]     |
[INFO] [stdout] 88  | pub struct Pubkey(pub(crate) [u8; 32]);
[INFO] [stdout]     | ^^^^^^^^^^^^^^^^^
[INFO] [stdout] note: `Pubkey` is defined in crate `solana_program`
[INFO] [stdout]    --> /opt/rustwide/cargo-home/registry/src/index.crates.io-6f17d22bba15001f/miraland-program-1.18.3/src/pubkey.rs:92:1
[INFO] [stdout]     |
[INFO] [stdout] 92  | pub struct Pubkey(pub(crate) [u8; 32]);
[INFO] [stdout]     | ^^^^^^^^^^^^^^^^^
[INFO] [stdout]     = note: perhaps two different versions of crate `solana_program` are being used?
[INFO] [stdout]     = note: `solana_program::pubkey::Pubkey` and `Pubkey` have similar names, but are actually distinct types
[INFO] [stdout] note: `solana_program::pubkey::Pubkey` is defined in crate `solana_program`
[INFO] [stdout]    --> /opt/rustwide/cargo-home/registry/src/index.crates.io-6f17d22bba15001f/solana-program-1.18.26/src/pubkey.rs:88:1
[INFO] [stdout]     |
[INFO] [stdout] 88  | pub struct Pubkey(pub(crate) [u8; 32]);
[INFO] [stdout]     | ^^^^^^^^^^^^^^^^^
[INFO] [stdout] note: `Pubkey` is defined in crate `solana_program`
[INFO] [stdout]    --> /opt/rustwide/cargo-home/registry/src/index.crates.io-6f17d22bba15001f/miraland-program-1.18.3/src/pubkey.rs:92:1
[INFO] [stdout]     |
[INFO] [stdout] 92  | pub struct Pubkey(pub(crate) [u8; 32]);
[INFO] [stdout]     | ^^^^^^^^^^^^^^^^^
[INFO] [stdout]     = note: perhaps two different versions of crate `solana_program` are being used?
[INFO] [stdout]     = note: `solana_program::pubkey::Pubkey` and `Pubkey` have similar names, but are actually distinct types
[INFO] [stdout] note: `solana_program::pubkey::Pubkey` is defined in crate `solana_program`
[INFO] [stdout]    --> /opt/rustwide/cargo-home/registry/src/index.crates.io-6f17d22bba15001f/solana-program-1.18.26/src/pubkey.rs:88:1
[INFO] [stdout]     |
[INFO] [stdout] 88  | pub struct Pubkey(pub(crate) [u8; 32]);
[INFO] [stdout]     | ^^^^^^^^^^^^^^^^^
[INFO] [stdout] note: `Pubkey` is defined in crate `solana_program`
[INFO] [stdout]    --> /opt/rustwide/cargo-home/registry/src/index.crates.io-6f17d22bba15001f/miraland-program-1.18.3/src/pubkey.rs:92:1
[INFO] [stdout]     |
[INFO] [stdout] 92  | pub struct Pubkey(pub(crate) [u8; 32]);
[INFO] [stdout]     | ^^^^^^^^^^^^^^^^^
[INFO] [stdout]     = note: perhaps two different versions of crate `solana_program` are being used?
[INFO] [stdout] note: function defined here
[INFO] [stdout]    --> /opt/rustwide/cargo-home/registry/src/index.crates.io-6f17d22bba15001f/solarti-token-3.5.6/src/instruction.rs:991:8
[INFO] [stdout]     |
[INFO] [stdout] 991 | pub fn approve(
[INFO] [stdout]     |        ^^^^^^^
[INFO] [stdout] 
[INFO] [stdout] 
[INFO] [stdout] error[E0308]: `?` operator has incompatible types
[INFO] [stdout]    --> src/token.rs:162:10
[INFO] [stdout]     |
[INFO] [stdout] 162 |           &spl_token::instruction::approve(
[INFO] [stdout]     |  __________^
[INFO] [stdout] 163 | |             token_program.key,
[INFO] [stdout] 164 | |             account.key,
[INFO] [stdout] 165 | |             delegate.key,
[INFO] [stdout] ...   |
[INFO] [stdout] 168 | |             amount,
[INFO] [stdout] 169 | |         )?,
[INFO] [stdout]     | |__________^ expected `Instruction`, found a different `Instruction`
[INFO] [stdout]     |
[INFO] [stdout]     = note: `?` operator cannot convert from `spl_associated_token_account::solana_program::instruction::Instruction` to `solana_program::instruction::Instruction`
[INFO] [stdout]     = note: `Instruction` and `Instruction` have similar names, but are actually distinct types
[INFO] [stdout] note: `Instruction` is defined in crate `solana_program`
[INFO] [stdout]    --> /opt/rustwide/cargo-home/registry/src/index.crates.io-6f17d22bba15001f/miraland-program-1.18.3/src/instruction.rs:329:1
[INFO] [stdout]     |
[INFO] [stdout] 329 | pub struct Instruction {
[INFO] [stdout]     | ^^^^^^^^^^^^^^^^^^^^^^
[INFO] [stdout] note: `Instruction` is defined in crate `solana_program`
[INFO] [stdout]    --> /opt/rustwide/cargo-home/registry/src/index.crates.io-6f17d22bba15001f/solana-program-1.18.26/src/instruction.rs:329:1
[INFO] [stdout]     |
[INFO] [stdout] 329 | pub struct Instruction {
[INFO] [stdout]     | ^^^^^^^^^^^^^^^^^^^^^^
[INFO] [stdout]     = note: perhaps two different versions of crate `solana_program` are being used?
[INFO] [stdout] 
[INFO] [stdout] 
[INFO] [stdout] error[E0277]: `?` couldn't convert the error to `solana_program::program_error::ProgramError`
[INFO] [stdout]    --> src/token.rs:169:10
[INFO] [stdout]     |
[INFO] [stdout] 160 |   ) -> ProgramResult {
[INFO] [stdout]     |        ------------- expected `solana_program::program_error::ProgramError` because of this
[INFO] [stdout] 161 |       invoke(
[INFO] [stdout] 162 |           &spl_token::instruction::approve(
[INFO] [stdout]     |  __________-
[INFO] [stdout] 163 | |             token_program.key,
[INFO] [stdout] 164 | |             account.key,
[INFO] [stdout] 165 | |             delegate.key,
[INFO] [stdout] ...   |
[INFO] [stdout] 168 | |             amount,
[INFO] [stdout] 169 | |         )?,
[INFO] [stdout]     | |         -^ the trait `From<spl_associated_token_account::solana_program::program_error::ProgramError>` is not implemented for `solana_program::program_error::ProgramError`, which is required by `Result<(), solana_program::program_error::ProgramError>: FromResidual<Result<Infallible, spl_associated_token_account::solana_program::program_error::ProgramError>>`
[INFO] [stdout]     | |_________|
[INFO] [stdout]     |           this can't be annotated with `?` because it has type `Result<_, spl_associated_token_account::solana_program::program_error::ProgramError>`
[INFO] [stdout]     |
[INFO] [stdout]     = note: the question mark operation (`?`) implicitly performs a conversion on the error value using the `From` trait
[INFO] [stdout]     = help: the following other types implement trait `From<T>`:
[INFO] [stdout]               `solana_program::program_error::ProgramError` implements `From<solana_program::pubkey::PubkeyError>`
[INFO] [stdout]               `solana_program::program_error::ProgramError` implements `From<std::io::Error>`
[INFO] [stdout]               `solana_program::program_error::ProgramError` implements `From<u64>`
[INFO] [stdout]     = note: required for `Result<(), solana_program::program_error::ProgramError>` to implement `FromResidual<Result<Infallible, spl_associated_token_account::solana_program::program_error::ProgramError>>`
[INFO] [stdout] 
[INFO] [stdout] 
[INFO] [stdout] error[E0308]: arguments to this function are incorrect
[INFO] [stdout]     --> src/token.rs:185:10
[INFO] [stdout]      |
[INFO] [stdout] 185  |         &spl_token::instruction::revoke(token_program.key, account.key, owner.key, &[])?,
[INFO] [stdout]      |          ^^^^^^^^^^^^^^^^^^^^^^^^^^^^^^ -----------------  -----------  --------- expected `Pubkey`, found `solana_program::pubkey::Pubkey`
[INFO] [stdout]      |                                         |                  |
[INFO] [stdout]      |                                         |                  expected `Pubkey`, found `solana_program::pubkey::Pubkey`
[INFO] [stdout]      |                                         expected `Pubkey`, found `solana_program::pubkey::Pubkey`
[INFO] [stdout]      |
[INFO] [stdout]      = note: `solana_program::pubkey::Pubkey` and `Pubkey` have similar names, but are actually distinct types
[INFO] [stdout] note: `solana_program::pubkey::Pubkey` is defined in crate `solana_program`
[INFO] [stdout]     --> /opt/rustwide/cargo-home/registry/src/index.crates.io-6f17d22bba15001f/solana-program-1.18.26/src/pubkey.rs:88:1
[INFO] [stdout]      |
[INFO] [stdout] 88   | pub struct Pubkey(pub(crate) [u8; 32]);
[INFO] [stdout]      | ^^^^^^^^^^^^^^^^^
[INFO] [stdout] note: `Pubkey` is defined in crate `solana_program`
[INFO] [stdout]     --> /opt/rustwide/cargo-home/registry/src/index.crates.io-6f17d22bba15001f/miraland-program-1.18.3/src/pubkey.rs:92:1
[INFO] [stdout]      |
[INFO] [stdout] 92   | pub struct Pubkey(pub(crate) [u8; 32]);
[INFO] [stdout]      | ^^^^^^^^^^^^^^^^^
[INFO] [stdout]      = note: perhaps two different versions of crate `solana_program` are being used?
[INFO] [stdout]      = note: `solana_program::pubkey::Pubkey` and `Pubkey` have similar names, but are actually distinct types
[INFO] [stdout] note: `solana_program::pubkey::Pubkey` is defined in crate `solana_program`
[INFO] [stdout]     --> /opt/rustwide/cargo-home/registry/src/index.crates.io-6f17d22bba15001f/solana-program-1.18.26/src/pubkey.rs:88:1
[INFO] [stdout]      |
[INFO] [stdout] 88   | pub struct Pubkey(pub(crate) [u8; 32]);
[INFO] [stdout]      | ^^^^^^^^^^^^^^^^^
[INFO] [stdout] note: `Pubkey` is defined in crate `solana_program`
[INFO] [stdout]     --> /opt/rustwide/cargo-home/registry/src/index.crates.io-6f17d22bba15001f/miraland-program-1.18.3/src/pubkey.rs:92:1
[INFO] [stdout]      |
[INFO] [stdout] 92   | pub struct Pubkey(pub(crate) [u8; 32]);
[INFO] [stdout]      | ^^^^^^^^^^^^^^^^^
[INFO] [stdout]      = note: perhaps two different versions of crate `solana_program` are being used?
[INFO] [stdout]      = note: `solana_program::pubkey::Pubkey` and `Pubkey` have similar names, but are actually distinct types
[INFO] [stdout] note: `solana_program::pubkey::Pubkey` is defined in crate `solana_program`
[INFO] [stdout]     --> /opt/rustwide/cargo-home/registry/src/index.crates.io-6f17d22bba15001f/solana-program-1.18.26/src/pubkey.rs:88:1
[INFO] [stdout]      |
[INFO] [stdout] 88   | pub struct Pubkey(pub(crate) [u8; 32]);
[INFO] [stdout]      | ^^^^^^^^^^^^^^^^^
[INFO] [stdout] note: `Pubkey` is defined in crate `solana_program`
[INFO] [stdout]     --> /opt/rustwide/cargo-home/registry/src/index.crates.io-6f17d22bba15001f/miraland-program-1.18.3/src/pubkey.rs:92:1
[INFO] [stdout]      |
[INFO] [stdout] 92   | pub struct Pubkey(pub(crate) [u8; 32]);
[INFO] [stdout]      | ^^^^^^^^^^^^^^^^^
[INFO] [stdout]      = note: perhaps two different versions of crate `solana_program` are being used?
[INFO] [stdout] note: function defined here
[INFO] [stdout]     --> /opt/rustwide/cargo-home/registry/src/index.crates.io-6f17d22bba15001f/solarti-token-3.5.6/src/instruction.rs:1021:8
[INFO] [stdout]      |
[INFO] [stdout] 1021 | pub fn revoke(
[INFO] [stdout]      |        ^^^^^^
[INFO] [stdout] 
[INFO] [stdout] 
[INFO] [stdout] error[E0308]: `?` operator has incompatible types
[INFO] [stdout]    --> src/token.rs:185:10
[INFO] [stdout]     |
[INFO] [stdout] 185 |         &spl_token::instruction::revoke(token_program.key, account.key, owner.key, &[])?,
[INFO] [stdout]     |          ^^^^^^^^^^^^^^^^^^^^^^^^^^^^^^^^^^^^^^^^^^^^^^^^^^^^^^^^^^^^^^^^^^^^^^^^^^^^^^^ expected `Instruction`, found a different `Instruction`
[INFO] [stdout]     |
[INFO] [stdout]     = note: `?` operator cannot convert from `spl_associated_token_account::solana_program::instruction::Instruction` to `solana_program::instruction::Instruction`
[INFO] [stdout]     = note: `Instruction` and `Instruction` have similar names, but are actually distinct types
[INFO] [stdout] note: `Instruction` is defined in crate `solana_program`
[INFO] [stdout]    --> /opt/rustwide/cargo-home/registry/src/index.crates.io-6f17d22bba15001f/miraland-program-1.18.3/src/instruction.rs:329:1
[INFO] [stdout]     |
[INFO] [stdout] 329 | pub struct Instruction {
[INFO] [stdout]     | ^^^^^^^^^^^^^^^^^^^^^^
[INFO] [stdout] note: `Instruction` is defined in crate `solana_program`
[INFO] [stdout]    --> /opt/rustwide/cargo-home/registry/src/index.crates.io-6f17d22bba15001f/solana-program-1.18.26/src/instruction.rs:329:1
[INFO] [stdout]     |
[INFO] [stdout] 329 | pub struct Instruction {
[INFO] [stdout]     | ^^^^^^^^^^^^^^^^^^^^^^
[INFO] [stdout]     = note: perhaps two different versions of crate `solana_program` are being used?
[INFO] [stdout] 
[INFO] [stdout] 
[INFO] [stdout] error[E0277]: `?` couldn't convert the error to `solana_program::program_error::ProgramError`
[INFO] [stdout]    --> src/token.rs:185:88
[INFO] [stdout]     |
[INFO] [stdout] 183 | ) -> ProgramResult {
[INFO] [stdout]     |      ------------- expected `solana_program::program_error::ProgramError` because of this
[INFO] [stdout] 184 |     invoke(
[INFO] [stdout] 185 |         &spl_token::instruction::revoke(token_program.key, account.key, owner.key, &[])?,
[INFO] [stdout]     |          ------------------------------------------------------------------------------^ the trait `From<spl_associated_token_account::solana_program::program_error::ProgramError>` is not implemented for `solana_program::program_error::ProgramError`, which is required by `Result<(), solana_program::program_error::ProgramError>: FromResidual<Result<Infallible, spl_associated_token_account::solana_program::program_error::ProgramError>>`
[INFO] [stdout]     |          |
[INFO] [stdout]     |          this can't be annotated with `?` because it has type `Result<_, spl_associated_token_account::solana_program::program_error::ProgramError>`
[INFO] [stdout]     |
[INFO] [stdout]     = note: the question mark operation (`?`) implicitly performs a conversion on the error value using the `From` trait
[INFO] [stdout]     = help: the following other types implement trait `From<T>`:
[INFO] [stdout]               `solana_program::program_error::ProgramError` implements `From<solana_program::pubkey::PubkeyError>`
[INFO] [stdout]               `solana_program::program_error::ProgramError` implements `From<std::io::Error>`
[INFO] [stdout]               `solana_program::program_error::ProgramError` implements `From<u64>`
[INFO] [stdout]     = note: required for `Result<(), solana_program::program_error::ProgramError>` to implement `FromResidual<Result<Infallible, spl_associated_token_account::solana_program::program_error::ProgramError>>`
[INFO] [stdout] 
[INFO] [stdout] 
[INFO] [stdout] error[E0308]: arguments to this function are incorrect
[INFO] [stdout]     --> src/token.rs:197:10
[INFO] [stdout]      |
[INFO] [stdout] 197  |         &spl_token::instruction::close_account(
[INFO] [stdout]      |          ^^^^^^^^^^^^^^^^^^^^^^^^^^^^^^^^^^^^^
[INFO] [stdout] 198  |             token_program.key,
[INFO] [stdout]      |             ----------------- expected `Pubkey`, found `solana_program::pubkey::Pubkey`
[INFO] [stdout] 199  |             account.key,
[INFO] [stdout]      |             ----------- expected `Pubkey`, found `solana_program::pubkey::Pubkey`
[INFO] [stdout] 200  |             destination.key,
[INFO] [stdout]      |             --------------- expected `Pubkey`, found `solana_program::pubkey::Pubkey`
[INFO] [stdout] 201  |             owner.key,
[INFO] [stdout]      |             --------- expected `Pubkey`, found `solana_program::pubkey::Pubkey`
[INFO] [stdout]      |
[INFO] [stdout]      = note: `solana_program::pubkey::Pubkey` and `Pubkey` have similar names, but are actually distinct types
[INFO] [stdout] note: `solana_program::pubkey::Pubkey` is defined in crate `solana_program`
[INFO] [stdout]     --> /opt/rustwide/cargo-home/registry/src/index.crates.io-6f17d22bba15001f/solana-program-1.18.26/src/pubkey.rs:88:1
[INFO] [stdout]      |
[INFO] [stdout] 88   | pub struct Pubkey(pub(crate) [u8; 32]);
[INFO] [stdout]      | ^^^^^^^^^^^^^^^^^
[INFO] [stdout] note: `Pubkey` is defined in crate `solana_program`
[INFO] [stdout]     --> /opt/rustwide/cargo-home/registry/src/index.crates.io-6f17d22bba15001f/miraland-program-1.18.3/src/pubkey.rs:92:1
[INFO] [stdout]      |
[INFO] [stdout] 92   | pub struct Pubkey(pub(crate) [u8; 32]);
[INFO] [stdout]      | ^^^^^^^^^^^^^^^^^
[INFO] [stdout]      = note: perhaps two different versions of crate `solana_program` are being used?
[INFO] [stdout]      = note: `solana_program::pubkey::Pubkey` and `Pubkey` have similar names, but are actually distinct types
[INFO] [stdout] note: `solana_program::pubkey::Pubkey` is defined in crate `solana_program`
[INFO] [stdout]     --> /opt/rustwide/cargo-home/registry/src/index.crates.io-6f17d22bba15001f/solana-program-1.18.26/src/pubkey.rs:88:1
[INFO] [stdout]      |
[INFO] [stdout] 88   | pub struct Pubkey(pub(crate) [u8; 32]);
[INFO] [stdout]      | ^^^^^^^^^^^^^^^^^
[INFO] [stdout] note: `Pubkey` is defined in crate `solana_program`
[INFO] [stdout]     --> /opt/rustwide/cargo-home/registry/src/index.crates.io-6f17d22bba15001f/miraland-program-1.18.3/src/pubkey.rs:92:1
[INFO] [stdout]      |
[INFO] [stdout] 92   | pub struct Pubkey(pub(crate) [u8; 32]);
[INFO] [stdout]      | ^^^^^^^^^^^^^^^^^
[INFO] [stdout]      = note: perhaps two different versions of crate `solana_program` are being used?
[INFO] [stdout]      = note: `solana_program::pubkey::Pubkey` and `Pubkey` have similar names, but are actually distinct types
[INFO] [stdout] note: `solana_program::pubkey::Pubkey` is defined in crate `solana_program`
[INFO] [stdout]     --> /opt/rustwide/cargo-home/registry/src/index.crates.io-6f17d22bba15001f/solana-program-1.18.26/src/pubkey.rs:88:1
[INFO] [stdout]      |
[INFO] [stdout] 88   | pub struct Pubkey(pub(crate) [u8; 32]);
[INFO] [stdout]      | ^^^^^^^^^^^^^^^^^
[INFO] [stdout] note: `Pubkey` is defined in crate `solana_program`
[INFO] [stdout]     --> /opt/rustwide/cargo-home/registry/src/index.crates.io-6f17d22bba15001f/miraland-program-1.18.3/src/pubkey.rs:92:1
[INFO] [stdout]      |
[INFO] [stdout] 92   | pub struct Pubkey(pub(crate) [u8; 32]);
[INFO] [stdout]      | ^^^^^^^^^^^^^^^^^
[INFO] [stdout]      = note: perhaps two different versions of crate `solana_program` are being used?
[INFO] [stdout]      = note: `solana_program::pubkey::Pubkey` and `Pubkey` have similar names, but are actually distinct types
[INFO] [stdout] note: `solana_program::pubkey::Pubkey` is defined in crate `solana_program`
[INFO] [stdout]     --> /opt/rustwide/cargo-home/registry/src/index.crates.io-6f17d22bba15001f/solana-program-1.18.26/src/pubkey.rs:88:1
[INFO] [stdout]      |
[INFO] [stdout] 88   | pub struct Pubkey(pub(crate) [u8; 32]);
[INFO] [stdout]      | ^^^^^^^^^^^^^^^^^
[INFO] [stdout] note: `Pubkey` is defined in crate `solana_program`
[INFO] [stdout]     --> /opt/rustwide/cargo-home/registry/src/index.crates.io-6f17d22bba15001f/miraland-program-1.18.3/src/pubkey.rs:92:1
[INFO] [stdout]      |
[INFO] [stdout] 92   | pub struct Pubkey(pub(crate) [u8; 32]);
[INFO] [stdout]      | ^^^^^^^^^^^^^^^^^
[INFO] [stdout]      = note: perhaps two different versions of crate `solana_program` are being used?
[INFO] [stdout] note: function defined here
[INFO] [stdout]     --> /opt/rustwide/cargo-home/registry/src/index.crates.io-6f17d22bba15001f/solarti-token-3.5.6/src/instruction.rs:1142:8
[INFO] [stdout]      |
[INFO] [stdout] 1142 | pub fn close_account(
[INFO] [stdout]      |        ^^^^^^^^^^^^^
[INFO] [stdout] 
[INFO] [stdout] 
[INFO] [stdout] error[E0308]: `?` operator has incompatible types
[INFO] [stdout]    --> src/token.rs:197:10
[INFO] [stdout]     |
[INFO] [stdout] 197 |           &spl_token::instruction::close_account(
[INFO] [stdout]     |  __________^
[INFO] [stdout] 198 | |             token_program.key,
[INFO] [stdout] 199 | |             account.key,
[INFO] [stdout] 200 | |             destination.key,
[INFO] [stdout] 201 | |             owner.key,
[INFO] [stdout] 202 | |             &[],
[INFO] [stdout] 203 | |         )?,
[INFO] [stdout]     | |__________^ expected `Instruction`, found a different `Instruction`
[INFO] [stdout]     |
[INFO] [stdout]     = note: `?` operator cannot convert from `spl_associated_token_account::solana_program::instruction::Instruction` to `solana_program::instruction::Instruction`
[INFO] [stdout]     = note: `Instruction` and `Instruction` have similar names, but are actually distinct types
[INFO] [stdout] note: `Instruction` is defined in crate `solana_program`
[INFO] [stdout]    --> /opt/rustwide/cargo-home/registry/src/index.crates.io-6f17d22bba15001f/miraland-program-1.18.3/src/instruction.rs:329:1
[INFO] [stdout]     |
[INFO] [stdout] 329 | pub struct Instruction {
[INFO] [stdout]     | ^^^^^^^^^^^^^^^^^^^^^^
[INFO] [stdout] note: `Instruction` is defined in crate `solana_program`
[INFO] [stdout]    --> /opt/rustwide/cargo-home/registry/src/index.crates.io-6f17d22bba15001f/solana-program-1.18.26/src/instruction.rs:329:1
[INFO] [stdout]     |
[INFO] [stdout] 329 | pub struct Instruction {
[INFO] [stdout]     | ^^^^^^^^^^^^^^^^^^^^^^
[INFO] [stdout]     = note: perhaps two different versions of crate `solana_program` are being used?
[INFO] [stdout] 
[INFO] [stdout] 
[INFO] [stdout] error[E0277]: `?` couldn't convert the error to `solana_program::program_error::ProgramError`
[INFO] [stdout]    --> src/token.rs:203:10
[INFO] [stdout]     |
[INFO] [stdout] 195 |   ) -> ProgramResult {
[INFO] [stdout]     |        ------------- expected `solana_program::program_error::ProgramError` because of this
[INFO] [stdout] 196 |       invoke(
[INFO] [stdout] 197 |           &spl_token::instruction::close_account(
[INFO] [stdout]     |  __________-
[INFO] [stdout] 198 | |             token_program.key,
[INFO] [stdout] 199 | |             account.key,
[INFO] [stdout] 200 | |             destination.key,
[INFO] [stdout] 201 | |             owner.key,
[INFO] [stdout] 202 | |             &[],
[INFO] [stdout] 203 | |         )?,
[INFO] [stdout]     | |         -^ the trait `From<spl_associated_token_account::solana_program::program_error::ProgramError>` is not implemented for `solana_program::program_error::ProgramError`, which is required by `Result<(), solana_program::program_error::ProgramError>: FromResidual<Result<Infallible, spl_associated_token_account::solana_program::program_error::ProgramError>>`
[INFO] [stdout]     | |_________|
[INFO] [stdout]     |           this can't be annotated with `?` because it has type `Result<_, spl_associated_token_account::solana_program::program_error::ProgramError>`
[INFO] [stdout]     |
[INFO] [stdout]     = note: the question mark operation (`?`) implicitly performs a conversion on the error value using the `From` trait
[INFO] [stdout]     = help: the following other types implement trait `From<T>`:
[INFO] [stdout]               `solana_program::program_error::ProgramError` implements `From<solana_program::pubkey::PubkeyError>`
[INFO] [stdout]               `solana_program::program_error::ProgramError` implements `From<std::io::Error>`
[INFO] [stdout]               `solana_program::program_error::ProgramError` implements `From<u64>`
[INFO] [stdout]     = note: required for `Result<(), solana_program::program_error::ProgramError>` to implement `FromResidual<Result<Infallible, spl_associated_token_account::solana_program::program_error::ProgramError>>`
[INFO] [stdout] 
[INFO] [stdout] 
[INFO] [stdout] error[E0599]: no associated item named `LEN` found for struct `spl_token::state::Mint` in the current scope
[INFO] [stdout]    --> src/lib.rs:108:41
[INFO] [stdout]     |
[INFO] [stdout] 108 |     let space = spl_token::state::Mint::LEN;
[INFO] [stdout]     |                                         ^^^ associated item not found in `Mint`
[INFO] [stdout]     |
[INFO] [stdout] note: there are multiple different versions of crate `solana_program` in the dependency graph
[INFO] [stdout]    --> /opt/rustwide/cargo-home/registry/src/index.crates.io-6f17d22bba15001f/miraland-program-1.18.3/src/program_pack.rs:15:1
[INFO] [stdout]     |
[INFO] [stdout] 15  | pub trait Pack: Sealed {
[INFO] [stdout]     | ^^^^^^^^^^^^^^^^^^^^^^ this is the trait that is needed
[INFO] [stdout] 16  |     /// The length, in bytes, of the packed representation
[INFO] [stdout] 17  |     const LEN: usize;
[INFO] [stdout]     |     ---------------- the const is available for `spl_token::state::Mint` here
[INFO] [stdout]     |
[INFO] [stdout]    ::: src/lib.rs:6:34
[INFO] [stdout]     |
[INFO] [stdout] 6   |     program_error::ProgramError, program_pack::Pack, pubkey::Pubkey, rent::Rent,
[INFO] [stdout]     |                                  ------------------ `Pack` imported here doesn't correspond to the right version of crate `solana_program`
[INFO] [stdout]     |
[INFO] [stdout]    ::: /opt/rustwide/cargo-home/registry/src/index.crates.io-6f17d22bba15001f/solana-program-1.18.26/src/program_pack.rs:15:1
[INFO] [stdout]     |
[INFO] [stdout] 15  | pub trait Pack: Sealed {
[INFO] [stdout]     | ---------------------- this is the trait that was imported
[INFO] [stdout] 
[INFO] [stdout] 
[INFO] [stdout] error[E0308]: arguments to this function are incorrect
[INFO] [stdout]    --> src/lib.rs:136:10
[INFO] [stdout]     |
[INFO] [stdout] 136 |         &create_associated_token_account(payer.key, owner.key, mint.key, token_program.key),
[INFO] [stdout]     |          ^^^^^^^^^^^^^^^^^^^^^^^^^^^^^^^ ---------  ---------  --------  ----------------- expected `Pubkey`, found `solana_program::pubkey::Pubkey`
[INFO] [stdout]     |                                          |          |          |
[INFO] [stdout]     |                                          |          |          expected `Pubkey`, found `solana_program::pubkey::Pubkey`
[INFO] [stdout]     |                                          |          expected `Pubkey`, found `solana_program::pubkey::Pubkey`
[INFO] [stdout]     |                                          expected `Pubkey`, found `solana_program::pubkey::Pubkey`
[INFO] [stdout]     |
[INFO] [stdout]     = note: `solana_program::pubkey::Pubkey` and `Pubkey` have similar names, but are actually distinct types
[INFO] [stdout] note: `solana_program::pubkey::Pubkey` is defined in crate `solana_program`
[INFO] [stdout]    --> /opt/rustwide/cargo-home/registry/src/index.crates.io-6f17d22bba15001f/solana-program-1.18.26/src/pubkey.rs:88:1
[INFO] [stdout]     |
[INFO] [stdout] 88  | pub struct Pubkey(pub(crate) [u8; 32]);
[INFO] [stdout]     | ^^^^^^^^^^^^^^^^^
[INFO] [stdout] note: `Pubkey` is defined in crate `solana_program`
[INFO] [stdout]    --> /opt/rustwide/cargo-home/registry/src/index.crates.io-6f17d22bba15001f/miraland-program-1.18.3/src/pubkey.rs:92:1
[INFO] [stdout]     |
[INFO] [stdout] 92  | pub struct Pubkey(pub(crate) [u8; 32]);
[INFO] [stdout]     | ^^^^^^^^^^^^^^^^^
[INFO] [stdout]     = note: perhaps two different versions of crate `solana_program` are being used?
[INFO] [stdout]     = note: `solana_program::pubkey::Pubkey` and `Pubkey` have similar names, but are actually distinct types
[INFO] [stdout] note: `solana_program::pubkey::Pubkey` is defined in crate `solana_program`
[INFO] [stdout]    --> /opt/rustwide/cargo-home/registry/src/index.crates.io-6f17d22bba15001f/solana-program-1.18.26/src/pubkey.rs:88:1
[INFO] [stdout]     |
[INFO] [stdout] 88  | pub struct Pubkey(pub(crate) [u8; 32]);
[INFO] [stdout]     | ^^^^^^^^^^^^^^^^^
[INFO] [stdout] note: `Pubkey` is defined in crate `solana_program`
[INFO] [stdout]    --> /opt/rustwide/cargo-home/registry/src/index.crates.io-6f17d22bba15001f/miraland-program-1.18.3/src/pubkey.rs:92:1
[INFO] [stdout]     |
[INFO] [stdout] 92  | pub struct Pubkey(pub(crate) [u8; 32]);
[INFO] [stdout]     | ^^^^^^^^^^^^^^^^^
[INFO] [stdout]     = note: perhaps two different versions of crate `solana_program` are being used?
[INFO] [stdout]     = note: `solana_program::pubkey::Pubkey` and `Pubkey` have similar names, but are actually distinct types
[INFO] [stdout] note: `solana_program::pubkey::Pubkey` is defined in crate `solana_program`
[INFO] [stdout]    --> /opt/rustwide/cargo-home/registry/src/index.crates.io-6f17d22bba15001f/solana-program-1.18.26/src/pubkey.rs:88:1
[INFO] [stdout]     |
[INFO] [stdout] 88  | pub struct Pubkey(pub(crate) [u8; 32]);
[INFO] [stdout]     | ^^^^^^^^^^^^^^^^^
[INFO] [stdout] note: `Pubkey` is defined in crate `solana_program`
[INFO] [stdout]    --> /opt/rustwide/cargo-home/registry/src/index.crates.io-6f17d22bba15001f/miraland-program-1.18.3/src/pubkey.rs:92:1
[INFO] [stdout]     |
[INFO] [stdout] 92  | pub struct Pubkey(pub(crate) [u8; 32]);
[INFO] [stdout]     | ^^^^^^^^^^^^^^^^^
[INFO] [stdout]     = note: perhaps two different versions of crate `solana_program` are being used?
[INFO] [stdout]     = note: `solana_program::pubkey::Pubkey` and `Pubkey` have similar names, but are actually distinct types
[INFO] [stdout] note: `solana_program::pubkey::Pubkey` is defined in crate `solana_program`
[INFO] [stdout]    --> /opt/rustwide/cargo-home/registry/src/index.crates.io-6f17d22bba15001f/solana-program-1.18.26/src/pubkey.rs:88:1
[INFO] [stdout]     |
[INFO] [stdout] 88  | pub struct Pubkey(pub(crate) [u8; 32]);
[INFO] [stdout]     | ^^^^^^^^^^^^^^^^^
[INFO] [stdout] note: `Pubkey` is defined in crate `solana_program`
[INFO] [stdout]    --> /opt/rustwide/cargo-home/registry/src/index.crates.io-6f17d22bba15001f/miraland-program-1.18.3/src/pubkey.rs:92:1
[INFO] [stdout]     |
[INFO] [stdout] 92  | pub struct Pubkey(pub(crate) [u8; 32]);
[INFO] [stdout]     | ^^^^^^^^^^^^^^^^^
[INFO] [stdout]     = note: perhaps two different versions of crate `solana_program` are being used?
[INFO] [stdout] note: function defined here
[INFO] [stdout]    --> /opt/rustwide/cargo-home/registry/src/index.crates.io-6f17d22bba15001f/solarti-associated-token-account-1.1.8/src/instruction.rs:91:8
[INFO] [stdout]     |
[INFO] [stdout] 91  | pub fn create_associated_token_account(
[INFO] [stdout]     |        ^^^^^^^^^^^^^^^^^^^^^^^^^^^^^^^
[INFO] [stdout] 
[INFO] [stdout] 
[INFO] [stdout] error[E0308]: mismatched types
[INFO] [stdout]    --> src/lib.rs:136:9
[INFO] [stdout]     |
[INFO] [stdout] 135 |     invoke(
[INFO] [stdout]     |     ------ arguments to this function are incorrect
[INFO] [stdout] 136 |         &create_associated_token_account(payer.key, owner.key, mint.key, token_program.key),
[INFO] [stdout]     |         ^^^^^^^^^^^^^^^^^^^^^^^^^^^^^^^^^^^^^^^^^^^^^^^^^^^^^^^^^^^^^^^^^^^^^^^^^^^^^^^^^^^ expected `Instruction`, found a different `Instruction`
[INFO] [stdout]     |
[INFO] [stdout]     = note: `Instruction` and `Instruction` have similar names, but are actually distinct types
[INFO] [stdout] note: `Instruction` is defined in crate `solana_program`
[INFO] [stdout]    --> /opt/rustwide/cargo-home/registry/src/index.crates.io-6f17d22bba15001f/miraland-program-1.18.3/src/instruction.rs:329:1
[INFO] [stdout]     |
[INFO] [stdout] 329 | pub struct Instruction {
[INFO] [stdout]     | ^^^^^^^^^^^^^^^^^^^^^^
[INFO] [stdout] note: `Instruction` is defined in crate `solana_program`
[INFO] [stdout]    --> /opt/rustwide/cargo-home/registry/src/index.crates.io-6f17d22bba15001f/solana-program-1.18.26/src/instruction.rs:329:1
[INFO] [stdout]     |
[INFO] [stdout] 329 | pub struct Instruction {
[INFO] [stdout]     | ^^^^^^^^^^^^^^^^^^^^^^
[INFO] [stdout]     = note: perhaps two different versions of crate `solana_program` are being used?
[INFO] [stdout] note: function defined here
[INFO] [stdout]    --> /opt/rustwide/cargo-home/registry/src/index.crates.io-6f17d22bba15001f/solana-program-1.18.26/src/program.rs:132:8
[INFO] [stdout]     |
[INFO] [stdout] 132 | pub fn invoke(instruction: &Instruction, account_infos: &[AccountInfo]) -> ProgramResult {
[INFO] [stdout]     |        ^^^^^^
[INFO] [stdout] 
[INFO] [stdout] 
[INFO] [stdout] Some errors have detailed explanations: E0277, E0308, E0599.
[INFO] [stdout] 
[INFO] [stdout] For more information about an error, try `rustc --explain E0277`.
[INFO] [stdout] 
[INFO] [stderr] error: could not compile `solarti-managed-token` (lib) due to 75 previous errors
[INFO] running `Command { std: "docker" "inspect" "3a313ef609ccdad30c81ff996337466cef57e027afec49a289b305238136677a", kill_on_drop: false }`
[INFO] running `Command { std: "docker" "rm" "-f" "3a313ef609ccdad30c81ff996337466cef57e027afec49a289b305238136677a", kill_on_drop: false }`
[INFO] [stdout] 3a313ef609ccdad30c81ff996337466cef57e027afec49a289b305238136677a
