[INFO] fetching crate solana-tps-client 2.0.14...
[INFO] testing solana-tps-client-2.0.14 against nightly-2024-10-28+rustflags=-Zrandomize-layout for randomize-layout
[INFO] extracting crate solana-tps-client 2.0.14 into /workspace/builds/worker-2-tc2/source
[INFO] validating manifest of crates.io crate solana-tps-client 2.0.14 on toolchain nightly-2024-10-28
[INFO] running `Command { std: CARGO_HOME="/workspace/cargo-home" RUSTUP_HOME="/workspace/rustup-home" "/workspace/cargo-home/bin/cargo" "+nightly-2024-10-28" "metadata" "--manifest-path" "Cargo.toml" "--no-deps", kill_on_drop: false }`
[INFO] started tweaking crates.io crate solana-tps-client 2.0.14
[INFO] finished tweaking crates.io crate solana-tps-client 2.0.14
[INFO] tweaked toml for crates.io crate solana-tps-client 2.0.14 written to /workspace/builds/worker-2-tc2/source/Cargo.toml
[INFO] running `Command { std: CARGO_HOME="/workspace/cargo-home" RUSTUP_HOME="/workspace/rustup-home" "/workspace/cargo-home/bin/cargo" "+nightly-2024-10-28" "generate-lockfile" "--manifest-path" "Cargo.toml", kill_on_drop: false }`
[INFO] [stderr]     Updating crates.io index
[INFO] [stderr]      Locking 662 packages to latest compatible versions
[INFO] [stderr]       Adding agave-geyser-plugin-interface v2.0.14 (available: v2.1.0)
[INFO] [stderr]       Adding blake3 v1.5.1 (available: v1.5.4)
[INFO] [stderr]       Adding serial_test v2.0.0 (available: v3.1.1)
[INFO] [stderr]       Adding solana-account-decoder v2.0.14 (available: v2.1.0)
[INFO] [stderr]       Adding solana-accounts-db v2.0.14 (available: v2.1.0)
[INFO] [stderr]       Adding solana-address-lookup-table-program v2.0.14 (available: v2.1.0)
[INFO] [stderr]       Adding solana-banks-client v2.0.14 (available: v2.1.0)
[INFO] [stderr]       Adding solana-banks-interface v2.0.14 (available: v2.1.0)
[INFO] [stderr]       Adding solana-banks-server v2.0.14 (available: v2.1.0)
[INFO] [stderr]       Adding solana-bloom v2.0.14 (available: v2.1.0)
[INFO] [stderr]       Adding solana-bpf-loader-program v2.0.14 (available: v2.1.0)
[INFO] [stderr]       Adding solana-bucket-map v2.0.14 (available: v2.1.0)
[INFO] [stderr]       Adding solana-clap-utils v2.0.14 (available: v2.1.0)
[INFO] [stderr]       Adding solana-cli-config v2.0.14 (available: v2.1.0)
[INFO] [stderr]       Adding solana-cli-output v2.0.14 (available: v2.1.0)
[INFO] [stderr]       Adding solana-client v2.0.14 (available: v2.1.0)
[INFO] [stderr]       Adding solana-compute-budget v2.0.14 (available: v2.1.0)
[INFO] [stderr]       Adding solana-compute-budget-program v2.0.14 (available: v2.1.0)
[INFO] [stderr]       Adding solana-config-program v2.0.14 (available: v2.1.0)
[INFO] [stderr]       Adding solana-connection-cache v2.0.14 (available: v2.1.0)
[INFO] [stderr]       Adding solana-core v2.0.14 (available: v2.1.0)
[INFO] [stderr]       Adding solana-cost-model v2.0.14 (available: v2.1.0)
[INFO] [stderr]       Adding solana-curve25519 v2.0.14 (available: v2.1.0)
[INFO] [stderr]       Adding solana-entry v2.0.14 (available: v2.1.0)
[INFO] [stderr]       Adding solana-faucet v2.0.14 (available: v2.1.0)
[INFO] [stderr]       Adding solana-geyser-plugin-manager v2.0.14 (available: v2.1.0)
[INFO] [stderr]       Adding solana-gossip v2.0.14 (available: v2.1.0)
[INFO] [stderr]       Adding solana-inline-spl v2.0.14 (available: v2.1.0)
[INFO] [stderr]       Adding solana-ledger v2.0.14 (available: v2.1.0)
[INFO] [stderr]       Adding solana-loader-v4-program v2.0.14 (available: v2.1.0)
[INFO] [stderr]       Adding solana-logger v2.0.14 (available: v2.1.0)
[INFO] [stderr]       Adding solana-measure v2.0.14 (available: v2.1.0)
[INFO] [stderr]       Adding solana-merkle-tree v2.0.14 (available: v2.1.0)
[INFO] [stderr]       Adding solana-metrics v2.0.14 (available: v2.1.0)
[INFO] [stderr]       Adding solana-net-utils v2.0.14 (available: v2.1.0)
[INFO] [stderr]       Adding solana-perf v2.0.14 (available: v2.1.0)
[INFO] [stderr]       Adding solana-poh v2.0.14 (available: v2.1.0)
[INFO] [stderr]       Adding solana-poseidon v2.0.14 (available: v2.1.0)
[INFO] [stderr]       Adding solana-program v2.0.14 (available: v2.1.0)
[INFO] [stderr]       Adding solana-program-runtime v2.0.14 (available: v2.1.0)
[INFO] [stderr]       Adding solana-program-test v2.0.14 (available: v2.1.0)
[INFO] [stderr]       Adding solana-pubsub-client v2.0.14 (available: v2.1.0)
[INFO] [stderr]       Adding solana-quic-client v2.0.14 (available: v2.1.0)
[INFO] [stderr]       Adding solana-rayon-threadlimit v2.0.14 (available: v2.1.0)
[INFO] [stderr]       Adding solana-remote-wallet v2.0.14 (available: v2.1.0)
[INFO] [stderr]       Adding solana-rpc v2.0.14 (available: v2.1.0)
[INFO] [stderr]       Adding solana-rpc-client v2.0.14 (available: v2.1.0)
[INFO] [stderr]       Adding solana-rpc-client-api v2.0.14 (available: v2.1.0)
[INFO] [stderr]       Adding solana-rpc-client-nonce-utils v2.0.14 (available: v2.1.0)
[INFO] [stderr]       Adding solana-runtime v2.0.14 (available: v2.1.0)
[INFO] [stderr]       Adding solana-sdk v2.0.14 (available: v2.1.0)
[INFO] [stderr]       Adding solana-sdk-macro v2.0.14 (available: v2.1.0)
[INFO] [stderr]       Adding solana-send-transaction-service v2.0.14 (available: v2.1.0)
[INFO] [stderr]       Adding solana-stake-program v2.0.14 (available: v2.1.0)
[INFO] [stderr]       Adding solana-storage-bigtable v2.0.14 (available: v2.1.0)
[INFO] [stderr]       Adding solana-storage-proto v2.0.14 (available: v2.1.0)
[INFO] [stderr]       Adding solana-streamer v2.0.14 (available: v2.1.0)
[INFO] [stderr]       Adding solana-svm v2.0.14 (available: v2.1.0)
[INFO] [stderr]       Adding solana-system-program v2.0.14 (available: v2.1.0)
[INFO] [stderr]       Adding solana-test-validator v2.0.14 (available: v2.1.0)
[INFO] [stderr]       Adding solana-thin-client v2.0.14 (available: v2.1.0)
[INFO] [stderr]       Adding solana-tpu-client v2.0.14 (available: v2.1.0)
[INFO] [stderr]       Adding solana-transaction-metrics-tracker v2.0.14 (available: v2.1.0)
[INFO] [stderr]       Adding solana-transaction-status v2.0.14 (available: v2.1.0)
[INFO] [stderr]       Adding solana-turbine v2.0.14 (available: v2.1.0)
[INFO] [stderr]       Adding solana-type-overrides v2.0.14 (available: v2.1.0)
[INFO] [stderr]       Adding solana-udp-client v2.0.14 (available: v2.1.0)
[INFO] [stderr]       Adding solana-unified-scheduler-logic v2.0.14 (available: v2.1.0)
[INFO] [stderr]       Adding solana-unified-scheduler-pool v2.0.14 (available: v2.1.0)
[INFO] [stderr]       Adding solana-version v2.0.14 (available: v2.1.0)
[INFO] [stderr]       Adding solana-vote v2.0.14 (available: v2.1.0)
[INFO] [stderr]       Adding solana-vote-program v2.0.14 (available: v2.1.0)
[INFO] [stderr]       Adding solana-wen-restart v2.0.14 (available: v2.1.0)
[INFO] [stderr]       Adding solana-zk-elgamal-proof-program v2.0.14 (available: v2.1.0)
[INFO] [stderr]       Adding solana-zk-sdk v2.0.14 (available: v2.1.0)
[INFO] [stderr]       Adding solana-zk-token-proof-program v2.0.14 (available: v2.1.0)
[INFO] [stderr]       Adding solana-zk-token-sdk v2.0.14 (available: v2.1.0)
[INFO] [stderr]       Adding solana_rbpf v0.8.4 (available: v0.8.5)
[INFO] [stderr]       Adding spl-token-2022 v4.0.0 (available: v4.0.1)
[INFO] [stderr]       Adding zeroize v1.3.0 (available: v1.8.1)
[INFO] running `Command { std: CARGO_HOME="/workspace/cargo-home" RUSTUP_HOME="/workspace/rustup-home" "/workspace/cargo-home/bin/cargo" "+nightly-2024-10-28" "fetch" "--manifest-path" "Cargo.toml", kill_on_drop: false }`
[INFO] running `Command { std: "docker" "create" "-v" "/var/lib/crater-agent-workspace/builds/worker-2-tc2/target:/opt/rustwide/target:rw,Z" "-v" "/var/lib/crater-agent-workspace/builds/worker-2-tc2/source:/opt/rustwide/workdir:ro,Z" "-v" "/var/lib/crater-agent-workspace/cargo-home:/opt/rustwide/cargo-home:ro,Z" "-v" "/var/lib/crater-agent-workspace/rustup-home:/opt/rustwide/rustup-home:ro,Z" "-e" "SOURCE_DIR=/opt/rustwide/workdir" "-e" "CARGO_TARGET_DIR=/opt/rustwide/target" "-e" "CARGO_HOME=/opt/rustwide/cargo-home" "-e" "RUSTUP_HOME=/opt/rustwide/rustup-home" "-w" "/opt/rustwide/workdir" "-m" "1610612736" "--user" "0:0" "--network" "none" "ghcr.io/rust-lang/crates-build-env/linux@sha256:4a844ea9eb2546a2d2c7022eacef16ef2e8229c7fbb2c7d4d55a9ceca922f72d" "/opt/rustwide/cargo-home/bin/cargo" "+nightly-2024-10-28" "metadata" "--no-deps" "--format-version=1", kill_on_drop: false }`
[INFO] [stdout] c6ab8b740ea257793852bfa3681b8d3ce9d7ed31711ec6e1248a554c74170478
[INFO] running `Command { std: "docker" "start" "-a" "c6ab8b740ea257793852bfa3681b8d3ce9d7ed31711ec6e1248a554c74170478", kill_on_drop: false }`
[INFO] running `Command { std: "docker" "inspect" "c6ab8b740ea257793852bfa3681b8d3ce9d7ed31711ec6e1248a554c74170478", kill_on_drop: false }`
[INFO] running `Command { std: "docker" "rm" "-f" "c6ab8b740ea257793852bfa3681b8d3ce9d7ed31711ec6e1248a554c74170478", kill_on_drop: false }`
[INFO] [stdout] c6ab8b740ea257793852bfa3681b8d3ce9d7ed31711ec6e1248a554c74170478
[INFO] running `Command { std: "docker" "create" "-v" "/var/lib/crater-agent-workspace/builds/worker-2-tc2/target:/opt/rustwide/target:rw,Z" "-v" "/var/lib/crater-agent-workspace/builds/worker-2-tc2/source:/opt/rustwide/workdir:ro,Z" "-v" "/var/lib/crater-agent-workspace/cargo-home:/opt/rustwide/cargo-home:ro,Z" "-v" "/var/lib/crater-agent-workspace/rustup-home:/opt/rustwide/rustup-home:ro,Z" "-e" "SOURCE_DIR=/opt/rustwide/workdir" "-e" "CARGO_TARGET_DIR=/opt/rustwide/target" "-e" "CARGO_INCREMENTAL=0" "-e" "RUST_BACKTRACE=full" "-e" "RUSTFLAGS=--cap-lints=forbid -Zrandomize-layout" "-e" "RUSTDOCFLAGS=--cap-lints=forbid" "-e" "CARGO_HOME=/opt/rustwide/cargo-home" "-e" "RUSTUP_HOME=/opt/rustwide/rustup-home" "-w" "/opt/rustwide/workdir" "-m" "1610612736" "--user" "0:0" "--network" "none" "ghcr.io/rust-lang/crates-build-env/linux@sha256:4a844ea9eb2546a2d2c7022eacef16ef2e8229c7fbb2c7d4d55a9ceca922f72d" "/opt/rustwide/cargo-home/bin/cargo" "+nightly-2024-10-28" "build" "--frozen" "--message-format=json", kill_on_drop: false }`
[INFO] [stdout] faf926497dc642c8c6a7ed1378b20550c47c5dd80221b3f83a9dfbc6b7de4d43
[INFO] running `Command { std: "docker" "start" "-a" "faf926497dc642c8c6a7ed1378b20550c47c5dd80221b3f83a9dfbc6b7de4d43", kill_on_drop: false }`
[INFO] [stderr]    Compiling libc v0.2.161
[INFO] [stderr]    Compiling serde v1.0.214
[INFO] [stderr]    Compiling syn v1.0.109
[INFO] [stderr]    Compiling generic-array v0.14.7
[INFO] [stderr]    Compiling syn v2.0.86
[INFO] [stderr]    Compiling once_cell v1.20.2
[INFO] [stderr]    Compiling semver v1.0.23
[INFO] [stderr]    Compiling memchr v2.7.4
[INFO] [stderr]    Compiling thiserror v1.0.66
[INFO] [stderr]    Compiling rustc_version v0.4.1
[INFO] [stderr]    Compiling num-integer v0.1.46
[INFO] [stderr]    Compiling either v1.13.0
[INFO] [stderr]    Compiling lazy_static v1.5.0
[INFO] [stderr]    Compiling num-traits v0.2.19
[INFO] [stderr]    Compiling num-bigint v0.4.6
[INFO] [stderr]    Compiling ahash v0.8.11
[INFO] [stderr]    Compiling jobserver v0.1.32
[INFO] [stderr]    Compiling crunchy v0.2.2
[INFO] [stderr]    Compiling cc v1.1.31
[INFO] [stderr]    Compiling itertools v0.10.5
[INFO] [stderr]    Compiling proc-macro-error-attr v1.0.4
[INFO] [stderr]    Compiling digest v0.9.0
[INFO] [stderr]    Compiling proc-macro-error v1.0.4
[INFO] [stderr]    Compiling subtle v2.6.1
[INFO] [stderr]    Compiling getrandom v0.2.15
[INFO] [stderr]    Compiling getrandom v0.1.16
[INFO] [stderr]    Compiling rand_core v0.6.4
[INFO] [stderr]    Compiling rand_core v0.5.1
[INFO] [stderr]    Compiling toml_datetime v0.6.8
[INFO] [stderr]    Compiling winnow v0.6.20
[INFO] [stderr]    Compiling libsecp256k1-core v0.2.2
[INFO] [stderr]    Compiling rustversion v1.0.18
[INFO] [stderr]    Compiling memoffset v0.9.1
[INFO] [stderr]    Compiling feature-probe v0.1.1
[INFO] [stderr]    Compiling cfg_aliases v0.2.1
[INFO] [stderr]    Compiling borsh v1.5.1
[INFO] [stderr]    Compiling libsecp256k1-gen-ecmult v0.2.1
[INFO] [stderr]    Compiling libsecp256k1-gen-genmult v0.2.1
[INFO] [stderr]    Compiling bv v0.11.1
[INFO] [stderr]    Compiling blake3 v1.5.1
[INFO] [stderr]    Compiling libsecp256k1 v0.6.0
[INFO] [stderr]    Compiling solana-program v2.0.14
[INFO] [stderr]    Compiling base64 v0.12.3
[INFO] [stderr]    Compiling toml_edit v0.22.22
[INFO] [stderr]    Compiling borsh-derive-internal v0.10.4
[INFO] [stderr]    Compiling borsh-schema-derive-internal v0.10.4
[INFO] [stderr]    Compiling arrayvec v0.7.6
[INFO] [stderr]    Compiling constant_time_eq v0.3.1
[INFO] [stderr]    Compiling serde_json v1.0.132
[INFO] [stderr]    Compiling strsim v0.11.1
[INFO] [stderr]    Compiling signature v1.6.4
[INFO] [stderr]    Compiling solana-sdk v2.0.14
[INFO] [stderr]    Compiling ed25519 v1.5.3
[INFO] [stderr]    Compiling derivation-path v0.2.0
[INFO] [stderr]    Compiling pin-project-lite v0.2.15
[INFO] [stderr]    Compiling darling_core v0.20.10
[INFO] [stderr]    Compiling qstring v0.7.2
[INFO] [stderr]    Compiling memmap2 v0.5.10
[INFO] [stderr]    Compiling uriparse v0.6.4
[INFO] [stderr]    Compiling itertools v0.12.1
[INFO] [stderr]    Compiling siphasher v0.3.11
[INFO] [stderr]    Compiling scopeguard v1.2.0
[INFO] [stderr]    Compiling smallvec v1.13.2
[INFO] [stderr]    Compiling parking_lot_core v0.9.10
[INFO] [stderr]    Compiling lock_api v0.4.12
[INFO] [stderr]    Compiling toml v0.5.11
[INFO] [stderr]    Compiling bytes v1.8.0
[INFO] [stderr]    Compiling ark-serialize-derive v0.4.2
[INFO] [stderr]    Compiling derivative v2.2.0
[INFO] [stderr]    Compiling ark-ff-asm v0.4.2
[INFO] [stderr]    Compiling ark-ff-macros v0.4.2
[INFO] [stderr]    Compiling serde_derive v1.0.214
[INFO] [stderr]    Compiling zerocopy-derive v0.7.35
[INFO] [stderr]    Compiling thiserror-impl v1.0.66
[INFO] [stderr]    Compiling zerocopy v0.7.35
[INFO] [stderr]    Compiling zeroize_derive v1.4.2
[INFO] [stderr]    Compiling proc-macro-crate v3.2.0
[INFO] [stderr]    Compiling proc-macro-crate v0.1.5
[INFO] [stderr]    Compiling syn_derive v0.1.8
[INFO] [stderr]    Compiling zeroize v1.3.0
[INFO] [stderr]    Compiling bytemuck_derive v1.8.0
[INFO] [stderr]    Compiling ppv-lite86 v0.2.20
[INFO] [stderr]    Compiling borsh-derive v0.10.4
[INFO] [stderr]    Compiling num-derive v0.4.2
[INFO] [stderr]    Compiling borsh-derive v1.5.1
[INFO] [stderr]    Compiling hashbrown v0.13.2
[INFO] [stderr]    Compiling solana-sdk-macro v2.0.14
[INFO] [stderr]    Compiling rand_chacha v0.3.1
[INFO] [stderr]    Compiling rand_chacha v0.2.2
[INFO] [stderr]    Compiling rand v0.8.5
[INFO] [stderr]    Compiling rand v0.7.3
[INFO] [stderr]    Compiling borsh v0.10.4
[INFO] [stderr]    Compiling darling_macro v0.20.10
[INFO] [stderr]    Compiling num_enum_derive v0.7.3
[INFO] [stderr]    Compiling ark-std v0.4.0
[INFO] [stderr]    Compiling bytemuck v1.19.0
[INFO] [stderr]    Compiling darling v0.20.10
[INFO] [stderr]    Compiling serde_with_macros v2.3.3
[INFO] [stderr]    Compiling parking_lot v0.12.3
[INFO] [stderr]    Compiling ring v0.17.8
[INFO] [stderr]    Compiling futures-core v0.3.31
[INFO] [stderr]    Compiling socket2 v0.5.7
[INFO] [stderr]    Compiling tokio-macros v2.4.0
[INFO] [stderr]    Compiling num_enum v0.7.3
[INFO] [stderr]    Compiling mio v1.0.2
[INFO] [stderr]    Compiling signal-hook-registry v1.4.2
[INFO] [stderr]    Compiling futures-sink v0.3.31
[INFO] [stderr]    Compiling futures-macro v0.3.31
[INFO] [stderr]    Compiling futures-channel v0.3.31
[INFO] [stderr]    Compiling futures-task v0.3.31
[INFO] [stderr]    Compiling rustls v0.21.12
[INFO] [stderr]    Compiling tokio v1.41.0
[INFO] [stderr]    Compiling futures-io v0.3.31
[INFO] [stderr]    Compiling unicode-normalization v0.1.24
[INFO] [stderr]    Compiling tracing-attributes v0.1.27
[INFO] [stderr]    Compiling tracing-core v0.1.32
[INFO] [stderr]    Compiling http v0.2.12
[INFO] [stderr]    Compiling futures-util v0.3.31
[INFO] [stderr]    Compiling idna v0.5.0
[INFO] [stderr]    Compiling base64 v0.21.7
[INFO] [stderr]    Compiling url v2.5.2
[INFO] [stderr]    Compiling rustls-pemfile v1.0.4
[INFO] [stderr]    Compiling tracing v0.1.40
[INFO] [stderr]    Compiling unicase v2.8.0
[INFO] [stderr]    Compiling brotli-decompressor v4.0.1
[INFO] [stderr]    Compiling http-body v0.4.6
[INFO] [stderr]    Compiling mime_guess v2.0.5
[INFO] [stderr]    Compiling bitflags v2.6.0
[INFO] [stderr]    Compiling bincode v1.3.3
[INFO] [stderr]    Compiling serde_bytes v0.11.15
[INFO] [stderr]    Compiling crypto-common v0.1.6
[INFO] [stderr]    Compiling block-buffer v0.10.4
[INFO] [stderr]    Compiling block-buffer v0.9.0
[INFO] [stderr]    Compiling digest v0.10.7
[INFO] [stderr]    Compiling crypto-mac v0.8.0
[INFO] [stderr]    Compiling sha2 v0.9.9
[INFO] [stderr]    Compiling curve25519-dalek v3.2.1
[INFO] [stderr]    Compiling hmac v0.8.1
[INFO] [stderr]    Compiling ark-serialize v0.4.2
[INFO] [stderr]    Compiling hmac-drbg v0.3.0
[INFO] [stderr]    Compiling sha2 v0.10.8
[INFO] [stderr]    Compiling ark-ff v0.4.2
[INFO] [stderr]    Compiling sha3 v0.10.8
[INFO] [stderr]    Compiling hmac v0.12.1
[INFO] [stderr]    Compiling pbkdf2 v0.11.0
[INFO] [stderr]    Compiling ed25519-dalek v1.0.1
[INFO] [stderr]    Compiling ed25519-dalek-bip32 v0.2.0
[INFO] [stderr]    Compiling chrono v0.4.38
[INFO] [stderr]    Compiling serde_with v2.3.3
[INFO] [stderr]    Compiling tokio-util v0.7.12
[INFO] [stderr]    Compiling crc32fast v1.4.2
[INFO] [stderr]    Compiling httpdate v1.0.3
[INFO] [stderr]    Compiling flate2 v1.0.34
[INFO] [stderr]    Compiling h2 v0.3.26
[INFO] [stderr]    Compiling brotli v7.0.0
[INFO] [stderr]    Compiling num-bigint v0.2.6
[INFO] [stderr]    Compiling rustls-webpki v0.101.7
[INFO] [stderr]    Compiling sct v0.7.1
[INFO] [stderr]    Compiling mime v0.3.17
[INFO] [stderr]    Compiling serde_urlencoded v0.7.1
[INFO] [stderr]    Compiling encoding_rs v0.8.35
[INFO] [stderr]    Compiling num-rational v0.2.4
[INFO] [stderr]    Compiling num-complex v0.2.4
[INFO] [stderr]    Compiling ipnet v2.10.1
[INFO] [stderr]    Compiling sync_wrapper v0.1.2
[INFO] [stderr]    Compiling crossbeam-channel v0.5.13
[INFO] [stderr]    Compiling scroll_derive v0.11.1
[INFO] [stderr]    Compiling tokio-rustls v0.24.1
[INFO] [stderr]    Compiling async-compression v0.4.17
[INFO] [stderr]    Compiling void v1.0.2
[INFO] [stderr]    Compiling unreachable v1.0.0
[INFO] [stderr]    Compiling scroll v0.11.0
[INFO] [stderr]    Compiling gethostname v0.2.3
[INFO] [stderr]    Compiling num-iter v0.1.45
[INFO] [stderr]    Compiling solana-compute-budget v2.0.14
[INFO] [stderr]    Compiling solana-vote v2.0.14
[INFO] [stderr]    Compiling ascii v0.9.3
[INFO] [stderr]    Compiling hyper v0.14.31
[INFO] [stderr]    Compiling plain v0.2.3
[INFO] [stderr]    Compiling goblin v0.5.4
[INFO] [stderr]    Compiling num v0.2.1
[INFO] [stderr]    Compiling combine v3.8.1
[INFO] [stderr]    Compiling enum-iterator-derive v1.4.0
[INFO] [stderr]    Compiling solana-program-runtime v2.0.14
[INFO] [stderr]    Compiling hash32 v0.2.1
[INFO] [stderr]    Compiling percentage v0.1.0
[INFO] [stderr]    Compiling solana-type-overrides v2.0.14
[INFO] [stderr]    Compiling eager v0.1.0
[INFO] [stderr]    Compiling inout v0.1.3
[INFO] [stderr]    Compiling cipher v0.4.4
[INFO] [stderr]    Compiling enum-iterator v1.5.0
[INFO] [stderr]    Compiling universal-hash v0.5.1
[INFO] [stderr]    Compiling polyval v0.6.2
[INFO] [stderr]    Compiling ctr v0.9.2
[INFO] [stderr]    Compiling aes v0.8.4
[INFO] [stderr]    Compiling aead v0.5.2
[INFO] [stderr]    Compiling aes-gcm-siv v0.11.1
[INFO] [stderr]    Compiling sha3 v0.9.1
[INFO] [stderr]    Compiling merlin v3.0.0
[INFO] [stderr]    Compiling aho-corasick v1.1.3
[INFO] [stderr]    Compiling regex-syntax v0.8.5
[INFO] [stderr]    Compiling anyhow v1.0.92
[INFO] [stderr]    Compiling ark-poly v0.4.2
[INFO] [stderr]    Compiling pkg-config v0.3.31
[INFO] [stderr]    Compiling spl-program-error-derive v0.4.1
[INFO] [stderr]    Compiling spl-discriminator-syn v0.2.0
[INFO] [stderr]    Compiling hyper-rustls v0.24.2
[INFO] [stderr]    Compiling ark-ec v0.4.2
[INFO] [stderr]    Compiling reqwest v0.11.27
[INFO] [stderr]    Compiling regex-automata v0.4.8
[INFO] [stderr]    Compiling rustix v0.38.38
[INFO] [stderr]    Compiling solana_rbpf v0.8.4
[INFO] [stderr]    Compiling spl-discriminator-derive v0.2.0
[INFO] [stderr]    Compiling zstd-sys v2.0.13+zstd.1.5.6
[INFO] [stderr]    Compiling solana-vote-program v2.0.14
[INFO] [stderr]    Compiling ark-bn254 v0.4.0
[INFO] [stderr]    Compiling zstd-safe v5.0.2+zstd.1.5.2
[INFO] [stderr]    Compiling rayon v1.10.0
[INFO] [stderr]    Compiling solana-version v2.0.14
[INFO] [stderr]    Compiling solana-security-txt v1.1.1
[INFO] [stderr]    Compiling linux-raw-sys v0.4.14
[INFO] [stderr]    Compiling regex v1.11.1
[INFO] [stderr]    Compiling Inflector v0.11.4
[INFO] [stderr]    Compiling unicode-width v0.1.14
[INFO] [stderr]    Compiling async-trait v0.1.83
[INFO] [stderr]    Compiling assert_matches v1.5.0
[INFO] [stderr]    Compiling cfg_aliases v0.1.1
[INFO] [stderr]    Compiling nix v0.28.0
[INFO] [stderr]    Compiling futures-executor v0.3.31
[INFO] [stderr]    Compiling atty v0.2.14
[INFO] [stderr]    Compiling unicode-xid v0.2.6
[INFO] [stderr]    Compiling synstructure v0.12.6
[INFO] [stderr]    Compiling nom v7.1.3
[INFO] [stderr]    Compiling futures v0.3.31
[INFO] [stderr]    Compiling console v0.15.8
[INFO] [stderr]    Compiling task-local-extensions v0.1.4
[INFO] [stderr]    Compiling num_cpus v1.16.0
[INFO] [stderr]    Compiling rustc-hash v1.1.0
[INFO] [stderr]    Compiling solana-rayon-threadlimit v2.0.14
[INFO] [stderr]    Compiling prost-derive v0.11.9
[INFO] [stderr]    Compiling reqwest-middleware v0.2.5
[INFO] [stderr]    Compiling asn1-rs-derive v0.4.0
[INFO] [stderr]    Compiling rusticata-macros v4.1.0
[INFO] [stderr]    Compiling jsonrpc-core v18.0.0
[INFO] [stderr]    Compiling tempfile v3.13.0
[INFO] [stderr]    Compiling displaydoc v0.2.5
[INFO] [stderr]    Compiling dlopen2_derive v0.3.0
[INFO] [stderr]    Compiling asn1-rs-impl v0.1.0
[INFO] [stderr]    Compiling ring v0.16.20
[INFO] [stderr]    Compiling solana-perf v2.0.14
[INFO] [stderr]    Compiling portable-atomic v1.9.0
[INFO] [stderr]    Compiling prettyplease v0.1.25
[INFO] [stderr]    Compiling asn1-rs v0.5.2
[INFO] [stderr]    Compiling prost v0.11.9
[INFO] [stderr]    Compiling dlopen2 v0.5.0
[INFO] [stderr]    Compiling caps v0.5.5
[INFO] [stderr]    Compiling indexmap v1.9.3
[INFO] [stderr]    Compiling termcolor v1.4.1
[INFO] [stderr]    Compiling hashbrown v0.14.5
[INFO] [stderr]    Compiling fixedbitset v0.4.2
[INFO] [stderr]    Compiling oid-registry v0.6.1
[INFO] [stderr]    Compiling openssl-probe v0.1.5
[INFO] [stderr]    Compiling rustls-native-certs v0.6.3
[INFO] [stderr]    Compiling dashmap v5.5.3
[INFO] [stderr]    Compiling petgraph v0.6.5
[INFO] [stderr]    Compiling prost-types v0.11.9
[INFO] [stderr]    Compiling which v4.4.2
[INFO] [stderr]    Compiling light-poseidon v0.2.0
[INFO] [stderr]    Compiling humantime v2.1.0
[INFO] [stderr]    Compiling number_prefix v0.4.0
[INFO] [stderr]    Compiling event-listener v2.5.3
[INFO] [stderr]    Compiling base64 v0.13.1
[INFO] [stderr]    Compiling prost-build v0.11.9
[INFO] [stderr]    Compiling env_logger v0.9.3
[INFO] [stderr]    Compiling indicatif v0.17.8
[INFO] [stderr]    Compiling solana-poseidon v2.0.14
[INFO] [stderr]    Compiling quinn-proto v0.10.6
[INFO] [stderr]    Compiling der-parser v8.2.0
[INFO] [stderr]    Compiling bzip2-sys v0.1.11+1.0.8
[INFO] [stderr]    Compiling webpki-roots v0.24.0
[INFO] [stderr]    Compiling sha1 v0.10.6
[INFO] [stderr]    Compiling solana-curve25519 v2.0.14
[INFO] [stderr]    Compiling spl-program-error v0.5.0
[INFO] [stderr]    Compiling spl-discriminator v0.3.0
[INFO] [stderr]    Compiling spl-memo v5.0.0
[INFO] [stderr]    Compiling spl-token v6.0.0
[INFO] [stderr]    Compiling quinn-udp v0.4.1
[INFO] [stderr]    Compiling concurrent-queue v2.5.0
[INFO] [stderr]    Compiling lz4-sys v1.11.1+lz4-1.10.0
[INFO] [stderr]    Compiling utf-8 v0.7.6
[INFO] [stderr]    Compiling textwrap v0.16.1
[INFO] [stderr]    Compiling shell-words v1.1.0
[INFO] [stderr]    Compiling clap v3.2.25
[INFO] [stderr]    Compiling dialoguer v0.10.4
[INFO] [stderr]    Compiling tungstenite v0.20.1
[INFO] [stderr]    Compiling zstd v0.11.2+zstd.1.5.2
[INFO] [stderr]    Compiling async-channel v1.9.0
[INFO] [stderr]    Compiling x509-parser v0.14.0
[INFO] [stderr]    Compiling solana-svm v2.0.14
[INFO] [stderr]    Compiling quinn v0.10.2
[INFO] [stderr]    Compiling solana-logger v2.0.14
[INFO] [stderr]    Compiling pem v1.1.1
[INFO] [stderr]    Compiling textwrap v0.11.0
[INFO] [stderr]    Compiling pbkdf2 v0.4.0
[INFO] [stderr]    Compiling modular-bitfield-impl v0.11.2
[INFO] [stderr]    Compiling rtoolbox v0.0.2
[INFO] [stderr]    Compiling solana-address-lookup-table-program v2.0.14
[INFO] [stderr]    Compiling solana-stake-program v2.0.14
[INFO] [stderr]    Compiling histogram v0.6.9
[INFO] [stderr]    Compiling predicates-core v1.0.8
[INFO] [stderr]    Compiling strsim v0.8.0
[INFO] [stderr]    Compiling ansi_term v0.12.1
[INFO] [stderr]    Compiling solana-measure v2.0.14
[INFO] [stderr]    Compiling solana-metrics v2.0.14
[INFO] [stderr]    Compiling solana-zk-token-sdk v2.0.14
[INFO] [stderr]    Compiling solana-inline-spl v2.0.14
[INFO] [stderr]    Compiling solana-connection-cache v2.0.14
[INFO] [stderr]    Compiling vec_map v0.8.2
[INFO] [stderr]    Compiling clap v2.34.0
[INFO] [stderr]    Compiling solana-net-utils v2.0.14
[INFO] [stderr]    Compiling modular-bitfield v0.11.2
[INFO] [stderr]    Compiling solana-config-program v2.0.14
[INFO] [stderr]    Compiling solana-system-program v2.0.14
[INFO] [stderr]    Compiling solana-bpf-loader-program v2.0.14
[INFO] [stderr]    Compiling solana-loader-v4-program v2.0.14
[INFO] [stderr]    Compiling solana-remote-wallet v2.0.14
[INFO] [stderr]    Compiling solana-transaction-metrics-tracker v2.0.14
[INFO] [stderr]    Compiling solana-streamer v2.0.14
[INFO] [stderr]    Compiling rpassword v7.3.1
[INFO] [stderr]    Compiling tiny-bip39 v0.8.2
[INFO] [stderr]    Compiling tokio-tungstenite v0.20.1
[INFO] [stderr]    Compiling xattr v1.3.1
[INFO] [stderr]    Compiling tokio-stream v0.1.16
[INFO] [stderr]    Compiling qualifier_attr v0.2.2
[INFO] [stderr]    Compiling filetime v0.2.25
[INFO] [stderr]    Compiling solana-cost-model v2.0.14
[INFO] [stderr]    Compiling solana-accounts-db v2.0.14
[INFO] [stderr]    Compiling float-cmp v0.9.0
[INFO] [stderr]    Compiling bitmaps v2.1.0
[INFO] [stderr]    Compiling include_dir_macros v0.7.4
[INFO] [stderr]    Compiling im v15.1.0
[INFO] [stderr]    Compiling difflib v0.4.0
[INFO] [stderr]    Compiling normalize-line-endings v0.3.0
[INFO] [stderr]    Compiling termtree v0.4.1
[INFO] [stderr]    Compiling spl-pod v0.3.1
[INFO] [stderr]    Compiling predicates-tree v1.0.11
[INFO] [stderr]    Compiling sized-chunks v0.6.5
[INFO] [stderr]    Compiling predicates v2.1.5
[INFO] [stderr]    Compiling spl-type-length-value v0.5.0
[INFO] [stderr]    Compiling spl-token-group-interface v0.3.0
[INFO] [stderr]    Compiling include_dir v0.7.4
[INFO] [stderr]    Compiling tar v0.4.42
[INFO] [stderr]    Compiling spl-tlv-account-resolution v0.7.0
[INFO] [stderr]    Compiling spl-token-metadata-interface v0.4.0
[INFO] [stderr]    Compiling solana-clap-utils v2.0.14
[INFO] [stderr]    Compiling spl-transfer-hook-interface v0.7.0
[INFO] [stderr]    Compiling bzip2 v0.4.4
[INFO] [stderr]    Compiling solana-bucket-map v2.0.14
[INFO] [stderr]    Compiling spl-token-2022 v4.0.0
[INFO] [stderr]    Compiling solana-compute-budget-program v2.0.14
[INFO] [stderr]    Compiling solana-zk-sdk v2.0.14
[INFO] [stderr]    Compiling async-mutex v1.4.0
[INFO] [stderr]    Compiling strum_macros v0.24.3
[INFO] [stderr]    Compiling seqlock v0.2.0
[INFO] [stderr]    Compiling mockall_derive v0.11.4
[INFO] [stderr]    Compiling rand_xoshiro v0.6.0
[INFO] [stderr]    Compiling solana-runtime v2.0.14
[INFO] [stderr]    Compiling fragile v2.0.0
[INFO] [stderr]    Compiling solana-nohash-hasher v0.2.1
[INFO] [stderr]    Compiling downcast v0.11.0
[INFO] [stderr]    Compiling index_list v0.2.13
[INFO] [stderr]    Compiling aquamarine v0.3.3
[INFO] [stderr]    Compiling dir-diff v0.3.3
[INFO] [stderr]    Compiling solana-zk-token-proof-program v2.0.14
[INFO] [stderr]    Compiling strum v0.24.1
[INFO] [stderr]    Compiling solana-udp-client v2.0.14
[INFO] [stderr]    Compiling symlink v0.1.0
[INFO] [stderr]    Compiling mockall v0.11.4
[INFO] [stderr]    Compiling solana-zk-elgamal-proof-program v2.0.14
[INFO] [stderr]    Compiling solana-account-decoder v2.0.14
[INFO] [stderr]    Compiling spl-associated-token-account v4.0.0
[INFO] [stderr]    Compiling lz4 v1.28.0
[INFO] [stderr]    Compiling solana-transaction-status v2.0.14
[INFO] [stderr]    Compiling solana-rpc-client-api v2.0.14
[INFO] [stderr]    Compiling solana-rpc-client v2.0.14
[INFO] [stderr]    Compiling solana-pubsub-client v2.0.14
[INFO] [stderr]    Compiling solana-quic-client v2.0.14
[INFO] [stderr]    Compiling solana-thin-client v2.0.14
[INFO] [stderr]    Compiling solana-tpu-client v2.0.14
[INFO] [stderr]    Compiling solana-rpc-client-nonce-utils v2.0.14
[INFO] [stderr]    Compiling solana-client v2.0.14
[INFO] [stderr]    Compiling solana-tps-client v2.0.14 (/opt/rustwide/workdir)
[INFO] [stderr]     Finished `dev` profile [unoptimized + debuginfo] target(s) in 5m 24s
[INFO] running `Command { std: "docker" "inspect" "faf926497dc642c8c6a7ed1378b20550c47c5dd80221b3f83a9dfbc6b7de4d43", kill_on_drop: false }`
[INFO] running `Command { std: "docker" "rm" "-f" "faf926497dc642c8c6a7ed1378b20550c47c5dd80221b3f83a9dfbc6b7de4d43", kill_on_drop: false }`
[INFO] [stdout] faf926497dc642c8c6a7ed1378b20550c47c5dd80221b3f83a9dfbc6b7de4d43
[INFO] running `Command { std: "docker" "create" "-v" "/var/lib/crater-agent-workspace/builds/worker-2-tc2/target:/opt/rustwide/target:rw,Z" "-v" "/var/lib/crater-agent-workspace/builds/worker-2-tc2/source:/opt/rustwide/workdir:ro,Z" "-v" "/var/lib/crater-agent-workspace/cargo-home:/opt/rustwide/cargo-home:ro,Z" "-v" "/var/lib/crater-agent-workspace/rustup-home:/opt/rustwide/rustup-home:ro,Z" "-e" "SOURCE_DIR=/opt/rustwide/workdir" "-e" "CARGO_TARGET_DIR=/opt/rustwide/target" "-e" "CARGO_INCREMENTAL=0" "-e" "RUST_BACKTRACE=full" "-e" "RUSTFLAGS=--cap-lints=forbid -Zrandomize-layout" "-e" "RUSTDOCFLAGS=--cap-lints=forbid" "-e" "CARGO_HOME=/opt/rustwide/cargo-home" "-e" "RUSTUP_HOME=/opt/rustwide/rustup-home" "-w" "/opt/rustwide/workdir" "-m" "1610612736" "--user" "0:0" "--network" "none" "ghcr.io/rust-lang/crates-build-env/linux@sha256:4a844ea9eb2546a2d2c7022eacef16ef2e8229c7fbb2c7d4d55a9ceca922f72d" "/opt/rustwide/cargo-home/bin/cargo" "+nightly-2024-10-28" "test" "--frozen" "--no-run" "--message-format=json", kill_on_drop: false }`
[INFO] [stdout] e49ba9c4543e74ae110cb2f43cab16f4fba252bcd255232911384ebf4e760cdc
[INFO] running `Command { std: "docker" "start" "-a" "e49ba9c4543e74ae110cb2f43cab16f4fba252bcd255232911384ebf4e760cdc", kill_on_drop: false }`
[INFO] [stderr]    Compiling rand_chacha v0.3.1
[INFO] [stderr]    Compiling indexmap v2.6.0
[INFO] [stderr]    Compiling futures-core v0.3.31
[INFO] [stderr]    Compiling ark-ff-macros v0.4.2
[INFO] [stderr]    Compiling futures-io v0.3.31
[INFO] [stderr]    Compiling futures v0.1.31
[INFO] [stderr]    Compiling futures-task v0.3.31
[INFO] [stderr]    Compiling tracing-core v0.1.32
[INFO] [stderr]    Compiling futures-channel v0.3.31
[INFO] [stderr]    Compiling spin v0.9.8
[INFO] [stderr]    Compiling ring v0.17.8
[INFO] [stderr]    Compiling rand v0.8.5
[INFO] [stderr]    Compiling tracing v0.1.40
[INFO] [stderr]    Compiling tokio-util v0.7.12
[INFO] [stderr]    Compiling toml_edit v0.22.22
[INFO] [stderr]    Compiling openssl-src v300.4.0+3.4.0
[INFO] [stderr]    Compiling unicode-bidi v0.3.17
[INFO] [stderr]    Compiling vcpkg v0.2.15
[INFO] [stderr]    Compiling ark-std v0.4.0
[INFO] [stderr]    Compiling foreign-types-shared v0.1.1
[INFO] [stderr]    Compiling futures-util v0.3.31
[INFO] [stderr]    Compiling ark-serialize v0.4.2
[INFO] [stderr]    Compiling rustls-webpki v0.101.7
[INFO] [stderr]    Compiling ark-ff v0.4.2
[INFO] [stderr]    Compiling sct v0.7.1
[INFO] [stderr]    Compiling openssl v0.10.68
[INFO] [stderr]    Compiling openssl-sys v0.9.104
[INFO] [stderr]    Compiling idna v0.5.0
[INFO] [stderr]    Compiling rustls v0.21.12
[INFO] [stderr]    Compiling foreign-types v0.3.2
[INFO] [stderr]    Compiling openssl-macros v0.1.1
[INFO] [stderr]    Compiling url v2.5.2
[INFO] [stderr]    Compiling native-tls v0.2.12
[INFO] [stderr]    Compiling async-compression v0.4.17
[INFO] [stderr]    Compiling solana_rbpf v0.8.4
[INFO] [stderr]    Compiling proc-macro-crate v3.2.0
[INFO] [stderr]    Compiling solana-type-overrides v2.0.14
[INFO] [stderr]    Compiling aho-corasick v1.1.3
[INFO] [stderr]    Compiling regex-syntax v0.8.5
[INFO] [stderr]    Compiling borsh-derive v1.5.1
[INFO] [stderr]    Compiling num_enum_derive v0.7.3
[INFO] [stderr]    Compiling num_enum v0.7.3
[INFO] [stderr]    Compiling h2 v0.3.26
[INFO] [stderr]    Compiling borsh v1.5.1
[INFO] [stderr]    Compiling tokio-rustls v0.24.1
[INFO] [stderr]    Compiling regex-automata v0.4.8
[INFO] [stderr]    Compiling futures-executor v0.3.31
[INFO] [stderr]    Compiling futures v0.3.31
[INFO] [stderr]    Compiling petgraph v0.6.5
[INFO] [stderr]    Compiling ahash v0.7.8
[INFO] [stderr]    Compiling hashbrown v0.12.3
[INFO] [stderr]    Compiling jsonrpc-core v18.0.0
[INFO] [stderr]    Compiling regex v1.11.1
[INFO] [stderr]    Compiling pin-project-internal v1.1.7
[INFO] [stderr]    Compiling Inflector v0.11.4
[INFO] [stderr]    Compiling prost-build v0.11.9
[INFO] [stderr]    Compiling hyper v0.14.31
[INFO] [stderr]    Compiling ark-poly v0.4.2
[INFO] [stderr]    Compiling indexmap v1.9.3
[INFO] [stderr]    Compiling pin-project v1.1.7
[INFO] [stderr]    Compiling base64 v0.13.1
[INFO] [stderr]    Compiling hashbrown v0.14.5
[INFO] [stderr]    Compiling tokio-stream v0.1.16
[INFO] [stderr]    Compiling memchr v2.7.4
[INFO] [stderr]    Compiling ark-ec v0.4.2
[INFO] [stderr]    Compiling dashmap v5.5.3
[INFO] [stderr]    Compiling autotools v0.2.7
[INFO] [stderr]    Compiling glob v0.3.1
[INFO] [stderr]    Compiling protobuf-src v1.1.0+21.5
[INFO] [stderr]    Compiling solana-svm v2.0.14
[INFO] [stderr]    Compiling parking_lot_core v0.8.6
[INFO] [stderr]    Compiling clang-sys v1.8.1
[INFO] [stderr]    Compiling env_logger v0.9.3
[INFO] [stderr]    Compiling tonic-build v0.9.2
[INFO] [stderr]    Compiling predicates v2.1.5
[INFO] [stderr]    Compiling quinn-proto v0.10.6
[INFO] [stderr]    Compiling solana-logger v2.0.14
[INFO] [stderr]    Compiling nom v7.1.3
[INFO] [stderr]    Compiling webpki-roots v0.24.0
[INFO] [stderr]    Compiling ark-bn254 v0.4.0
[INFO] [stderr]    Compiling quinn-udp v0.4.1
[INFO] [stderr]    Compiling axum-core v0.3.4
[INFO] [stderr]    Compiling solana-runtime v2.0.14
[INFO] [stderr]    Compiling libloading v0.8.5
[INFO] [stderr]    Compiling solana-program v2.0.14
[INFO] [stderr]    Compiling light-poseidon v0.2.0
[INFO] [stderr]    Compiling bindgen v0.69.5
[INFO] [stderr]    Compiling tower-layer v0.3.3
[INFO] [stderr]    Compiling tungstenite v0.20.1
[INFO] [stderr]    Compiling solana-poseidon v2.0.14
[INFO] [stderr]    Compiling hyper-rustls v0.24.2
[INFO] [stderr]    Compiling cexpr v0.6.0
[INFO] [stderr]    Compiling quinn v0.10.2
[INFO] [stderr]    Compiling clap v3.2.25
[INFO] [stderr]    Compiling mockall v0.11.4
[INFO] [stderr]    Compiling async-channel v1.9.0
[INFO] [stderr]    Compiling parking_lot v0.11.2
[INFO] [stderr]    Compiling x509-parser v0.14.0
[INFO] [stderr]    Compiling pem v1.1.1
[INFO] [stderr]    Compiling prost v0.11.9
[INFO] [stderr]    Compiling itertools v0.12.1
[INFO] [stderr]    Compiling axum v0.6.20
[INFO] [stderr]    Compiling lazycell v1.3.0
[INFO] [stderr]    Compiling tokio-tungstenite v0.20.1
[INFO] [stderr]    Compiling tower v0.4.13
[INFO] [stderr]    Compiling tokio-io-timeout v1.2.0
[INFO] [stderr]    Compiling async-stream-impl v0.3.6
[INFO] [stderr]    Compiling matchit v0.7.3
[INFO] [stderr]    Compiling async-stream v0.3.6
[INFO] [stderr]    Compiling hyper-timeout v0.4.1
[INFO] [stderr]    Compiling headers-core v0.2.0
[INFO] [stderr]    Compiling ieee754 v0.2.6
[INFO] [stderr]    Compiling libm v0.2.11
[INFO] [stderr]    Compiling simpl v0.1.0
[INFO] [stderr]    Compiling headers v0.3.9
[INFO] [stderr]    Compiling fast-math v0.1.1
[INFO] [stderr]    Compiling tokio-util v0.6.10
[INFO] [stderr]    Compiling reed-solomon-erasure v6.0.0
[INFO] [stderr]    Compiling arc-swap v1.7.1
[INFO] [stderr]    Compiling prost-types v0.11.9
[INFO] [stderr]    Compiling backoff v0.4.0
[INFO] [stderr]    Compiling solana-sdk v2.0.14
[INFO] [stderr]    Compiling solana-curve25519 v2.0.14
[INFO] [stderr]    Compiling spl-program-error v0.5.0
[INFO] [stderr]    Compiling spl-discriminator v0.3.0
[INFO] [stderr]    Compiling spl-memo v5.0.0
[INFO] [stderr]    Compiling spl-token v6.0.0
[INFO] [stderr]    Compiling solana-merkle-tree v2.0.14
[INFO] [stderr]    Compiling lru v0.7.8
[INFO] [stderr]    Compiling chrono-humanize v0.2.3
[INFO] [stderr]    Compiling solana-ledger v2.0.14
[INFO] [stderr]    Compiling lazy-lru v0.1.3
[INFO] [stderr]    Compiling fs_extra v1.3.0
[INFO] [stderr]    Compiling trees v0.4.2
[INFO] [stderr]    Compiling solana-bloom v2.0.14
[INFO] [stderr]    Compiling dirs-sys-next v0.1.2
[INFO] [stderr]    Compiling unsafe-libyaml v0.2.11
[INFO] [stderr]    Compiling ucd-trie v0.1.7
[INFO] [stderr]    Compiling tonic v0.9.2
[INFO] [stderr]    Compiling matches v0.1.10
[INFO] [stderr]    Compiling idna v0.1.5
[INFO] [stderr]    Compiling serde_yaml v0.9.34+deprecated
[INFO] [stderr]    Compiling librocksdb-sys v0.16.0+8.10.0
[INFO] [stderr]    Compiling dirs-next v2.0.0
[INFO] [stderr]    Compiling enum-ordinalize v3.1.15
[INFO] [stderr]    Compiling solana-gossip v2.0.14
[INFO] [stderr]    Compiling sharded-slab v0.1.7
[INFO] [stderr]    Compiling bstr v1.10.0
[INFO] [stderr]    Compiling thread_local v1.1.8
[INFO] [stderr]    Compiling convert_case v0.4.0
[INFO] [stderr]    Compiling percent-encoding v1.0.1
[INFO] [stderr]    Compiling url v1.7.2
[INFO] [stderr]    Compiling derive_more v0.99.18
[INFO] [stderr]    Compiling solana-measure v2.0.14
[INFO] [stderr]    Compiling solana-compute-budget v2.0.14
[INFO] [stderr]    Compiling solana-vote v2.0.14
[INFO] [stderr]    Compiling solana-zk-token-sdk v2.0.14
[INFO] [stderr]    Compiling solana-version v2.0.14
[INFO] [stderr]    Compiling solana-inline-spl v2.0.14
[INFO] [stderr]    Compiling solana-remote-wallet v2.0.14
[INFO] [stderr]    Compiling solana-bucket-map v2.0.14
[INFO] [stderr]    Compiling solana-clap-utils v2.0.14
[INFO] [stderr]    Compiling solana-zk-sdk v2.0.14
[INFO] [stderr]    Compiling solana-net-utils v2.0.14
[INFO] [stderr]    Compiling solana-cli-config v2.0.14
[INFO] [stderr]    Compiling tracing-subscriber v0.3.18
[INFO] [stderr] error: could not compile `tonic` (lib)
[INFO] [stderr] 
[INFO] [stderr] Caused by:
[INFO] [stderr]   process didn't exit successfully: `/opt/rustwide/rustup-home/toolchains/nightly-2024-10-28-x86_64-unknown-linux-gnu/bin/rustc --crate-name tonic --edition=2021 /opt/rustwide/cargo-home/registry/src/index.crates.io-6f17d22bba15001f/tonic-0.9.2/src/lib.rs --error-format=json --json=diagnostic-rendered-ansi,artifacts,future-incompat --crate-type lib --emit=dep-info,metadata,link -C embed-bitcode=no -C debuginfo=2 --cfg 'feature="channel"' --cfg 'feature="codegen"' --cfg 'feature="default"' --cfg 'feature="prost"' --cfg 'feature="tls"' --cfg 'feature="transport"' --check-cfg 'cfg(docsrs)' --check-cfg 'cfg(feature, values("channel", "codegen", "default", "gzip", "prost", "tls", "tls-roots", "tls-roots-common", "tls-webpki-roots", "transport"))' -C metadata=c2f8ac2c55be2382 -C extra-filename=-c2f8ac2c55be2382 --out-dir /opt/rustwide/target/debug/deps -L dependency=/opt/rustwide/target/debug/deps --extern async_stream=/opt/rustwide/target/debug/deps/libasync_stream-788a7048906b029b.rmeta --extern async_trait=/opt/rustwide/target/debug/deps/libasync_trait-372aebe291d73888.so --extern axum=/opt/rustwide/target/debug/deps/libaxum-2cb46c91f5ac643a.rmeta --extern base64=/opt/rustwide/target/debug/deps/libbase64-309ef582bd843d33.rmeta --extern bytes=/opt/rustwide/target/debug/deps/libbytes-6a4c7ea0a880895d.rmeta --extern futures_core=/opt/rustwide/target/debug/deps/libfutures_core-281741735354a0bf.rmeta --extern futures_util=/opt/rustwide/target/debug/deps/libfutures_util-53abaca0004feedf.rmeta --extern h2=/opt/rustwide/target/debug/deps/libh2-64a9c900343f1579.rmeta --extern http=/opt/rustwide/target/debug/deps/libhttp-97a25e6db0f40089.rmeta --extern http_body=/opt/rustwide/target/debug/deps/libhttp_body-05665cfcfea503ff.rmeta --extern hyper=/opt/rustwide/target/debug/deps/libhyper-7a5b550f33f6dfa5.rmeta --extern hyper_timeout=/opt/rustwide/target/debug/deps/libhyper_timeout-5c92aec7b941e990.rmeta --extern percent_encoding=/opt/rustwide/target/debug/deps/libpercent_encoding-a400589552762a21.rmeta --extern pin_project=/opt/rustwide/target/debug/deps/libpin_project-1f72f7f48264e0d7.rmeta --extern prost=/opt/rustwide/target/debug/deps/libprost-d8a13c99d08f4207.rmeta --extern rustls_pemfile=/opt/rustwide/target/debug/deps/librustls_pemfile-ca091fbd60718fb1.rmeta --extern tokio=/opt/rustwide/target/debug/deps/libtokio-b3559e587c7b4b44.rmeta --extern tokio_rustls=/opt/rustwide/target/debug/deps/libtokio_rustls-4920ee6649957698.rmeta --extern tokio_stream=/opt/rustwide/target/debug/deps/libtokio_stream-923fe2c5c69c5b13.rmeta --extern tower=/opt/rustwide/target/debug/deps/libtower-97da618897e0f6e4.rmeta --extern tower_layer=/opt/rustwide/target/debug/deps/libtower_layer-09b99c36a0da47bf.rmeta --extern tower_service=/opt/rustwide/target/debug/deps/libtower_service-44dbed632a843492.rmeta --extern tracing=/opt/rustwide/target/debug/deps/libtracing-f0d9b13a923b961a.rmeta --cap-lints allow --cap-lints=forbid -Zrandomize-layout -L native=/opt/rustwide/target/debug/build/ring-1016a1ec2bff93bc/out` (signal: 9, SIGKILL: kill)
[INFO] [stderr] warning: build failed, waiting for other jobs to finish...
[INFO] [stderr] error: could not compile `solana-zk-sdk` (lib)
[INFO] [stderr] 
[INFO] [stderr] Caused by:
[INFO] [stderr]   process didn't exit successfully: `/opt/rustwide/rustup-home/toolchains/nightly-2024-10-28-x86_64-unknown-linux-gnu/bin/rustc --crate-name solana_zk_sdk --edition=2021 /opt/rustwide/cargo-home/registry/src/index.crates.io-6f17d22bba15001f/solana-zk-sdk-2.0.14/src/lib.rs --error-format=json --json=diagnostic-rendered-ansi,artifacts,future-incompat --crate-type cdylib --crate-type rlib --emit=dep-info,link -C embed-bitcode=no -C debuginfo=2 --check-cfg 'cfg(docsrs)' --check-cfg 'cfg(feature, values())' -C metadata=5be553c1cc3d7ac5 -C extra-filename=-5be553c1cc3d7ac5 --out-dir /opt/rustwide/target/debug/deps -L dependency=/opt/rustwide/target/debug/deps --extern aes_gcm_siv=/opt/rustwide/target/debug/deps/libaes_gcm_siv-297ddc84f7eafb7e.rlib --extern base64=/opt/rustwide/target/debug/deps/libbase64-c167c3eb3ecc322f.rlib --extern bincode=/opt/rustwide/target/debug/deps/libbincode-8d15fbdfd6c75f23.rlib --extern bytemuck=/opt/rustwide/target/debug/deps/libbytemuck-f21c214ac209d0e3.rlib --extern bytemuck_derive=/opt/rustwide/target/debug/deps/libbytemuck_derive-173eb66da72d84a2.so --extern curve25519_dalek=/opt/rustwide/target/debug/deps/libcurve25519_dalek-31b35afbd70daefd.rlib --extern itertools=/opt/rustwide/target/debug/deps/libitertools-083f35ac5086d8ef.rlib --extern lazy_static=/opt/rustwide/target/debug/deps/liblazy_static-7af2f34f8b124b26.rlib --extern merlin=/opt/rustwide/target/debug/deps/libmerlin-5bc4e852e727a00f.rlib --extern num_derive=/opt/rustwide/target/debug/deps/libnum_derive-714c49692f7b9004.so --extern num_traits=/opt/rustwide/target/debug/deps/libnum_traits-f4156d1e802a5c62.rlib --extern rand=/opt/rustwide/target/debug/deps/librand-b789397269ac7f8d.rlib --extern serde=/opt/rustwide/target/debug/deps/libserde-c594e6e3d055acd9.rlib --extern serde_derive=/opt/rustwide/target/debug/deps/libserde_derive-d93186abf596b541.so --extern serde_json=/opt/rustwide/target/debug/deps/libserde_json-2c64d809f2f20dcd.rlib --extern sha3=/opt/rustwide/target/debug/deps/libsha3-21f67bd7e61d1f61.rlib --extern solana_program=/opt/rustwide/target/debug/deps/libsolana_program-863dedcef3a9d732.rlib --extern solana_sdk=/opt/rustwide/target/debug/deps/libsolana_sdk-24498fc4761bcecd.rlib --extern subtle=/opt/rustwide/target/debug/deps/libsubtle-2089b4b5c98b2078.rlib --extern thiserror=/opt/rustwide/target/debug/deps/libthiserror-60c9f25fd7297968.rlib --extern zeroize=/opt/rustwide/target/debug/deps/libzeroize-c2ac70b8ffe32ecf.rlib --cap-lints allow --cap-lints=forbid -Zrandomize-layout -L native=/opt/rustwide/target/debug/build/blake3-475375ac6aff67d7/out -L native=/opt/rustwide/target/debug/build/blake3-475375ac6aff67d7/out` (signal: 9, SIGKILL: kill)
[INFO] [stderr] error: could not compile `solana-zk-token-sdk` (lib)
[INFO] [stderr] 
[INFO] [stderr] Caused by:
[INFO] [stderr]   process didn't exit successfully: `/opt/rustwide/rustup-home/toolchains/nightly-2024-10-28-x86_64-unknown-linux-gnu/bin/rustc --crate-name solana_zk_token_sdk --edition=2021 /opt/rustwide/cargo-home/registry/src/index.crates.io-6f17d22bba15001f/solana-zk-token-sdk-2.0.14/src/lib.rs --error-format=json --json=diagnostic-rendered-ansi,artifacts,future-incompat --crate-type cdylib --crate-type rlib --emit=dep-info,link -C embed-bitcode=no -C debuginfo=2 --check-cfg 'cfg(docsrs)' --check-cfg 'cfg(feature, values())' -C metadata=18ad1b4060ccf0d1 -C extra-filename=-18ad1b4060ccf0d1 --out-dir /opt/rustwide/target/debug/deps -L dependency=/opt/rustwide/target/debug/deps --extern aes_gcm_siv=/opt/rustwide/target/debug/deps/libaes_gcm_siv-297ddc84f7eafb7e.rlib --extern base64=/opt/rustwide/target/debug/deps/libbase64-c167c3eb3ecc322f.rlib --extern bincode=/opt/rustwide/target/debug/deps/libbincode-8d15fbdfd6c75f23.rlib --extern bytemuck=/opt/rustwide/target/debug/deps/libbytemuck-f21c214ac209d0e3.rlib --extern bytemuck_derive=/opt/rustwide/target/debug/deps/libbytemuck_derive-173eb66da72d84a2.so --extern byteorder=/opt/rustwide/target/debug/deps/libbyteorder-2e61be03665a4f9a.rlib --extern curve25519_dalek=/opt/rustwide/target/debug/deps/libcurve25519_dalek-31b35afbd70daefd.rlib --extern itertools=/opt/rustwide/target/debug/deps/libitertools-083f35ac5086d8ef.rlib --extern lazy_static=/opt/rustwide/target/debug/deps/liblazy_static-7af2f34f8b124b26.rlib --extern merlin=/opt/rustwide/target/debug/deps/libmerlin-5bc4e852e727a00f.rlib --extern num_derive=/opt/rustwide/target/debug/deps/libnum_derive-714c49692f7b9004.so --extern num_traits=/opt/rustwide/target/debug/deps/libnum_traits-f4156d1e802a5c62.rlib --extern rand=/opt/rustwide/target/debug/deps/librand-b789397269ac7f8d.rlib --extern serde=/opt/rustwide/target/debug/deps/libserde-c594e6e3d055acd9.rlib --extern serde_derive=/opt/rustwide/target/debug/deps/libserde_derive-d93186abf596b541.so --extern serde_json=/opt/rustwide/target/debug/deps/libserde_json-2c64d809f2f20dcd.rlib --extern sha3=/opt/rustwide/target/debug/deps/libsha3-21f67bd7e61d1f61.rlib --extern solana_curve25519=/opt/rustwide/target/debug/deps/libsolana_curve25519-e672a8053966828b.rlib --extern solana_program=/opt/rustwide/target/debug/deps/libsolana_program-863dedcef3a9d732.rlib --extern solana_sdk=/opt/rustwide/target/debug/deps/libsolana_sdk-24498fc4761bcecd.rlib --extern subtle=/opt/rustwide/target/debug/deps/libsubtle-2089b4b5c98b2078.rlib --extern thiserror=/opt/rustwide/target/debug/deps/libthiserror-60c9f25fd7297968.rlib --extern zeroize=/opt/rustwide/target/debug/deps/libzeroize-c2ac70b8ffe32ecf.rlib --cap-lints allow --cap-lints=forbid -Zrandomize-layout -L native=/opt/rustwide/target/debug/build/blake3-475375ac6aff67d7/out -L native=/opt/rustwide/target/debug/build/blake3-475375ac6aff67d7/out` (signal: 9, SIGKILL: kill)
[INFO] [stderr] error: failed to run custom build command for `protobuf-src v1.1.0+21.5`
[INFO] [stderr] note: To improve backtraces for build dependencies, set the CARGO_PROFILE_TEST_BUILD_OVERRIDE_DEBUG=true environment variable to enable debug information generation.
[INFO] [stderr] 
[INFO] [stderr] Caused by:
[INFO] [stderr]   process didn't exit successfully: `/opt/rustwide/target/debug/build/protobuf-src-d0bf117a5b0df4ef/build-script-build` (exit status: 101)
[INFO] [stderr]   --- stdout
[INFO] [stderr]   running: cd "/opt/rustwide/target/debug/build/protobuf-src-ceca73268bfbaf5d/out/install/build" && CC="cc" CFLAGS="-O0 -ffunction-sections -fdata-sections -fPIC -m64" CXX="c++" CXXFLAGS="-O0 -ffunction-sections -fdata-sections -fPIC -m64" "sh" "-c" "exec \"$0\" \"$@\"" "/opt/rustwide/cargo-home/registry/src/index.crates.io-6f17d22bba15001f/protobuf-src-1.1.0+21.5/protobuf/configure" "--prefix=/opt/rustwide/target/debug/build/protobuf-src-ceca73268bfbaf5d/out/install" "--disable-shared" "--enable-static" "--disable-maintainer-mode"
[INFO] [stderr]   checking whether to enable maintainer-specific portions of Makefiles... no
[INFO] [stderr]   checking build system type... x86_64-pc-linux-gnu
[INFO] [stderr]   checking host system type... x86_64-pc-linux-gnu
[INFO] [stderr]   checking target system type... x86_64-pc-linux-gnu
[INFO] [stderr]   checking for a BSD-compatible install... /usr/bin/install -c
[INFO] [stderr]   checking whether build environment is sane... yes
[INFO] [stderr]   checking for a race-free mkdir -p... /usr/bin/mkdir -p
[INFO] [stderr]   checking for gawk... no
[INFO] [stderr]   checking for mawk... mawk
[INFO] [stderr]   checking whether make sets $(MAKE)... yes
[INFO] [stderr]   checking whether make supports nested variables... yes
[INFO] [stderr]   checking whether UID '0' is supported by ustar format... yes
[INFO] [stderr]   checking whether GID '0' is supported by ustar format... yes
[INFO] [stderr]   checking how to create a ustar tar archive... gnutar
[INFO] [stderr]   checking whether make supports nested variables... (cached) yes
[INFO] [stderr]   checking for gcc... cc
[INFO] [stderr]   checking whether the C compiler works... yes
[INFO] [stderr]   checking for C compiler default output file name... a.out
[INFO] [stderr]   checking for suffix of executables... 
[INFO] [stderr]   checking whether we are cross compiling... no
[INFO] [stderr]   checking for suffix of object files... o
[INFO] [stderr]   checking whether the compiler supports GNU C... yes
[INFO] [stderr]   checking whether cc accepts -g... yes
[INFO] [stderr]   checking for cc option to enable C11 features... none needed
[INFO] [stderr]   checking whether cc understands -c and -o together... yes
[INFO] [stderr]   checking whether make supports the include directive... yes (GNU style)
[INFO] [stderr]   checking dependency style of cc... gcc3
[INFO] [stderr]   checking whether the compiler supports GNU C++... yes
[INFO] [stderr]   checking whether c++ accepts -g... yes
[INFO] [stderr]   checking for c++ option to enable C++11 features... none needed
[INFO] [stderr]   checking dependency style of c++... gcc3
[INFO] [stderr]   checking how to run the C preprocessor... cc -E
[INFO] [stderr]   checking for gcc... gcc
[INFO] [stderr]   checking whether the compiler supports GNU C... (cached) yes
[INFO] [stderr]   checking whether gcc accepts -g... yes
[INFO] [stderr]   checking for gcc option to enable C11 features... (cached) none needed
[INFO] [stderr]   checking whether gcc understands -c and -o together... (cached) yes
[INFO] [stderr]   checking dependency style of gcc... (cached) gcc3
[INFO] [stderr]   checking how to run the C preprocessor... gcc -E
[INFO] [stderr]   checking how to run the C++ preprocessor... c++ -E
[INFO] [stderr]   checking for g++... g++
[INFO] [stderr]   checking whether the compiler supports GNU C++... (cached) yes
[INFO] [stderr]   checking whether g++ accepts -g... yes
[INFO] [stderr]   checking for g++ option to enable C++11 features... (cached) none needed
[INFO] [stderr]   checking dependency style of g++... (cached) gcc3
[INFO] [stderr]   checking how to run the C++ preprocessor... g++ -E
[INFO] [stderr]   checking for stdio.h... yes
[INFO] [stderr]   checking for stdlib.h... yes
[INFO] [stderr]   checking for string.h... yes
[INFO] [stderr]   checking for inttypes.h... yes
[INFO] [stderr]   checking for stdint.h... yes
[INFO] [stderr]   checking for strings.h... yes
[INFO] [stderr]   checking for sys/stat.h... yes
[INFO] [stderr]   checking for sys/types.h... yes
[INFO] [stderr]   checking for unistd.h... yes
[INFO] [stderr]   checking for wchar.h... yes
[INFO] [stderr]   checking for minix/config.h... no
[INFO] [stderr]   checking whether it is safe to define __EXTENSIONS__... yes
[INFO] [stderr]   checking whether _XOPEN_SOURCE should be defined... no
[INFO] [stderr]   checking for ar... ar
[INFO] [stderr]   checking the archiver (ar) interface... ar
[INFO] [stderr]   checking C++ compiler flags...... use user-supplied: -O0 -ffunction-sections -fdata-sections -fPIC -m64
[INFO] [stderr]   checking for c++ options needed to detect all undeclared functions... none needed
[INFO] [stderr]   checking whether __SUNPRO_CC is declared... no
[INFO] [stderr]   checking how to print strings... printf
[INFO] [stderr]   checking for a sed that does not truncate output... /usr/bin/sed
[INFO] [stderr]   checking for grep that handles long lines and -e... /usr/bin/grep
[INFO] [stderr]   checking for egrep... /usr/bin/grep -E
[INFO] [stderr]   checking for fgrep... /usr/bin/grep -F
[INFO] [stderr]   checking for ld used by cc... /usr/bin/ld
[INFO] [stderr]   checking if the linker (/usr/bin/ld) is GNU ld... yes
[INFO] [stderr]   checking for BSD- or MS-compatible name lister (nm)... /usr/bin/nm -B
[INFO] [stderr]   checking the name lister (/usr/bin/nm -B) interface... BSD nm
[INFO] [stderr]   checking whether ln -s works... yes
[INFO] [stderr]   checking the maximum length of command line arguments... 1572864
[INFO] [stderr]   checking how to convert x86_64-pc-linux-gnu file names to x86_64-pc-linux-gnu format... func_convert_file_noop
[INFO] [stderr]   checking how to convert x86_64-pc-linux-gnu file names to toolchain format... func_convert_file_noop
[INFO] [stderr]   checking for /usr/bin/ld option to reload object files... -r
[INFO] [stderr]   checking for file... file
[INFO] [stderr]   checking for objdump... objdump
[INFO] [stderr]   checking how to recognize dependent libraries... pass_all
[INFO] [stderr]   checking for dlltool... no
[INFO] [stderr]   checking how to associate runtime and link libraries... printf %s\n
[INFO] [stderr]   checking for archiver @FILE support... @
[INFO] [stderr]   checking for strip... strip
[INFO] [stderr]   checking for ranlib... ranlib
[INFO] [stderr]   checking command to parse /usr/bin/nm -B output from cc object... ok
[INFO] [stderr]   checking for sysroot... no
[INFO] [stderr]   checking for a working dd... /usr/bin/dd
[INFO] [stderr]   checking how to truncate binary pipes... /usr/bin/dd bs=4096 count=1
[INFO] [stderr]   checking for mt... no
[INFO] [stderr]   checking if : is a manifest tool... no
[INFO] [stderr]   checking for dlfcn.h... yes
[INFO] [stderr]   checking for objdir... .libs
[INFO] [stderr]   checking if cc supports -fno-rtti -fno-exceptions... no
[INFO] [stderr]   checking for cc option to produce PIC... -fPIC -DPIC
[INFO] [stderr]   checking if cc PIC flag -fPIC -DPIC works... yes
[INFO] [stderr]   checking if cc static flag -static works... yes
[INFO] [stderr]   checking if cc supports -c -o file.o... yes
[INFO] [stderr]   checking if cc supports -c -o file.o... (cached) yes
[INFO] [stderr]   checking whether the cc linker (/usr/bin/ld -m elf_x86_64) supports shared libraries... yes
[INFO] [stderr]   checking dynamic linker characteristics... GNU/Linux ld.so
[INFO] [stderr]   checking how to hardcode library paths into programs... immediate
[INFO] [stderr]   checking whether stripping libraries is possible... yes
[INFO] [stderr]   checking if libtool supports shared libraries... yes
[INFO] [stderr]   checking whether to build shared libraries... no
[INFO] [stderr]   checking whether to build static libraries... yes
[INFO] [stderr]   checking how to run the C++ preprocessor... c++ -E
[INFO] [stderr]   checking for ld used by c++... /usr/bin/ld -m elf_x86_64
[INFO] [stderr]   checking if the linker (/usr/bin/ld -m elf_x86_64) is GNU ld... yes
[INFO] [stderr]   checking whether the c++ linker (/usr/bin/ld -m elf_x86_64) supports shared libraries... yes
[INFO] [stderr]   checking for c++ option to produce PIC... -fPIC -DPIC
[INFO] [stderr]   checking if c++ PIC flag -fPIC -DPIC works... yes
[INFO] [stderr]   checking if c++ static flag -static works... yes
[INFO] [stderr]   checking if c++ supports -c -o file.o... yes
[INFO] [stderr]   checking if c++ supports -c -o file.o... (cached) yes
[INFO] [stderr]   checking whether the c++ linker (/usr/bin/ld -m elf_x86_64) supports shared libraries... yes
[INFO] [stderr]   checking dynamic linker characteristics... (cached) GNU/Linux ld.so
[INFO] [stderr]   checking how to hardcode library paths into programs... immediate
[INFO] [stderr]   checking whether the linker supports version scripts... yes
[INFO] [stderr]   checking for egrep... (cached) /usr/bin/grep -E
[INFO] [stderr]   checking for fcntl.h... yes
[INFO] [stderr]   checking for inttypes.h... (cached) yes
[INFO] [stderr]   checking for limits.h... yes
[INFO] [stderr]   checking for stdlib.h... (cached) yes
[INFO] [stderr]   checking for unistd.h... (cached) yes
[INFO] [stderr]   checking for working memcmp... yes
[INFO] [stderr]   checking for working strtod... yes
[INFO] [stderr]   checking for ftruncate... yes
[INFO] [stderr]   checking for memset... yes
[INFO] [stderr]   checking for mkdir... yes
[INFO] [stderr]   checking for strchr... yes
[INFO] [stderr]   checking for strerror... yes
[INFO] [stderr]   checking for strtol... yes
[INFO] [stderr]   checking zlib version... ok (1.2.0.4 or later)
[INFO] [stderr]   checking for library containing zlibVersion... -lz
[INFO] [stderr]   checking whether c++ supports C++11 features by default... yes
[INFO] [stderr]   checking whether -latomic is needed... no
[INFO] [stderr]   checking whether cc is Clang... no
[INFO] [stderr]   checking whether pthreads work with "-pthread" and "-lpthread"... yes
[INFO] [stderr]   checking for joinable pthread attribute... PTHREAD_CREATE_JOINABLE
[INFO] [stderr]   checking whether more special flags are required for pthreads... no
[INFO] [stderr]   checking for PTHREAD_PRIO_INHERIT... yes
[INFO] [stderr]   checking the location of hash_map... <unordered_map>
[INFO] [stderr]   checking whether -llog is needed... no
[INFO] [stderr]   checking that generated files are newer than configure... done
[INFO] [stderr]   configure: creating ./config.status
[INFO] [stderr]   config.status: creating Makefile
[INFO] [stderr]   config.status: creating src/Makefile
[INFO] [stderr]   config.status: creating benchmarks/Makefile
[INFO] [stderr]   config.status: creating conformance/Makefile
[INFO] [stderr]   config.status: creating protobuf.pc
[INFO] [stderr]   config.status: creating protobuf-lite.pc
[INFO] [stderr]   config.status: creating config.h
[INFO] [stderr]   config.status: executing depfiles commands
[INFO] [stderr]   config.status: executing libtool commands
[INFO] [stderr]   === configuring in third_party/googletest (/opt/rustwide/target/debug/build/protobuf-src-ceca73268bfbaf5d/out/install/build/third_party/googletest)
[INFO] [stderr]   configure: running /bin/bash /opt/rustwide/cargo-home/registry/src/index.crates.io-6f17d22bba15001f/protobuf-src-1.1.0+21.5/protobuf/third_party/googletest/configure --disable-option-checking '--prefix=/opt/rustwide/target/debug/build/protobuf-src-ceca73268bfbaf5d/out/install'  '--disable-shared' '--enable-static' '--disable-maintainer-mode' 'CC=cc' 'CFLAGS=-O0 -ffunction-sections -fdata-sections -fPIC -m64' 'CXX=c++' 'CXXFLAGS=-O0 -ffunction-sections -fdata-sections -fPIC -m64' --cache-file=/dev/null --srcdir=/opt/rustwide/cargo-home/registry/src/index.crates.io-6f17d22bba15001f/protobuf-src-1.1.0+21.5/protobuf/third_party/googletest
[INFO] [stderr]   checking for a BSD-compatible install... /usr/bin/install -c
[INFO] [stderr]   checking whether build environment is sane... yes
[INFO] [stderr]   checking for a race-free mkdir -p... /usr/bin/mkdir -p
[INFO] [stderr]   checking for gawk... no
[INFO] [stderr]   checking for mawk... mawk
[INFO] [stderr]   checking whether make sets $(MAKE)... yes
[INFO] [stderr]   checking whether make supports nested variables... yes
[INFO] [stderr]   checking that generated files are newer than configure... done
[INFO] [stderr]   configure: creating ./config.status
[INFO] [stderr]   config.status: creating Makefile
[INFO] [stderr]   === configuring in googletest (/opt/rustwide/target/debug/build/protobuf-src-ceca73268bfbaf5d/out/install/build/third_party/googletest/googletest)
[INFO] [stderr]   configure: running /bin/bash /opt/rustwide/cargo-home/registry/src/index.crates.io-6f17d22bba15001f/protobuf-src-1.1.0+21.5/protobuf/third_party/googletest/googletest/configure --disable-option-checking '--prefix=/opt/rustwide/target/debug/build/protobuf-src-ceca73268bfbaf5d/out/install'  '--disable-shared' '--enable-static' '--disable-maintainer-mode' 'CC=cc' 'CFLAGS=-O0 -ffunction-sections -fdata-sections -fPIC -m64' 'CXX=c++' 'CXXFLAGS=-O0 -ffunction-sections -fdata-sections -fPIC -m64' --cache-file=/dev/null --srcdir=/opt/rustwide/cargo-home/registry/src/index.crates.io-6f17d22bba15001f/protobuf-src-1.1.0+21.5/protobuf/third_party/googletest/googletest
[INFO] [stderr]   checking for a BSD-compatible install... /usr/bin/install -c
[INFO] [stderr]   checking whether build environment is sane... yes
[INFO] [stderr]   checking for a race-free mkdir -p... /usr/bin/mkdir -p
[INFO] [stderr]   checking for gawk... no
[INFO] [stderr]   checking for mawk... mawk
[INFO] [stderr]   checking whether make sets $(MAKE)... yes
[INFO] [stderr]   checking whether make supports nested variables... yes
[INFO] [stderr]   checking for gcc... cc
[INFO] [stderr]   checking whether the C compiler works... yes
[INFO] [stderr]   checking for C compiler default output file name... a.out
[INFO] [stderr]   checking for suffix of executables... 
[INFO] [stderr]   checking whether we are cross compiling... no
[INFO] [stderr]   checking for suffix of object files... o
[INFO] [stderr]   checking whether the compiler supports GNU C... yes
[INFO] [stderr]   checking whether cc accepts -g... yes
[INFO] [stderr]   checking for cc option to enable C11 features... none needed
[INFO] [stderr]   checking whether cc understands -c and -o together... yes
[INFO] [stderr]   checking whether make supports the include directive... yes (GNU style)
[INFO] [stderr]   checking dependency style of cc... gcc3
[INFO] [stderr]   checking whether the compiler supports GNU C++... yes
[INFO] [stderr]   checking whether c++ accepts -g... yes
[INFO] [stderr]   checking for c++ option to enable C++11 features... none needed
[INFO] [stderr]   checking dependency style of c++... gcc3
[INFO] [stderr]   checking build system type... x86_64-pc-linux-gnu
[INFO] [stderr]   checking host system type... x86_64-pc-linux-gnu
[INFO] [stderr]   checking how to print strings... printf
[INFO] [stderr]   checking for a sed that does not truncate output... /usr/bin/sed
[INFO] [stderr]   checking for grep that handles long lines and -e... /usr/bin/grep
[INFO] [stderr]   checking for egrep... /usr/bin/grep -E
[INFO] [stderr]   checking for fgrep... /usr/bin/grep -F
[INFO] [stderr]   checking for ld used by cc... /usr/bin/ld
[INFO] [stderr]   checking if the linker (/usr/bin/ld) is GNU ld... yes
[INFO] [stderr]   checking for BSD- or MS-compatible name lister (nm)... /usr/bin/nm -B
[INFO] [stderr]   checking the name lister (/usr/bin/nm -B) interface... BSD nm
[INFO] [stderr]   checking whether ln -s works... yes
[INFO] [stderr]   checking the maximum length of command line arguments... 1572864
[INFO] [stderr]   checking how to convert x86_64-pc-linux-gnu file names to x86_64-pc-linux-gnu format... func_convert_file_noop
[INFO] [stderr]   checking how to convert x86_64-pc-linux-gnu file names to toolchain format... func_convert_file_noop
[INFO] [stderr]   checking for /usr/bin/ld option to reload object files... -r
[INFO] [stderr]   checking for file... file
[INFO] [stderr]   checking for objdump... objdump
[INFO] [stderr]   checking how to recognize dependent libraries... pass_all
[INFO] [stderr]   checking for dlltool... no
[INFO] [stderr]   checking how to associate runtime and link libraries... printf %s\n
[INFO] [stderr]   checking for ar... ar
[INFO] [stderr]   checking for archiver @FILE support... @
[INFO] [stderr]   checking for strip... strip
[INFO] [stderr]   checking for ranlib... ranlib
[INFO] [stderr]   checking command to parse /usr/bin/nm -B output from cc object... ok
[INFO] [stderr]   checking for sysroot... no
[INFO] [stderr]   checking for a working dd... /usr/bin/dd
[INFO] [stderr]   checking how to truncate binary pipes... /usr/bin/dd bs=4096 count=1
[INFO] [stderr]   checking for mt... no
[INFO] [stderr]   checking if : is a manifest tool... no
[INFO] [stderr]   checking for stdio.h... yes
[INFO] [stderr]   checking for stdlib.h... yes
[INFO] [stderr]   checking for string.h... yes
[INFO] [stderr]   checking for inttypes.h... yes
[INFO] [stderr]   checking for stdint.h... yes
[INFO] [stderr]   checking for strings.h... yes
[INFO] [stderr]   checking for sys/stat.h... yes
[INFO] [stderr]   checking for sys/types.h... yes
[INFO] [stderr]   checking for unistd.h... yes
[INFO] [stderr]   checking for dlfcn.h... yes
[INFO] [stderr]   checking for objdir... .libs
[INFO] [stderr]   checking if cc supports -fno-rtti -fno-exceptions... no
[INFO] [stderr]   checking for cc option to produce PIC... -fPIC -DPIC
[INFO] [stderr]   checking if cc PIC flag -fPIC -DPIC works... yes
[INFO] [stderr]   checking if cc static flag -static works... yes
[INFO] [stderr]   checking if cc supports -c -o file.o... yes
[INFO] [stderr]   checking if cc supports -c -o file.o... (cached) yes
[INFO] [stderr]   checking whether the cc linker (/usr/bin/ld -m elf_x86_64) supports shared libraries... yes
[INFO] [stderr]   checking dynamic linker characteristics... GNU/Linux ld.so
[INFO] [stderr]   checking how to hardcode library paths into programs... immediate
[INFO] [stderr]   checking whether stripping libraries is possible... yes
[INFO] [stderr]   checking if libtool supports shared libraries... yes
[INFO] [stderr]   checking whether to build shared libraries... no
[INFO] [stderr]   checking whether to build static libraries... yes
[INFO] [stderr]   checking how to run the C++ preprocessor... c++ -E
[INFO] [stderr]   checking for ld used by c++... /usr/bin/ld -m elf_x86_64
[INFO] [stderr]   checking if the linker (/usr/bin/ld -m elf_x86_64) is GNU ld... yes
[INFO] [stderr]   checking whether the c++ linker (/usr/bin/ld -m elf_x86_64) supports shared libraries... yes
[INFO] [stderr]   checking for c++ option to produce PIC... -fPIC -DPIC
[INFO] [stderr]   checking if c++ PIC flag -fPIC -DPIC works... yes
[INFO] [stderr]   checking if c++ static flag -static works... yes
[INFO] [stderr]   checking if c++ supports -c -o file.o... yes
[INFO] [stderr]   checking if c++ supports -c -o file.o... (cached) yes
[INFO] [stderr]   checking whether the c++ linker (/usr/bin/ld -m elf_x86_64) supports shared libraries... yes
[INFO] [stderr]   checking dynamic linker characteristics... (cached) GNU/Linux ld.so
[INFO] [stderr]   checking how to hardcode library paths into programs... immediate
[INFO] [stderr]   checking for python... :
[INFO] [stderr]   checking for the pthreads library -lpthreads... no
[INFO] [stderr]   checking whether pthreads work without any flags... yes
[INFO] [stderr]   checking for joinable pthread attribute... PTHREAD_CREATE_JOINABLE
[INFO] [stderr]   checking if more special flags are required for pthreads... no
[INFO] [stderr]   checking whether to check for GCC pthread/shared inconsistencies... yes
[INFO] [stderr]   checking whether -pthread is sufficient with -shared... yes
[INFO] [stderr]   checking that generated files are newer than configure... done
[INFO] [stderr]   configure: creating ./config.status
[INFO] [stderr]   config.status: creating Makefile
[INFO] [stderr]   config.status: creating scripts/gtest-config
[INFO] [stderr]   config.status: creating build-aux/config.h
[INFO] [stderr]   config.status: executing depfiles commands
[INFO] [stderr]   config.status: executing libtool commands
[INFO] [stderr]   === configuring in googlemock (/opt/rustwide/target/debug/build/protobuf-src-ceca73268bfbaf5d/out/install/build/third_party/googletest/googlemock)
[INFO] [stderr]   configure: running /bin/bash /opt/rustwide/cargo-home/registry/src/index.crates.io-6f17d22bba15001f/protobuf-src-1.1.0+21.5/protobuf/third_party/googletest/googlemock/configure --disable-option-checking '--prefix=/opt/rustwide/target/debug/build/protobuf-src-ceca73268bfbaf5d/out/install'  '--disable-shared' '--enable-static' '--disable-maintainer-mode' 'CC=cc' 'CFLAGS=-O0 -ffunction-sections -fdata-sections -fPIC -m64' 'CXX=c++' 'CXXFLAGS=-O0 -ffunction-sections -fdata-sections -fPIC -m64' --cache-file=/dev/null --srcdir=/opt/rustwide/cargo-home/registry/src/index.crates.io-6f17d22bba15001f/protobuf-src-1.1.0+21.5/protobuf/third_party/googletest/googlemock
[INFO] [stderr]   checking for a BSD-compatible install... /usr/bin/install -c
[INFO] [stderr]   checking whether build environment is sane... yes
[INFO] [stderr]   checking for a race-free mkdir -p... /usr/bin/mkdir -p
[INFO] [stderr]   checking for gawk... no
[INFO] [stderr]   checking for mawk... mawk
[INFO] [stderr]   checking whether make sets $(MAKE)... yes
[INFO] [stderr]   checking whether make supports nested variables... yes
[INFO] [stderr]   checking for gcc... cc
[INFO] [stderr]   checking whether the C compiler works... yes
[INFO] [stderr]   checking for C compiler default output file name... a.out
[INFO] [stderr]   checking for suffix of executables... 
[INFO] [stderr]   checking whether we are cross compiling... no
[INFO] [stderr]   checking for suffix of object files... o
[INFO] [stderr]   checking whether the compiler supports GNU C... yes
[INFO] [stderr]   checking whether cc accepts -g... yes
[INFO] [stderr]   checking for cc option to enable C11 features... none needed
[INFO] [stderr]   checking whether cc understands -c and -o together... yes
[INFO] [stderr]   checking whether make supports the include directive... yes (GNU style)
[INFO] [stderr]   checking dependency style of cc... gcc3
[INFO] [stderr]   checking whether the compiler supports GNU C++... yes
[INFO] [stderr]   checking whether c++ accepts -g... yes
[INFO] [stderr]   checking for c++ option to enable C++11 features... none needed
[INFO] [stderr]   checking dependency style of c++... gcc3
[INFO] [stderr]   checking build system type... x86_64-pc-linux-gnu
[INFO] [stderr]   checking host system type... x86_64-pc-linux-gnu
[INFO] [stderr]   checking how to print strings... printf
[INFO] [stderr]   checking for a sed that does not truncate output... /usr/bin/sed
[INFO] [stderr]   checking for grep that handles long lines and -e... /usr/bin/grep
[INFO] [stderr]   checking for egrep... /usr/bin/grep -E
[INFO] [stderr]   checking for fgrep... /usr/bin/grep -F
[INFO] [stderr]   checking for ld used by cc... /usr/bin/ld
[INFO] [stderr]   checking if the linker (/usr/bin/ld) is GNU ld... yes
[INFO] [stderr]   checking for BSD- or MS-compatible name lister (nm)... /usr/bin/nm -B
[INFO] [stderr]   checking the name lister (/usr/bin/nm -B) interface... BSD nm
[INFO] [stderr]   checking whether ln -s works... yes
[INFO] [stderr]   checking the maximum length of command line arguments... 1572864
[INFO] [stderr]   checking how to convert x86_64-pc-linux-gnu file names to x86_64-pc-linux-gnu format... func_convert_file_noop
[INFO] [stderr]   checking how to convert x86_64-pc-linux-gnu file names to toolchain format... func_convert_file_noop
[INFO] [stderr]   checking for /usr/bin/ld option to reload object files... -r
[INFO] [stderr]   checking for file... file
[INFO] [stderr]   checking for objdump... objdump
[INFO] [stderr]   checking how to recognize dependent libraries... pass_all
[INFO] [stderr]   checking for dlltool... no
[INFO] [stderr]   checking how to associate runtime and link libraries... printf %s\n
[INFO] [stderr]   checking for ar... ar
[INFO] [stderr]   checking for archiver @FILE support... @
[INFO] [stderr]   checking for strip... strip
[INFO] [stderr]   checking for ranlib... ranlib
[INFO] [stderr]   checking command to parse /usr/bin/nm -B output from cc object... ok
[INFO] [stderr]   checking for sysroot... no
[INFO] [stderr]   checking for a working dd... /usr/bin/dd
[INFO] [stderr]   checking how to truncate binary pipes... /usr/bin/dd bs=4096 count=1
[INFO] [stderr]   checking for mt... no
[INFO] [stderr]   checking if : is a manifest tool... no
[INFO] [stderr]   checking for stdio.h... yes
[INFO] [stderr]   checking for stdlib.h... yes
[INFO] [stderr]   checking for string.h... yes
[INFO] [stderr]   checking for inttypes.h... yes
[INFO] [stderr]   checking for stdint.h... yes
[INFO] [stderr]   checking for strings.h... yes
[INFO] [stderr]   checking for sys/stat.h... yes
[INFO] [stderr]   checking for sys/types.h... yes
[INFO] [stderr]   checking for unistd.h... yes
[INFO] [stderr]   checking for dlfcn.h... yes
[INFO] [stderr]   checking for objdir... .libs
[INFO] [stderr]   checking if cc supports -fno-rtti -fno-exceptions... no
[INFO] [stderr]   checking for cc option to produce PIC... -fPIC -DPIC
[INFO] [stderr]   checking if cc PIC flag -fPIC -DPIC works... yes
[INFO] [stderr]   checking if cc static flag -static works... yes
[INFO] [stderr]   checking if cc supports -c -o file.o... yes
[INFO] [stderr]   checking if cc supports -c -o file.o... (cached) yes
[INFO] [stderr]   checking whether the cc linker (/usr/bin/ld -m elf_x86_64) supports shared libraries... yes
[INFO] [stderr]   checking dynamic linker characteristics... GNU/Linux ld.so
[INFO] [stderr]   checking how to hardcode library paths into programs... immediate
[INFO] [stderr]   checking whether stripping libraries is possible... yes
[INFO] [stderr]   checking if libtool supports shared libraries... yes
[INFO] [stderr]   checking whether to build shared libraries... no
[INFO] [stderr]   checking whether to build static libraries... yes
[INFO] [stderr]   checking how to run the C++ preprocessor... c++ -E
[INFO] [stderr]   checking for ld used by c++... /usr/bin/ld -m elf_x86_64
[INFO] [stderr]   checking if the linker (/usr/bin/ld -m elf_x86_64) is GNU ld... yes
[INFO] [stderr]   checking whether the c++ linker (/usr/bin/ld -m elf_x86_64) supports shared libraries... yes
[INFO] [stderr]   checking for c++ option to produce PIC... -fPIC -DPIC
[INFO] [stderr]   checking if c++ PIC flag -fPIC -DPIC works... yes
[INFO] [stderr]   checking if c++ static flag -static works... yes
[INFO] [stderr]   checking if c++ supports -c -o file.o... yes
[INFO] [stderr]   checking if c++ supports -c -o file.o... (cached) yes
[INFO] [stderr]   checking whether the c++ linker (/usr/bin/ld -m elf_x86_64) supports shared libraries... yes
[INFO] [stderr]   checking dynamic linker characteristics... (cached) GNU/Linux ld.so
[INFO] [stderr]   checking how to hardcode library paths into programs... immediate
[INFO] [stderr]   checking for python... :
[INFO] [stderr]   checking for the pthreads library -lpthreads... no
[INFO] [stderr]   checking whether pthreads work without any flags... yes
[INFO] [stderr]   checking for joinable pthread attribute... PTHREAD_CREATE_JOINABLE
[INFO] [stderr]   checking if more special flags are required for pthreads... no
[INFO] [stderr]   checking whether to check for GCC pthread/shared inconsistencies... yes
[INFO] [stderr]   checking whether -pthread is sufficient with -shared... yes
[INFO] [stderr]   checking for gtest-config... no
[INFO] [stderr]   checking that generated files are newer than configure... done
[INFO] [stderr]   configure: creating ./config.status
[INFO] [stderr]   config.status: creating Makefile
[INFO] [stderr]   config.status: creating scripts/gmock-config
[INFO] [stderr]   config.status: creating build-aux/config.h
[INFO] [stderr]   config.status: executing depfiles commands
[INFO] [stderr]   config.status: executing libtool commands
[INFO] [stderr]   running: cd "/opt/rustwide/target/debug/build/protobuf-src-ceca73268bfbaf5d/out/install/build" && MAKEFLAGS="-j --jobserver-fds=8,9 --jobserver-auth=8,9" "sh" "-c" "exec \"$0\" \"$@\"" "make" "install" "-j8"
[INFO] [stderr]   Making install in .
[INFO] [stderr]   make[1]: Entering directory '/opt/rustwide/target/debug/build/protobuf-src-ceca73268bfbaf5d/out/install/build'
[INFO] [stderr]   make[2]: Entering directory '/opt/rustwide/target/debug/build/protobuf-src-ceca73268bfbaf5d/out/install/build'
[INFO] [stderr]   make[2]: Nothing to be done for 'install-exec-am'.
[INFO] [stderr]    /usr/bin/mkdir -p '/opt/rustwide/target/debug/build/protobuf-src-ceca73268bfbaf5d/out/install/lib/pkgconfig'
[INFO] [stderr]    /usr/bin/install -c -m 644 protobuf.pc protobuf-lite.pc '/opt/rustwide/target/debug/build/protobuf-src-ceca73268bfbaf5d/out/install/lib/pkgconfig'
[INFO] [stderr]   make[2]: Leaving directory '/opt/rustwide/target/debug/build/protobuf-src-ceca73268bfbaf5d/out/install/build'
[INFO] [stderr]   make[1]: Leaving directory '/opt/rustwide/target/debug/build/protobuf-src-ceca73268bfbaf5d/out/install/build'
[INFO] [stderr]   Making install in src
[INFO] [stderr]   make[1]: Entering directory '/opt/rustwide/target/debug/build/protobuf-src-ceca73268bfbaf5d/out/install/build/src'
[INFO] [stderr]     CXX      google/protobuf/wire_format_lite.lo
[INFO] [stderr]     CXX      google/protobuf/any.lo
[INFO] [stderr]     CXX      google/protobuf/any.pb.lo
[INFO] [stderr]     CXX      google/protobuf/api.pb.lo
[INFO] [stderr]     CXX      google/protobuf/compiler/importer.lo
[INFO] [stderr]     CXX      google/protobuf/compiler/parser.lo
[INFO] [stderr]     CXX      google/protobuf/descriptor.lo
[INFO] [stderr]     CXX      google/protobuf/descriptor.pb.lo
[INFO] [stderr]     CXX      google/protobuf/descriptor_database.lo
[INFO] [stderr]     CXX      google/protobuf/duration.pb.lo
[INFO] [stderr]     CXX      google/protobuf/dynamic_message.lo
[INFO] [stderr]     CXX      google/protobuf/empty.pb.lo
[INFO] [stderr]     CXX      google/protobuf/extension_set_heavy.lo
[INFO] [stderr]   make[1]: Leaving directory '/opt/rustwide/target/debug/build/protobuf-src-ceca73268bfbaf5d/out/install/build/src'
[INFO] [stderr] 
[INFO] [stderr]   --- stderr
[INFO] [stderr]   make: warning: -j8 forced in submake: resetting jobserver mode.
[INFO] [stderr]   c++: fatal error: Killed signal terminated program cc1plus
[INFO] [stderr]   compilation terminated.
[INFO] [stderr]   make[1]: *** [Makefile:4514: google/protobuf/descriptor.lo] Error 1
[INFO] [stderr]   make[1]: *** Waiting for unfinished jobs....
[INFO] [stderr]   make: *** [Makefile:1757: install-recursive] Error 1
[INFO] [stderr]   thread 'main' panicked at /opt/rustwide/cargo-home/registry/src/index.crates.io-6f17d22bba15001f/autotools-0.2.7/src/lib.rs:790:5:
[INFO] [stderr] 
[INFO] [stderr]   command did not execute successfully, got: exit status: 2
[INFO] [stderr] 
[INFO] [stderr]   build script failed, must exit now
[INFO] [stderr]   stack backtrace:
[INFO] [stderr]      0:     0x564b0ad6512a - std::backtrace_rs::backtrace::libunwind::trace::h207520d6e9873551
[INFO] [stderr]                                  at /rustc/df4ca44d3fbc9301ee17f30f4d474e6ae4b05252/library/std/src/../../backtrace/src/backtrace/libunwind.rs:116:5
[INFO] [stderr]      1:     0x564b0ad6512a - std::backtrace_rs::backtrace::trace_unsynchronized::h2ed7433f370e3eca
[INFO] [stderr]                                  at /rustc/df4ca44d3fbc9301ee17f30f4d474e6ae4b05252/library/std/src/../../backtrace/src/backtrace/mod.rs:66:5
[INFO] [stderr]      2:     0x564b0ad6512a - std::sys::backtrace::_print_fmt::h916fac51166b18d7
[INFO] [stderr]                                  at /rustc/df4ca44d3fbc9301ee17f30f4d474e6ae4b05252/library/std/src/sys/backtrace.rs:66:9
[INFO] [stderr]      3:     0x564b0ad6512a - <std::sys::backtrace::BacktraceLock::print::DisplayBacktrace as core::fmt::Display>::fmt::ha0a4c9b8ce3802e6
[INFO] [stderr]                                  at /rustc/df4ca44d3fbc9301ee17f30f4d474e6ae4b05252/library/std/src/sys/backtrace.rs:39:26
[INFO] [stderr]      4:     0x564b0ad87e43 - core::fmt::rt::Argument::fmt::h4cfc8587d52b3eb5
[INFO] [stderr]                                  at /rustc/df4ca44d3fbc9301ee17f30f4d474e6ae4b05252/library/core/src/fmt/rt.rs:177:76
[INFO] [stderr]      5:     0x564b0ad87e43 - core::fmt::write::h522cc39e5b36ae9f
[INFO] [stderr]                                  at /rustc/df4ca44d3fbc9301ee17f30f4d474e6ae4b05252/library/core/src/fmt/mod.rs:1190:21
[INFO] [stderr]      6:     0x564b0ad61ea3 - std::io::Write::write_fmt::hf1c1dcc8cc1287f0
[INFO] [stderr]                                  at /rustc/df4ca44d3fbc9301ee17f30f4d474e6ae4b05252/library/std/src/io/mod.rs:1839:15
[INFO] [stderr]      7:     0x564b0ad64f72 - std::sys::backtrace::BacktraceLock::print::h4b9e00b29e9c0942
[INFO] [stderr]                                  at /rustc/df4ca44d3fbc9301ee17f30f4d474e6ae4b05252/library/std/src/sys/backtrace.rs:42:9
[INFO] [stderr]      8:     0x564b0ad6616c - std::panicking::default_hook::{{closure}}::hb59b88280d0324d9
[INFO] [stderr]                                  at /rustc/df4ca44d3fbc9301ee17f30f4d474e6ae4b05252/library/std/src/panicking.rs:268:22
[INFO] [stderr]      9:     0x564b0ad65fb2 - std::panicking::default_hook::he1dd496665be4a29
[INFO] [stderr]                                  at /rustc/df4ca44d3fbc9301ee17f30f4d474e6ae4b05252/library/std/src/panicking.rs:295:9
[INFO] [stderr]     10:     0x564b0ad66767 - std::panicking::rust_panic_with_hook::h2ff17fe8f26dfcf8
[INFO] [stderr]                                  at /rustc/df4ca44d3fbc9301ee17f30f4d474e6ae4b05252/library/std/src/panicking.rs:801:13
[INFO] [stderr]     11:     0x564b0ad665fa - std::panicking::begin_panic_handler::{{closure}}::h4fad77951c07e101
[INFO] [stderr]                                  at /rustc/df4ca44d3fbc9301ee17f30f4d474e6ae4b05252/library/std/src/panicking.rs:674:13
[INFO] [stderr]     12:     0x564b0ad65609 - std::sys::backtrace::__rust_end_short_backtrace::hb1a25b3da5d0ea08
[INFO] [stderr]                                  at /rustc/df4ca44d3fbc9301ee17f30f4d474e6ae4b05252/library/std/src/sys/backtrace.rs:170:18
[INFO] [stderr]     13:     0x564b0ad6628c - rust_begin_unwind
[INFO] [stderr]                                  at /rustc/df4ca44d3fbc9301ee17f30f4d474e6ae4b05252/library/std/src/panicking.rs:665:5
[INFO] [stderr]     14:     0x564b0ad86bf0 - core::panicking::panic_fmt::ha9db07b529f9b256
[INFO] [stderr]                                  at /rustc/df4ca44d3fbc9301ee17f30f4d474e6ae4b05252/library/core/src/panicking.rs:75:14
[INFO] [stderr]     15:     0x564b0ace7bd2 - autotools::fail::hede8a2121ee3e830
[INFO] [stderr]     16:     0x564b0ace5ea5 - autotools::Config::build::hb79013b07cc640a3
[INFO] [stderr]     17:     0x564b0ace11db - build_script_build::main::h14f4442e85d55c2a
[INFO] [stderr]     18:     0x564b0acde223 - core::ops::function::FnOnce::call_once::hfbcb4990d0fa6af3
[INFO] [stderr]     19:     0x564b0acde106 - std::sys::backtrace::__rust_begin_short_backtrace::hcdbf4b88a02c7067
[INFO] [stderr]     20:     0x564b0acde069 - std::rt::lang_start::{{closure}}::h59c23fd48a29b535
[INFO] [stderr]     21:     0x564b0ad5e047 - core::ops::function::impls::<impl core::ops::function::FnOnce<A> for &F>::call_once::hd87d66b906e0ccaf
[INFO] [stderr]                                  at /rustc/df4ca44d3fbc9301ee17f30f4d474e6ae4b05252/library/core/src/ops/function.rs:284:13
[INFO] [stderr]     22:     0x564b0ad5e047 - std::panicking::try::do_call::hae3703de71fc9e3a
[INFO] [stderr]                                  at /rustc/df4ca44d3fbc9301ee17f30f4d474e6ae4b05252/library/std/src/panicking.rs:557:40
[INFO] [stderr]     23:     0x564b0ad5e047 - std::panicking::try::h1178330e9a2b2645
[INFO] [stderr]                                  at /rustc/df4ca44d3fbc9301ee17f30f4d474e6ae4b05252/library/std/src/panicking.rs:520:19
[INFO] [stderr]     24:     0x564b0ad5e047 - std::panic::catch_unwind::h0acf49d2305d32ad
[INFO] [stderr]                                  at /rustc/df4ca44d3fbc9301ee17f30f4d474e6ae4b05252/library/std/src/panic.rs:358:14
[INFO] [stderr]     25:     0x564b0ad5e047 - std::rt::lang_start_internal::{{closure}}::h2d95182d798177be
[INFO] [stderr]                                  at /rustc/df4ca44d3fbc9301ee17f30f4d474e6ae4b05252/library/std/src/rt.rs:174:48
[INFO] [stderr]     26:     0x564b0ad5e047 - std::panicking::try::do_call::hb506f5bfe11fd30c
[INFO] [stderr]                                  at /rustc/df4ca44d3fbc9301ee17f30f4d474e6ae4b05252/library/std/src/panicking.rs:557:40
[INFO] [stderr]     27:     0x564b0ad5e047 - std::panicking::try::h54d825c46bd0fa95
[INFO] [stderr]                                  at /rustc/df4ca44d3fbc9301ee17f30f4d474e6ae4b05252/library/std/src/panicking.rs:520:19
[INFO] [stderr]     28:     0x564b0ad5e047 - std::panic::catch_unwind::hffbb0ad20c4e9fac
[INFO] [stderr]                                  at /rustc/df4ca44d3fbc9301ee17f30f4d474e6ae4b05252/library/std/src/panic.rs:358:14
[INFO] [stderr]     29:     0x564b0ad5e047 - std::rt::lang_start_internal::h52c291ef1962c925
[INFO] [stderr]                                  at /rustc/df4ca44d3fbc9301ee17f30f4d474e6ae4b05252/library/std/src/rt.rs:174:20
[INFO] [stderr]     30:     0x564b0acde047 - std::rt::lang_start::h0022820722246071
[INFO] [stderr]     31:     0x564b0ace1665 - main
[INFO] [stderr]     32:     0x775b2df51d90 - <unknown>
[INFO] [stderr]     33:     0x775b2df51e40 - __libc_start_main
[INFO] [stderr]     34:     0x564b0acddb75 - _start
[INFO] [stderr]     35:                0x0 - <unknown>
[ERROR] error running command: no output for 300 seconds
[INFO] running `Command { std: "docker" "inspect" "e49ba9c4543e74ae110cb2f43cab16f4fba252bcd255232911384ebf4e760cdc", kill_on_drop: false }`
[INFO] running `Command { std: "docker" "rm" "-f" "e49ba9c4543e74ae110cb2f43cab16f4fba252bcd255232911384ebf4e760cdc", kill_on_drop: false }`
[INFO] [stdout] e49ba9c4543e74ae110cb2f43cab16f4fba252bcd255232911384ebf4e760cdc
