[INFO] fetching crate solana-svm 2.0.14...
[INFO] testing solana-svm-2.0.14 against nightly-2024-10-28 for randomize-layout
[INFO] extracting crate solana-svm 2.0.14 into /workspace/builds/worker-2-tc1/source
[INFO] validating manifest of crates.io crate solana-svm 2.0.14 on toolchain nightly-2024-10-28
[INFO] running `Command { std: CARGO_HOME="/workspace/cargo-home" RUSTUP_HOME="/workspace/rustup-home" "/workspace/cargo-home/bin/cargo" "+nightly-2024-10-28" "metadata" "--manifest-path" "Cargo.toml" "--no-deps", kill_on_drop: false }`
[INFO] started tweaking crates.io crate solana-svm 2.0.14
[INFO] finished tweaking crates.io crate solana-svm 2.0.14
[INFO] tweaked toml for crates.io crate solana-svm 2.0.14 written to /workspace/builds/worker-2-tc1/source/Cargo.toml
[INFO] running `Command { std: CARGO_HOME="/workspace/cargo-home" RUSTUP_HOME="/workspace/rustup-home" "/workspace/cargo-home/bin/cargo" "+nightly-2024-10-28" "generate-lockfile" "--manifest-path" "Cargo.toml", kill_on_drop: false }`
[INFO] [stderr]     Updating crates.io index
[INFO] [stderr]      Locking 347 packages to latest compatible versions
[INFO] [stderr]       Adding blake3 v1.5.1 (available: v1.5.4)
[INFO] [stderr]       Adding itertools v0.12.1 (available: v0.13.0)
[INFO] [stderr]       Adding libsecp256k1 v0.6.0 (available: v0.7.1)
[INFO] [stderr]       Adding prost v0.11.9 (available: v0.13.3)
[INFO] [stderr]       Adding prost-build v0.11.9 (available: v0.13.3)
[INFO] [stderr]       Adding prost-types v0.11.9 (available: v0.13.3)
[INFO] [stderr]       Adding solana-bpf-loader-program v2.0.14 (available: v2.1.0)
[INFO] [stderr]       Adding solana-compute-budget v2.0.14 (available: v2.1.0)
[INFO] [stderr]       Adding solana-compute-budget-program v2.0.14 (available: v2.1.0)
[INFO] [stderr]       Adding solana-curve25519 v2.0.14 (available: v2.1.0)
[INFO] [stderr]       Adding solana-frozen-abi v2.0.14 (available: v2.1.0)
[INFO] [stderr]       Adding solana-frozen-abi-macro v2.0.14 (available: v2.1.0)
[INFO] [stderr]       Adding solana-loader-v4-program v2.0.14 (available: v2.1.0)
[INFO] [stderr]       Adding solana-logger v2.0.14 (available: v2.1.0)
[INFO] [stderr]       Adding solana-measure v2.0.14 (available: v2.1.0)
[INFO] [stderr]       Adding solana-metrics v2.0.14 (available: v2.1.0)
[INFO] [stderr]       Adding solana-poseidon v2.0.14 (available: v2.1.0)
[INFO] [stderr]       Adding solana-program v2.0.14 (available: v2.1.0)
[INFO] [stderr]       Adding solana-program-runtime v2.0.14 (available: v2.1.0)
[INFO] [stderr]       Adding solana-sdk v2.0.14 (available: v2.1.0)
[INFO] [stderr]       Adding solana-sdk-macro v2.0.14 (available: v2.1.0)
[INFO] [stderr]       Adding solana-system-program v2.0.14 (available: v2.1.0)
[INFO] [stderr]       Adding solana-type-overrides v2.0.14 (available: v2.1.0)
[INFO] [stderr]       Adding solana-vote v2.0.14 (available: v2.1.0)
[INFO] [stderr]       Adding solana_rbpf v0.8.4 (available: v0.8.5)
[INFO] [stderr]       Adding zeroize v1.3.0 (available: v1.8.1)
[INFO] running `Command { std: CARGO_HOME="/workspace/cargo-home" RUSTUP_HOME="/workspace/rustup-home" "/workspace/cargo-home/bin/cargo" "+nightly-2024-10-28" "fetch" "--manifest-path" "Cargo.toml", kill_on_drop: false }`
[INFO] [stderr]  Downloading crates ...
[INFO] [stderr]   Downloaded assoc v0.1.3
[INFO] [stderr]   Downloaded solana-frozen-abi v2.0.14
[INFO] [stderr]   Downloaded solana-type-overrides v2.0.14
[INFO] [stderr]   Downloaded solana-logger v2.0.14
[INFO] [stderr]   Downloaded solana-poseidon v2.0.14
[INFO] [stderr]   Downloaded solana-curve25519 v2.0.14
[INFO] [stderr]   Downloaded solana-compute-budget v2.0.14
[INFO] [stderr]   Downloaded solana-frozen-abi-macro v2.0.14
[INFO] [stderr]   Downloaded solana-system-program v2.0.14
[INFO] [stderr]   Downloaded solana-compute-budget-program v2.0.14
[INFO] [stderr]   Downloaded solana-loader-v4-program v2.0.14
[INFO] [stderr]   Downloaded solana-metrics v2.0.14
[INFO] [stderr]   Downloaded solana-bpf-loader-program v2.0.14
[INFO] [stderr]   Downloaded solana-program-runtime v2.0.14
[INFO] [stderr]   Downloaded solana-sdk v2.0.14
[INFO] [stderr]   Downloaded shuttle v0.7.1
[INFO] [stderr]   Downloaded solana-measure v2.0.14
[INFO] [stderr]   Downloaded solana_rbpf v0.8.4
[INFO] [stderr]   Downloaded solana-vote v2.0.14
[INFO] running `Command { std: "docker" "create" "-v" "/var/lib/crater-agent-workspace/builds/worker-2-tc1/target:/opt/rustwide/target:rw,Z" "-v" "/var/lib/crater-agent-workspace/builds/worker-2-tc1/source:/opt/rustwide/workdir:ro,Z" "-v" "/var/lib/crater-agent-workspace/cargo-home:/opt/rustwide/cargo-home:ro,Z" "-v" "/var/lib/crater-agent-workspace/rustup-home:/opt/rustwide/rustup-home:ro,Z" "-e" "SOURCE_DIR=/opt/rustwide/workdir" "-e" "CARGO_TARGET_DIR=/opt/rustwide/target" "-e" "CARGO_HOME=/opt/rustwide/cargo-home" "-e" "RUSTUP_HOME=/opt/rustwide/rustup-home" "-w" "/opt/rustwide/workdir" "-m" "1610612736" "--user" "0:0" "--network" "none" "ghcr.io/rust-lang/crates-build-env/linux@sha256:4a844ea9eb2546a2d2c7022eacef16ef2e8229c7fbb2c7d4d55a9ceca922f72d" "/opt/rustwide/cargo-home/bin/cargo" "+nightly-2024-10-28" "metadata" "--no-deps" "--format-version=1", kill_on_drop: false }`
[INFO] [stdout] 493e8abc1d978ae370e4032979a88548276b034fdd3b3ee1bbf980003ef37688
[INFO] running `Command { std: "docker" "start" "-a" "493e8abc1d978ae370e4032979a88548276b034fdd3b3ee1bbf980003ef37688", kill_on_drop: false }`
[INFO] running `Command { std: "docker" "inspect" "493e8abc1d978ae370e4032979a88548276b034fdd3b3ee1bbf980003ef37688", kill_on_drop: false }`
[INFO] running `Command { std: "docker" "rm" "-f" "493e8abc1d978ae370e4032979a88548276b034fdd3b3ee1bbf980003ef37688", kill_on_drop: false }`
[INFO] [stdout] 493e8abc1d978ae370e4032979a88548276b034fdd3b3ee1bbf980003ef37688
[INFO] running `Command { std: "docker" "create" "-v" "/var/lib/crater-agent-workspace/builds/worker-2-tc1/target:/opt/rustwide/target:rw,Z" "-v" "/var/lib/crater-agent-workspace/builds/worker-2-tc1/source:/opt/rustwide/workdir:ro,Z" "-v" "/var/lib/crater-agent-workspace/cargo-home:/opt/rustwide/cargo-home:ro,Z" "-v" "/var/lib/crater-agent-workspace/rustup-home:/opt/rustwide/rustup-home:ro,Z" "-e" "SOURCE_DIR=/opt/rustwide/workdir" "-e" "CARGO_TARGET_DIR=/opt/rustwide/target" "-e" "CARGO_INCREMENTAL=0" "-e" "RUST_BACKTRACE=full" "-e" "RUSTFLAGS=--cap-lints=forbid" "-e" "RUSTDOCFLAGS=--cap-lints=forbid" "-e" "CARGO_HOME=/opt/rustwide/cargo-home" "-e" "RUSTUP_HOME=/opt/rustwide/rustup-home" "-w" "/opt/rustwide/workdir" "-m" "1610612736" "--user" "0:0" "--network" "none" "ghcr.io/rust-lang/crates-build-env/linux@sha256:4a844ea9eb2546a2d2c7022eacef16ef2e8229c7fbb2c7d4d55a9ceca922f72d" "/opt/rustwide/cargo-home/bin/cargo" "+nightly-2024-10-28" "build" "--frozen" "--message-format=json", kill_on_drop: false }`
[INFO] [stdout] 7350901e50acffac6d5814cd8d234f900ad9274feb6b6950f3e507e68663fba8
[INFO] running `Command { std: "docker" "start" "-a" "7350901e50acffac6d5814cd8d234f900ad9274feb6b6950f3e507e68663fba8", kill_on_drop: false }`
[INFO] [stderr]    Compiling version_check v0.9.5
[INFO] [stderr]    Compiling cfg-if v1.0.0
[INFO] [stderr]    Compiling serde v1.0.214
[INFO] [stderr]    Compiling typenum v1.17.0
[INFO] [stderr]    Compiling subtle v2.6.1
[INFO] [stderr]    Compiling byteorder v1.5.0
[INFO] [stderr]    Compiling syn v1.0.109
[INFO] [stderr]    Compiling once_cell v1.20.2
[INFO] [stderr]    Compiling equivalent v1.0.1
[INFO] [stderr]    Compiling semver v1.0.23
[INFO] [stderr]    Compiling hashbrown v0.15.0
[INFO] [stderr]    Compiling shlex v1.3.0
[INFO] [stderr]    Compiling num-traits v0.2.19
[INFO] [stderr]    Compiling syn v2.0.86
[INFO] [stderr]    Compiling fnv v1.0.7
[INFO] [stderr]    Compiling getrandom v0.2.15
[INFO] [stderr]    Compiling either v1.13.0
[INFO] [stderr]    Compiling log v0.4.22
[INFO] [stderr]    Compiling crunchy v0.2.2
[INFO] [stderr]    Compiling cc v1.1.31
[INFO] [stderr]    Compiling rand_core v0.6.4
[INFO] [stderr]    Compiling getrandom v0.1.16
[INFO] [stderr]    Compiling paste v1.0.15
[INFO] [stderr]    Compiling memchr v2.7.4
[INFO] [stderr]    Compiling itertools v0.10.5
[INFO] [stderr]    Compiling itoa v1.0.11
[INFO] [stderr]    Compiling generic-array v0.14.7
[INFO] [stderr]    Compiling ahash v0.8.11
[INFO] [stderr]    Compiling proc-macro-error-attr v1.0.4
[INFO] [stderr]    Compiling rustc_version v0.4.1
[INFO] [stderr]    Compiling rand_core v0.5.1
[INFO] [stderr]    Compiling toml_datetime v0.6.8
[INFO] [stderr]    Compiling winnow v0.6.20
[INFO] [stderr]    Compiling proc-macro-error v1.0.4
[INFO] [stderr]    Compiling lazy_static v1.5.0
[INFO] [stderr]    Compiling thiserror v1.0.66
[INFO] [stderr]    Compiling indexmap v2.6.0
[INFO] [stderr]    Compiling cpufeatures v0.2.14
[INFO] [stderr]    Compiling pin-project-lite v0.2.15
[INFO] [stderr]    Compiling opaque-debug v0.3.1
[INFO] [stderr]    Compiling bytes v1.8.0
[INFO] [stderr]    Compiling cfg_aliases v0.2.1
[INFO] [stderr]    Compiling percent-encoding v2.3.1
[INFO] [stderr]    Compiling feature-probe v0.1.1
[INFO] [stderr]    Compiling num-integer v0.1.46
[INFO] [stderr]    Compiling ident_case v1.0.1
[INFO] [stderr]    Compiling strsim v0.11.1
[INFO] [stderr]    Compiling borsh v1.5.1
[INFO] [stderr]    Compiling socket2 v0.5.7
[INFO] [stderr]    Compiling bv v0.11.1
[INFO] [stderr]    Compiling mio v1.0.2
[INFO] [stderr]    Compiling memoffset v0.9.1
[INFO] [stderr]    Compiling futures-core v0.3.31
[INFO] [stderr]    Compiling arrayref v0.3.9
[INFO] [stderr]    Compiling num-bigint v0.4.6
[INFO] [stderr]    Compiling tokio v1.41.0
[INFO] [stderr]    Compiling solana-program v2.0.14
[INFO] [stderr]    Compiling slab v0.4.9
[INFO] [stderr]    Compiling ryu v1.0.18
[INFO] [stderr]    Compiling digest v0.9.0
[INFO] [stderr]    Compiling untrusted v0.9.0
[INFO] [stderr]    Compiling constant_time_eq v0.3.1
[INFO] [stderr]    Compiling libsecp256k1-core v0.2.2
[INFO] [stderr]    Compiling signature v1.6.4
[INFO] [stderr]    Compiling arrayvec v0.7.6
[INFO] [stderr]    Compiling serde_json v1.0.132
[INFO] [stderr]    Compiling spin v0.9.8
[INFO] [stderr]    Compiling base64 v0.12.3
[INFO] [stderr]    Compiling keccak v0.1.5
[INFO] [stderr]    Compiling bs58 v0.5.1
[INFO] [stderr]    Compiling ed25519 v1.5.3
[INFO] [stderr]    Compiling bytemuck v1.19.0
[INFO] [stderr]    Compiling base64 v0.22.1
[INFO] [stderr]    Compiling http v0.2.12
[INFO] [stderr]    Compiling solana-sdk v2.0.14
[INFO] [stderr]    Compiling tracing-core v0.1.32
[INFO] [stderr]    Compiling pin-utils v0.1.0
[INFO] [stderr]    Compiling alloc-no-stdlib v2.0.4
[INFO] [stderr]    Compiling ring v0.17.8
[INFO] [stderr]    Compiling blake3 v1.5.1
[INFO] [stderr]    Compiling httparse v1.9.5
[INFO] [stderr]    Compiling futures-task v0.3.31
[INFO] [stderr]    Compiling futures-sink v0.3.31
[INFO] [stderr]    Compiling derivation-path v0.2.0
[INFO] [stderr]    Compiling toml_edit v0.22.22
[INFO] [stderr]    Compiling tinyvec_macros v0.1.1
[INFO] [stderr]    Compiling rustls v0.21.12
[INFO] [stderr]    Compiling futures-io v0.3.31
[INFO] [stderr]    Compiling futures-util v0.3.31
[INFO] [stderr]    Compiling tracing v0.1.40
[INFO] [stderr]    Compiling tinyvec v1.8.0
[INFO] [stderr]    Compiling alloc-stdlib v0.2.2
[INFO] [stderr]    Compiling libsecp256k1-gen-genmult v0.2.1
[INFO] [stderr]    Compiling libsecp256k1-gen-ecmult v0.2.1
[INFO] [stderr]    Compiling qstring v0.7.2
[INFO] [stderr]    Compiling chrono v0.4.38
[INFO] [stderr]    Compiling uriparse v0.6.4
[INFO] [stderr]    Compiling libsecp256k1 v0.6.0
[INFO] [stderr]    Compiling itertools v0.12.1
[INFO] [stderr]    Compiling memmap2 v0.5.10
[INFO] [stderr]    Compiling num-bigint v0.2.6
[INFO] [stderr]    Compiling siphasher v0.3.11
[INFO] [stderr]    Compiling adler2 v2.0.0
[INFO] [stderr]    Compiling try-lock v0.2.5
[INFO] [stderr]    Compiling miniz_oxide v0.8.0
[INFO] [stderr]    Compiling unicode-normalization v0.1.24
[INFO] [stderr]    Compiling want v0.3.1
[INFO] [stderr]    Compiling http-body v0.4.6
[INFO] [stderr]    Compiling brotli-decompressor v4.0.1
[INFO] [stderr]    Compiling toml v0.5.11
[INFO] [stderr]    Compiling darling_core v0.20.10
[INFO] [stderr]    Compiling futures-channel v0.3.31
[INFO] [stderr]    Compiling proc-macro-crate v3.2.0
[INFO] [stderr]    Compiling borsh-derive-internal v0.10.4
[INFO] [stderr]    Compiling borsh-schema-derive-internal v0.10.4
[INFO] [stderr]    Compiling form_urlencoded v1.2.1
[INFO] [stderr]    Compiling crc32fast v1.4.2
[INFO] [stderr]    Compiling num-complex v0.2.4
[INFO] [stderr]    Compiling num-rational v0.2.4
[INFO] [stderr]    Compiling tower-service v0.3.3
[INFO] [stderr]    Compiling httpdate v1.0.3
[INFO] [stderr]    Compiling crossbeam-utils v0.8.20
[INFO] [stderr]    Compiling unicode-bidi v0.3.17
[INFO] [stderr]    Compiling brotli v7.0.0
[INFO] [stderr]    Compiling anyhow v1.0.92
[INFO] [stderr]    Compiling flate2 v1.0.34
[INFO] [stderr]    Compiling tokio-util v0.7.12
[INFO] [stderr]    Compiling rustix v0.38.38
[INFO] [stderr]    Compiling void v1.0.2
[INFO] [stderr]    Compiling base64 v0.21.7
[INFO] [stderr]    Compiling idna v0.5.0
[INFO] [stderr]    Compiling proc-macro-crate v0.1.5
[INFO] [stderr]    Compiling rustls-pemfile v1.0.4
[INFO] [stderr]    Compiling unreachable v1.0.0
[INFO] [stderr]    Compiling h2 v0.3.26
[INFO] [stderr]    Compiling url v2.5.2
[INFO] [stderr]    Compiling num-iter v0.1.45
[INFO] [stderr]    Compiling solana-compute-budget v2.0.14
[INFO] [stderr]    Compiling solana-vote v2.0.14
[INFO] [stderr]    Compiling encoding_rs v0.8.35
[INFO] [stderr]    Compiling sync_wrapper v0.1.2
[INFO] [stderr]    Compiling webpki-roots v0.25.4
[INFO] [stderr]    Compiling ipnet v2.10.1
[INFO] [stderr]    Compiling mime v0.3.17
[INFO] [stderr]    Compiling plain v0.2.3
[INFO] [stderr]    Compiling ascii v0.9.3
[INFO] [stderr]    Compiling bitflags v2.6.0
[INFO] [stderr]    Compiling ark-serialize-derive v0.4.2
[INFO] [stderr]    Compiling derivative v2.2.0
[INFO] [stderr]    Compiling serde_derive v1.0.214
[INFO] [stderr]    Compiling zerocopy-derive v0.7.35
[INFO] [stderr]    Compiling zeroize_derive v1.4.2
[INFO] [stderr]    Compiling ark-ff-asm v0.4.2
[INFO] [stderr]    Compiling ark-ff-macros v0.4.2
[INFO] [stderr]    Compiling thiserror-impl v1.0.66
[INFO] [stderr]    Compiling syn_derive v0.1.8
[INFO] [stderr]    Compiling borsh-derive v0.10.4
[INFO] [stderr]    Compiling solana-sdk-macro v2.0.14
[INFO] [stderr]    Compiling zeroize v1.3.0
[INFO] [stderr]    Compiling num-derive v0.4.2
[INFO] [stderr]    Compiling bytemuck_derive v1.8.0
[INFO] [stderr]    Compiling num_enum_derive v0.7.3
[INFO] [stderr]    Compiling darling_macro v0.20.10
[INFO] [stderr]    Compiling zerocopy v0.7.35
[INFO] [stderr]    Compiling borsh-derive v1.5.1
[INFO] [stderr]    Compiling sct v0.7.1
[INFO] [stderr]    Compiling rustls-webpki v0.101.7
[INFO] [stderr]    Compiling scroll_derive v0.11.1
[INFO] [stderr]    Compiling linux-raw-sys v0.4.14
[INFO] [stderr]    Compiling darling v0.20.10
[INFO] [stderr]    Compiling serde_with_macros v2.3.3
[INFO] [stderr]    Compiling prost-derive v0.11.9
[INFO] [stderr]    Compiling ppv-lite86 v0.2.20
[INFO] [stderr]    Compiling scroll v0.11.0
[INFO] [stderr]    Compiling hashbrown v0.13.2
[INFO] [stderr]    Compiling combine v3.8.1
[INFO] [stderr]    Compiling num_enum v0.7.3
[INFO] [stderr]    Compiling goblin v0.5.4
[INFO] [stderr]    Compiling enum-iterator-derive v1.4.0
[INFO] [stderr]    Compiling num v0.2.1
[INFO] [stderr]    Compiling crossbeam-channel v0.5.13
[INFO] [stderr]    Compiling solana-program-runtime v2.0.14
[INFO] [stderr]    Compiling hash32 v0.2.1
[INFO] [stderr]    Compiling rand_chacha v0.3.1
[INFO] [stderr]    Compiling rand_chacha v0.2.2
[INFO] [stderr]    Compiling gethostname v0.2.3
[INFO] [stderr]    Compiling prettyplease v0.1.25
[INFO] [stderr]    Compiling regex-syntax v0.8.5
[INFO] [stderr]    Compiling async-compression v0.4.17
[INFO] [stderr]    Compiling rand v0.8.5
[INFO] [stderr]    Compiling rand v0.7.3
[INFO] [stderr]    Compiling borsh v0.10.4
[INFO] [stderr]    Compiling rustc-demangle v0.1.24
[INFO] [stderr]    Compiling hyper v0.14.31
[INFO] [stderr]    Compiling ark-std v0.4.0
[INFO] [stderr]    Compiling enum-iterator v1.5.0
[INFO] [stderr]    Compiling solana-type-overrides v2.0.14
[INFO] [stderr]    Compiling prost v0.11.9
[INFO] [stderr]    Compiling percentage v0.1.0
[INFO] [stderr]    Compiling fixedbitset v0.4.2
[INFO] [stderr]    Compiling home v0.5.9
[INFO] [stderr]    Compiling eager v0.1.0
[INFO] [stderr]    Compiling fastrand v2.1.1
[INFO] [stderr]    Compiling petgraph v0.6.5
[INFO] [stderr]    Compiling prost-types v0.11.9
[INFO] [stderr]    Compiling which v4.4.2
[INFO] [stderr]    Compiling tempfile v3.13.0
[INFO] [stderr]    Compiling multimap v0.8.3
[INFO] [stderr]    Compiling tokio-rustls v0.24.1
[INFO] [stderr]    Compiling regex-automata v0.4.8
[INFO] [stderr]    Compiling scopeguard v1.2.0
[INFO] [stderr]    Compiling qualifier_attr v0.2.2
[INFO] [stderr]    Compiling hyper-rustls v0.24.2
[INFO] [stderr]    Compiling regex v1.11.1
[INFO] [stderr]    Compiling prost-build v0.11.9
[INFO] [stderr]    Compiling solana_rbpf v0.8.4
[INFO] [stderr]    Compiling bincode v1.3.3
[INFO] [stderr]    Compiling serde_bytes v0.11.15
[INFO] [stderr]    Compiling serde_with v2.3.3
[INFO] [stderr]    Compiling serde_urlencoded v0.7.1
[INFO] [stderr]    Compiling solana-svm v2.0.14 (/opt/rustwide/workdir)
[INFO] [stderr]    Compiling block-buffer v0.10.4
[INFO] [stderr]    Compiling crypto-common v0.1.6
[INFO] [stderr]    Compiling block-buffer v0.9.0
[INFO] [stderr]    Compiling crypto-mac v0.8.0
[INFO] [stderr]    Compiling digest v0.10.7
[INFO] [stderr]    Compiling sha2 v0.9.9
[INFO] [stderr]    Compiling hmac v0.8.1
[INFO] [stderr]    Compiling curve25519-dalek v3.2.1
[INFO] [stderr]    Compiling reqwest v0.11.27
[INFO] [stderr]    Compiling hmac-drbg v0.3.0
[INFO] [stderr]    Compiling ark-serialize v0.4.2
[INFO] [stderr]    Compiling sha2 v0.10.8
[INFO] [stderr]    Compiling sha3 v0.10.8
[INFO] [stderr]    Compiling hmac v0.12.1
[INFO] [stderr]    Compiling pbkdf2 v0.11.0
[INFO] [stderr]    Compiling ark-ff v0.4.2
[INFO] [stderr]    Compiling ed25519-dalek v1.0.1
[INFO] [stderr]    Compiling ed25519-dalek-bip32 v0.2.0
[INFO] [stderr]    Compiling ark-poly v0.4.2
[INFO] [stderr]    Compiling ark-ec v0.4.2
[INFO] [stderr]    Compiling ark-bn254 v0.4.0
[INFO] [stderr]    Compiling light-poseidon v0.2.0
[INFO] [stderr]    Compiling solana-poseidon v2.0.14
[INFO] [stderr]    Compiling solana-curve25519 v2.0.14
[INFO] [stderr]    Compiling solana-metrics v2.0.14
[INFO] [stderr]    Compiling solana-measure v2.0.14
[INFO] [stderr]    Compiling solana-bpf-loader-program v2.0.14
[INFO] [stderr]    Compiling solana-loader-v4-program v2.0.14
[INFO] [stderr]    Compiling solana-system-program v2.0.14
[INFO] [stdout] warning: unexpected `cfg` condition name: `RUSTC_WITH_SPECIALIZATION`
[INFO] [stdout]  --> src/lib.rs:1:13
[INFO] [stdout]   |
[INFO] [stdout] 1 | #![cfg_attr(RUSTC_WITH_SPECIALIZATION, feature(min_specialization))]
[INFO] [stdout]   |             ^^^^^^^^^^^^^^^^^^^^^^^^^
[INFO] [stdout]   |
[INFO] [stdout]   = help: expected names are: `clippy`, `debug_assertions`, `doc`, `docsrs`, `doctest`, `feature`, `fmt_debug`, `miri`, `overflow_checks`, `panic`, `proc_macro`, `relocation_model`, `rustfmt`, `sanitize`, `sanitizer_cfi_generalize_pointers`, `sanitizer_cfi_normalize_integers`, `target_abi`, `target_arch`, `target_endian`, `target_env`, `target_family`, `target_feature`, `target_has_atomic`, `target_has_atomic_equal_alignment`, `target_has_atomic_load_store`, `target_os`, `target_pointer_width`, `target_thread_local`, `target_vendor`, `test`, `ub_checks`, `unix`, and `windows`
[INFO] [stdout]   = help: consider using a Cargo feature instead
[INFO] [stdout]   = help: or consider adding in `Cargo.toml` the `check-cfg` lint config for the lint:
[INFO] [stdout]            [lints.rust]
[INFO] [stdout]            unexpected_cfgs = { level = "warn", check-cfg = ['cfg(RUSTC_WITH_SPECIALIZATION)'] }
[INFO] [stdout]   = help: or consider adding `println!("cargo::rustc-check-cfg=cfg(RUSTC_WITH_SPECIALIZATION)");` to the top of the `build.rs`
[INFO] [stdout]   = note: see <https://doc.rust-lang.org/nightly/rustc/check-cfg/cargo-specifics.html> for more information about checking conditional configuration
[INFO] [stdout]   = note: `#[warn(unexpected_cfgs)]` on by default
[INFO] [stdout] 
[INFO] [stdout] 
[INFO] [stdout] warning: unexpected `cfg` condition name: `RUSTC_WITH_SPECIALIZATION`
[INFO] [stdout]   --> src/message_processor.rs:21:11
[INFO] [stdout]    |
[INFO] [stdout] 21 | #[cfg(all(RUSTC_WITH_SPECIALIZATION, feature = "frozen-abi"))]
[INFO] [stdout]    |           ^^^^^^^^^^^^^^^^^^^^^^^^^
[INFO] [stdout]    |
[INFO] [stdout]    = help: consider using a Cargo feature instead
[INFO] [stdout]    = help: or consider adding in `Cargo.toml` the `check-cfg` lint config for the lint:
[INFO] [stdout]             [lints.rust]
[INFO] [stdout]             unexpected_cfgs = { level = "warn", check-cfg = ['cfg(RUSTC_WITH_SPECIALIZATION)'] }
[INFO] [stdout]    = help: or consider adding `println!("cargo::rustc-check-cfg=cfg(RUSTC_WITH_SPECIALIZATION)");` to the top of the `build.rs`
[INFO] [stdout]    = note: see <https://doc.rust-lang.org/nightly/rustc/check-cfg/cargo-specifics.html> for more information about checking conditional configuration
[INFO] [stdout] 
[INFO] [stdout] 
[INFO] [stdout] warning: unexpected `cfg` condition name: `RUSTC_WITH_SPECIALIZATION`
[INFO] [stdout]  --> src/runtime_config.rs:3:11
[INFO] [stdout]   |
[INFO] [stdout] 3 | #[cfg(all(RUSTC_WITH_SPECIALIZATION, feature = "frozen-abi"))]
[INFO] [stdout]   |           ^^^^^^^^^^^^^^^^^^^^^^^^^
[INFO] [stdout]   |
[INFO] [stdout]   = help: consider using a Cargo feature instead
[INFO] [stdout]   = help: or consider adding in `Cargo.toml` the `check-cfg` lint config for the lint:
[INFO] [stdout]            [lints.rust]
[INFO] [stdout]            unexpected_cfgs = { level = "warn", check-cfg = ['cfg(RUSTC_WITH_SPECIALIZATION)'] }
[INFO] [stdout]   = help: or consider adding `println!("cargo::rustc-check-cfg=cfg(RUSTC_WITH_SPECIALIZATION)");` to the top of the `build.rs`
[INFO] [stdout]   = note: see <https://doc.rust-lang.org/nightly/rustc/check-cfg/cargo-specifics.html> for more information about checking conditional configuration
[INFO] [stdout] 
[INFO] [stdout] 
[INFO] [stderr]     Finished `dev` profile [unoptimized + debuginfo] target(s) in 1m 16s
[INFO] running `Command { std: "docker" "inspect" "7350901e50acffac6d5814cd8d234f900ad9274feb6b6950f3e507e68663fba8", kill_on_drop: false }`
[INFO] running `Command { std: "docker" "rm" "-f" "7350901e50acffac6d5814cd8d234f900ad9274feb6b6950f3e507e68663fba8", kill_on_drop: false }`
[INFO] [stdout] 7350901e50acffac6d5814cd8d234f900ad9274feb6b6950f3e507e68663fba8
[INFO] running `Command { std: "docker" "create" "-v" "/var/lib/crater-agent-workspace/builds/worker-2-tc1/target:/opt/rustwide/target:rw,Z" "-v" "/var/lib/crater-agent-workspace/builds/worker-2-tc1/source:/opt/rustwide/workdir:ro,Z" "-v" "/var/lib/crater-agent-workspace/cargo-home:/opt/rustwide/cargo-home:ro,Z" "-v" "/var/lib/crater-agent-workspace/rustup-home:/opt/rustwide/rustup-home:ro,Z" "-e" "SOURCE_DIR=/opt/rustwide/workdir" "-e" "CARGO_TARGET_DIR=/opt/rustwide/target" "-e" "CARGO_INCREMENTAL=0" "-e" "RUST_BACKTRACE=full" "-e" "RUSTFLAGS=--cap-lints=forbid" "-e" "RUSTDOCFLAGS=--cap-lints=forbid" "-e" "CARGO_HOME=/opt/rustwide/cargo-home" "-e" "RUSTUP_HOME=/opt/rustwide/rustup-home" "-w" "/opt/rustwide/workdir" "-m" "1610612736" "--user" "0:0" "--network" "none" "ghcr.io/rust-lang/crates-build-env/linux@sha256:4a844ea9eb2546a2d2c7022eacef16ef2e8229c7fbb2c7d4d55a9ceca922f72d" "/opt/rustwide/cargo-home/bin/cargo" "+nightly-2024-10-28" "test" "--frozen" "--no-run" "--message-format=json", kill_on_drop: false }`
[INFO] [stdout] 92a9467875d8a42ba967a3b2a67a9996e54aa4f59ba6219c88950e49826f2582
[INFO] running `Command { std: "docker" "start" "-a" "92a9467875d8a42ba967a3b2a67a9996e54aa4f59ba6219c88950e49826f2582", kill_on_drop: false }`
[INFO] [stderr]    Compiling log v0.4.22
[INFO] [stderr]    Compiling solana-sdk v2.0.14
[INFO] [stderr]    Compiling aho-corasick v1.1.3
[INFO] [stderr]    Compiling regex-syntax v0.8.5
[INFO] [stderr]    Compiling atty v0.2.14
[INFO] [stderr]    Compiling termcolor v1.4.1
[INFO] [stderr]    Compiling humantime v2.1.0
[INFO] [stderr]    Compiling prost v0.11.9
[INFO] [stderr]    Compiling rustls v0.21.12
[INFO] [stderr]    Compiling goblin v0.5.4
[INFO] [stderr]    Compiling prost-build v0.11.9
[INFO] [stderr]    Compiling solana-program v2.0.14
[INFO] [stderr]    Compiling prost-types v0.11.9
[INFO] [stderr]    Compiling solana-svm v2.0.14 (/opt/rustwide/workdir)
[INFO] [stderr]    Compiling regex-automata v0.4.8
[INFO] [stderr]    Compiling tokio-rustls v0.24.1
[INFO] [stderr]    Compiling hyper-rustls v0.24.2
[INFO] [stderr]    Compiling reqwest v0.11.27
[INFO] [stderr]    Compiling solana_rbpf v0.8.4
[INFO] [stderr]    Compiling regex v1.11.1
[INFO] [stderr]    Compiling env_logger v0.9.3
[INFO] [stderr]    Compiling solana-logger v2.0.14
[INFO] [stderr]    Compiling solana-curve25519 v2.0.14
[INFO] [stderr]    Compiling solana-measure v2.0.14
[INFO] [stderr]    Compiling solana-compute-budget v2.0.14
[INFO] [stderr]    Compiling solana-vote v2.0.14
[INFO] [stderr]    Compiling solana-metrics v2.0.14
[INFO] [stderr]    Compiling solana-program-runtime v2.0.14
[INFO] [stderr]    Compiling solana-bpf-loader-program v2.0.14
[INFO] [stderr]    Compiling solana-system-program v2.0.14
[INFO] [stderr]    Compiling solana-loader-v4-program v2.0.14
[INFO] [stderr]    Compiling solana-compute-budget-program v2.0.14
[INFO] [stdout] warning: unexpected `cfg` condition name: `RUSTC_WITH_SPECIALIZATION`
[INFO] [stdout]  --> src/lib.rs:1:13
[INFO] [stdout]   |
[INFO] [stdout] 1 | #![cfg_attr(RUSTC_WITH_SPECIALIZATION, feature(min_specialization))]
[INFO] [stdout]   |             ^^^^^^^^^^^^^^^^^^^^^^^^^
[INFO] [stdout]   |
[INFO] [stdout]   = help: expected names are: `clippy`, `debug_assertions`, `doc`, `docsrs`, `doctest`, `feature`, `fmt_debug`, `miri`, `overflow_checks`, `panic`, `proc_macro`, `relocation_model`, `rustfmt`, `sanitize`, `sanitizer_cfi_generalize_pointers`, `sanitizer_cfi_normalize_integers`, `target_abi`, `target_arch`, `target_endian`, `target_env`, `target_family`, `target_feature`, `target_has_atomic`, `target_has_atomic_equal_alignment`, `target_has_atomic_load_store`, `target_os`, `target_pointer_width`, `target_thread_local`, `target_vendor`, `test`, `ub_checks`, `unix`, and `windows`
[INFO] [stdout]   = help: consider using a Cargo feature instead
[INFO] [stdout]   = help: or consider adding in `Cargo.toml` the `check-cfg` lint config for the lint:
[INFO] [stdout]            [lints.rust]
[INFO] [stdout]            unexpected_cfgs = { level = "warn", check-cfg = ['cfg(RUSTC_WITH_SPECIALIZATION)'] }
[INFO] [stdout]   = help: or consider adding `println!("cargo::rustc-check-cfg=cfg(RUSTC_WITH_SPECIALIZATION)");` to the top of the `build.rs`
[INFO] [stdout]   = note: see <https://doc.rust-lang.org/nightly/rustc/check-cfg/cargo-specifics.html> for more information about checking conditional configuration
[INFO] [stdout]   = note: `#[warn(unexpected_cfgs)]` on by default
[INFO] [stdout] 
[INFO] [stdout] 
[INFO] [stdout] warning: unexpected `cfg` condition name: `RUSTC_WITH_SPECIALIZATION`
[INFO] [stdout]   --> src/message_processor.rs:21:11
[INFO] [stdout]    |
[INFO] [stdout] 21 | #[cfg(all(RUSTC_WITH_SPECIALIZATION, feature = "frozen-abi"))]
[INFO] [stdout]    |           ^^^^^^^^^^^^^^^^^^^^^^^^^
[INFO] [stdout]    |
[INFO] [stdout]    = help: consider using a Cargo feature instead
[INFO] [stdout]    = help: or consider adding in `Cargo.toml` the `check-cfg` lint config for the lint:
[INFO] [stdout]             [lints.rust]
[INFO] [stdout]             unexpected_cfgs = { level = "warn", check-cfg = ['cfg(RUSTC_WITH_SPECIALIZATION)'] }
[INFO] [stdout]    = help: or consider adding `println!("cargo::rustc-check-cfg=cfg(RUSTC_WITH_SPECIALIZATION)");` to the top of the `build.rs`
[INFO] [stdout]    = note: see <https://doc.rust-lang.org/nightly/rustc/check-cfg/cargo-specifics.html> for more information about checking conditional configuration
[INFO] [stdout] 
[INFO] [stdout] 
[INFO] [stdout] warning: unexpected `cfg` condition name: `RUSTC_WITH_SPECIALIZATION`
[INFO] [stdout]  --> src/runtime_config.rs:3:11
[INFO] [stdout]   |
[INFO] [stdout] 3 | #[cfg(all(RUSTC_WITH_SPECIALIZATION, feature = "frozen-abi"))]
[INFO] [stdout]   |           ^^^^^^^^^^^^^^^^^^^^^^^^^
[INFO] [stdout]   |
[INFO] [stdout]   = help: consider using a Cargo feature instead
[INFO] [stdout]   = help: or consider adding in `Cargo.toml` the `check-cfg` lint config for the lint:
[INFO] [stdout]            [lints.rust]
[INFO] [stdout]            unexpected_cfgs = { level = "warn", check-cfg = ['cfg(RUSTC_WITH_SPECIALIZATION)'] }
[INFO] [stdout]   = help: or consider adding `println!("cargo::rustc-check-cfg=cfg(RUSTC_WITH_SPECIALIZATION)");` to the top of the `build.rs`
[INFO] [stdout]   = note: see <https://doc.rust-lang.org/nightly/rustc/check-cfg/cargo-specifics.html> for more information about checking conditional configuration
[INFO] [stdout] 
[INFO] [stdout] 
[INFO] [stdout] warning: unexpected `cfg` condition name: `RUSTC_WITH_SPECIALIZATION`
[INFO] [stdout]  --> src/lib.rs:1:13
[INFO] [stdout]   |
[INFO] [stdout] 1 | #![cfg_attr(RUSTC_WITH_SPECIALIZATION, feature(min_specialization))]
[INFO] [stdout]   |             ^^^^^^^^^^^^^^^^^^^^^^^^^
[INFO] [stdout]   |
[INFO] [stdout]   = help: expected names are: `clippy`, `debug_assertions`, `doc`, `docsrs`, `doctest`, `feature`, `fmt_debug`, `miri`, `overflow_checks`, `panic`, `proc_macro`, `relocation_model`, `rustfmt`, `sanitize`, `sanitizer_cfi_generalize_pointers`, `sanitizer_cfi_normalize_integers`, `target_abi`, `target_arch`, `target_endian`, `target_env`, `target_family`, `target_feature`, `target_has_atomic`, `target_has_atomic_equal_alignment`, `target_has_atomic_load_store`, `target_os`, `target_pointer_width`, `target_thread_local`, `target_vendor`, `test`, `ub_checks`, `unix`, and `windows`
[INFO] [stdout]   = help: consider using a Cargo feature instead
[INFO] [stdout]   = help: or consider adding in `Cargo.toml` the `check-cfg` lint config for the lint:
[INFO] [stdout]            [lints.rust]
[INFO] [stdout]            unexpected_cfgs = { level = "warn", check-cfg = ['cfg(RUSTC_WITH_SPECIALIZATION)'] }
[INFO] [stdout]   = help: or consider adding `println!("cargo::rustc-check-cfg=cfg(RUSTC_WITH_SPECIALIZATION)");` to the top of the `build.rs`
[INFO] [stdout]   = note: see <https://doc.rust-lang.org/nightly/rustc/check-cfg/cargo-specifics.html> for more information about checking conditional configuration
[INFO] [stdout]   = note: `#[warn(unexpected_cfgs)]` on by default
[INFO] [stdout] 
[INFO] [stdout] 
[INFO] [stdout] warning: unexpected `cfg` condition name: `RUSTC_WITH_SPECIALIZATION`
[INFO] [stdout]   --> src/message_processor.rs:21:11
[INFO] [stdout]    |
[INFO] [stdout] 21 | #[cfg(all(RUSTC_WITH_SPECIALIZATION, feature = "frozen-abi"))]
[INFO] [stdout]    |           ^^^^^^^^^^^^^^^^^^^^^^^^^
[INFO] [stdout]    |
[INFO] [stdout]    = help: consider using a Cargo feature instead
[INFO] [stdout]    = help: or consider adding in `Cargo.toml` the `check-cfg` lint config for the lint:
[INFO] [stdout]             [lints.rust]
[INFO] [stdout]             unexpected_cfgs = { level = "warn", check-cfg = ['cfg(RUSTC_WITH_SPECIALIZATION)'] }
[INFO] [stdout]    = help: or consider adding `println!("cargo::rustc-check-cfg=cfg(RUSTC_WITH_SPECIALIZATION)");` to the top of the `build.rs`
[INFO] [stdout]    = note: see <https://doc.rust-lang.org/nightly/rustc/check-cfg/cargo-specifics.html> for more information about checking conditional configuration
[INFO] [stdout] 
[INFO] [stdout] 
[INFO] [stdout] warning: unexpected `cfg` condition name: `RUSTC_WITH_SPECIALIZATION`
[INFO] [stdout]  --> src/runtime_config.rs:3:11
[INFO] [stdout]   |
[INFO] [stdout] 3 | #[cfg(all(RUSTC_WITH_SPECIALIZATION, feature = "frozen-abi"))]
[INFO] [stdout]   |           ^^^^^^^^^^^^^^^^^^^^^^^^^
[INFO] [stdout]   |
[INFO] [stdout]   = help: consider using a Cargo feature instead
[INFO] [stdout]   = help: or consider adding in `Cargo.toml` the `check-cfg` lint config for the lint:
[INFO] [stdout]            [lints.rust]
[INFO] [stdout]            unexpected_cfgs = { level = "warn", check-cfg = ['cfg(RUSTC_WITH_SPECIALIZATION)'] }
[INFO] [stdout]   = help: or consider adding `println!("cargo::rustc-check-cfg=cfg(RUSTC_WITH_SPECIALIZATION)");` to the top of the `build.rs`
[INFO] [stdout]   = note: see <https://doc.rust-lang.org/nightly/rustc/check-cfg/cargo-specifics.html> for more information about checking conditional configuration
[INFO] [stdout] 
[INFO] [stdout] 
[INFO] [stdout] error[E0599]: no function or associated item named `default` found for struct `account_loader::ValidatedTransactionDetails` in the current scope
[INFO] [stdout]    --> src/account_loader.rs:508:48
[INFO] [stdout]     |
[INFO] [stdout] 48  | pub struct ValidatedTransactionDetails {
[INFO] [stdout]     | -------------------------------------- function or associated item `default` not found for this struct
[INFO] [stdout] ...
[INFO] [stdout] 508 |                 ..ValidatedTransactionDetails::default()
[INFO] [stdout]     |                                                ^^^^^^^ function or associated item not found in `ValidatedTransactionDetails`
[INFO] [stdout]     |
[INFO] [stdout]     = help: items from traits can only be used if the trait is implemented and in scope
[INFO] [stdout]     = note: the following traits define an item `default`, perhaps you need to implement one of them:
[INFO] [stdout]             candidate #1: `Default`
[INFO] [stdout]             candidate #2: `tinyvec::array::Array`
[INFO] [stdout] 
[INFO] [stdout] 
[INFO] [stdout] error[E0599]: no function or associated item named `default` found for struct `account_loader::ValidatedTransactionDetails` in the current scope
[INFO] [stdout]    --> src/account_loader.rs:794:50
[INFO] [stdout]     |
[INFO] [stdout] 48  | pub struct ValidatedTransactionDetails {
[INFO] [stdout]     | -------------------------------------- function or associated item `default` not found for this struct
[INFO] [stdout] ...
[INFO] [stdout] 794 |             vec![Ok(ValidatedTransactionDetails::default())],
[INFO] [stdout]     |                                                  ^^^^^^^ function or associated item not found in `ValidatedTransactionDetails`
[INFO] [stdout]     |
[INFO] [stdout]     = help: items from traits can only be used if the trait is implemented and in scope
[INFO] [stdout]     = note: the following traits define an item `default`, perhaps you need to implement one of them:
[INFO] [stdout]             candidate #1: `Default`
[INFO] [stdout]             candidate #2: `tinyvec::array::Array`
[INFO] [stdout] 
[INFO] [stdout] 
[INFO] [stdout] error[E0599]: no function or associated item named `default` found for struct `account_loader::ValidatedTransactionDetails` in the current scope
[INFO] [stdout]     --> src/account_loader.rs:1150:48
[INFO] [stdout]      |
[INFO] [stdout] 48   | pub struct ValidatedTransactionDetails {
[INFO] [stdout]      | -------------------------------------- function or associated item `default` not found for this struct
[INFO] [stdout] ...
[INFO] [stdout] 1150 |                 ..ValidatedTransactionDetails::default()
[INFO] [stdout]      |                                                ^^^^^^^ function or associated item not found in `ValidatedTransactionDetails`
[INFO] [stdout]      |
[INFO] [stdout]      = help: items from traits can only be used if the trait is implemented and in scope
[INFO] [stdout]      = note: the following traits define an item `default`, perhaps you need to implement one of them:
[INFO] [stdout]              candidate #1: `Default`
[INFO] [stdout]              candidate #2: `tinyvec::array::Array`
[INFO] [stdout] 
[INFO] [stdout] 
[INFO] [stdout] error[E0599]: no variant or associated item named `default` found for enum `rollback_accounts::RollbackAccounts` in the current scope
[INFO] [stdout]     --> src/account_loader.rs:1170:54
[INFO] [stdout]      |
[INFO] [stdout] 1170 |                 rollback_accounts: RollbackAccounts::default(),
[INFO] [stdout]      |                                                      ^^^^^^^ variant or associated item not found in `RollbackAccounts`
[INFO] [stdout]      |
[INFO] [stdout]     ::: src/rollback_accounts.rs:13:1
[INFO] [stdout]      |
[INFO] [stdout] 13   | pub enum RollbackAccounts {
[INFO] [stdout]      | ------------------------- variant or associated item `default` not found for this enum
[INFO] [stdout]      |
[INFO] [stdout] note: if you're trying to build a new `rollback_accounts::RollbackAccounts`, consider using `rollback_accounts::RollbackAccounts::new` which returns `rollback_accounts::RollbackAccounts`
[INFO] [stdout]     --> src/rollback_accounts.rs:36:5
[INFO] [stdout]      |
[INFO] [stdout] 36   | /     pub fn new(
[INFO] [stdout] 37   | |         nonce: Option<NoncePartial>,
[INFO] [stdout] 38   | |         fee_payer_address: Pubkey,
[INFO] [stdout] 39   | |         mut fee_payer_account: AccountSharedData,
[INFO] [stdout] 40   | |         fee_payer_rent_debit: u64,
[INFO] [stdout] 41   | |         fee_payer_loaded_rent_epoch: Epoch,
[INFO] [stdout] 42   | |     ) -> Self {
[INFO] [stdout]      | |_____________^
[INFO] [stdout]      = help: items from traits can only be used if the trait is implemented and in scope
[INFO] [stdout]      = note: the following traits define an item `default`, perhaps you need to implement one of them:
[INFO] [stdout]              candidate #1: `Default`
[INFO] [stdout]              candidate #2: `tinyvec::array::Array`
[INFO] [stdout] 
[INFO] [stdout] 
[INFO] [stdout] error[E0599]: no function or associated item named `default` found for struct `account_loader::ValidatedTransactionDetails` in the current scope
[INFO] [stdout]     --> src/account_loader.rs:1217:48
[INFO] [stdout]      |
[INFO] [stdout] 48   | pub struct ValidatedTransactionDetails {
[INFO] [stdout]      | -------------------------------------- function or associated item `default` not found for this struct
[INFO] [stdout] ...
[INFO] [stdout] 1217 |                 ..ValidatedTransactionDetails::default()
[INFO] [stdout]      |                                                ^^^^^^^ function or associated item not found in `ValidatedTransactionDetails`
[INFO] [stdout]      |
[INFO] [stdout]      = help: items from traits can only be used if the trait is implemented and in scope
[INFO] [stdout]      = note: the following traits define an item `default`, perhaps you need to implement one of them:
[INFO] [stdout]              candidate #1: `Default`
[INFO] [stdout]              candidate #2: `tinyvec::array::Array`
[INFO] [stdout] 
[INFO] [stdout] 
[INFO] [stdout] error[E0599]: no variant or associated item named `default` found for enum `rollback_accounts::RollbackAccounts` in the current scope
[INFO] [stdout]     --> src/account_loader.rs:1238:54
[INFO] [stdout]      |
[INFO] [stdout] 1238 |                 rollback_accounts: RollbackAccounts::default(),
[INFO] [stdout]      |                                                      ^^^^^^^ variant or associated item not found in `RollbackAccounts`
[INFO] [stdout]      |
[INFO] [stdout]     ::: src/rollback_accounts.rs:13:1
[INFO] [stdout]      |
[INFO] [stdout] 13   | pub enum RollbackAccounts {
[INFO] [stdout]      | ------------------------- variant or associated item `default` not found for this enum
[INFO] [stdout]      |
[INFO] [stdout] note: if you're trying to build a new `rollback_accounts::RollbackAccounts`, consider using `rollback_accounts::RollbackAccounts::new` which returns `rollback_accounts::RollbackAccounts`
[INFO] [stdout]     --> src/rollback_accounts.rs:36:5
[INFO] [stdout]      |
[INFO] [stdout] 36   | /     pub fn new(
[INFO] [stdout] 37   | |         nonce: Option<NoncePartial>,
[INFO] [stdout] 38   | |         fee_payer_address: Pubkey,
[INFO] [stdout] 39   | |         mut fee_payer_account: AccountSharedData,
[INFO] [stdout] 40   | |         fee_payer_rent_debit: u64,
[INFO] [stdout] 41   | |         fee_payer_loaded_rent_epoch: Epoch,
[INFO] [stdout] 42   | |     ) -> Self {
[INFO] [stdout]      | |_____________^
[INFO] [stdout]      = help: items from traits can only be used if the trait is implemented and in scope
[INFO] [stdout]      = note: the following traits define an item `default`, perhaps you need to implement one of them:
[INFO] [stdout]              candidate #1: `Default`
[INFO] [stdout]              candidate #2: `tinyvec::array::Array`
[INFO] [stdout] 
[INFO] [stdout] 
[INFO] [stdout] error[E0599]: no function or associated item named `default` found for struct `account_loader::ValidatedTransactionDetails` in the current scope
[INFO] [stdout]     --> src/account_loader.rs:1281:42
[INFO] [stdout]      |
[INFO] [stdout] 48   | pub struct ValidatedTransactionDetails {
[INFO] [stdout]      | -------------------------------------- function or associated item `default` not found for this struct
[INFO] [stdout] ...
[INFO] [stdout] 1281 |             ValidatedTransactionDetails::default(),
[INFO] [stdout]      |                                          ^^^^^^^ function or associated item not found in `ValidatedTransactionDetails`
[INFO] [stdout]      |
[INFO] [stdout]      = help: items from traits can only be used if the trait is implemented and in scope
[INFO] [stdout]      = note: the following traits define an item `default`, perhaps you need to implement one of them:
[INFO] [stdout]              candidate #1: `Default`
[INFO] [stdout]              candidate #2: `tinyvec::array::Array`
[INFO] [stdout] 
[INFO] [stdout] 
[INFO] [stdout] error[E0599]: no function or associated item named `default` found for struct `account_loader::ValidatedTransactionDetails` in the current scope
[INFO] [stdout]     --> src/account_loader.rs:1325:42
[INFO] [stdout]      |
[INFO] [stdout] 48   | pub struct ValidatedTransactionDetails {
[INFO] [stdout]      | -------------------------------------- function or associated item `default` not found for this struct
[INFO] [stdout] ...
[INFO] [stdout] 1325 |             ValidatedTransactionDetails::default(),
[INFO] [stdout]      |                                          ^^^^^^^ function or associated item not found in `ValidatedTransactionDetails`
[INFO] [stdout]      |
[INFO] [stdout]      = help: items from traits can only be used if the trait is implemented and in scope
[INFO] [stdout]      = note: the following traits define an item `default`, perhaps you need to implement one of them:
[INFO] [stdout]              candidate #1: `Default`
[INFO] [stdout]              candidate #2: `tinyvec::array::Array`
[INFO] [stdout] 
[INFO] [stdout] 
[INFO] [stdout] error[E0599]: no function or associated item named `default` found for struct `account_loader::ValidatedTransactionDetails` in the current scope
[INFO] [stdout]     --> src/account_loader.rs:1369:42
[INFO] [stdout]      |
[INFO] [stdout] 48   | pub struct ValidatedTransactionDetails {
[INFO] [stdout]      | -------------------------------------- function or associated item `default` not found for this struct
[INFO] [stdout] ...
[INFO] [stdout] 1369 |             ValidatedTransactionDetails::default(),
[INFO] [stdout]      |                                          ^^^^^^^ function or associated item not found in `ValidatedTransactionDetails`
[INFO] [stdout]      |
[INFO] [stdout]      = help: items from traits can only be used if the trait is implemented and in scope
[INFO] [stdout]      = note: the following traits define an item `default`, perhaps you need to implement one of them:
[INFO] [stdout]              candidate #1: `Default`
[INFO] [stdout]              candidate #2: `tinyvec::array::Array`
[INFO] [stdout] 
[INFO] [stdout] 
[INFO] [stdout] error[E0599]: no function or associated item named `default` found for struct `account_loader::ValidatedTransactionDetails` in the current scope
[INFO] [stdout]     --> src/account_loader.rs:1424:48
[INFO] [stdout]      |
[INFO] [stdout] 48   | pub struct ValidatedTransactionDetails {
[INFO] [stdout]      | -------------------------------------- function or associated item `default` not found for this struct
[INFO] [stdout] ...
[INFO] [stdout] 1424 |                 ..ValidatedTransactionDetails::default()
[INFO] [stdout]      |                                                ^^^^^^^ function or associated item not found in `ValidatedTransactionDetails`
[INFO] [stdout]      |
[INFO] [stdout]      = help: items from traits can only be used if the trait is implemented and in scope
[INFO] [stdout]      = note: the following traits define an item `default`, perhaps you need to implement one of them:
[INFO] [stdout]              candidate #1: `Default`
[INFO] [stdout]              candidate #2: `tinyvec::array::Array`
[INFO] [stdout] 
[INFO] [stdout] 
[INFO] [stdout] error[E0599]: no variant or associated item named `default` found for enum `rollback_accounts::RollbackAccounts` in the current scope
[INFO] [stdout]     --> src/account_loader.rs:1444:54
[INFO] [stdout]      |
[INFO] [stdout] 1444 |                 rollback_accounts: RollbackAccounts::default(),
[INFO] [stdout]      |                                                      ^^^^^^^ variant or associated item not found in `RollbackAccounts`
[INFO] [stdout]      |
[INFO] [stdout]     ::: src/rollback_accounts.rs:13:1
[INFO] [stdout]      |
[INFO] [stdout] 13   | pub enum RollbackAccounts {
[INFO] [stdout]      | ------------------------- variant or associated item `default` not found for this enum
[INFO] [stdout]      |
[INFO] [stdout] note: if you're trying to build a new `rollback_accounts::RollbackAccounts`, consider using `rollback_accounts::RollbackAccounts::new` which returns `rollback_accounts::RollbackAccounts`
[INFO] [stdout]     --> src/rollback_accounts.rs:36:5
[INFO] [stdout]      |
[INFO] [stdout] 36   | /     pub fn new(
[INFO] [stdout] 37   | |         nonce: Option<NoncePartial>,
[INFO] [stdout] 38   | |         fee_payer_address: Pubkey,
[INFO] [stdout] 39   | |         mut fee_payer_account: AccountSharedData,
[INFO] [stdout] 40   | |         fee_payer_rent_debit: u64,
[INFO] [stdout] 41   | |         fee_payer_loaded_rent_epoch: Epoch,
[INFO] [stdout] 42   | |     ) -> Self {
[INFO] [stdout]      | |_____________^
[INFO] [stdout]      = help: items from traits can only be used if the trait is implemented and in scope
[INFO] [stdout]      = note: the following traits define an item `default`, perhaps you need to implement one of them:
[INFO] [stdout]              candidate #1: `Default`
[INFO] [stdout]              candidate #2: `tinyvec::array::Array`
[INFO] [stdout] 
[INFO] [stdout] 
[INFO] [stdout] error[E0599]: no function or associated item named `default` found for struct `account_loader::ValidatedTransactionDetails` in the current scope
[INFO] [stdout]     --> src/account_loader.rs:1490:42
[INFO] [stdout]      |
[INFO] [stdout] 48   | pub struct ValidatedTransactionDetails {
[INFO] [stdout]      | -------------------------------------- function or associated item `default` not found for this struct
[INFO] [stdout] ...
[INFO] [stdout] 1490 |             ValidatedTransactionDetails::default(),
[INFO] [stdout]      |                                          ^^^^^^^ function or associated item not found in `ValidatedTransactionDetails`
[INFO] [stdout]      |
[INFO] [stdout]      = help: items from traits can only be used if the trait is implemented and in scope
[INFO] [stdout]      = note: the following traits define an item `default`, perhaps you need to implement one of them:
[INFO] [stdout]              candidate #1: `Default`
[INFO] [stdout]              candidate #2: `tinyvec::array::Array`
[INFO] [stdout] 
[INFO] [stdout] 
[INFO] [stdout] error[E0599]: no function or associated item named `default` found for struct `account_loader::ValidatedTransactionDetails` in the current scope
[INFO] [stdout]     --> src/account_loader.rs:1543:42
[INFO] [stdout]      |
[INFO] [stdout] 48   | pub struct ValidatedTransactionDetails {
[INFO] [stdout]      | -------------------------------------- function or associated item `default` not found for this struct
[INFO] [stdout] ...
[INFO] [stdout] 1543 |             ValidatedTransactionDetails::default(),
[INFO] [stdout]      |                                          ^^^^^^^ function or associated item not found in `ValidatedTransactionDetails`
[INFO] [stdout]      |
[INFO] [stdout]      = help: items from traits can only be used if the trait is implemented and in scope
[INFO] [stdout]      = note: the following traits define an item `default`, perhaps you need to implement one of them:
[INFO] [stdout]              candidate #1: `Default`
[INFO] [stdout]              candidate #2: `tinyvec::array::Array`
[INFO] [stdout] 
[INFO] [stdout] 
[INFO] [stdout] error[E0599]: no function or associated item named `default` found for struct `account_loader::ValidatedTransactionDetails` in the current scope
[INFO] [stdout]     --> src/account_loader.rs:1605:48
[INFO] [stdout]      |
[INFO] [stdout] 48   | pub struct ValidatedTransactionDetails {
[INFO] [stdout]      | -------------------------------------- function or associated item `default` not found for this struct
[INFO] [stdout] ...
[INFO] [stdout] 1605 |                 ..ValidatedTransactionDetails::default()
[INFO] [stdout]      |                                                ^^^^^^^ function or associated item not found in `ValidatedTransactionDetails`
[INFO] [stdout]      |
[INFO] [stdout]      = help: items from traits can only be used if the trait is implemented and in scope
[INFO] [stdout]      = note: the following traits define an item `default`, perhaps you need to implement one of them:
[INFO] [stdout]              candidate #1: `Default`
[INFO] [stdout]              candidate #2: `tinyvec::array::Array`
[INFO] [stdout] 
[INFO] [stdout] 
[INFO] [stdout] error[E0599]: no variant or associated item named `default` found for enum `rollback_accounts::RollbackAccounts` in the current scope
[INFO] [stdout]     --> src/account_loader.rs:1630:54
[INFO] [stdout]      |
[INFO] [stdout] 1630 |                 rollback_accounts: RollbackAccounts::default(),
[INFO] [stdout]      |                                                      ^^^^^^^ variant or associated item not found in `RollbackAccounts`
[INFO] [stdout]      |
[INFO] [stdout]     ::: src/rollback_accounts.rs:13:1
[INFO] [stdout]      |
[INFO] [stdout] 13   | pub enum RollbackAccounts {
[INFO] [stdout]      | ------------------------- variant or associated item `default` not found for this enum
[INFO] [stdout]      |
[INFO] [stdout] note: if you're trying to build a new `rollback_accounts::RollbackAccounts`, consider using `rollback_accounts::RollbackAccounts::new` which returns `rollback_accounts::RollbackAccounts`
[INFO] [stdout]     --> src/rollback_accounts.rs:36:5
[INFO] [stdout]      |
[INFO] [stdout] 36   | /     pub fn new(
[INFO] [stdout] 37   | |         nonce: Option<NoncePartial>,
[INFO] [stdout] 38   | |         fee_payer_address: Pubkey,
[INFO] [stdout] 39   | |         mut fee_payer_account: AccountSharedData,
[INFO] [stdout] 40   | |         fee_payer_rent_debit: u64,
[INFO] [stdout] 41   | |         fee_payer_loaded_rent_epoch: Epoch,
[INFO] [stdout] 42   | |     ) -> Self {
[INFO] [stdout]      | |_____________^
[INFO] [stdout]      = help: items from traits can only be used if the trait is implemented and in scope
[INFO] [stdout]      = note: the following traits define an item `default`, perhaps you need to implement one of them:
[INFO] [stdout]              candidate #1: `Default`
[INFO] [stdout]              candidate #2: `tinyvec::array::Array`
[INFO] [stdout] 
[INFO] [stdout] 
[INFO] [stdout] error[E0599]: no function or associated item named `default` found for struct `account_loader::ValidatedTransactionDetails` in the current scope
[INFO] [stdout]     --> src/account_loader.rs:1695:48
[INFO] [stdout]      |
[INFO] [stdout] 48   | pub struct ValidatedTransactionDetails {
[INFO] [stdout]      | -------------------------------------- function or associated item `default` not found for this struct
[INFO] [stdout] ...
[INFO] [stdout] 1695 |                 ..ValidatedTransactionDetails::default()
[INFO] [stdout]      |                                                ^^^^^^^ function or associated item not found in `ValidatedTransactionDetails`
[INFO] [stdout]      |
[INFO] [stdout]      = help: items from traits can only be used if the trait is implemented and in scope
[INFO] [stdout]      = note: the following traits define an item `default`, perhaps you need to implement one of them:
[INFO] [stdout]              candidate #1: `Default`
[INFO] [stdout]              candidate #2: `tinyvec::array::Array`
[INFO] [stdout] 
[INFO] [stdout] 
[INFO] [stdout] error[E0599]: no variant or associated item named `default` found for enum `rollback_accounts::RollbackAccounts` in the current scope
[INFO] [stdout]     --> src/account_loader.rs:1723:54
[INFO] [stdout]      |
[INFO] [stdout] 1723 |                 rollback_accounts: RollbackAccounts::default(),
[INFO] [stdout]      |                                                      ^^^^^^^ variant or associated item not found in `RollbackAccounts`
[INFO] [stdout]      |
[INFO] [stdout]     ::: src/rollback_accounts.rs:13:1
[INFO] [stdout]      |
[INFO] [stdout] 13   | pub enum RollbackAccounts {
[INFO] [stdout]      | ------------------------- variant or associated item `default` not found for this enum
[INFO] [stdout]      |
[INFO] [stdout] note: if you're trying to build a new `rollback_accounts::RollbackAccounts`, consider using `rollback_accounts::RollbackAccounts::new` which returns `rollback_accounts::RollbackAccounts`
[INFO] [stdout]     --> src/rollback_accounts.rs:36:5
[INFO] [stdout]      |
[INFO] [stdout] 36   | /     pub fn new(
[INFO] [stdout] 37   | |         nonce: Option<NoncePartial>,
[INFO] [stdout] 38   | |         fee_payer_address: Pubkey,
[INFO] [stdout] 39   | |         mut fee_payer_account: AccountSharedData,
[INFO] [stdout] 40   | |         fee_payer_rent_debit: u64,
[INFO] [stdout] 41   | |         fee_payer_loaded_rent_epoch: Epoch,
[INFO] [stdout] 42   | |     ) -> Self {
[INFO] [stdout]      | |_____________^
[INFO] [stdout]      = help: items from traits can only be used if the trait is implemented and in scope
[INFO] [stdout]      = note: the following traits define an item `default`, perhaps you need to implement one of them:
[INFO] [stdout]              candidate #1: `Default`
[INFO] [stdout]              candidate #2: `tinyvec::array::Array`
[INFO] [stdout] 
[INFO] [stdout] 
[INFO] [stdout] error[E0599]: no function or associated item named `default` found for struct `account_loader::ValidatedTransactionDetails` in the current scope
[INFO] [stdout]     --> src/account_loader.rs:1764:50
[INFO] [stdout]      |
[INFO] [stdout] 48   | pub struct ValidatedTransactionDetails {
[INFO] [stdout]      | -------------------------------------- function or associated item `default` not found for this struct
[INFO] [stdout] ...
[INFO] [stdout] 1764 |             vec![Ok(ValidatedTransactionDetails::default())],
[INFO] [stdout]      |                                                  ^^^^^^^ function or associated item not found in `ValidatedTransactionDetails`
[INFO] [stdout]      |
[INFO] [stdout]      = help: items from traits can only be used if the trait is implemented and in scope
[INFO] [stdout]      = note: the following traits define an item `default`, perhaps you need to implement one of them:
[INFO] [stdout]              candidate #1: `Default`
[INFO] [stdout]              candidate #2: `tinyvec::array::Array`
[INFO] [stdout] 
[INFO] [stdout] 
[INFO] [stdout] error[E0599]: no function or associated item named `default` found for struct `account_loader::ValidatedTransactionDetails` in the current scope
[INFO] [stdout]     --> src/account_loader.rs:1846:44
[INFO] [stdout]      |
[INFO] [stdout] 48   | pub struct ValidatedTransactionDetails {
[INFO] [stdout]      | -------------------------------------- function or associated item `default` not found for this struct
[INFO] [stdout] ...
[INFO] [stdout] 1846 |             ..ValidatedTransactionDetails::default()
[INFO] [stdout]      |                                            ^^^^^^^ function or associated item not found in `ValidatedTransactionDetails`
[INFO] [stdout]      |
[INFO] [stdout]      = help: items from traits can only be used if the trait is implemented and in scope
[INFO] [stdout]      = note: the following traits define an item `default`, perhaps you need to implement one of them:
[INFO] [stdout]              candidate #1: `Default`
[INFO] [stdout]              candidate #2: `tinyvec::array::Array`
[INFO] [stdout] 
[INFO] [stdout] 
[INFO] [stdout] error[E0599]: no variant or associated item named `default` found for enum `rollback_accounts::RollbackAccounts` in the current scope
[INFO] [stdout]     --> src/account_loader.rs:1885:54
[INFO] [stdout]      |
[INFO] [stdout] 1885 |                 rollback_accounts: RollbackAccounts::default(),
[INFO] [stdout]      |                                                      ^^^^^^^ variant or associated item not found in `RollbackAccounts`
[INFO] [stdout]      |
[INFO] [stdout]     ::: src/rollback_accounts.rs:13:1
[INFO] [stdout]      |
[INFO] [stdout] 13   | pub enum RollbackAccounts {
[INFO] [stdout]      | ------------------------- variant or associated item `default` not found for this enum
[INFO] [stdout]      |
[INFO] [stdout] note: if you're trying to build a new `rollback_accounts::RollbackAccounts`, consider using `rollback_accounts::RollbackAccounts::new` which returns `rollback_accounts::RollbackAccounts`
[INFO] [stdout]     --> src/rollback_accounts.rs:36:5
[INFO] [stdout]      |
[INFO] [stdout] 36   | /     pub fn new(
[INFO] [stdout] 37   | |         nonce: Option<NoncePartial>,
[INFO] [stdout] 38   | |         fee_payer_address: Pubkey,
[INFO] [stdout] 39   | |         mut fee_payer_account: AccountSharedData,
[INFO] [stdout] 40   | |         fee_payer_rent_debit: u64,
[INFO] [stdout] 41   | |         fee_payer_loaded_rent_epoch: Epoch,
[INFO] [stdout] 42   | |     ) -> Self {
[INFO] [stdout]      | |_____________^
[INFO] [stdout]      = help: items from traits can only be used if the trait is implemented and in scope
[INFO] [stdout]      = note: the following traits define an item `default`, perhaps you need to implement one of them:
[INFO] [stdout]              candidate #1: `Default`
[INFO] [stdout]              candidate #2: `tinyvec::array::Array`
[INFO] [stdout] 
[INFO] [stdout] 
[INFO] [stdout] error[E0599]: no function or associated item named `default` found for struct `account_loader::ValidatedTransactionDetails` in the current scope
[INFO] [stdout]     --> src/account_loader.rs:1918:65
[INFO] [stdout]      |
[INFO] [stdout] 48   | pub struct ValidatedTransactionDetails {
[INFO] [stdout]      | -------------------------------------- function or associated item `default` not found for this struct
[INFO] [stdout] ...
[INFO] [stdout] 1918 |         let validation_result = Ok(ValidatedTransactionDetails::default());
[INFO] [stdout]      |                                                                 ^^^^^^^ function or associated item not found in `ValidatedTransactionDetails`
[INFO] [stdout]      |
[INFO] [stdout]      = help: items from traits can only be used if the trait is implemented and in scope
[INFO] [stdout]      = note: the following traits define an item `default`, perhaps you need to implement one of them:
[INFO] [stdout]              candidate #1: `Default`
[INFO] [stdout]              candidate #2: `tinyvec::array::Array`
[INFO] [stdout] 
[INFO] [stdout] 
[INFO] [stdout] error[E0599]: no variant or associated item named `default` found for enum `rollback_accounts::RollbackAccounts` in the current scope
[INFO] [stdout]     --> src/transaction_processor.rs:1160:50
[INFO] [stdout]      |
[INFO] [stdout] 1160 |             rollback_accounts: RollbackAccounts::default(),
[INFO] [stdout]      |                                                  ^^^^^^^ variant or associated item not found in `RollbackAccounts`
[INFO] [stdout]      |
[INFO] [stdout]     ::: src/rollback_accounts.rs:13:1
[INFO] [stdout]      |
[INFO] [stdout] 13   | pub enum RollbackAccounts {
[INFO] [stdout]      | ------------------------- variant or associated item `default` not found for this enum
[INFO] [stdout]      |
[INFO] [stdout] note: if you're trying to build a new `rollback_accounts::RollbackAccounts`, consider using `rollback_accounts::RollbackAccounts::new` which returns `rollback_accounts::RollbackAccounts`
[INFO] [stdout]     --> src/rollback_accounts.rs:36:5
[INFO] [stdout]      |
[INFO] [stdout] 36   | /     pub fn new(
[INFO] [stdout] 37   | |         nonce: Option<NoncePartial>,
[INFO] [stdout] 38   | |         fee_payer_address: Pubkey,
[INFO] [stdout] 39   | |         mut fee_payer_account: AccountSharedData,
[INFO] [stdout] 40   | |         fee_payer_rent_debit: u64,
[INFO] [stdout] 41   | |         fee_payer_loaded_rent_epoch: Epoch,
[INFO] [stdout] 42   | |     ) -> Self {
[INFO] [stdout]      | |_____________^
[INFO] [stdout]      = help: items from traits can only be used if the trait is implemented and in scope
[INFO] [stdout]      = note: the following traits define an item `default`, perhaps you need to implement one of them:
[INFO] [stdout]              candidate #1: `Default`
[INFO] [stdout]              candidate #2: `tinyvec::array::Array`
[INFO] [stdout] 
[INFO] [stdout] 
[INFO] [stdout] error[E0599]: no variant or associated item named `default` found for enum `rollback_accounts::RollbackAccounts` in the current scope
[INFO] [stdout]     --> src/transaction_processor.rs:1285:50
[INFO] [stdout]      |
[INFO] [stdout] 1285 |             rollback_accounts: RollbackAccounts::default(),
[INFO] [stdout]      |                                                  ^^^^^^^ variant or associated item not found in `RollbackAccounts`
[INFO] [stdout]      |
[INFO] [stdout]     ::: src/rollback_accounts.rs:13:1
[INFO] [stdout]      |
[INFO] [stdout] 13   | pub enum RollbackAccounts {
[INFO] [stdout]      | ------------------------- variant or associated item `default` not found for this enum
[INFO] [stdout]      |
[INFO] [stdout] note: if you're trying to build a new `rollback_accounts::RollbackAccounts`, consider using `rollback_accounts::RollbackAccounts::new` which returns `rollback_accounts::RollbackAccounts`
[INFO] [stdout]     --> src/rollback_accounts.rs:36:5
[INFO] [stdout]      |
[INFO] [stdout] 36   | /     pub fn new(
[INFO] [stdout] 37   | |         nonce: Option<NoncePartial>,
[INFO] [stdout] 38   | |         fee_payer_address: Pubkey,
[INFO] [stdout] 39   | |         mut fee_payer_account: AccountSharedData,
[INFO] [stdout] 40   | |         fee_payer_rent_debit: u64,
[INFO] [stdout] 41   | |         fee_payer_loaded_rent_epoch: Epoch,
[INFO] [stdout] 42   | |     ) -> Self {
[INFO] [stdout]      | |_____________^
[INFO] [stdout]      = help: items from traits can only be used if the trait is implemented and in scope
[INFO] [stdout]      = note: the following traits define an item `default`, perhaps you need to implement one of them:
[INFO] [stdout]              candidate #1: `Default`
[INFO] [stdout]              candidate #2: `tinyvec::array::Array`
[INFO] [stdout] 
[INFO] [stdout] 
[INFO] [stdout] error[E0599]: no function or associated item named `default` found for struct `account_loader::ValidatedTransactionDetails` in the current scope
[INFO] [stdout]     --> src/transaction_processor.rs:1440:45
[INFO] [stdout]      |
[INFO] [stdout] 1440 |             Ok(ValidatedTransactionDetails::default()),
[INFO] [stdout]      |                                             ^^^^^^^ function or associated item not found in `ValidatedTransactionDetails`
[INFO] [stdout]      |
[INFO] [stdout]     ::: src/account_loader.rs:48:1
[INFO] [stdout]      |
[INFO] [stdout] 48   | pub struct ValidatedTransactionDetails {
[INFO] [stdout]      | -------------------------------------- function or associated item `default` not found for this struct
[INFO] [stdout]      |
[INFO] [stdout]      = help: items from traits can only be used if the trait is implemented and in scope
[INFO] [stdout]      = note: the following traits define an item `default`, perhaps you need to implement one of them:
[INFO] [stdout]              candidate #1: `Default`
[INFO] [stdout]              candidate #2: `tinyvec::array::Array`
[INFO] [stdout] 
[INFO] [stdout] 
[INFO] [stdout] error[E0599]: no function or associated item named `default` found for struct `account_loader::ValidatedTransactionDetails` in the current scope
[INFO] [stdout]     --> src/transaction_processor.rs:1441:45
[INFO] [stdout]      |
[INFO] [stdout] 1441 |             Ok(ValidatedTransactionDetails::default()),
[INFO] [stdout]      |                                             ^^^^^^^ function or associated item not found in `ValidatedTransactionDetails`
[INFO] [stdout]      |
[INFO] [stdout]     ::: src/account_loader.rs:48:1
[INFO] [stdout]      |
[INFO] [stdout] 48   | pub struct ValidatedTransactionDetails {
[INFO] [stdout]      | -------------------------------------- function or associated item `default` not found for this struct
[INFO] [stdout]      |
[INFO] [stdout]      = help: items from traits can only be used if the trait is implemented and in scope
[INFO] [stdout]      = note: the following traits define an item `default`, perhaps you need to implement one of them:
[INFO] [stdout]              candidate #1: `Default`
[INFO] [stdout]              candidate #2: `tinyvec::array::Array`
[INFO] [stdout] 
[INFO] [stdout] 
[INFO] [stdout] error[E0599]: no function or associated item named `default` found for struct `account_loader::ValidatedTransactionDetails` in the current scope
[INFO] [stdout]     --> src/transaction_processor.rs:1532:53
[INFO] [stdout]      |
[INFO] [stdout] 1532 |                     Ok(ValidatedTransactionDetails::default()),
[INFO] [stdout]      |                                                     ^^^^^^^ function or associated item not found in `ValidatedTransactionDetails`
[INFO] [stdout]      |
[INFO] [stdout]     ::: src/account_loader.rs:48:1
[INFO] [stdout]      |
[INFO] [stdout] 48   | pub struct ValidatedTransactionDetails {
[INFO] [stdout]      | -------------------------------------- function or associated item `default` not found for this struct
[INFO] [stdout]      |
[INFO] [stdout]      = help: items from traits can only be used if the trait is implemented and in scope
[INFO] [stdout]      = note: the following traits define an item `default`, perhaps you need to implement one of them:
[INFO] [stdout]              candidate #1: `Default`
[INFO] [stdout]              candidate #2: `tinyvec::array::Array`
[INFO] [stdout] 
[INFO] [stdout] 
[INFO] [stdout] error[E0599]: no function or associated item named `default` found for struct `account_loader::ValidatedTransactionDetails` in the current scope
[INFO] [stdout]     --> src/transaction_processor.rs:1533:53
[INFO] [stdout]      |
[INFO] [stdout] 1533 |                     Ok(ValidatedTransactionDetails::default()),
[INFO] [stdout]      |                                                     ^^^^^^^ function or associated item not found in `ValidatedTransactionDetails`
[INFO] [stdout]      |
[INFO] [stdout]     ::: src/account_loader.rs:48:1
[INFO] [stdout]      |
[INFO] [stdout] 48   | pub struct ValidatedTransactionDetails {
[INFO] [stdout]      | -------------------------------------- function or associated item `default` not found for this struct
[INFO] [stdout]      |
[INFO] [stdout]      = help: items from traits can only be used if the trait is implemented and in scope
[INFO] [stdout]      = note: the following traits define an item `default`, perhaps you need to implement one of them:
[INFO] [stdout]              candidate #1: `Default`
[INFO] [stdout]              candidate #2: `tinyvec::array::Array`
[INFO] [stdout] 
[INFO] [stdout] 
[INFO] [stdout] error[E0599]: no function or associated item named `default` found for struct `account_loader::ValidatedTransactionDetails` in the current scope
[INFO] [stdout]     --> src/transaction_processor.rs:1625:45
[INFO] [stdout]      |
[INFO] [stdout] 1625 |             Ok(ValidatedTransactionDetails::default()),
[INFO] [stdout]      |                                             ^^^^^^^ function or associated item not found in `ValidatedTransactionDetails`
[INFO] [stdout]      |
[INFO] [stdout]     ::: src/account_loader.rs:48:1
[INFO] [stdout]      |
[INFO] [stdout] 48   | pub struct ValidatedTransactionDetails {
[INFO] [stdout]      | -------------------------------------- function or associated item `default` not found for this struct
[INFO] [stdout]      |
[INFO] [stdout]      = help: items from traits can only be used if the trait is implemented and in scope
[INFO] [stdout]      = note: the following traits define an item `default`, perhaps you need to implement one of them:
[INFO] [stdout]              candidate #1: `Default`
[INFO] [stdout]              candidate #2: `tinyvec::array::Array`
[INFO] [stdout] 
[INFO] [stdout] 
[INFO] [stdout] For more information about this error, try `rustc --explain E0599`.
[INFO] [stdout] 
[INFO] [stderr] error: could not compile `solana-svm` (lib test) due to 28 previous errors; 3 warnings emitted
[INFO] [stderr] warning: build failed, waiting for other jobs to finish...
[INFO] running `Command { std: "docker" "inspect" "92a9467875d8a42ba967a3b2a67a9996e54aa4f59ba6219c88950e49826f2582", kill_on_drop: false }`
[INFO] running `Command { std: "docker" "rm" "-f" "92a9467875d8a42ba967a3b2a67a9996e54aa4f59ba6219c88950e49826f2582", kill_on_drop: false }`
[INFO] [stdout] 92a9467875d8a42ba967a3b2a67a9996e54aa4f59ba6219c88950e49826f2582
