[INFO] fetching crate solana-randomness-service 1.0.2...
[INFO] testing solana-randomness-service-1.0.2 against nightly-2024-10-28 for randomize-layout
[INFO] extracting crate solana-randomness-service 1.0.2 into /workspace/builds/worker-3-tc1/source
[INFO] validating manifest of crates.io crate solana-randomness-service 1.0.2 on toolchain nightly-2024-10-28
[INFO] running `Command { std: CARGO_HOME="/workspace/cargo-home" RUSTUP_HOME="/workspace/rustup-home" "/workspace/cargo-home/bin/cargo" "+nightly-2024-10-28" "metadata" "--manifest-path" "Cargo.toml" "--no-deps", kill_on_drop: false }`
[INFO] started tweaking crates.io crate solana-randomness-service 1.0.2
[INFO] finished tweaking crates.io crate solana-randomness-service 1.0.2
[INFO] tweaked toml for crates.io crate solana-randomness-service 1.0.2 written to /workspace/builds/worker-3-tc1/source/Cargo.toml
[INFO] running `Command { std: CARGO_HOME="/workspace/cargo-home" RUSTUP_HOME="/workspace/rustup-home" "/workspace/cargo-home/bin/cargo" "+nightly-2024-10-28" "generate-lockfile" "--manifest-path" "Cargo.toml", kill_on_drop: false }`
[INFO] [stderr]     Updating crates.io index
[INFO] [stderr]      Locking 278 packages to latest compatible versions
[INFO] [stderr]       Adding anchor-lang v0.29.0 (available: v0.30.1)
[INFO] [stderr]       Adding anchor-spl v0.29.0 (available: v0.30.1)
[INFO] [stderr]       Adding blake3 v1.5.1 (available: v1.5.4)
[INFO] [stderr]       Adding subtle v2.4.1 (available: v2.6.1)
[INFO] [stderr]       Adding switchboard-solana v0.29.110 (available: v0.30.4)
[INFO] [stderr]       Adding zeroize v1.3.0 (available: v1.8.1)
[INFO] running `Command { std: CARGO_HOME="/workspace/cargo-home" RUSTUP_HOME="/workspace/rustup-home" "/workspace/cargo-home/bin/cargo" "+nightly-2024-10-28" "fetch" "--manifest-path" "Cargo.toml", kill_on_drop: false }`
[INFO] [stderr]  Downloading crates ...
[INFO] [stderr]   Downloaded superslice v1.0.0
[INFO] [stderr]   Downloaded switchboard-solana v0.29.110
[INFO] running `Command { std: "docker" "create" "-v" "/var/lib/crater-agent-workspace/builds/worker-3-tc1/target:/opt/rustwide/target:rw,Z" "-v" "/var/lib/crater-agent-workspace/builds/worker-3-tc1/source:/opt/rustwide/workdir:ro,Z" "-v" "/var/lib/crater-agent-workspace/cargo-home:/opt/rustwide/cargo-home:ro,Z" "-v" "/var/lib/crater-agent-workspace/rustup-home:/opt/rustwide/rustup-home:ro,Z" "-e" "SOURCE_DIR=/opt/rustwide/workdir" "-e" "CARGO_TARGET_DIR=/opt/rustwide/target" "-e" "CARGO_HOME=/opt/rustwide/cargo-home" "-e" "RUSTUP_HOME=/opt/rustwide/rustup-home" "-w" "/opt/rustwide/workdir" "-m" "1610612736" "--user" "0:0" "--network" "none" "ghcr.io/rust-lang/crates-build-env/linux@sha256:4a844ea9eb2546a2d2c7022eacef16ef2e8229c7fbb2c7d4d55a9ceca922f72d" "/opt/rustwide/cargo-home/bin/cargo" "+nightly-2024-10-28" "metadata" "--no-deps" "--format-version=1", kill_on_drop: false }`
[INFO] [stdout] 4255c19cfdaaa5d1ca7e9398b46f966fff9fec6c74454c0863508145972e31ce
[INFO] running `Command { std: "docker" "start" "-a" "4255c19cfdaaa5d1ca7e9398b46f966fff9fec6c74454c0863508145972e31ce", kill_on_drop: false }`
[INFO] running `Command { std: "docker" "inspect" "4255c19cfdaaa5d1ca7e9398b46f966fff9fec6c74454c0863508145972e31ce", kill_on_drop: false }`
[INFO] running `Command { std: "docker" "rm" "-f" "4255c19cfdaaa5d1ca7e9398b46f966fff9fec6c74454c0863508145972e31ce", kill_on_drop: false }`
[INFO] [stdout] 4255c19cfdaaa5d1ca7e9398b46f966fff9fec6c74454c0863508145972e31ce
[INFO] running `Command { std: "docker" "create" "-v" "/var/lib/crater-agent-workspace/builds/worker-3-tc1/target:/opt/rustwide/target:rw,Z" "-v" "/var/lib/crater-agent-workspace/builds/worker-3-tc1/source:/opt/rustwide/workdir:ro,Z" "-v" "/var/lib/crater-agent-workspace/cargo-home:/opt/rustwide/cargo-home:ro,Z" "-v" "/var/lib/crater-agent-workspace/rustup-home:/opt/rustwide/rustup-home:ro,Z" "-e" "SOURCE_DIR=/opt/rustwide/workdir" "-e" "CARGO_TARGET_DIR=/opt/rustwide/target" "-e" "CARGO_INCREMENTAL=0" "-e" "RUST_BACKTRACE=full" "-e" "RUSTFLAGS=--cap-lints=forbid" "-e" "RUSTDOCFLAGS=--cap-lints=forbid" "-e" "CARGO_HOME=/opt/rustwide/cargo-home" "-e" "RUSTUP_HOME=/opt/rustwide/rustup-home" "-w" "/opt/rustwide/workdir" "-m" "1610612736" "--user" "0:0" "--network" "none" "ghcr.io/rust-lang/crates-build-env/linux@sha256:4a844ea9eb2546a2d2c7022eacef16ef2e8229c7fbb2c7d4d55a9ceca922f72d" "/opt/rustwide/cargo-home/bin/cargo" "+nightly-2024-10-28" "build" "--frozen" "--message-format=json", kill_on_drop: false }`
[INFO] [stdout] 88da0346de64471349f6f19cb3d1e2536660e9c55589862b764894cb082043a1
[INFO] running `Command { std: "docker" "start" "-a" "88da0346de64471349f6f19cb3d1e2536660e9c55589862b764894cb082043a1", kill_on_drop: false }`
[INFO] [stderr]    Compiling proc-macro2 v1.0.89
[INFO] [stderr]    Compiling version_check v0.9.5
[INFO] [stderr]    Compiling serde v1.0.214
[INFO] [stderr]    Compiling typenum v1.17.0
[INFO] [stderr]    Compiling subtle v2.4.1
[INFO] [stderr]    Compiling libc v0.2.161
[INFO] [stderr]    Compiling syn v1.0.109
[INFO] [stderr]    Compiling cpufeatures v0.2.14
[INFO] [stderr]    Compiling byteorder v1.5.0
[INFO] [stderr]    Compiling once_cell v1.20.2
[INFO] [stderr]    Compiling semver v1.0.23
[INFO] [stderr]    Compiling serde_json v1.0.132
[INFO] [stderr]    Compiling getrandom v0.1.16
[INFO] [stderr]    Compiling either v1.13.0
[INFO] [stderr]    Compiling opaque-debug v0.3.1
[INFO] [stderr]    Compiling crunchy v0.2.2
[INFO] [stderr]    Compiling paste v1.0.15
[INFO] [stderr]    Compiling log v0.4.22
[INFO] [stderr]    Compiling hashbrown v0.15.0
[INFO] [stderr]    Compiling equivalent v1.0.1
[INFO] [stderr]    Compiling block-padding v0.2.1
[INFO] [stderr]    Compiling wasm-bindgen-shared v0.2.95
[INFO] [stderr]    Compiling shlex v1.3.0
[INFO] [stderr]    Compiling winnow v0.6.20
[INFO] [stderr]    Compiling toml_datetime v0.6.8
[INFO] [stderr]    Compiling itertools v0.10.5
[INFO] [stderr]    Compiling bumpalo v3.16.0
[INFO] [stderr]    Compiling feature-probe v0.1.1
[INFO] [stderr]    Compiling lazy_static v1.5.0
[INFO] [stderr]    Compiling generic-array v0.14.7
[INFO] [stderr]    Compiling ahash v0.8.11
[INFO] [stderr]    Compiling proc-macro-error-attr v1.0.4
[INFO] [stderr]    Compiling proc-macro-error v1.0.4
[INFO] [stderr]    Compiling ahash v0.7.8
[INFO] [stderr]    Compiling bv v0.11.1
[INFO] [stderr]    Compiling im v15.1.0
[INFO] [stderr]    Compiling rustc_version v0.4.1
[INFO] [stderr]    Compiling cfg_aliases v0.2.1
[INFO] [stderr]    Compiling rustversion v1.0.18
[INFO] [stderr]    Compiling keccak v0.1.5
[INFO] [stderr]    Compiling borsh v1.5.1
[INFO] [stderr]    Compiling tinyvec v1.8.0
[INFO] [stderr]    Compiling rayon v1.10.0
[INFO] [stderr]    Compiling memoffset v0.9.1
[INFO] [stderr]    Compiling arrayref v0.3.9
[INFO] [stderr]    Compiling wasm-bindgen v0.2.95
[INFO] [stderr]    Compiling arrayvec v0.7.6
[INFO] [stderr]    Compiling indexmap v2.6.0
[INFO] [stderr]    Compiling bs58 v0.4.0
[INFO] [stderr]    Compiling solana-frozen-abi-macro v1.18.26
[INFO] [stderr]    Compiling solana-frozen-abi v1.18.26
[INFO] [stderr]    Compiling quote v1.0.37
[INFO] [stderr]    Compiling rustc-hash v1.1.0
[INFO] [stderr]    Compiling constant_time_eq v0.3.1
[INFO] [stderr]    Compiling base64 v0.12.3
[INFO] [stderr]    Compiling base64 v0.21.7
[INFO] [stderr]    Compiling strsim v0.11.1
[INFO] [stderr]    Compiling ident_case v1.0.1
[INFO] [stderr]    Compiling aho-corasick v1.1.3
[INFO] [stderr]    Compiling regex-syntax v0.8.5
[INFO] [stderr]    Compiling syn v2.0.86
[INFO] [stderr]    Compiling bitmaps v2.1.0
[INFO] [stderr]    Compiling signature v1.6.4
[INFO] [stderr]    Compiling ed25519 v1.5.3
[INFO] [stderr]    Compiling humantime v2.1.0
[INFO] [stderr]    Compiling termcolor v1.4.1
[INFO] [stderr]    Compiling solana-sdk v1.18.26
[INFO] [stderr]    Compiling derivation-path v0.2.0
[INFO] [stderr]    Compiling qstring v0.7.2
[INFO] [stderr]    Compiling unicode-normalization v0.1.24
[INFO] [stderr]    Compiling uriparse v0.6.4
[INFO] [stderr]    Compiling chrono v0.4.38
[INFO] [stderr]    Compiling assert_matches v1.5.0
[INFO] [stderr]    Compiling siphasher v0.3.11
[INFO] [stderr]    Compiling getrandom v0.2.15
[INFO] [stderr]    Compiling jobserver v0.1.32
[INFO] [stderr]    Compiling sized-chunks v0.6.5
[INFO] [stderr]    Compiling memmap2 v0.5.10
[INFO] [stderr]    Compiling rand_core v0.6.4
[INFO] [stderr]    Compiling rand_core v0.5.1
[INFO] [stderr]    Compiling atty v0.2.14
[INFO] [stderr]    Compiling cc v1.1.31
[INFO] [stderr]    Compiling unicode-segmentation v1.12.0
[INFO] [stderr]    Compiling rand_xoshiro v0.6.0
[INFO] [stderr]    Compiling bs58 v0.5.1
[INFO] [stderr]    Compiling hashbrown v0.11.2
[INFO] [stderr]    Compiling toml_edit v0.22.22
[INFO] [stderr]    Compiling rust_decimal v1.36.0
[INFO] [stderr]    Compiling solana-security-txt v1.1.1
[INFO] [stderr]    Compiling superslice v1.0.0
[INFO] [stderr]    Compiling regex-automata v0.4.8
[INFO] [stderr]    Compiling heck v0.3.3
[INFO] [stderr]    Compiling blake3 v1.5.1
[INFO] [stderr]    Compiling solana-program v1.18.26
[INFO] [stderr]    Compiling proc-macro-crate v3.2.0
[INFO] [stderr]    Compiling regex v1.11.1
[INFO] [stderr]    Compiling env_logger v0.9.3
[INFO] [stderr]    Compiling borsh-derive-internal v0.10.4
[INFO] [stderr]    Compiling borsh-schema-derive-internal v0.9.3
[INFO] [stderr]    Compiling borsh-schema-derive-internal v0.10.4
[INFO] [stderr]    Compiling borsh-derive-internal v0.9.3
[INFO] [stderr]    Compiling solana-logger v1.18.26
[INFO] [stderr]    Compiling wasm-bindgen-backend v0.2.95
[INFO] [stderr]    Compiling darling_core v0.20.10
[INFO] [stderr]    Compiling ark-serialize-derive v0.4.2
[INFO] [stderr]    Compiling ark-ff-asm v0.4.2
[INFO] [stderr]    Compiling ark-ff-macros v0.4.2
[INFO] [stderr]    Compiling derivative v2.2.0
[INFO] [stderr]    Compiling anchor-derive-space v0.29.0
[INFO] [stderr]    Compiling serde_derive v1.0.214
[INFO] [stderr]    Compiling zerocopy-derive v0.7.35
[INFO] [stderr]    Compiling thiserror-impl v1.0.66
[INFO] [stderr]    Compiling zeroize_derive v1.4.2
[INFO] [stderr]    Compiling syn_derive v0.1.8
[INFO] [stderr]    Compiling bytemuck_derive v1.8.0
[INFO] [stderr]    Compiling num-derive v0.4.2
[INFO] [stderr]    Compiling solana-sdk-macro v1.18.26
[INFO] [stderr]    Compiling num_enum_derive v0.7.3
[INFO] [stderr]    Compiling qualifier_attr v0.2.2
[INFO] [stderr]    Compiling borsh-derive v1.5.1
[INFO] [stderr]    Compiling zeroize v1.3.0
[INFO] [stderr]    Compiling zerocopy v0.7.35
[INFO] [stderr]    Compiling wasm-bindgen-macro-support v0.2.95
[INFO] [stderr]    Compiling merlin v3.0.0
[INFO] [stderr]    Compiling num_enum v0.7.3
[INFO] [stderr]    Compiling bytemuck v1.19.0
[INFO] [stderr]    Compiling thiserror v1.0.66
[INFO] [stderr]    Compiling darling_macro v0.20.10
[INFO] [stderr]    Compiling ppv-lite86 v0.2.20
[INFO] [stderr]    Compiling wasm-bindgen-macro v0.2.95
[INFO] [stderr]    Compiling hashbrown v0.13.2
[INFO] [stderr]    Compiling rand_chacha v0.3.1
[INFO] [stderr]    Compiling rand_chacha v0.2.2
[INFO] [stderr]    Compiling darling v0.20.10
[INFO] [stderr]    Compiling rand v0.7.3
[INFO] [stderr]    Compiling rand v0.8.5
[INFO] [stderr]    Compiling serde_with_macros v2.3.3
[INFO] [stderr]    Compiling ark-std v0.4.0
[INFO] [stderr]    Compiling toml v0.5.11
[INFO] [stderr]    Compiling serde_bytes v0.11.15
[INFO] [stderr]    Compiling bitflags v2.6.0
[INFO] [stderr]    Compiling bincode v1.3.3
[INFO] [stderr]    Compiling serde_with v2.3.3
[INFO] [stderr]    Compiling crypto-common v0.1.6
[INFO] [stderr]    Compiling block-buffer v0.10.4
[INFO] [stderr]    Compiling digest v0.9.0
[INFO] [stderr]    Compiling block-buffer v0.9.0
[INFO] [stderr]    Compiling crypto-mac v0.8.0
[INFO] [stderr]    Compiling cipher v0.3.0
[INFO] [stderr]    Compiling universal-hash v0.4.1
[INFO] [stderr]    Compiling aead v0.4.3
[INFO] [stderr]    Compiling libsecp256k1-core v0.2.2
[INFO] [stderr]    Compiling hmac v0.8.1
[INFO] [stderr]    Compiling curve25519-dalek v3.2.1
[INFO] [stderr]    Compiling pbkdf2 v0.4.0
[INFO] [stderr]    Compiling digest v0.10.7
[INFO] [stderr]    Compiling sha2 v0.9.9
[INFO] [stderr]    Compiling aes v0.7.5
[INFO] [stderr]    Compiling ctr v0.8.0
[INFO] [stderr]    Compiling hmac-drbg v0.3.0
[INFO] [stderr]    Compiling polyval v0.5.3
[INFO] [stderr]    Compiling sha3 v0.9.1
[INFO] [stderr]    Compiling sha2 v0.10.8
[INFO] [stderr]    Compiling ark-serialize v0.4.2
[INFO] [stderr]    Compiling sha3 v0.10.8
[INFO] [stderr]    Compiling hmac v0.12.1
[INFO] [stderr]    Compiling proc-macro-crate v0.1.5
[INFO] [stderr]    Compiling tiny-bip39 v0.8.2
[INFO] [stderr]    Compiling pbkdf2 v0.11.0
[INFO] [stderr]    Compiling aes-gcm-siv v0.10.3
[INFO] [stderr]    Compiling ark-ff v0.4.2
[INFO] [stderr]    Compiling spl-discriminator-syn v0.1.2
[INFO] [stderr]    Compiling anchor-syn v0.29.0
[INFO] [stderr]    Compiling borsh-derive v0.9.3
[INFO] [stderr]    Compiling borsh-derive v0.10.4
[INFO] [stderr]    Compiling spl-program-error-derive v0.3.2
[INFO] [stderr]    Compiling libsecp256k1-gen-ecmult v0.2.1
[INFO] [stderr]    Compiling libsecp256k1-gen-genmult v0.2.1
[INFO] [stderr]    Compiling spl-discriminator-derive v0.1.2
[INFO] [stderr]    Compiling borsh v0.9.3
[INFO] [stderr]    Compiling borsh v0.10.4
[INFO] [stderr]    Compiling ed25519-dalek v1.0.1
[INFO] [stderr]    Compiling libsecp256k1 v0.6.0
[INFO] [stderr]    Compiling ed25519-dalek-bip32 v0.2.0
[INFO] [stderr]    Compiling anchor-attribute-account v0.29.0
[INFO] [stderr]    Compiling anchor-attribute-program v0.29.0
[INFO] [stderr]    Compiling anchor-attribute-event v0.29.0
[INFO] [stderr]    Compiling anchor-derive-accounts v0.29.0
[INFO] [stderr]    Compiling anchor-attribute-access-control v0.29.0
[INFO] [stderr]    Compiling anchor-derive-serde v0.29.0
[INFO] [stderr]    Compiling anchor-attribute-constant v0.29.0
[INFO] [stderr]    Compiling anchor-attribute-error v0.29.0
[INFO] [stderr]    Compiling ark-poly v0.4.2
[INFO] [stderr]    Compiling ark-ec v0.4.2
[INFO] [stderr]    Compiling ark-bn254 v0.4.0
[INFO] [stderr]    Compiling light-poseidon v0.2.0
[INFO] [stderr]    Compiling spl-program-error v0.3.0
[INFO] [stderr]    Compiling spl-discriminator v0.1.0
[INFO] [stderr]    Compiling spl-token v4.0.3
[INFO] [stderr]    Compiling spl-memo v4.0.4
[INFO] [stderr]    Compiling anchor-lang v0.29.0
[INFO] [stderr]    Compiling switchboard-solana v0.29.110
[INFO] [stderr]    Compiling solana-zk-token-sdk v1.18.26
[INFO] [stderr]    Compiling spl-pod v0.1.0
[INFO] [stderr]    Compiling spl-type-length-value v0.3.0
[INFO] [stderr]    Compiling spl-token-group-interface v0.1.0
[INFO] [stderr]    Compiling spl-tlv-account-resolution v0.5.1
[INFO] [stderr]    Compiling spl-token-metadata-interface v0.2.0
[INFO] [stderr]    Compiling spl-tlv-account-resolution v0.4.0
[INFO] [stderr]    Compiling spl-transfer-hook-interface v0.4.1
[INFO] [stderr]    Compiling spl-transfer-hook-interface v0.3.0
[INFO] [stderr]    Compiling spl-token-2022 v1.0.0
[INFO] [stderr]    Compiling spl-token-2022 v0.9.0
[INFO] [stderr]    Compiling spl-associated-token-account v2.3.0
[INFO] [stderr]    Compiling anchor-spl v0.29.0
[INFO] [stderr]    Compiling solana-randomness-service v1.0.2 (/opt/rustwide/workdir)
[INFO] [stdout] error[E0432]: unresolved import `switchboard_solana::prelude::NativeMint`
[INFO] [stdout]    --> src/lib.rs:167:9
[INFO] [stdout]     |
[INFO] [stdout] 167 | pub use switchboard_solana::prelude::NativeMint;
[INFO] [stdout]     |         ^^^^^^^^^^^^^^^^^^^^^^^^^^^^^^^^^^^^^^^ no `NativeMint` in `prelude`
[INFO] [stdout] 
[INFO] [stdout] 
[INFO] [stdout] error[E0412]: cannot find type `TokenAccount` in this scope
[INFO] [stdout]    --> src/utils.rs:10:40
[INFO] [stdout]     |
[INFO] [stdout] 10  |     native_token_account: &Account<'a, TokenAccount>,
[INFO] [stdout]     |                                        ^^^^^^^^^^^^
[INFO] [stdout]     |
[INFO] [stdout]    ::: /opt/rustwide/cargo-home/registry/src/index.crates.io-6f17d22bba15001f/anchor-spl-0.29.0/src/token.rs:401:1
[INFO] [stdout]     |
[INFO] [stdout] 401 | pub struct CloseAccount<'info> {
[INFO] [stdout]     | ------------------------------ similarly named struct `CloseAccount` defined here
[INFO] [stdout]     |
[INFO] [stdout] help: a struct with a similar name exists
[INFO] [stdout]     |
[INFO] [stdout] 10  |     native_token_account: &Account<'a, CloseAccount>,
[INFO] [stdout]     |                                        ~~~~~~~~~~~~
[INFO] [stdout] help: consider importing one of these structs
[INFO] [stdout]     |
[INFO] [stdout] 1   + use anchor_spl::token::TokenAccount;
[INFO] [stdout]     |
[INFO] [stdout] 1   + use anchor_spl::token_interface::TokenAccount;
[INFO] [stdout]     |
[INFO] [stdout] 
[INFO] [stdout] 
[INFO] [stdout] error[E0412]: cannot find type `TokenAccount` in this scope
[INFO] [stdout]    --> src/utils.rs:43:24
[INFO] [stdout]     |
[INFO] [stdout] 43  |     from: &Account<'a, TokenAccount>,
[INFO] [stdout]     |                        ^^^^^^^^^^^^
[INFO] [stdout]     |
[INFO] [stdout]    ::: /opt/rustwide/cargo-home/registry/src/index.crates.io-6f17d22bba15001f/anchor-spl-0.29.0/src/token.rs:401:1
[INFO] [stdout]     |
[INFO] [stdout] 401 | pub struct CloseAccount<'info> {
[INFO] [stdout]     | ------------------------------ similarly named struct `CloseAccount` defined here
[INFO] [stdout]     |
[INFO] [stdout] help: a struct with a similar name exists
[INFO] [stdout]     |
[INFO] [stdout] 43  |     from: &Account<'a, CloseAccount>,
[INFO] [stdout]     |                        ~~~~~~~~~~~~
[INFO] [stdout] help: consider importing one of these structs
[INFO] [stdout]     |
[INFO] [stdout] 1   + use anchor_spl::token::TokenAccount;
[INFO] [stdout]     |
[INFO] [stdout] 1   + use anchor_spl::token_interface::TokenAccount;
[INFO] [stdout]     |
[INFO] [stdout] 
[INFO] [stdout] 
[INFO] [stdout] error[E0412]: cannot find type `TokenAccount` in this scope
[INFO] [stdout]    --> src/utils.rs:44:22
[INFO] [stdout]     |
[INFO] [stdout] 44  |     to: &Account<'a, TokenAccount>,
[INFO] [stdout]     |                      ^^^^^^^^^^^^
[INFO] [stdout]     |
[INFO] [stdout]    ::: /opt/rustwide/cargo-home/registry/src/index.crates.io-6f17d22bba15001f/anchor-spl-0.29.0/src/token.rs:401:1
[INFO] [stdout]     |
[INFO] [stdout] 401 | pub struct CloseAccount<'info> {
[INFO] [stdout]     | ------------------------------ similarly named struct `CloseAccount` defined here
[INFO] [stdout]     |
[INFO] [stdout] help: a struct with a similar name exists
[INFO] [stdout]     |
[INFO] [stdout] 44  |     to: &Account<'a, CloseAccount>,
[INFO] [stdout]     |                      ~~~~~~~~~~~~
[INFO] [stdout] help: consider importing one of these structs
[INFO] [stdout]     |
[INFO] [stdout] 1   + use anchor_spl::token::TokenAccount;
[INFO] [stdout]     |
[INFO] [stdout] 1   + use anchor_spl::token_interface::TokenAccount;
[INFO] [stdout]     |
[INFO] [stdout] 
[INFO] [stdout] 
[INFO] [stdout] error[E0412]: cannot find type `TokenAccount` in this scope
[INFO] [stdout]    --> src/actions/simple_randomness_v1_request.rs:21:36
[INFO] [stdout]     |
[INFO] [stdout] 21  |     pub escrow: Box<Account<'info, TokenAccount>>,
[INFO] [stdout]     |                                    ^^^^^^^^^^^^
[INFO] [stdout]     |
[INFO] [stdout]    ::: /opt/rustwide/cargo-home/registry/src/index.crates.io-6f17d22bba15001f/anchor-spl-0.29.0/src/token.rs:401:1
[INFO] [stdout]     |
[INFO] [stdout] 401 | pub struct CloseAccount<'info> {
[INFO] [stdout]     | ------------------------------ similarly named struct `CloseAccount` defined here
[INFO] [stdout]     |
[INFO] [stdout] help: a struct with a similar name exists
[INFO] [stdout]     |
[INFO] [stdout] 21  |     pub escrow: Box<Account<'info, CloseAccount>>,
[INFO] [stdout]     |                                    ~~~~~~~~~~~~
[INFO] [stdout] help: consider importing one of these structs
[INFO] [stdout]     |
[INFO] [stdout] 1   + use anchor_spl::token::TokenAccount;
[INFO] [stdout]     |
[INFO] [stdout] 1   + use anchor_spl::token_interface::TokenAccount;
[INFO] [stdout]     |
[INFO] [stdout] 
[INFO] [stdout] 
[INFO] [stdout] error[E0412]: cannot find type `Mint` in this scope
[INFO] [stdout]   --> src/actions/simple_randomness_v1_request.rs:31:30
[INFO] [stdout]    |
[INFO] [stdout] 31 |     pub mint: Account<'info, Mint>,
[INFO] [stdout]    |                              ^^^^ not found in this scope
[INFO] [stdout]    |
[INFO] [stdout] help: consider importing one of these structs
[INFO] [stdout]    |
[INFO] [stdout] 1  + use anchor_spl::token::Mint;
[INFO] [stdout]    |
[INFO] [stdout] 1  + use anchor_spl::token_interface::Mint;
[INFO] [stdout]    |
[INFO] [stdout] 
[INFO] [stdout] 
[INFO] [stdout] error[E0412]: cannot find type `Token` in this scope
[INFO] [stdout]   --> src/actions/simple_randomness_v1_request.rs:41:39
[INFO] [stdout]    |
[INFO] [stdout] 41 |     pub token_program: Program<'info, Token>,
[INFO] [stdout]    |                                       ^^^^^ not found in this scope
[INFO] [stdout]    |
[INFO] [stdout] help: consider importing this struct
[INFO] [stdout]    |
[INFO] [stdout] 1  + use anchor_spl::token::Token;
[INFO] [stdout]    |
[INFO] [stdout] 
[INFO] [stdout] 
[INFO] [stdout] error[E0412]: cannot find type `AssociatedToken` in this scope
[INFO] [stdout]   --> src/actions/simple_randomness_v1_request.rs:43:50
[INFO] [stdout]    |
[INFO] [stdout] 43 |     pub associated_token_program: Program<'info, AssociatedToken>,
[INFO] [stdout]    |                                                  ^^^^^^^^^^^^^^^ not found in this scope
[INFO] [stdout]    |
[INFO] [stdout] help: consider importing this struct
[INFO] [stdout]    |
[INFO] [stdout] 1  + use anchor_spl::associated_token::AssociatedToken;
[INFO] [stdout]    |
[INFO] [stdout] 
[INFO] [stdout] 
[INFO] [stdout] error[E0412]: cannot find type `TokenAccount` in this scope
[INFO] [stdout]    --> src/actions/simple_randomness_v1_settle.rs:25:36
[INFO] [stdout]     |
[INFO] [stdout] 25  |     pub escrow: Box<Account<'info, TokenAccount>>,
[INFO] [stdout]     |                                    ^^^^^^^^^^^^
[INFO] [stdout]     |
[INFO] [stdout]    ::: /opt/rustwide/cargo-home/registry/src/index.crates.io-6f17d22bba15001f/anchor-spl-0.29.0/src/token.rs:401:1
[INFO] [stdout]     |
[INFO] [stdout] 401 | pub struct CloseAccount<'info> {
[INFO] [stdout]     | ------------------------------ similarly named struct `CloseAccount` defined here
[INFO] [stdout]     |
[INFO] [stdout] help: a struct with a similar name exists
[INFO] [stdout]     |
[INFO] [stdout] 25  |     pub escrow: Box<Account<'info, CloseAccount>>,
[INFO] [stdout]     |                                    ~~~~~~~~~~~~
[INFO] [stdout] help: consider importing one of these structs
[INFO] [stdout]     |
[INFO] [stdout] 1   + use anchor_spl::token::TokenAccount;
[INFO] [stdout]     |
[INFO] [stdout] 1   + use anchor_spl::token_interface::TokenAccount;
[INFO] [stdout]     |
[INFO] [stdout] 
[INFO] [stdout] 
[INFO] [stdout] error[E0412]: cannot find type `TokenAccount` in this scope
[INFO] [stdout]    --> src/actions/simple_randomness_v1_settle.rs:39:36
[INFO] [stdout]     |
[INFO] [stdout] 39  |     pub wallet: Box<Account<'info, TokenAccount>>,
[INFO] [stdout]     |                                    ^^^^^^^^^^^^
[INFO] [stdout]     |
[INFO] [stdout]    ::: /opt/rustwide/cargo-home/registry/src/index.crates.io-6f17d22bba15001f/anchor-spl-0.29.0/src/token.rs:401:1
[INFO] [stdout]     |
[INFO] [stdout] 401 | pub struct CloseAccount<'info> {
[INFO] [stdout]     | ------------------------------ similarly named struct `CloseAccount` defined here
[INFO] [stdout]     |
[INFO] [stdout] help: a struct with a similar name exists
[INFO] [stdout]     |
[INFO] [stdout] 39  |     pub wallet: Box<Account<'info, CloseAccount>>,
[INFO] [stdout]     |                                    ~~~~~~~~~~~~
[INFO] [stdout] help: consider importing one of these structs
[INFO] [stdout]     |
[INFO] [stdout] 1   + use anchor_spl::token::TokenAccount;
[INFO] [stdout]     |
[INFO] [stdout] 1   + use anchor_spl::token_interface::TokenAccount;
[INFO] [stdout]     |
[INFO] [stdout] 
[INFO] [stdout] 
[INFO] [stdout] error[E0412]: cannot find type `FunctionAccountData` in this scope
[INFO] [stdout]   --> src/actions/simple_randomness_v1_settle.rs:48:52
[INFO] [stdout]    |
[INFO] [stdout] 48 |     pub switchboard_function: AccountLoader<'info, FunctionAccountData>,
[INFO] [stdout]    |                                                    ^^^^^^^^^^^^^^^^^^^ not found in this scope
[INFO] [stdout]    |
[INFO] [stdout] help: you might be missing a type parameter
[INFO] [stdout]    |
[INFO] [stdout] 6  | pub struct SimpleRandomnessV1Settle<'info, FunctionAccountData> {
[INFO] [stdout]    |                                          +++++++++++++++++++++
[INFO] [stdout] 
[INFO] [stdout] 
[INFO] [stdout] error[E0412]: cannot find type `FunctionServiceAccountData` in this scope
[INFO] [stdout]   --> src/actions/simple_randomness_v1_settle.rs:49:49
[INFO] [stdout]    |
[INFO] [stdout] 49 |     pub switchboard_service: Box<Account<'info, FunctionServiceAccountData>>,
[INFO] [stdout]    |                                                 ^^^^^^^^^^^^^^^^^^^^^^^^^^ not found in this scope
[INFO] [stdout]    |
[INFO] [stdout] help: you might be missing a type parameter
[INFO] [stdout]    |
[INFO] [stdout] 6  | pub struct SimpleRandomnessV1Settle<'info, FunctionServiceAccountData> {
[INFO] [stdout]    |                                          ++++++++++++++++++++++++++++
[INFO] [stdout] 
[INFO] [stdout] 
[INFO] [stdout] error[E0412]: cannot find type `Token` in this scope
[INFO] [stdout]   --> src/actions/simple_randomness_v1_settle.rs:53:39
[INFO] [stdout]    |
[INFO] [stdout] 53 |     pub token_program: Program<'info, Token>,
[INFO] [stdout]    |                                       ^^^^^ not found in this scope
[INFO] [stdout]    |
[INFO] [stdout] help: consider importing this struct
[INFO] [stdout]    |
[INFO] [stdout] 1  + use anchor_spl::token::Token;
[INFO] [stdout]    |
[INFO] [stdout] 
[INFO] [stdout] 
[INFO] [stdout] error[E0412]: cannot find type `TokenAccount` in this scope
[INFO] [stdout]    --> src/actions/simple_randomness_v1_callback_error.rs:18:36
[INFO] [stdout]     |
[INFO] [stdout] 18  |     pub escrow: Box<Account<'info, TokenAccount>>,
[INFO] [stdout]     |                                    ^^^^^^^^^^^^
[INFO] [stdout]     |
[INFO] [stdout]    ::: /opt/rustwide/cargo-home/registry/src/index.crates.io-6f17d22bba15001f/anchor-spl-0.29.0/src/token.rs:401:1
[INFO] [stdout]     |
[INFO] [stdout] 401 | pub struct CloseAccount<'info> {
[INFO] [stdout]     | ------------------------------ similarly named struct `CloseAccount` defined here
[INFO] [stdout]     |
[INFO] [stdout] help: a struct with a similar name exists
[INFO] [stdout]     |
[INFO] [stdout] 18  |     pub escrow: Box<Account<'info, CloseAccount>>,
[INFO] [stdout]     |                                    ~~~~~~~~~~~~
[INFO] [stdout] help: consider importing one of these structs
[INFO] [stdout]     |
[INFO] [stdout] 1   + use anchor_spl::token::TokenAccount;
[INFO] [stdout]     |
[INFO] [stdout] 1   + use anchor_spl::token_interface::TokenAccount;
[INFO] [stdout]     |
[INFO] [stdout] 
[INFO] [stdout] 
[INFO] [stdout] error[E0412]: cannot find type `TokenAccount` in this scope
[INFO] [stdout]    --> src/actions/simple_randomness_v1_callback_error.rs:32:36
[INFO] [stdout]     |
[INFO] [stdout] 32  |     pub wallet: Box<Account<'info, TokenAccount>>,
[INFO] [stdout]     |                                    ^^^^^^^^^^^^
[INFO] [stdout]     |
[INFO] [stdout]    ::: /opt/rustwide/cargo-home/registry/src/index.crates.io-6f17d22bba15001f/anchor-spl-0.29.0/src/token.rs:401:1
[INFO] [stdout]     |
[INFO] [stdout] 401 | pub struct CloseAccount<'info> {
[INFO] [stdout]     | ------------------------------ similarly named struct `CloseAccount` defined here
[INFO] [stdout]     |
[INFO] [stdout] help: a struct with a similar name exists
[INFO] [stdout]     |
[INFO] [stdout] 32  |     pub wallet: Box<Account<'info, CloseAccount>>,
[INFO] [stdout]     |                                    ~~~~~~~~~~~~
[INFO] [stdout] help: consider importing one of these structs
[INFO] [stdout]     |
[INFO] [stdout] 1   + use anchor_spl::token::TokenAccount;
[INFO] [stdout]     |
[INFO] [stdout] 1   + use anchor_spl::token_interface::TokenAccount;
[INFO] [stdout]     |
[INFO] [stdout] 
[INFO] [stdout] 
[INFO] [stdout] error[E0412]: cannot find type `FunctionAccountData` in this scope
[INFO] [stdout]   --> src/actions/simple_randomness_v1_callback_error.rs:41:52
[INFO] [stdout]    |
[INFO] [stdout] 41 |     pub switchboard_function: AccountLoader<'info, FunctionAccountData>,
[INFO] [stdout]    |                                                    ^^^^^^^^^^^^^^^^^^^ not found in this scope
[INFO] [stdout]    |
[INFO] [stdout] help: you might be missing a type parameter
[INFO] [stdout]    |
[INFO] [stdout] 6  | pub struct SimpleRandomnessV1CallbackError<'info, FunctionAccountData> {
[INFO] [stdout]    |                                                 +++++++++++++++++++++
[INFO] [stdout] 
[INFO] [stdout] 
[INFO] [stdout] error[E0412]: cannot find type `FunctionServiceAccountData` in this scope
[INFO] [stdout]   --> src/actions/simple_randomness_v1_callback_error.rs:42:49
[INFO] [stdout]    |
[INFO] [stdout] 42 |     pub switchboard_service: Box<Account<'info, FunctionServiceAccountData>>,
[INFO] [stdout]    |                                                 ^^^^^^^^^^^^^^^^^^^^^^^^^^ not found in this scope
[INFO] [stdout]    |
[INFO] [stdout] help: you might be missing a type parameter
[INFO] [stdout]    |
[INFO] [stdout] 6  | pub struct SimpleRandomnessV1CallbackError<'info, FunctionServiceAccountData> {
[INFO] [stdout]    |                                                 ++++++++++++++++++++++++++++
[INFO] [stdout] 
[INFO] [stdout] 
[INFO] [stdout] error[E0412]: cannot find type `Token` in this scope
[INFO] [stdout]   --> src/actions/simple_randomness_v1_callback_error.rs:47:39
[INFO] [stdout]    |
[INFO] [stdout] 47 |     pub token_program: Program<'info, Token>,
[INFO] [stdout]    |                                       ^^^^^ not found in this scope
[INFO] [stdout]    |
[INFO] [stdout] help: consider importing this struct
[INFO] [stdout]    |
[INFO] [stdout] 1  + use anchor_spl::token::Token;
[INFO] [stdout]    |
[INFO] [stdout] 
[INFO] [stdout] 
[INFO] [stdout] error[E0412]: cannot find type `TokenAccount` in this scope
[INFO] [stdout]    --> src/actions/simple_randomness_v1_close.rs:25:36
[INFO] [stdout]     |
[INFO] [stdout] 25  |     pub escrow: Box<Account<'info, TokenAccount>>,
[INFO] [stdout]     |                                    ^^^^^^^^^^^^
[INFO] [stdout]     |
[INFO] [stdout]    ::: /opt/rustwide/cargo-home/registry/src/index.crates.io-6f17d22bba15001f/anchor-spl-0.29.0/src/token.rs:401:1
[INFO] [stdout]     |
[INFO] [stdout] 401 | pub struct CloseAccount<'info> {
[INFO] [stdout]     | ------------------------------ similarly named struct `CloseAccount` defined here
[INFO] [stdout]     |
[INFO] [stdout] help: a struct with a similar name exists
[INFO] [stdout]     |
[INFO] [stdout] 25  |     pub escrow: Box<Account<'info, CloseAccount>>,
[INFO] [stdout]     |                                    ~~~~~~~~~~~~
[INFO] [stdout] help: consider importing one of these structs
[INFO] [stdout]     |
[INFO] [stdout] 1   + use anchor_spl::token::TokenAccount;
[INFO] [stdout]     |
[INFO] [stdout] 1   + use anchor_spl::token_interface::TokenAccount;
[INFO] [stdout]     |
[INFO] [stdout] 
[INFO] [stdout] 
[INFO] [stdout] error[E0412]: cannot find type `TokenAccount` in this scope
[INFO] [stdout]    --> src/actions/simple_randomness_v1_close.rs:38:36
[INFO] [stdout]     |
[INFO] [stdout] 38  |     pub wallet: Box<Account<'info, TokenAccount>>,
[INFO] [stdout]     |                                    ^^^^^^^^^^^^
[INFO] [stdout]     |
[INFO] [stdout]    ::: /opt/rustwide/cargo-home/registry/src/index.crates.io-6f17d22bba15001f/anchor-spl-0.29.0/src/token.rs:401:1
[INFO] [stdout]     |
[INFO] [stdout] 401 | pub struct CloseAccount<'info> {
[INFO] [stdout]     | ------------------------------ similarly named struct `CloseAccount` defined here
[INFO] [stdout]     |
[INFO] [stdout] help: a struct with a similar name exists
[INFO] [stdout]     |
[INFO] [stdout] 38  |     pub wallet: Box<Account<'info, CloseAccount>>,
[INFO] [stdout]     |                                    ~~~~~~~~~~~~
[INFO] [stdout] help: consider importing one of these structs
[INFO] [stdout]     |
[INFO] [stdout] 1   + use anchor_spl::token::TokenAccount;
[INFO] [stdout]     |
[INFO] [stdout] 1   + use anchor_spl::token_interface::TokenAccount;
[INFO] [stdout]     |
[INFO] [stdout] 
[INFO] [stdout] 
[INFO] [stdout] error[E0412]: cannot find type `Token` in this scope
[INFO] [stdout]   --> src/actions/simple_randomness_v1_close.rs:42:39
[INFO] [stdout]    |
[INFO] [stdout] 42 |     pub token_program: Program<'info, Token>,
[INFO] [stdout]    |                                       ^^^^^ not found in this scope
[INFO] [stdout]    |
[INFO] [stdout] help: consider importing this struct
[INFO] [stdout]    |
[INFO] [stdout] 1  + use anchor_spl::token::Token;
[INFO] [stdout]    |
[INFO] [stdout] 
[INFO] [stdout] 
[INFO] [stdout] error[E0412]: cannot find type `TokenAccount` in this scope
[INFO] [stdout]    --> src/lib.rs:370:36
[INFO] [stdout]     |
[INFO] [stdout] 370 |     pub wallet: Box<Account<'info, TokenAccount>>,
[INFO] [stdout]     |                                    ^^^^^^^^^^^^
[INFO] [stdout]     |
[INFO] [stdout]    ::: /opt/rustwide/cargo-home/registry/src/index.crates.io-6f17d22bba15001f/anchor-spl-0.29.0/src/token.rs:401:1
[INFO] [stdout]     |
[INFO] [stdout] 401 | pub struct CloseAccount<'info> {
[INFO] [stdout]     | ------------------------------ similarly named struct `CloseAccount` defined here
[INFO] [stdout]     |
[INFO] [stdout] help: a struct with a similar name exists
[INFO] [stdout]     |
[INFO] [stdout] 370 |     pub wallet: Box<Account<'info, CloseAccount>>,
[INFO] [stdout]     |                                    ~~~~~~~~~~~~
[INFO] [stdout] help: consider importing one of these structs
[INFO] [stdout]     |
[INFO] [stdout] 162 + use anchor_spl::token::TokenAccount;
[INFO] [stdout]     |
[INFO] [stdout] 162 + use anchor_spl::token_interface::TokenAccount;
[INFO] [stdout]     |
[INFO] [stdout] 
[INFO] [stdout] 
[INFO] [stdout] error[E0412]: cannot find type `Mint` in this scope
[INFO] [stdout]    --> src/lib.rs:373:30
[INFO] [stdout]     |
[INFO] [stdout] 373 |     pub mint: Account<'info, Mint>,
[INFO] [stdout]     |                              ^^^^ not found in this scope
[INFO] [stdout]     |
[INFO] [stdout] help: consider importing one of these structs
[INFO] [stdout]     |
[INFO] [stdout] 162 + use anchor_spl::token::Mint;
[INFO] [stdout]     |
[INFO] [stdout] 162 + use anchor_spl::token_interface::Mint;
[INFO] [stdout]     |
[INFO] [stdout] 
[INFO] [stdout] 
[INFO] [stdout] error[E0412]: cannot find type `FunctionAccountData` in this scope
[INFO] [stdout]    --> src/lib.rs:379:52
[INFO] [stdout]     |
[INFO] [stdout] 379 |     pub switchboard_function: AccountLoader<'info, FunctionAccountData>,
[INFO] [stdout]     |                                                    ^^^^^^^^^^^^^^^^^^^ not found in this scope
[INFO] [stdout]     |
[INFO] [stdout] help: you might be missing a type parameter
[INFO] [stdout]     |
[INFO] [stdout] 351 | pub struct Initialize<'info, FunctionAccountData> {
[INFO] [stdout]     |                            +++++++++++++++++++++
[INFO] [stdout] 
[INFO] [stdout] 
[INFO] [stdout] error[E0412]: cannot find type `FunctionServiceAccountData` in this scope
[INFO] [stdout]    --> src/lib.rs:380:49
[INFO] [stdout]     |
[INFO] [stdout] 380 |     pub switchboard_service: Box<Account<'info, FunctionServiceAccountData>>,
[INFO] [stdout]     |                                                 ^^^^^^^^^^^^^^^^^^^^^^^^^^ not found in this scope
[INFO] [stdout]     |
[INFO] [stdout] help: you might be missing a type parameter
[INFO] [stdout]     |
[INFO] [stdout] 351 | pub struct Initialize<'info, FunctionServiceAccountData> {
[INFO] [stdout]     |                            ++++++++++++++++++++++++++++
[INFO] [stdout] 
[INFO] [stdout] 
[INFO] [stdout] error[E0412]: cannot find type `Token` in this scope
[INFO] [stdout]    --> src/lib.rs:384:39
[INFO] [stdout]     |
[INFO] [stdout] 384 |     pub token_program: Program<'info, Token>,
[INFO] [stdout]     |                                       ^^^^^ not found in this scope
[INFO] [stdout]     |
[INFO] [stdout] help: consider importing this struct
[INFO] [stdout]     |
[INFO] [stdout] 162 + use anchor_spl::token::Token;
[INFO] [stdout]     |
[INFO] [stdout] 
[INFO] [stdout] 
[INFO] [stdout] error[E0412]: cannot find type `AssociatedToken` in this scope
[INFO] [stdout]    --> src/lib.rs:386:50
[INFO] [stdout]     |
[INFO] [stdout] 386 |     pub associated_token_program: Program<'info, AssociatedToken>,
[INFO] [stdout]     |                                                  ^^^^^^^^^^^^^^^ not found in this scope
[INFO] [stdout]     |
[INFO] [stdout] help: consider importing this struct
[INFO] [stdout]     |
[INFO] [stdout] 162 + use anchor_spl::associated_token::AssociatedToken;
[INFO] [stdout]     |
[INFO] [stdout] 
[INFO] [stdout] 
[INFO] [stdout] error[E0412]: cannot find type `FunctionAccountData` in this scope
[INFO] [stdout]    --> src/lib.rs:418:52
[INFO] [stdout]     |
[INFO] [stdout] 418 |     pub switchboard_function: AccountLoader<'info, FunctionAccountData>,
[INFO] [stdout]     |                                                    ^^^^^^^^^^^^^^^^^^^ not found in this scope
[INFO] [stdout]     |
[INFO] [stdout] help: you might be missing a type parameter
[INFO] [stdout]     |
[INFO] [stdout] 403 | pub struct SetSwitchboardService<'info, FunctionAccountData> {
[INFO] [stdout]     |                                       +++++++++++++++++++++
[INFO] [stdout] 
[INFO] [stdout] 
[INFO] [stdout] error[E0412]: cannot find type `FunctionServiceAccountData` in this scope
[INFO] [stdout]    --> src/lib.rs:419:49
[INFO] [stdout]     |
[INFO] [stdout] 419 |     pub switchboard_service: Box<Account<'info, FunctionServiceAccountData>>,
[INFO] [stdout]     |                                                 ^^^^^^^^^^^^^^^^^^^^^^^^^^ not found in this scope
[INFO] [stdout]     |
[INFO] [stdout] help: you might be missing a type parameter
[INFO] [stdout]     |
[INFO] [stdout] 403 | pub struct SetSwitchboardService<'info, FunctionServiceAccountData> {
[INFO] [stdout]     |                                       ++++++++++++++++++++++++++++
[INFO] [stdout] 
[INFO] [stdout] 
[INFO] [stdout] error[E0412]: cannot find type `TokenAccount` in this scope
[INFO] [stdout]    --> src/lib.rs:434:36
[INFO] [stdout]     |
[INFO] [stdout] 434 |     pub wallet: Box<Account<'info, TokenAccount>>,
[INFO] [stdout]     |                                    ^^^^^^^^^^^^
[INFO] [stdout]     |
[INFO] [stdout]    ::: /opt/rustwide/cargo-home/registry/src/index.crates.io-6f17d22bba15001f/anchor-spl-0.29.0/src/token.rs:401:1
[INFO] [stdout]     |
[INFO] [stdout] 401 | pub struct CloseAccount<'info> {
[INFO] [stdout]     | ------------------------------ similarly named struct `CloseAccount` defined here
[INFO] [stdout]     |
[INFO] [stdout] help: a struct with a similar name exists
[INFO] [stdout]     |
[INFO] [stdout] 434 |     pub wallet: Box<Account<'info, CloseAccount>>,
[INFO] [stdout]     |                                    ~~~~~~~~~~~~
[INFO] [stdout] help: consider importing one of these structs
[INFO] [stdout]     |
[INFO] [stdout] 162 + use anchor_spl::token::TokenAccount;
[INFO] [stdout]     |
[INFO] [stdout] 162 + use anchor_spl::token_interface::TokenAccount;
[INFO] [stdout]     |
[INFO] [stdout] 
[INFO] [stdout] 
[INFO] [stdout] error[E0412]: cannot find type `TokenAccount` in this scope
[INFO] [stdout]    --> src/lib.rs:445:46
[INFO] [stdout]     |
[INFO] [stdout] 445 |     pub ephemeral_wallet: Box<Account<'info, TokenAccount>>,
[INFO] [stdout]     |                                              ^^^^^^^^^^^^
[INFO] [stdout]     |
[INFO] [stdout]    ::: /opt/rustwide/cargo-home/registry/src/index.crates.io-6f17d22bba15001f/anchor-spl-0.29.0/src/token.rs:401:1
[INFO] [stdout]     |
[INFO] [stdout] 401 | pub struct CloseAccount<'info> {
[INFO] [stdout]     | ------------------------------ similarly named struct `CloseAccount` defined here
[INFO] [stdout]     |
[INFO] [stdout] help: a struct with a similar name exists
[INFO] [stdout]     |
[INFO] [stdout] 445 |     pub ephemeral_wallet: Box<Account<'info, CloseAccount>>,
[INFO] [stdout]     |                                              ~~~~~~~~~~~~
[INFO] [stdout] help: consider importing one of these structs
[INFO] [stdout]     |
[INFO] [stdout] 162 + use anchor_spl::token::TokenAccount;
[INFO] [stdout]     |
[INFO] [stdout] 162 + use anchor_spl::token_interface::TokenAccount;
[INFO] [stdout]     |
[INFO] [stdout] 
[INFO] [stdout] 
[INFO] [stdout] error[E0412]: cannot find type `Mint` in this scope
[INFO] [stdout]    --> src/lib.rs:448:30
[INFO] [stdout]     |
[INFO] [stdout] 448 |     pub mint: Account<'info, Mint>,
[INFO] [stdout]     |                              ^^^^ not found in this scope
[INFO] [stdout]     |
[INFO] [stdout] help: consider importing one of these structs
[INFO] [stdout]     |
[INFO] [stdout] 162 + use anchor_spl::token::Mint;
[INFO] [stdout]     |
[INFO] [stdout] 162 + use anchor_spl::token_interface::Mint;
[INFO] [stdout]     |
[INFO] [stdout] 
[INFO] [stdout] 
[INFO] [stdout] error[E0412]: cannot find type `Token` in this scope
[INFO] [stdout]    --> src/lib.rs:451:39
[INFO] [stdout]     |
[INFO] [stdout] 451 |     pub token_program: Program<'info, Token>,
[INFO] [stdout]     |                                       ^^^^^ not found in this scope
[INFO] [stdout]     |
[INFO] [stdout] help: consider importing this struct
[INFO] [stdout]     |
[INFO] [stdout] 162 + use anchor_spl::token::Token;
[INFO] [stdout]     |
[INFO] [stdout] 
[INFO] [stdout] 
[INFO] [stdout] error[E0412]: cannot find type `TokenAccount` in this scope
[INFO] [stdout]    --> src/lib.rs:475:36
[INFO] [stdout]     |
[INFO] [stdout] 475 |     pub wallet: Box<Account<'info, TokenAccount>>,
[INFO] [stdout]     |                                    ^^^^^^^^^^^^
[INFO] [stdout]     |
[INFO] [stdout]    ::: /opt/rustwide/cargo-home/registry/src/index.crates.io-6f17d22bba15001f/anchor-spl-0.29.0/src/token.rs:401:1
[INFO] [stdout]     |
[INFO] [stdout] 401 | pub struct CloseAccount<'info> {
[INFO] [stdout]     | ------------------------------ similarly named struct `CloseAccount` defined here
[INFO] [stdout]     |
[INFO] [stdout] help: a struct with a similar name exists
[INFO] [stdout]     |
[INFO] [stdout] 475 |     pub wallet: Box<Account<'info, CloseAccount>>,
[INFO] [stdout]     |                                    ~~~~~~~~~~~~
[INFO] [stdout] help: consider importing one of these structs
[INFO] [stdout]     |
[INFO] [stdout] 162 + use anchor_spl::token::TokenAccount;
[INFO] [stdout]     |
[INFO] [stdout] 162 + use anchor_spl::token_interface::TokenAccount;
[INFO] [stdout]     |
[INFO] [stdout] 
[INFO] [stdout] 
[INFO] [stdout] error[E0412]: cannot find type `FunctionAccountData` in this scope
[INFO] [stdout]    --> src/lib.rs:484:52
[INFO] [stdout]     |
[INFO] [stdout] 484 |     pub switchboard_function: AccountLoader<'info, FunctionAccountData>,
[INFO] [stdout]     |                                                    ^^^^^^^^^^^^^^^^^^^ not found in this scope
[INFO] [stdout]     |
[INFO] [stdout] help: you might be missing a type parameter
[INFO] [stdout]     |
[INFO] [stdout] 462 | pub struct SwitchboardServiceWithdraw<'info, FunctionAccountData> {
[INFO] [stdout]     |                                            +++++++++++++++++++++
[INFO] [stdout] 
[INFO] [stdout] 
[INFO] [stdout] error[E0412]: cannot find type `FunctionServiceAccountData` in this scope
[INFO] [stdout]    --> src/lib.rs:485:49
[INFO] [stdout]     |
[INFO] [stdout] 485 |     pub switchboard_service: Box<Account<'info, FunctionServiceAccountData>>,
[INFO] [stdout]     |                                                 ^^^^^^^^^^^^^^^^^^^^^^^^^^ not found in this scope
[INFO] [stdout]     |
[INFO] [stdout] help: you might be missing a type parameter
[INFO] [stdout]     |
[INFO] [stdout] 462 | pub struct SwitchboardServiceWithdraw<'info, FunctionServiceAccountData> {
[INFO] [stdout]     |                                            ++++++++++++++++++++++++++++
[INFO] [stdout] 
[INFO] [stdout] 
[INFO] [stdout] error[E0412]: cannot find type `TokenAccount` in this scope
[INFO] [stdout]    --> src/lib.rs:494:46
[INFO] [stdout]     |
[INFO] [stdout] 494 |     pub ephemeral_wallet: Box<Account<'info, TokenAccount>>,
[INFO] [stdout]     |                                              ^^^^^^^^^^^^
[INFO] [stdout]     |
[INFO] [stdout]    ::: /opt/rustwide/cargo-home/registry/src/index.crates.io-6f17d22bba15001f/anchor-spl-0.29.0/src/token.rs:401:1
[INFO] [stdout]     |
[INFO] [stdout] 401 | pub struct CloseAccount<'info> {
[INFO] [stdout]     | ------------------------------ similarly named struct `CloseAccount` defined here
[INFO] [stdout]     |
[INFO] [stdout] help: a struct with a similar name exists
[INFO] [stdout]     |
[INFO] [stdout] 494 |     pub ephemeral_wallet: Box<Account<'info, CloseAccount>>,
[INFO] [stdout]     |                                              ~~~~~~~~~~~~
[INFO] [stdout] help: consider importing one of these structs
[INFO] [stdout]     |
[INFO] [stdout] 162 + use anchor_spl::token::TokenAccount;
[INFO] [stdout]     |
[INFO] [stdout] 162 + use anchor_spl::token_interface::TokenAccount;
[INFO] [stdout]     |
[INFO] [stdout] 
[INFO] [stdout] 
[INFO] [stdout] error[E0412]: cannot find type `Mint` in this scope
[INFO] [stdout]    --> src/lib.rs:497:30
[INFO] [stdout]     |
[INFO] [stdout] 497 |     pub mint: Account<'info, Mint>,
[INFO] [stdout]     |                              ^^^^ not found in this scope
[INFO] [stdout]     |
[INFO] [stdout] help: consider importing one of these structs
[INFO] [stdout]     |
[INFO] [stdout] 162 + use anchor_spl::token::Mint;
[INFO] [stdout]     |
[INFO] [stdout] 162 + use anchor_spl::token_interface::Mint;
[INFO] [stdout]     |
[INFO] [stdout] 
[INFO] [stdout] 
[INFO] [stdout] error[E0412]: cannot find type `Token` in this scope
[INFO] [stdout]    --> src/lib.rs:500:39
[INFO] [stdout]     |
[INFO] [stdout] 500 |     pub token_program: Program<'info, Token>,
[INFO] [stdout]     |                                       ^^^^^ not found in this scope
[INFO] [stdout]     |
[INFO] [stdout] help: consider importing this struct
[INFO] [stdout]     |
[INFO] [stdout] 162 + use anchor_spl::token::Token;
[INFO] [stdout]     |
[INFO] [stdout] 
[INFO] [stdout] 
[INFO] [stdout] warning: unexpected `cfg` condition name: `doc_cfg`
[INFO] [stdout]  --> src/lib.rs:1:13
[INFO] [stdout]   |
[INFO] [stdout] 1 | #![cfg_attr(doc_cfg, feature(doc_cfg))]
[INFO] [stdout]   |             ^^^^^^^
[INFO] [stdout]   |
[INFO] [stdout]   = help: expected names are: `clippy`, `debug_assertions`, `doc`, `docsrs`, `doctest`, `feature`, `fmt_debug`, `miri`, `overflow_checks`, `panic`, `proc_macro`, `relocation_model`, `rustfmt`, `sanitize`, `sanitizer_cfi_generalize_pointers`, `sanitizer_cfi_normalize_integers`, `target_abi`, `target_arch`, `target_endian`, `target_env`, `target_family`, `target_feature`, `target_has_atomic`, `target_has_atomic_equal_alignment`, `target_has_atomic_load_store`, `target_os`, `target_pointer_width`, `target_thread_local`, `target_vendor`, `test`, `ub_checks`, `unix`, and `windows`
[INFO] [stdout]   = help: consider using a Cargo feature instead
[INFO] [stdout]   = help: or consider adding in `Cargo.toml` the `check-cfg` lint config for the lint:
[INFO] [stdout]            [lints.rust]
[INFO] [stdout]            unexpected_cfgs = { level = "warn", check-cfg = ['cfg(doc_cfg)'] }
[INFO] [stdout]   = help: or consider adding `println!("cargo::rustc-check-cfg=cfg(doc_cfg)");` to the top of the `build.rs`
[INFO] [stdout]   = note: see <https://doc.rust-lang.org/nightly/rustc/check-cfg/cargo-specifics.html> for more information about checking conditional configuration
[INFO] [stdout]   = note: `#[warn(unexpected_cfgs)]` on by default
[INFO] [stdout] 
[INFO] [stdout] 
[INFO] [stdout] Some errors have detailed explanations: E0412, E0432.
[INFO] [stdout] 
[INFO] [stdout] For more information about an error, try `rustc --explain E0412`.
[INFO] [stdout] 
[INFO] [stderr] error: could not compile `solana-randomness-service` (lib) due to 39 previous errors; 1 warning emitted
[INFO] running `Command { std: "docker" "inspect" "88da0346de64471349f6f19cb3d1e2536660e9c55589862b764894cb082043a1", kill_on_drop: false }`
[INFO] running `Command { std: "docker" "rm" "-f" "88da0346de64471349f6f19cb3d1e2536660e9c55589862b764894cb082043a1", kill_on_drop: false }`
[INFO] [stdout] 88da0346de64471349f6f19cb3d1e2536660e9c55589862b764894cb082043a1
