[INFO] fetching crate solana-pubkey 0.0.2...
[INFO] testing solana-pubkey-0.0.2 against nightly-2024-10-28 for randomize-layout
[INFO] extracting crate solana-pubkey 0.0.2 into /workspace/builds/worker-2-tc1/source
[INFO] validating manifest of crates.io crate solana-pubkey 0.0.2 on toolchain nightly-2024-10-28
[INFO] running `Command { std: CARGO_HOME="/workspace/cargo-home" RUSTUP_HOME="/workspace/rustup-home" "/workspace/cargo-home/bin/cargo" "+nightly-2024-10-28" "metadata" "--manifest-path" "Cargo.toml" "--no-deps", kill_on_drop: false }`
[INFO] started tweaking crates.io crate solana-pubkey 0.0.2
[INFO] finished tweaking crates.io crate solana-pubkey 0.0.2
[INFO] tweaked toml for crates.io crate solana-pubkey 0.0.2 written to /workspace/builds/worker-2-tc1/source/Cargo.toml
[INFO] running `Command { std: CARGO_HOME="/workspace/cargo-home" RUSTUP_HOME="/workspace/rustup-home" "/workspace/cargo-home/bin/cargo" "+nightly-2024-10-28" "generate-lockfile" "--manifest-path" "Cargo.toml", kill_on_drop: false }`
[INFO] [stderr]     Updating crates.io index
[INFO] [stderr]      Locking 120 packages to latest compatible versions
[INFO] [stderr]       Adding borsh v0.10.4 (available: v1.5.1)
[INFO] [stderr]       Adding solana-atomic-u64 v0.0.2 (available: v2.1.0)
[INFO] [stderr]       Adding solana-decode-error v0.0.2 (available: v2.1.0)
[INFO] [stderr]       Adding solana-define-syscall v0.0.2 (available: v2.1.0)
[INFO] [stderr]       Adding solana-sanitize v0.0.2 (available: v2.1.0)
[INFO] [stderr]       Adding solana-sha256-hasher v0.0.2 (available: v2.1.0)
[INFO] [stderr]       Adding strum v0.24.1 (available: v0.26.3)
[INFO] [stderr]       Adding strum_macros v0.24.3 (available: v0.26.4)
[INFO] running `Command { std: CARGO_HOME="/workspace/cargo-home" RUSTUP_HOME="/workspace/rustup-home" "/workspace/cargo-home/bin/cargo" "+nightly-2024-10-28" "fetch" "--manifest-path" "Cargo.toml", kill_on_drop: false }`
[INFO] [stderr]  Downloading crates ...
[INFO] [stderr]   Downloaded solana-hash v0.0.2
[INFO] [stderr]   Downloaded solana-frozen-abi-macro v2.1.0
[INFO] [stderr]   Downloaded solana-atomic-u64 v0.0.2
[INFO] [stderr]   Downloaded solana-sanitize v0.0.2
[INFO] [stderr]   Downloaded solana-frozen-abi v2.1.0
[INFO] [stderr]   Downloaded solana-decode-error v0.0.2
[INFO] [stderr]   Downloaded solana-define-syscall v0.0.2
[INFO] [stderr]   Downloaded solana-sha256-hasher v0.0.2
[INFO] running `Command { std: "docker" "create" "-v" "/var/lib/crater-agent-workspace/builds/worker-2-tc1/target:/opt/rustwide/target:rw,Z" "-v" "/var/lib/crater-agent-workspace/builds/worker-2-tc1/source:/opt/rustwide/workdir:ro,Z" "-v" "/var/lib/crater-agent-workspace/cargo-home:/opt/rustwide/cargo-home:ro,Z" "-v" "/var/lib/crater-agent-workspace/rustup-home:/opt/rustwide/rustup-home:ro,Z" "-e" "SOURCE_DIR=/opt/rustwide/workdir" "-e" "CARGO_TARGET_DIR=/opt/rustwide/target" "-e" "CARGO_HOME=/opt/rustwide/cargo-home" "-e" "RUSTUP_HOME=/opt/rustwide/rustup-home" "-w" "/opt/rustwide/workdir" "-m" "1610612736" "--user" "0:0" "--network" "none" "ghcr.io/rust-lang/crates-build-env/linux@sha256:4a844ea9eb2546a2d2c7022eacef16ef2e8229c7fbb2c7d4d55a9ceca922f72d" "/opt/rustwide/cargo-home/bin/cargo" "+nightly-2024-10-28" "metadata" "--no-deps" "--format-version=1", kill_on_drop: false }`
[INFO] [stdout] 96ebab16777aa37d823e87ae447b0a66432474da70768b8673d4a78ff69e84b1
[INFO] running `Command { std: "docker" "start" "-a" "96ebab16777aa37d823e87ae447b0a66432474da70768b8673d4a78ff69e84b1", kill_on_drop: false }`
[INFO] running `Command { std: "docker" "inspect" "96ebab16777aa37d823e87ae447b0a66432474da70768b8673d4a78ff69e84b1", kill_on_drop: false }`
[INFO] running `Command { std: "docker" "rm" "-f" "96ebab16777aa37d823e87ae447b0a66432474da70768b8673d4a78ff69e84b1", kill_on_drop: false }`
[INFO] [stdout] 96ebab16777aa37d823e87ae447b0a66432474da70768b8673d4a78ff69e84b1
[INFO] running `Command { std: "docker" "create" "-v" "/var/lib/crater-agent-workspace/builds/worker-2-tc1/target:/opt/rustwide/target:rw,Z" "-v" "/var/lib/crater-agent-workspace/builds/worker-2-tc1/source:/opt/rustwide/workdir:ro,Z" "-v" "/var/lib/crater-agent-workspace/cargo-home:/opt/rustwide/cargo-home:ro,Z" "-v" "/var/lib/crater-agent-workspace/rustup-home:/opt/rustwide/rustup-home:ro,Z" "-e" "SOURCE_DIR=/opt/rustwide/workdir" "-e" "CARGO_TARGET_DIR=/opt/rustwide/target" "-e" "CARGO_INCREMENTAL=0" "-e" "RUST_BACKTRACE=full" "-e" "RUSTFLAGS=--cap-lints=forbid" "-e" "RUSTDOCFLAGS=--cap-lints=forbid" "-e" "CARGO_HOME=/opt/rustwide/cargo-home" "-e" "RUSTUP_HOME=/opt/rustwide/rustup-home" "-w" "/opt/rustwide/workdir" "-m" "1610612736" "--user" "0:0" "--network" "none" "ghcr.io/rust-lang/crates-build-env/linux@sha256:4a844ea9eb2546a2d2c7022eacef16ef2e8229c7fbb2c7d4d55a9ceca922f72d" "/opt/rustwide/cargo-home/bin/cargo" "+nightly-2024-10-28" "build" "--frozen" "--message-format=json", kill_on_drop: false }`
[INFO] [stdout] 6ac2b1e30a631ec36ee71e11bc104cb155841fef4f54fe766f39205e79d106bb
[INFO] running `Command { std: "docker" "start" "-a" "6ac2b1e30a631ec36ee71e11bc104cb155841fef4f54fe766f39205e79d106bb", kill_on_drop: false }`
[INFO] [stderr]    Compiling num-traits v0.2.19
[INFO] [stderr]    Compiling five8_core v0.1.1
[INFO] [stderr]    Compiling solana-sanitize v0.0.2
[INFO] [stderr]    Compiling bs58 v0.5.1
[INFO] [stderr]    Compiling solana-atomic-u64 v0.0.2
[INFO] [stderr]    Compiling five8_const v0.1.3
[INFO] [stderr]    Compiling solana-decode-error v0.0.2
[INFO] [stderr]    Compiling solana-pubkey v0.0.2 (/opt/rustwide/workdir)
[INFO] [stderr]     Finished `dev` profile [unoptimized + debuginfo] target(s) in 0.75s
[INFO] running `Command { std: "docker" "inspect" "6ac2b1e30a631ec36ee71e11bc104cb155841fef4f54fe766f39205e79d106bb", kill_on_drop: false }`
[INFO] running `Command { std: "docker" "rm" "-f" "6ac2b1e30a631ec36ee71e11bc104cb155841fef4f54fe766f39205e79d106bb", kill_on_drop: false }`
[INFO] [stdout] 6ac2b1e30a631ec36ee71e11bc104cb155841fef4f54fe766f39205e79d106bb
[INFO] running `Command { std: "docker" "create" "-v" "/var/lib/crater-agent-workspace/builds/worker-2-tc1/target:/opt/rustwide/target:rw,Z" "-v" "/var/lib/crater-agent-workspace/builds/worker-2-tc1/source:/opt/rustwide/workdir:ro,Z" "-v" "/var/lib/crater-agent-workspace/cargo-home:/opt/rustwide/cargo-home:ro,Z" "-v" "/var/lib/crater-agent-workspace/rustup-home:/opt/rustwide/rustup-home:ro,Z" "-e" "SOURCE_DIR=/opt/rustwide/workdir" "-e" "CARGO_TARGET_DIR=/opt/rustwide/target" "-e" "CARGO_INCREMENTAL=0" "-e" "RUST_BACKTRACE=full" "-e" "RUSTFLAGS=--cap-lints=forbid" "-e" "RUSTDOCFLAGS=--cap-lints=forbid" "-e" "CARGO_HOME=/opt/rustwide/cargo-home" "-e" "RUSTUP_HOME=/opt/rustwide/rustup-home" "-w" "/opt/rustwide/workdir" "-m" "1610612736" "--user" "0:0" "--network" "none" "ghcr.io/rust-lang/crates-build-env/linux@sha256:4a844ea9eb2546a2d2c7022eacef16ef2e8229c7fbb2c7d4d55a9ceca922f72d" "/opt/rustwide/cargo-home/bin/cargo" "+nightly-2024-10-28" "test" "--frozen" "--no-run" "--message-format=json", kill_on_drop: false }`
[INFO] [stdout] 784c482d0cb8be0a7086cc5487a6565a9d3190516d5531f6e68422f79e6ee425
[INFO] running `Command { std: "docker" "start" "-a" "784c482d0cb8be0a7086cc5487a6565a9d3190516d5531f6e68422f79e6ee425", kill_on_drop: false }`
[INFO] [stderr]    Compiling proc-macro2 v1.0.89
[INFO] [stderr]    Compiling unicode-ident v1.0.13
[INFO] [stderr]    Compiling rustversion v1.0.18
[INFO] [stderr]    Compiling syn v1.0.109
[INFO] [stderr]    Compiling anyhow v1.0.92
[INFO] [stderr]    Compiling bs58 v0.5.1
[INFO] [stderr]    Compiling heck v0.4.1
[INFO] [stderr]    Compiling strum v0.24.1
[INFO] [stderr]    Compiling solana-pubkey v0.0.2 (/opt/rustwide/workdir)
[INFO] [stderr]    Compiling quote v1.0.37
[INFO] [stderr]    Compiling syn v2.0.86
[INFO] [stderr]    Compiling derive_arbitrary v1.3.2
[INFO] [stderr]    Compiling strum_macros v0.24.3
[INFO] [stderr]    Compiling arbitrary v1.3.2
[INFO] [stdout] error[E0425]: cannot find value `PDA_MARKER` in this scope
[INFO] [stdout]     --> src/lib.rs:1365:40
[INFO] [stdout]      |
[INFO] [stdout] 1365 |             pubkey_from_seed_by_marker(PDA_MARKER),
[INFO] [stdout]      |                                        ^^^^^^^^^^ not found in this scope
[INFO] [stdout] 
[INFO] [stdout] 
[INFO] [stdout] error[E0425]: cannot find value `PDA_MARKER` in this scope
[INFO] [stdout]     --> src/lib.rs:1368:45
[INFO] [stdout]      |
[INFO] [stdout] 1368 |         assert!(pubkey_from_seed_by_marker(&PDA_MARKER[1..]).is_ok());
[INFO] [stdout]      |                                             ^^^^^^^^^^ not found in this scope
[INFO] [stdout] 
[INFO] [stdout] 
[INFO] [stdout] error[E0599]: no function or associated item named `create_with_seed` found for struct `Pubkey` in the current scope
[INFO] [stdout]     --> src/lib.rs:1175:21
[INFO] [stdout]      |
[INFO] [stdout] 163  | pub struct Pubkey(pub(crate) [u8; 32]);
[INFO] [stdout]      | ----------------- function or associated item `create_with_seed` not found for this struct
[INFO] [stdout] ...
[INFO] [stdout] 1175 |             Pubkey::create_with_seed(&Pubkey::new_unique(), "☉", &Pubkey::new_unique()).is_ok()
[INFO] [stdout]      |                     ^^^^^^^^^^^^^^^^ function or associated item not found in `Pubkey`
[INFO] [stdout]      |
[INFO] [stdout] note: if you're trying to build a new `Pubkey` consider using one of the following associated functions:
[INFO] [stdout]       Pubkey::new_from_array
[INFO] [stdout]       Pubkey::from_str_const
[INFO] [stdout]       Pubkey::new_unique
[INFO] [stdout]     --> src/lib.rs:304:5
[INFO] [stdout]      |
[INFO] [stdout] 304  |     pub const fn new_from_array(pubkey_array: [u8; 32]) -> Self {
[INFO] [stdout]      |     ^^^^^^^^^^^^^^^^^^^^^^^^^^^^^^^^^^^^^^^^^^^^^^^^^^^^^^^^^^^
[INFO] [stdout] ...
[INFO] [stdout] 309  |     pub const fn from_str_const(s: &str) -> Self {
[INFO] [stdout]      |     ^^^^^^^^^^^^^^^^^^^^^^^^^^^^^^^^^^^^^^^^^^^^
[INFO] [stdout] ...
[INFO] [stdout] 315  |     pub fn new_unique() -> Self {
[INFO] [stdout]      |     ^^^^^^^^^^^^^^^^^^^^^^^^^^^
[INFO] [stdout] 
[INFO] [stdout] 
[INFO] [stdout] error[E0599]: no function or associated item named `create_with_seed` found for struct `Pubkey` in the current scope
[INFO] [stdout]     --> src/lib.rs:1178:21
[INFO] [stdout]      |
[INFO] [stdout] 163  | pub struct Pubkey(pub(crate) [u8; 32]);
[INFO] [stdout]      | ----------------- function or associated item `create_with_seed` not found for this struct
[INFO] [stdout] ...
[INFO] [stdout] 1178 |             Pubkey::create_with_seed(
[INFO] [stdout]      |                     ^^^^^^^^^^^^^^^^ function or associated item not found in `Pubkey`
[INFO] [stdout]      |
[INFO] [stdout] note: if you're trying to build a new `Pubkey` consider using one of the following associated functions:
[INFO] [stdout]       Pubkey::new_from_array
[INFO] [stdout]       Pubkey::from_str_const
[INFO] [stdout]       Pubkey::new_unique
[INFO] [stdout]     --> src/lib.rs:304:5
[INFO] [stdout]      |
[INFO] [stdout] 304  |     pub const fn new_from_array(pubkey_array: [u8; 32]) -> Self {
[INFO] [stdout]      |     ^^^^^^^^^^^^^^^^^^^^^^^^^^^^^^^^^^^^^^^^^^^^^^^^^^^^^^^^^^^
[INFO] [stdout] ...
[INFO] [stdout] 309  |     pub const fn from_str_const(s: &str) -> Self {
[INFO] [stdout]      |     ^^^^^^^^^^^^^^^^^^^^^^^^^^^^^^^^^^^^^^^^^^^^
[INFO] [stdout] ...
[INFO] [stdout] 315  |     pub fn new_unique() -> Self {
[INFO] [stdout]      |     ^^^^^^^^^^^^^^^^^^^^^^^^^^^
[INFO] [stdout] 
[INFO] [stdout] 
[INFO] [stdout] error[E0599]: no function or associated item named `create_with_seed` found for struct `Pubkey` in the current scope
[INFO] [stdout]     --> src/lib.rs:1185:25
[INFO] [stdout]      |
[INFO] [stdout] 163  | pub struct Pubkey(pub(crate) [u8; 32]);
[INFO] [stdout]      | ----------------- function or associated item `create_with_seed` not found for this struct
[INFO] [stdout] ...
[INFO] [stdout] 1185 |         assert!(Pubkey::create_with_seed(
[INFO] [stdout]      |                         ^^^^^^^^^^^^^^^^ function or associated item not found in `Pubkey`
[INFO] [stdout]      |
[INFO] [stdout] note: if you're trying to build a new `Pubkey` consider using one of the following associated functions:
[INFO] [stdout]       Pubkey::new_from_array
[INFO] [stdout]       Pubkey::from_str_const
[INFO] [stdout]       Pubkey::new_unique
[INFO] [stdout]     --> src/lib.rs:304:5
[INFO] [stdout]      |
[INFO] [stdout] 304  |     pub const fn new_from_array(pubkey_array: [u8; 32]) -> Self {
[INFO] [stdout]      |     ^^^^^^^^^^^^^^^^^^^^^^^^^^^^^^^^^^^^^^^^^^^^^^^^^^^^^^^^^^^
[INFO] [stdout] ...
[INFO] [stdout] 309  |     pub const fn from_str_const(s: &str) -> Self {
[INFO] [stdout]      |     ^^^^^^^^^^^^^^^^^^^^^^^^^^^^^^^^^^^^^^^^^^^^
[INFO] [stdout] ...
[INFO] [stdout] 315  |     pub fn new_unique() -> Self {
[INFO] [stdout]      |     ^^^^^^^^^^^^^^^^^^^^^^^^^^^
[INFO] [stdout] 
[INFO] [stdout] 
[INFO] [stdout] error[E0599]: no function or associated item named `create_with_seed` found for struct `Pubkey` in the current scope
[INFO] [stdout]     --> src/lib.rs:1195:21
[INFO] [stdout]      |
[INFO] [stdout] 163  | pub struct Pubkey(pub(crate) [u8; 32]);
[INFO] [stdout]      | ----------------- function or associated item `create_with_seed` not found for this struct
[INFO] [stdout] ...
[INFO] [stdout] 1195 |             Pubkey::create_with_seed(
[INFO] [stdout]      |                     ^^^^^^^^^^^^^^^^ function or associated item not found in `Pubkey`
[INFO] [stdout]      |
[INFO] [stdout] note: if you're trying to build a new `Pubkey` consider using one of the following associated functions:
[INFO] [stdout]       Pubkey::new_from_array
[INFO] [stdout]       Pubkey::from_str_const
[INFO] [stdout]       Pubkey::new_unique
[INFO] [stdout]     --> src/lib.rs:304:5
[INFO] [stdout]      |
[INFO] [stdout] 304  |     pub const fn new_from_array(pubkey_array: [u8; 32]) -> Self {
[INFO] [stdout]      |     ^^^^^^^^^^^^^^^^^^^^^^^^^^^^^^^^^^^^^^^^^^^^^^^^^^^^^^^^^^^
[INFO] [stdout] ...
[INFO] [stdout] 309  |     pub const fn from_str_const(s: &str) -> Self {
[INFO] [stdout]      |     ^^^^^^^^^^^^^^^^^^^^^^^^^^^^^^^^^^^^^^^^^^^^
[INFO] [stdout] ...
[INFO] [stdout] 315  |     pub fn new_unique() -> Self {
[INFO] [stdout]      |     ^^^^^^^^^^^^^^^^^^^^^^^^^^^
[INFO] [stdout] 
[INFO] [stdout] 
[INFO] [stdout] error[E0599]: no function or associated item named `create_with_seed` found for struct `Pubkey` in the current scope
[INFO] [stdout]     --> src/lib.rs:1205:25
[INFO] [stdout]      |
[INFO] [stdout] 163  | pub struct Pubkey(pub(crate) [u8; 32]);
[INFO] [stdout]      | ----------------- function or associated item `create_with_seed` not found for this struct
[INFO] [stdout] ...
[INFO] [stdout] 1205 |         assert!(Pubkey::create_with_seed(
[INFO] [stdout]      |                         ^^^^^^^^^^^^^^^^ function or associated item not found in `Pubkey`
[INFO] [stdout]      |
[INFO] [stdout] note: if you're trying to build a new `Pubkey` consider using one of the following associated functions:
[INFO] [stdout]       Pubkey::new_from_array
[INFO] [stdout]       Pubkey::from_str_const
[INFO] [stdout]       Pubkey::new_unique
[INFO] [stdout]     --> src/lib.rs:304:5
[INFO] [stdout]      |
[INFO] [stdout] 304  |     pub const fn new_from_array(pubkey_array: [u8; 32]) -> Self {
[INFO] [stdout]      |     ^^^^^^^^^^^^^^^^^^^^^^^^^^^^^^^^^^^^^^^^^^^^^^^^^^^^^^^^^^^
[INFO] [stdout] ...
[INFO] [stdout] 309  |     pub const fn from_str_const(s: &str) -> Self {
[INFO] [stdout]      |     ^^^^^^^^^^^^^^^^^^^^^^^^^^^^^^^^^^^^^^^^^^^^
[INFO] [stdout] ...
[INFO] [stdout] 315  |     pub fn new_unique() -> Self {
[INFO] [stdout]      |     ^^^^^^^^^^^^^^^^^^^^^^^^^^^
[INFO] [stdout] 
[INFO] [stdout] 
[INFO] [stdout] error[E0599]: no function or associated item named `create_with_seed` found for struct `Pubkey` in the current scope
[INFO] [stdout]     --> src/lib.rs:1213:21
[INFO] [stdout]      |
[INFO] [stdout] 163  | pub struct Pubkey(pub(crate) [u8; 32]);
[INFO] [stdout]      | ----------------- function or associated item `create_with_seed` not found for this struct
[INFO] [stdout] ...
[INFO] [stdout] 1213 |             Pubkey::create_with_seed(&Pubkey::new_unique(), "", &Pubkey::new_unique(),).is_ok()
[INFO] [stdout]      |                     ^^^^^^^^^^^^^^^^ function or associated item not found in `Pubkey`
[INFO] [stdout]      |
[INFO] [stdout] note: if you're trying to build a new `Pubkey` consider using one of the following associated functions:
[INFO] [stdout]       Pubkey::new_from_array
[INFO] [stdout]       Pubkey::from_str_const
[INFO] [stdout]       Pubkey::new_unique
[INFO] [stdout]     --> src/lib.rs:304:5
[INFO] [stdout]      |
[INFO] [stdout] 304  |     pub const fn new_from_array(pubkey_array: [u8; 32]) -> Self {
[INFO] [stdout]      |     ^^^^^^^^^^^^^^^^^^^^^^^^^^^^^^^^^^^^^^^^^^^^^^^^^^^^^^^^^^^
[INFO] [stdout] ...
[INFO] [stdout] 309  |     pub const fn from_str_const(s: &str) -> Self {
[INFO] [stdout]      |     ^^^^^^^^^^^^^^^^^^^^^^^^^^^^^^^^^^^^^^^^^^^^
[INFO] [stdout] ...
[INFO] [stdout] 315  |     pub fn new_unique() -> Self {
[INFO] [stdout]      |     ^^^^^^^^^^^^^^^^^^^^^^^^^^^
[INFO] [stdout] 
[INFO] [stdout] 
[INFO] [stdout] error[E0599]: no function or associated item named `create_with_seed` found for struct `Pubkey` in the current scope
[INFO] [stdout]     --> src/lib.rs:1217:21
[INFO] [stdout]      |
[INFO] [stdout] 163  | pub struct Pubkey(pub(crate) [u8; 32]);
[INFO] [stdout]      | ----------------- function or associated item `create_with_seed` not found for this struct
[INFO] [stdout] ...
[INFO] [stdout] 1217 |             Pubkey::create_with_seed(
[INFO] [stdout]      |                     ^^^^^^^^^^^^^^^^ function or associated item not found in `Pubkey`
[INFO] [stdout]      |
[INFO] [stdout] note: if you're trying to build a new `Pubkey` consider using one of the following associated functions:
[INFO] [stdout]       Pubkey::new_from_array
[INFO] [stdout]       Pubkey::from_str_const
[INFO] [stdout]       Pubkey::new_unique
[INFO] [stdout]     --> src/lib.rs:304:5
[INFO] [stdout]      |
[INFO] [stdout] 304  |     pub const fn new_from_array(pubkey_array: [u8; 32]) -> Self {
[INFO] [stdout]      |     ^^^^^^^^^^^^^^^^^^^^^^^^^^^^^^^^^^^^^^^^^^^^^^^^^^^^^^^^^^^
[INFO] [stdout] ...
[INFO] [stdout] 309  |     pub const fn from_str_const(s: &str) -> Self {
[INFO] [stdout]      |     ^^^^^^^^^^^^^^^^^^^^^^^^^^^^^^^^^^^^^^^^^^^^
[INFO] [stdout] ...
[INFO] [stdout] 315  |     pub fn new_unique() -> Self {
[INFO] [stdout]      |     ^^^^^^^^^^^^^^^^^^^^^^^^^^^
[INFO] [stdout] 
[INFO] [stdout] 
[INFO] [stdout] error[E0599]: no function or associated item named `create_program_address` found for struct `Pubkey` in the current scope
[INFO] [stdout]     --> src/lib.rs:1273:21
[INFO] [stdout]      |
[INFO] [stdout] 163  | pub struct Pubkey(pub(crate) [u8; 32]);
[INFO] [stdout]      | ----------------- function or associated item `create_program_address` not found for this struct
[INFO] [stdout] ...
[INFO] [stdout] 1273 |             Pubkey::create_program_address(&[exceeded_seed], &program_id),
[INFO] [stdout]      |                     ^^^^^^^^^^^^^^^^^^^^^^ function or associated item not found in `Pubkey`
[INFO] [stdout]      |
[INFO] [stdout] note: if you're trying to build a new `Pubkey` consider using one of the following associated functions:
[INFO] [stdout]       Pubkey::new_from_array
[INFO] [stdout]       Pubkey::from_str_const
[INFO] [stdout]       Pubkey::new_unique
[INFO] [stdout]     --> src/lib.rs:304:5
[INFO] [stdout]      |
[INFO] [stdout] 304  |     pub const fn new_from_array(pubkey_array: [u8; 32]) -> Self {
[INFO] [stdout]      |     ^^^^^^^^^^^^^^^^^^^^^^^^^^^^^^^^^^^^^^^^^^^^^^^^^^^^^^^^^^^
[INFO] [stdout] ...
[INFO] [stdout] 309  |     pub const fn from_str_const(s: &str) -> Self {
[INFO] [stdout]      |     ^^^^^^^^^^^^^^^^^^^^^^^^^^^^^^^^^^^^^^^^^^^^
[INFO] [stdout] ...
[INFO] [stdout] 315  |     pub fn new_unique() -> Self {
[INFO] [stdout]      |     ^^^^^^^^^^^^^^^^^^^^^^^^^^^
[INFO] [stdout] 
[INFO] [stdout] 
[INFO] [stdout] error[E0599]: no function or associated item named `create_program_address` found for struct `Pubkey` in the current scope
[INFO] [stdout]     --> src/lib.rs:1277:21
[INFO] [stdout]      |
[INFO] [stdout] 163  | pub struct Pubkey(pub(crate) [u8; 32]);
[INFO] [stdout]      | ----------------- function or associated item `create_program_address` not found for this struct
[INFO] [stdout] ...
[INFO] [stdout] 1277 |             Pubkey::create_program_address(&[b"short_seed", exceeded_seed], &program_id),
[INFO] [stdout]      |                     ^^^^^^^^^^^^^^^^^^^^^^ function or associated item not found in `Pubkey`
[INFO] [stdout]      |
[INFO] [stdout] note: if you're trying to build a new `Pubkey` consider using one of the following associated functions:
[INFO] [stdout]       Pubkey::new_from_array
[INFO] [stdout]       Pubkey::from_str_const
[INFO] [stdout]       Pubkey::new_unique
[INFO] [stdout]     --> src/lib.rs:304:5
[INFO] [stdout]      |
[INFO] [stdout] 304  |     pub const fn new_from_array(pubkey_array: [u8; 32]) -> Self {
[INFO] [stdout]      |     ^^^^^^^^^^^^^^^^^^^^^^^^^^^^^^^^^^^^^^^^^^^^^^^^^^^^^^^^^^^
[INFO] [stdout] ...
[INFO] [stdout] 309  |     pub const fn from_str_const(s: &str) -> Self {
[INFO] [stdout]      |     ^^^^^^^^^^^^^^^^^^^^^^^^^^^^^^^^^^^^^^^^^^^^
[INFO] [stdout] ...
[INFO] [stdout] 315  |     pub fn new_unique() -> Self {
[INFO] [stdout]      |     ^^^^^^^^^^^^^^^^^^^^^^^^^^^
[INFO] [stdout] 
[INFO] [stdout] 
[INFO] [stdout] error[E0308]: mismatched types
[INFO] [stdout]     --> src/lib.rs:1277:61
[INFO] [stdout]      |
[INFO] [stdout] 1277 |             Pubkey::create_program_address(&[b"short_seed", exceeded_seed], &program_id),
[INFO] [stdout]      |                                                             ^^^^^^^^^^^^^ expected an array with a fixed size of 10 elements, found one with 33 elements
[INFO] [stdout] 
[INFO] [stdout] 
[INFO] [stdout] error[E0599]: no function or associated item named `create_program_address` found for struct `Pubkey` in the current scope
[INFO] [stdout]     --> src/lib.rs:1280:25
[INFO] [stdout]      |
[INFO] [stdout] 163  | pub struct Pubkey(pub(crate) [u8; 32]);
[INFO] [stdout]      | ----------------- function or associated item `create_program_address` not found for this struct
[INFO] [stdout] ...
[INFO] [stdout] 1280 |         assert!(Pubkey::create_program_address(&[max_seed], &program_id).is_ok());
[INFO] [stdout]      |                         ^^^^^^^^^^^^^^^^^^^^^^ function or associated item not found in `Pubkey`
[INFO] [stdout]      |
[INFO] [stdout] note: if you're trying to build a new `Pubkey` consider using one of the following associated functions:
[INFO] [stdout]       Pubkey::new_from_array
[INFO] [stdout]       Pubkey::from_str_const
[INFO] [stdout]       Pubkey::new_unique
[INFO] [stdout]     --> src/lib.rs:304:5
[INFO] [stdout]      |
[INFO] [stdout] 304  |     pub const fn new_from_array(pubkey_array: [u8; 32]) -> Self {
[INFO] [stdout]      |     ^^^^^^^^^^^^^^^^^^^^^^^^^^^^^^^^^^^^^^^^^^^^^^^^^^^^^^^^^^^
[INFO] [stdout] ...
[INFO] [stdout] 309  |     pub const fn from_str_const(s: &str) -> Self {
[INFO] [stdout]      |     ^^^^^^^^^^^^^^^^^^^^^^^^^^^^^^^^^^^^^^^^^^^^
[INFO] [stdout] ...
[INFO] [stdout] 315  |     pub fn new_unique() -> Self {
[INFO] [stdout]      |     ^^^^^^^^^^^^^^^^^^^^^^^^^^^
[INFO] [stdout] 
[INFO] [stdout] 
[INFO] [stdout] error[E0599]: no function or associated item named `create_program_address` found for struct `Pubkey` in the current scope
[INFO] [stdout]     --> src/lib.rs:1282:21
[INFO] [stdout]      |
[INFO] [stdout] 163  | pub struct Pubkey(pub(crate) [u8; 32]);
[INFO] [stdout]      | ----------------- function or associated item `create_program_address` not found for this struct
[INFO] [stdout] ...
[INFO] [stdout] 1282 |             Pubkey::create_program_address(exceeded_seeds, &program_id),
[INFO] [stdout]      |                     ^^^^^^^^^^^^^^^^^^^^^^ function or associated item not found in `Pubkey`
[INFO] [stdout]      |
[INFO] [stdout] note: if you're trying to build a new `Pubkey` consider using one of the following associated functions:
[INFO] [stdout]       Pubkey::new_from_array
[INFO] [stdout]       Pubkey::from_str_const
[INFO] [stdout]       Pubkey::new_unique
[INFO] [stdout]     --> src/lib.rs:304:5
[INFO] [stdout]      |
[INFO] [stdout] 304  |     pub const fn new_from_array(pubkey_array: [u8; 32]) -> Self {
[INFO] [stdout]      |     ^^^^^^^^^^^^^^^^^^^^^^^^^^^^^^^^^^^^^^^^^^^^^^^^^^^^^^^^^^^
[INFO] [stdout] ...
[INFO] [stdout] 309  |     pub const fn from_str_const(s: &str) -> Self {
[INFO] [stdout]      |     ^^^^^^^^^^^^^^^^^^^^^^^^^^^^^^^^^^^^^^^^^^^^
[INFO] [stdout] ...
[INFO] [stdout] 315  |     pub fn new_unique() -> Self {
[INFO] [stdout]      |     ^^^^^^^^^^^^^^^^^^^^^^^^^^^
[INFO] [stdout] 
[INFO] [stdout] 
[INFO] [stdout] error[E0599]: no function or associated item named `create_program_address` found for struct `Pubkey` in the current scope
[INFO] [stdout]     --> src/lib.rs:1285:25
[INFO] [stdout]      |
[INFO] [stdout] 163  | pub struct Pubkey(pub(crate) [u8; 32]);
[INFO] [stdout]      | ----------------- function or associated item `create_program_address` not found for this struct
[INFO] [stdout] ...
[INFO] [stdout] 1285 |         assert!(Pubkey::create_program_address(max_seeds, &program_id).is_ok());
[INFO] [stdout]      |                         ^^^^^^^^^^^^^^^^^^^^^^ function or associated item not found in `Pubkey`
[INFO] [stdout]      |
[INFO] [stdout] note: if you're trying to build a new `Pubkey` consider using one of the following associated functions:
[INFO] [stdout]       Pubkey::new_from_array
[INFO] [stdout]       Pubkey::from_str_const
[INFO] [stdout]       Pubkey::new_unique
[INFO] [stdout]     --> src/lib.rs:304:5
[INFO] [stdout]      |
[INFO] [stdout] 304  |     pub const fn new_from_array(pubkey_array: [u8; 32]) -> Self {
[INFO] [stdout]      |     ^^^^^^^^^^^^^^^^^^^^^^^^^^^^^^^^^^^^^^^^^^^^^^^^^^^^^^^^^^^
[INFO] [stdout] ...
[INFO] [stdout] 309  |     pub const fn from_str_const(s: &str) -> Self {
[INFO] [stdout]      |     ^^^^^^^^^^^^^^^^^^^^^^^^^^^^^^^^^^^^^^^^^^^^
[INFO] [stdout] ...
[INFO] [stdout] 315  |     pub fn new_unique() -> Self {
[INFO] [stdout]      |     ^^^^^^^^^^^^^^^^^^^^^^^^^^^
[INFO] [stdout] 
[INFO] [stdout] 
[INFO] [stdout] error[E0599]: no function or associated item named `create_program_address` found for struct `Pubkey` in the current scope
[INFO] [stdout]     --> src/lib.rs:1287:21
[INFO] [stdout]      |
[INFO] [stdout] 163  | pub struct Pubkey(pub(crate) [u8; 32]);
[INFO] [stdout]      | ----------------- function or associated item `create_program_address` not found for this struct
[INFO] [stdout] ...
[INFO] [stdout] 1287 |             Pubkey::create_program_address(&[b"", &[1]], &program_id),
[INFO] [stdout]      |                     ^^^^^^^^^^^^^^^^^^^^^^ function or associated item not found in `Pubkey`
[INFO] [stdout]      |
[INFO] [stdout] note: if you're trying to build a new `Pubkey` consider using one of the following associated functions:
[INFO] [stdout]       Pubkey::new_from_array
[INFO] [stdout]       Pubkey::from_str_const
[INFO] [stdout]       Pubkey::new_unique
[INFO] [stdout]     --> src/lib.rs:304:5
[INFO] [stdout]      |
[INFO] [stdout] 304  |     pub const fn new_from_array(pubkey_array: [u8; 32]) -> Self {
[INFO] [stdout]      |     ^^^^^^^^^^^^^^^^^^^^^^^^^^^^^^^^^^^^^^^^^^^^^^^^^^^^^^^^^^^
[INFO] [stdout] ...
[INFO] [stdout] 309  |     pub const fn from_str_const(s: &str) -> Self {
[INFO] [stdout]      |     ^^^^^^^^^^^^^^^^^^^^^^^^^^^^^^^^^^^^^^^^^^^^
[INFO] [stdout] ...
[INFO] [stdout] 315  |     pub fn new_unique() -> Self {
[INFO] [stdout]      |     ^^^^^^^^^^^^^^^^^^^^^^^^^^^
[INFO] [stdout] 
[INFO] [stdout] 
[INFO] [stdout] error[E0308]: mismatched types
[INFO] [stdout]     --> src/lib.rs:1287:51
[INFO] [stdout]      |
[INFO] [stdout] 1287 |             Pubkey::create_program_address(&[b"", &[1]], &program_id),
[INFO] [stdout]      |                                                   ^^^^ expected an array with a fixed size of 0 elements, found one with 1 element
[INFO] [stdout] 
[INFO] [stdout] 
[INFO] [stdout] error[E0599]: no function or associated item named `create_program_address` found for struct `Pubkey` in the current scope
[INFO] [stdout]     --> src/lib.rs:1293:21
[INFO] [stdout]      |
[INFO] [stdout] 163  | pub struct Pubkey(pub(crate) [u8; 32]);
[INFO] [stdout]      | ----------------- function or associated item `create_program_address` not found for this struct
[INFO] [stdout] ...
[INFO] [stdout] 1293 |             Pubkey::create_program_address(&["☉".as_ref(), &[0]], &program_id),
[INFO] [stdout]      |                     ^^^^^^^^^^^^^^^^^^^^^^ function or associated item not found in `Pubkey`
[INFO] [stdout]      |
[INFO] [stdout] note: if you're trying to build a new `Pubkey` consider using one of the following associated functions:
[INFO] [stdout]       Pubkey::new_from_array
[INFO] [stdout]       Pubkey::from_str_const
[INFO] [stdout]       Pubkey::new_unique
[INFO] [stdout]     --> src/lib.rs:304:5
[INFO] [stdout]      |
[INFO] [stdout] 304  |     pub const fn new_from_array(pubkey_array: [u8; 32]) -> Self {
[INFO] [stdout]      |     ^^^^^^^^^^^^^^^^^^^^^^^^^^^^^^^^^^^^^^^^^^^^^^^^^^^^^^^^^^^
[INFO] [stdout] ...
[INFO] [stdout] 309  |     pub const fn from_str_const(s: &str) -> Self {
[INFO] [stdout]      |     ^^^^^^^^^^^^^^^^^^^^^^^^^^^^^^^^^^^^^^^^^^^^
[INFO] [stdout] ...
[INFO] [stdout] 315  |     pub fn new_unique() -> Self {
[INFO] [stdout]      |     ^^^^^^^^^^^^^^^^^^^^^^^^^^^
[INFO] [stdout] 
[INFO] [stdout] 
[INFO] [stdout] error[E0277]: the trait bound `str: AsRef<[{integer}; 1]>` is not satisfied
[INFO] [stdout]     --> src/lib.rs:1293:50
[INFO] [stdout]      |
[INFO] [stdout] 1293 |             Pubkey::create_program_address(&["☉".as_ref(), &[0]], &program_id),
[INFO] [stdout]      |                                                  ^^^^^^ the trait `AsRef<[{integer}; 1]>` is not implemented for `str`
[INFO] [stdout]      |
[INFO] [stdout]      = help: the following other types implement trait `AsRef<T>`:
[INFO] [stdout]                `str` implements `AsRef<OsStr>`
[INFO] [stdout]                `str` implements `AsRef<Path>`
[INFO] [stdout]                `str` implements `AsRef<[u8]>`
[INFO] [stdout]                `str` implements `AsRef<str>`
[INFO] [stdout] 
[INFO] [stdout] 
[INFO] [stdout] error[E0599]: no function or associated item named `create_program_address` found for struct `Pubkey` in the current scope
[INFO] [stdout]     --> src/lib.rs:1299:21
[INFO] [stdout]      |
[INFO] [stdout] 163  | pub struct Pubkey(pub(crate) [u8; 32]);
[INFO] [stdout]      | ----------------- function or associated item `create_program_address` not found for this struct
[INFO] [stdout] ...
[INFO] [stdout] 1299 |             Pubkey::create_program_address(&[b"Talking", b"Squirrels"], &program_id),
[INFO] [stdout]      |                     ^^^^^^^^^^^^^^^^^^^^^^ function or associated item not found in `Pubkey`
[INFO] [stdout]      |
[INFO] [stdout] note: if you're trying to build a new `Pubkey` consider using one of the following associated functions:
[INFO] [stdout]       Pubkey::new_from_array
[INFO] [stdout]       Pubkey::from_str_const
[INFO] [stdout]       Pubkey::new_unique
[INFO] [stdout]     --> src/lib.rs:304:5
[INFO] [stdout]      |
[INFO] [stdout] 304  |     pub const fn new_from_array(pubkey_array: [u8; 32]) -> Self {
[INFO] [stdout]      |     ^^^^^^^^^^^^^^^^^^^^^^^^^^^^^^^^^^^^^^^^^^^^^^^^^^^^^^^^^^^
[INFO] [stdout] ...
[INFO] [stdout] 309  |     pub const fn from_str_const(s: &str) -> Self {
[INFO] [stdout]      |     ^^^^^^^^^^^^^^^^^^^^^^^^^^^^^^^^^^^^^^^^^^^^
[INFO] [stdout] ...
[INFO] [stdout] 315  |     pub fn new_unique() -> Self {
[INFO] [stdout]      |     ^^^^^^^^^^^^^^^^^^^^^^^^^^^
[INFO] [stdout] 
[INFO] [stdout] 
[INFO] [stdout] error[E0308]: mismatched types
[INFO] [stdout]     --> src/lib.rs:1299:58
[INFO] [stdout]      |
[INFO] [stdout] 1299 |             Pubkey::create_program_address(&[b"Talking", b"Squirrels"], &program_id),
[INFO] [stdout]      |                                                          ^^^^^^^^^^^^ expected an array with a fixed size of 7 elements, found one with 9 elements
[INFO] [stdout] 
[INFO] [stdout] 
[INFO] [stdout] error[E0599]: no function or associated item named `create_program_address` found for struct `Pubkey` in the current scope
[INFO] [stdout]     --> src/lib.rs:1305:21
[INFO] [stdout]      |
[INFO] [stdout] 163  | pub struct Pubkey(pub(crate) [u8; 32]);
[INFO] [stdout]      | ----------------- function or associated item `create_program_address` not found for this struct
[INFO] [stdout] ...
[INFO] [stdout] 1305 |             Pubkey::create_program_address(&[public_key.as_ref(), &[1]], &program_id),
[INFO] [stdout]      |                     ^^^^^^^^^^^^^^^^^^^^^^ function or associated item not found in `Pubkey`
[INFO] [stdout]      |
[INFO] [stdout] note: if you're trying to build a new `Pubkey` consider using one of the following associated functions:
[INFO] [stdout]       Pubkey::new_from_array
[INFO] [stdout]       Pubkey::from_str_const
[INFO] [stdout]       Pubkey::new_unique
[INFO] [stdout]     --> src/lib.rs:304:5
[INFO] [stdout]      |
[INFO] [stdout] 304  |     pub const fn new_from_array(pubkey_array: [u8; 32]) -> Self {
[INFO] [stdout]      |     ^^^^^^^^^^^^^^^^^^^^^^^^^^^^^^^^^^^^^^^^^^^^^^^^^^^^^^^^^^^
[INFO] [stdout] ...
[INFO] [stdout] 309  |     pub const fn from_str_const(s: &str) -> Self {
[INFO] [stdout]      |     ^^^^^^^^^^^^^^^^^^^^^^^^^^^^^^^^^^^^^^^^^^^^
[INFO] [stdout] ...
[INFO] [stdout] 315  |     pub fn new_unique() -> Self {
[INFO] [stdout]      |     ^^^^^^^^^^^^^^^^^^^^^^^^^^^
[INFO] [stdout] 
[INFO] [stdout] 
[INFO] [stdout] error[E0599]: no function or associated item named `create_program_address` found for struct `Pubkey` in the current scope
[INFO] [stdout]     --> src/lib.rs:1311:21
[INFO] [stdout]      |
[INFO] [stdout] 163  | pub struct Pubkey(pub(crate) [u8; 32]);
[INFO] [stdout]      | ----------------- function or associated item `create_program_address` not found for this struct
[INFO] [stdout] ...
[INFO] [stdout] 1311 |             Pubkey::create_program_address(&[b"Talking", b"Squirrels"], &program_id).unwrap(),
[INFO] [stdout]      |                     ^^^^^^^^^^^^^^^^^^^^^^ function or associated item not found in `Pubkey`
[INFO] [stdout]      |
[INFO] [stdout] note: if you're trying to build a new `Pubkey` consider using one of the following associated functions:
[INFO] [stdout]       Pubkey::new_from_array
[INFO] [stdout]       Pubkey::from_str_const
[INFO] [stdout]       Pubkey::new_unique
[INFO] [stdout]     --> src/lib.rs:304:5
[INFO] [stdout]      |
[INFO] [stdout] 304  |     pub const fn new_from_array(pubkey_array: [u8; 32]) -> Self {
[INFO] [stdout]      |     ^^^^^^^^^^^^^^^^^^^^^^^^^^^^^^^^^^^^^^^^^^^^^^^^^^^^^^^^^^^
[INFO] [stdout] ...
[INFO] [stdout] 309  |     pub const fn from_str_const(s: &str) -> Self {
[INFO] [stdout]      |     ^^^^^^^^^^^^^^^^^^^^^^^^^^^^^^^^^^^^^^^^^^^^
[INFO] [stdout] ...
[INFO] [stdout] 315  |     pub fn new_unique() -> Self {
[INFO] [stdout]      |     ^^^^^^^^^^^^^^^^^^^^^^^^^^^
[INFO] [stdout] 
[INFO] [stdout] 
[INFO] [stdout] error[E0308]: mismatched types
[INFO] [stdout]     --> src/lib.rs:1311:58
[INFO] [stdout]      |
[INFO] [stdout] 1311 |             Pubkey::create_program_address(&[b"Talking", b"Squirrels"], &program_id).unwrap(),
[INFO] [stdout]      |                                                          ^^^^^^^^^^^^ expected an array with a fixed size of 7 elements, found one with 9 elements
[INFO] [stdout] 
[INFO] [stdout] 
[INFO] [stdout] error[E0599]: no function or associated item named `create_program_address` found for struct `Pubkey` in the current scope
[INFO] [stdout]     --> src/lib.rs:1312:21
[INFO] [stdout]      |
[INFO] [stdout] 163  | pub struct Pubkey(pub(crate) [u8; 32]);
[INFO] [stdout]      | ----------------- function or associated item `create_program_address` not found for this struct
[INFO] [stdout] ...
[INFO] [stdout] 1312 |             Pubkey::create_program_address(&[b"Talking"], &program_id).unwrap(),
[INFO] [stdout]      |                     ^^^^^^^^^^^^^^^^^^^^^^ function or associated item not found in `Pubkey`
[INFO] [stdout]      |
[INFO] [stdout] note: if you're trying to build a new `Pubkey` consider using one of the following associated functions:
[INFO] [stdout]       Pubkey::new_from_array
[INFO] [stdout]       Pubkey::from_str_const
[INFO] [stdout]       Pubkey::new_unique
[INFO] [stdout]     --> src/lib.rs:304:5
[INFO] [stdout]      |
[INFO] [stdout] 304  |     pub const fn new_from_array(pubkey_array: [u8; 32]) -> Self {
[INFO] [stdout]      |     ^^^^^^^^^^^^^^^^^^^^^^^^^^^^^^^^^^^^^^^^^^^^^^^^^^^^^^^^^^^
[INFO] [stdout] ...
[INFO] [stdout] 309  |     pub const fn from_str_const(s: &str) -> Self {
[INFO] [stdout]      |     ^^^^^^^^^^^^^^^^^^^^^^^^^^^^^^^^^^^^^^^^^^^^
[INFO] [stdout] ...
[INFO] [stdout] 315  |     pub fn new_unique() -> Self {
[INFO] [stdout]      |     ^^^^^^^^^^^^^^^^^^^^^^^^^^^
[INFO] [stdout] 
[INFO] [stdout] 
[INFO] [stdout] error[E0433]: failed to resolve: use of undeclared crate or module `rand`
[INFO] [stdout]     --> src/lib.rs:1323:26
[INFO] [stdout]      |
[INFO] [stdout] 1323 |             let bytes1 = rand::random::<[u8; 10]>();
[INFO] [stdout]      |                          ^^^^ use of undeclared crate or module `rand`
[INFO] [stdout] 
[INFO] [stdout] 
[INFO] [stdout] error[E0433]: failed to resolve: use of undeclared crate or module `rand`
[INFO] [stdout]     --> src/lib.rs:1324:26
[INFO] [stdout]      |
[INFO] [stdout] 1324 |             let bytes2 = rand::random::<[u8; 32]>();
[INFO] [stdout]      |                          ^^^^ use of undeclared crate or module `rand`
[INFO] [stdout] 
[INFO] [stdout] 
[INFO] [stdout] error[E0599]: no function or associated item named `create_program_address` found for struct `Pubkey` in the current scope
[INFO] [stdout]     --> src/lib.rs:1326:25
[INFO] [stdout]      |
[INFO] [stdout] 163  | pub struct Pubkey(pub(crate) [u8; 32]);
[INFO] [stdout]      | ----------------- function or associated item `create_program_address` not found for this struct
[INFO] [stdout] ...
[INFO] [stdout] 1326 |                 Pubkey::create_program_address(&[&bytes1, &bytes2], &program_id)
[INFO] [stdout]      |                         ^^^^^^^^^^^^^^^^^^^^^^ function or associated item not found in `Pubkey`
[INFO] [stdout]      |
[INFO] [stdout] note: if you're trying to build a new `Pubkey` consider using one of the following associated functions:
[INFO] [stdout]       Pubkey::new_from_array
[INFO] [stdout]       Pubkey::from_str_const
[INFO] [stdout]       Pubkey::new_unique
[INFO] [stdout]     --> src/lib.rs:304:5
[INFO] [stdout]      |
[INFO] [stdout] 304  |     pub const fn new_from_array(pubkey_array: [u8; 32]) -> Self {
[INFO] [stdout]      |     ^^^^^^^^^^^^^^^^^^^^^^^^^^^^^^^^^^^^^^^^^^^^^^^^^^^^^^^^^^^
[INFO] [stdout] ...
[INFO] [stdout] 309  |     pub const fn from_str_const(s: &str) -> Self {
[INFO] [stdout]      |     ^^^^^^^^^^^^^^^^^^^^^^^^^^^^^^^^^^^^^^^^^^^^
[INFO] [stdout] ...
[INFO] [stdout] 315  |     pub fn new_unique() -> Self {
[INFO] [stdout]      |     ^^^^^^^^^^^^^^^^^^^^^^^^^^^
[INFO] [stdout] 
[INFO] [stdout] 
[INFO] [stdout] error[E0599]: no function or associated item named `find_program_address` found for struct `Pubkey` in the current scope
[INFO] [stdout]     --> src/lib.rs:1340:25
[INFO] [stdout]      |
[INFO] [stdout] 163  | pub struct Pubkey(pub(crate) [u8; 32]);
[INFO] [stdout]      | ----------------- function or associated item `find_program_address` not found for this struct
[INFO] [stdout] ...
[INFO] [stdout] 1340 |                 Pubkey::find_program_address(&[b"Lil'", b"Bits"], &program_id);
[INFO] [stdout]      |                         ^^^^^^^^^^^^^^^^^^^^ function or associated item not found in `Pubkey`
[INFO] [stdout]      |
[INFO] [stdout] note: if you're trying to build a new `Pubkey` consider using one of the following associated functions:
[INFO] [stdout]       Pubkey::new_from_array
[INFO] [stdout]       Pubkey::from_str_const
[INFO] [stdout]       Pubkey::new_unique
[INFO] [stdout]     --> src/lib.rs:304:5
[INFO] [stdout]      |
[INFO] [stdout] 304  |     pub const fn new_from_array(pubkey_array: [u8; 32]) -> Self {
[INFO] [stdout]      |     ^^^^^^^^^^^^^^^^^^^^^^^^^^^^^^^^^^^^^^^^^^^^^^^^^^^^^^^^^^^
[INFO] [stdout] ...
[INFO] [stdout] 309  |     pub const fn from_str_const(s: &str) -> Self {
[INFO] [stdout]      |     ^^^^^^^^^^^^^^^^^^^^^^^^^^^^^^^^^^^^^^^^^^^^
[INFO] [stdout] ...
[INFO] [stdout] 315  |     pub fn new_unique() -> Self {
[INFO] [stdout]      |     ^^^^^^^^^^^^^^^^^^^^^^^^^^^
[INFO] [stdout] 
[INFO] [stdout] 
[INFO] [stdout] error[E0599]: no function or associated item named `create_program_address` found for struct `Pubkey` in the current scope
[INFO] [stdout]     --> src/lib.rs:1343:25
[INFO] [stdout]      |
[INFO] [stdout] 163  | pub struct Pubkey(pub(crate) [u8; 32]);
[INFO] [stdout]      | ----------------- function or associated item `create_program_address` not found for this struct
[INFO] [stdout] ...
[INFO] [stdout] 1343 |                 Pubkey::create_program_address(&[b"Lil'", b"Bits", &[bump_seed]], &program_id)
[INFO] [stdout]      |                         ^^^^^^^^^^^^^^^^^^^^^^ function or associated item not found in `Pubkey`
[INFO] [stdout]      |
[INFO] [stdout] note: if you're trying to build a new `Pubkey` consider using one of the following associated functions:
[INFO] [stdout]       Pubkey::new_from_array
[INFO] [stdout]       Pubkey::from_str_const
[INFO] [stdout]       Pubkey::new_unique
[INFO] [stdout]     --> src/lib.rs:304:5
[INFO] [stdout]      |
[INFO] [stdout] 304  |     pub const fn new_from_array(pubkey_array: [u8; 32]) -> Self {
[INFO] [stdout]      |     ^^^^^^^^^^^^^^^^^^^^^^^^^^^^^^^^^^^^^^^^^^^^^^^^^^^^^^^^^^^
[INFO] [stdout] ...
[INFO] [stdout] 309  |     pub const fn from_str_const(s: &str) -> Self {
[INFO] [stdout]      |     ^^^^^^^^^^^^^^^^^^^^^^^^^^^^^^^^^^^^^^^^^^^^
[INFO] [stdout] ...
[INFO] [stdout] 315  |     pub fn new_unique() -> Self {
[INFO] [stdout]      |     ^^^^^^^^^^^^^^^^^^^^^^^^^^^
[INFO] [stdout] 
[INFO] [stdout] 
[INFO] [stdout] error[E0308]: mismatched types
[INFO] [stdout]     --> src/lib.rs:1343:68
[INFO] [stdout]      |
[INFO] [stdout] 1343 |                 Pubkey::create_program_address(&[b"Lil'", b"Bits", &[bump_seed]], &program_id)
[INFO] [stdout]      |                                                                    ^^^^^^^^^^^^ expected an array with a fixed size of 4 elements, found one with 1 element
[INFO] [stdout] 
[INFO] [stdout] 
[INFO] [stdout] error[E0599]: no function or associated item named `create_with_seed` found for struct `Pubkey` in the current scope
[INFO] [stdout]     --> src/lib.rs:1359:17
[INFO] [stdout]      |
[INFO] [stdout] 163  | pub struct Pubkey(pub(crate) [u8; 32]);
[INFO] [stdout]      | ----------------- function or associated item `create_with_seed` not found for this struct
[INFO] [stdout] ...
[INFO] [stdout] 1359 |         Pubkey::create_with_seed(&key, seed, base)
[INFO] [stdout]      |                 ^^^^^^^^^^^^^^^^ function or associated item not found in `Pubkey`
[INFO] [stdout]      |
[INFO] [stdout] note: if you're trying to build a new `Pubkey` consider using one of the following associated functions:
[INFO] [stdout]       Pubkey::new_from_array
[INFO] [stdout]       Pubkey::from_str_const
[INFO] [stdout]       Pubkey::new_unique
[INFO] [stdout]     --> src/lib.rs:304:5
[INFO] [stdout]      |
[INFO] [stdout] 304  |     pub const fn new_from_array(pubkey_array: [u8; 32]) -> Self {
[INFO] [stdout]      |     ^^^^^^^^^^^^^^^^^^^^^^^^^^^^^^^^^^^^^^^^^^^^^^^^^^^^^^^^^^^
[INFO] [stdout] ...
[INFO] [stdout] 309  |     pub const fn from_str_const(s: &str) -> Self {
[INFO] [stdout]      |     ^^^^^^^^^^^^^^^^^^^^^^^^^^^^^^^^^^^^^^^^^^^^
[INFO] [stdout] ...
[INFO] [stdout] 315  |     pub fn new_unique() -> Self {
[INFO] [stdout]      |     ^^^^^^^^^^^^^^^^^^^^^^^^^^^
[INFO] [stdout] 
[INFO] [stdout] 
[INFO] [stdout] Some errors have detailed explanations: E0277, E0308, E0425, E0433, E0599.
[INFO] [stdout] 
[INFO] [stdout] For more information about an error, try `rustc --explain E0277`.
[INFO] [stdout] 
[INFO] [stderr] error: could not compile `solana-pubkey` (lib test) due to 32 previous errors
[INFO] running `Command { std: "docker" "inspect" "784c482d0cb8be0a7086cc5487a6565a9d3190516d5531f6e68422f79e6ee425", kill_on_drop: false }`
[INFO] running `Command { std: "docker" "rm" "-f" "784c482d0cb8be0a7086cc5487a6565a9d3190516d5531f6e68422f79e6ee425", kill_on_drop: false }`
[INFO] [stdout] 784c482d0cb8be0a7086cc5487a6565a9d3190516d5531f6e68422f79e6ee425
