[INFO] fetching crate solana-hash 0.0.2...
[INFO] testing solana-hash-0.0.2 against nightly-2024-10-28+rustflags=-Zrandomize-layout for randomize-layout
[INFO] extracting crate solana-hash 0.0.2 into /workspace/builds/worker-6-tc2/source
[INFO] validating manifest of crates.io crate solana-hash 0.0.2 on toolchain nightly-2024-10-28
[INFO] running `Command { std: CARGO_HOME="/workspace/cargo-home" RUSTUP_HOME="/workspace/rustup-home" "/workspace/cargo-home/bin/cargo" "+nightly-2024-10-28" "metadata" "--manifest-path" "Cargo.toml" "--no-deps", kill_on_drop: false }`
[INFO] started tweaking crates.io crate solana-hash 0.0.2
[INFO] finished tweaking crates.io crate solana-hash 0.0.2
[INFO] tweaked toml for crates.io crate solana-hash 0.0.2 written to /workspace/builds/worker-6-tc2/source/Cargo.toml
[INFO] running `Command { std: CARGO_HOME="/workspace/cargo-home" RUSTUP_HOME="/workspace/rustup-home" "/workspace/cargo-home/bin/cargo" "+nightly-2024-10-28" "generate-lockfile" "--manifest-path" "Cargo.toml", kill_on_drop: false }`
[INFO] [stderr]     Updating crates.io index
[INFO] [stderr]      Locking 82 packages to latest compatible versions
[INFO] [stderr]       Adding solana-atomic-u64 v0.0.2 (available: v2.1.0)
[INFO] [stderr]       Adding solana-sanitize v0.0.2 (available: v2.1.0)
[INFO] running `Command { std: CARGO_HOME="/workspace/cargo-home" RUSTUP_HOME="/workspace/rustup-home" "/workspace/cargo-home/bin/cargo" "+nightly-2024-10-28" "fetch" "--manifest-path" "Cargo.toml", kill_on_drop: false }`
[INFO] running `Command { std: "docker" "create" "-v" "/var/lib/crater-agent-workspace/builds/worker-6-tc2/target:/opt/rustwide/target:rw,Z" "-v" "/var/lib/crater-agent-workspace/builds/worker-6-tc2/source:/opt/rustwide/workdir:ro,Z" "-v" "/var/lib/crater-agent-workspace/cargo-home:/opt/rustwide/cargo-home:ro,Z" "-v" "/var/lib/crater-agent-workspace/rustup-home:/opt/rustwide/rustup-home:ro,Z" "-e" "SOURCE_DIR=/opt/rustwide/workdir" "-e" "CARGO_TARGET_DIR=/opt/rustwide/target" "-e" "CARGO_HOME=/opt/rustwide/cargo-home" "-e" "RUSTUP_HOME=/opt/rustwide/rustup-home" "-w" "/opt/rustwide/workdir" "-m" "1610612736" "--user" "0:0" "--network" "none" "ghcr.io/rust-lang/crates-build-env/linux@sha256:4a844ea9eb2546a2d2c7022eacef16ef2e8229c7fbb2c7d4d55a9ceca922f72d" "/opt/rustwide/cargo-home/bin/cargo" "+nightly-2024-10-28" "metadata" "--no-deps" "--format-version=1", kill_on_drop: false }`
[INFO] [stdout] cc50076e8baa0a495469efd86ed09cd5768b76d121578dfac3e6a5af3c8dd628
[INFO] running `Command { std: "docker" "start" "-a" "cc50076e8baa0a495469efd86ed09cd5768b76d121578dfac3e6a5af3c8dd628", kill_on_drop: false }`
[INFO] running `Command { std: "docker" "inspect" "cc50076e8baa0a495469efd86ed09cd5768b76d121578dfac3e6a5af3c8dd628", kill_on_drop: false }`
[INFO] running `Command { std: "docker" "rm" "-f" "cc50076e8baa0a495469efd86ed09cd5768b76d121578dfac3e6a5af3c8dd628", kill_on_drop: false }`
[INFO] [stdout] cc50076e8baa0a495469efd86ed09cd5768b76d121578dfac3e6a5af3c8dd628
[INFO] running `Command { std: "docker" "create" "-v" "/var/lib/crater-agent-workspace/builds/worker-6-tc2/target:/opt/rustwide/target:rw,Z" "-v" "/var/lib/crater-agent-workspace/builds/worker-6-tc2/source:/opt/rustwide/workdir:ro,Z" "-v" "/var/lib/crater-agent-workspace/cargo-home:/opt/rustwide/cargo-home:ro,Z" "-v" "/var/lib/crater-agent-workspace/rustup-home:/opt/rustwide/rustup-home:ro,Z" "-e" "SOURCE_DIR=/opt/rustwide/workdir" "-e" "CARGO_TARGET_DIR=/opt/rustwide/target" "-e" "CARGO_INCREMENTAL=0" "-e" "RUST_BACKTRACE=full" "-e" "RUSTFLAGS=--cap-lints=forbid -Zrandomize-layout" "-e" "RUSTDOCFLAGS=--cap-lints=forbid" "-e" "CARGO_HOME=/opt/rustwide/cargo-home" "-e" "RUSTUP_HOME=/opt/rustwide/rustup-home" "-w" "/opt/rustwide/workdir" "-m" "1610612736" "--user" "0:0" "--network" "none" "ghcr.io/rust-lang/crates-build-env/linux@sha256:4a844ea9eb2546a2d2c7022eacef16ef2e8229c7fbb2c7d4d55a9ceca922f72d" "/opt/rustwide/cargo-home/bin/cargo" "+nightly-2024-10-28" "build" "--frozen" "--message-format=json", kill_on_drop: false }`
[INFO] [stdout] 23efa03e6b63e1f09315a27a21b7c7a9769cb9b954884acd462334898b8bdb6d
[INFO] running `Command { std: "docker" "start" "-a" "23efa03e6b63e1f09315a27a21b7c7a9769cb9b954884acd462334898b8bdb6d", kill_on_drop: false }`
[INFO] [stderr]    Compiling bs58 v0.5.1
[INFO] [stderr]    Compiling solana-sanitize v0.0.2
[INFO] [stderr]    Compiling solana-atomic-u64 v0.0.2
[INFO] [stderr]    Compiling solana-hash v0.0.2 (/opt/rustwide/workdir)
[INFO] [stderr]     Finished `dev` profile [unoptimized + debuginfo] target(s) in 0.69s
[INFO] running `Command { std: "docker" "inspect" "23efa03e6b63e1f09315a27a21b7c7a9769cb9b954884acd462334898b8bdb6d", kill_on_drop: false }`
[INFO] running `Command { std: "docker" "rm" "-f" "23efa03e6b63e1f09315a27a21b7c7a9769cb9b954884acd462334898b8bdb6d", kill_on_drop: false }`
[INFO] [stdout] 23efa03e6b63e1f09315a27a21b7c7a9769cb9b954884acd462334898b8bdb6d
[INFO] running `Command { std: "docker" "create" "-v" "/var/lib/crater-agent-workspace/builds/worker-6-tc2/target:/opt/rustwide/target:rw,Z" "-v" "/var/lib/crater-agent-workspace/builds/worker-6-tc2/source:/opt/rustwide/workdir:ro,Z" "-v" "/var/lib/crater-agent-workspace/cargo-home:/opt/rustwide/cargo-home:ro,Z" "-v" "/var/lib/crater-agent-workspace/rustup-home:/opt/rustwide/rustup-home:ro,Z" "-e" "SOURCE_DIR=/opt/rustwide/workdir" "-e" "CARGO_TARGET_DIR=/opt/rustwide/target" "-e" "CARGO_INCREMENTAL=0" "-e" "RUST_BACKTRACE=full" "-e" "RUSTFLAGS=--cap-lints=forbid -Zrandomize-layout" "-e" "RUSTDOCFLAGS=--cap-lints=forbid" "-e" "CARGO_HOME=/opt/rustwide/cargo-home" "-e" "RUSTUP_HOME=/opt/rustwide/rustup-home" "-w" "/opt/rustwide/workdir" "-m" "1610612736" "--user" "0:0" "--network" "none" "ghcr.io/rust-lang/crates-build-env/linux@sha256:4a844ea9eb2546a2d2c7022eacef16ef2e8229c7fbb2c7d4d55a9ceca922f72d" "/opt/rustwide/cargo-home/bin/cargo" "+nightly-2024-10-28" "test" "--frozen" "--no-run" "--message-format=json", kill_on_drop: false }`
[INFO] [stdout] 4cd222723592f2181c88814f79080c4848a26e45f9efef31045b0123ddf46532
[INFO] running `Command { std: "docker" "start" "-a" "4cd222723592f2181c88814f79080c4848a26e45f9efef31045b0123ddf46532", kill_on_drop: false }`
[INFO] [stderr]    Compiling solana-hash v0.0.2 (/opt/rustwide/workdir)
[INFO] [stdout] error[E0599]: no method named `into_string` found for struct `EncodeBuilder` in the current scope
[INFO] [stdout]    --> src/lib.rs:219:54
[INFO] [stdout]     |
[INFO] [stdout] 219 |         let mut hash_base58_str = bs58::encode(hash).into_string();
[INFO] [stdout]     |                                                      ^^^^^^^^^^^ method not found in `EncodeBuilder<'static, Hash>`
[INFO] [stdout] 
[INFO] [stdout] 
[INFO] [stdout] error[E0599]: no method named `into_string` found for struct `EncodeBuilder` in the current scope
[INFO] [stdout]    --> src/lib.rs:223:63
[INFO] [stdout]     |
[INFO] [stdout] 223 |         hash_base58_str.push_str(&bs58::encode(hash.as_ref()).into_string());
[INFO] [stdout]     |                                                               ^^^^^^^^^^^ method not found in `EncodeBuilder<'static, &[u8]>`
[INFO] [stdout] 
[INFO] [stdout] 
[INFO] [stdout] error[E0599]: no method named `into_string` found for struct `EncodeBuilder` in the current scope
[INFO] [stdout]    --> src/lib.rs:238:69
[INFO] [stdout]     |
[INFO] [stdout] 238 |         let input_too_big = bs58::encode(&[0xffu8; HASH_BYTES + 1]).into_string();
[INFO] [stdout]     |                                                                     ^^^^^^^^^^^ method not found in `EncodeBuilder<'static, &[u8; 33]>`
[INFO] [stdout] 
[INFO] [stdout] 
[INFO] [stdout] error[E0599]: no method named `into_string` found for struct `EncodeBuilder` in the current scope
[INFO] [stdout]    --> src/lib.rs:245:63
[INFO] [stdout]     |
[INFO] [stdout] 245 |         let mut hash_base58_str = bs58::encode(hash.as_ref()).into_string();
[INFO] [stdout]     |                                                               ^^^^^^^^^^^ method not found in `EncodeBuilder<'static, &[u8]>`
[INFO] [stdout] 
[INFO] [stdout] 
[INFO] [stdout] For more information about this error, try `rustc --explain E0599`.
[INFO] [stdout] 
[INFO] [stderr] error: could not compile `solana-hash` (lib test) due to 4 previous errors
[INFO] running `Command { std: "docker" "inspect" "4cd222723592f2181c88814f79080c4848a26e45f9efef31045b0123ddf46532", kill_on_drop: false }`
[INFO] running `Command { std: "docker" "rm" "-f" "4cd222723592f2181c88814f79080c4848a26e45f9efef31045b0123ddf46532", kill_on_drop: false }`
[INFO] [stdout] 4cd222723592f2181c88814f79080c4848a26e45f9efef31045b0123ddf46532
