[INFO] fetching crate solana-account 0.0.2...
[INFO] testing solana-account-0.0.2 against nightly-2024-10-28 for randomize-layout
[INFO] extracting crate solana-account 0.0.2 into /workspace/builds/worker-6-tc1/source
[INFO] validating manifest of crates.io crate solana-account 0.0.2 on toolchain nightly-2024-10-28
[INFO] running `Command { std: CARGO_HOME="/workspace/cargo-home" RUSTUP_HOME="/workspace/rustup-home" "/workspace/cargo-home/bin/cargo" "+nightly-2024-10-28" "metadata" "--manifest-path" "Cargo.toml" "--no-deps", kill_on_drop: false }`
[INFO] started tweaking crates.io crate solana-account 0.0.2
[INFO] finished tweaking crates.io crate solana-account 0.0.2
[INFO] tweaked toml for crates.io crate solana-account 0.0.2 written to /workspace/builds/worker-6-tc1/source/Cargo.toml
[INFO] running `Command { std: CARGO_HOME="/workspace/cargo-home" RUSTUP_HOME="/workspace/rustup-home" "/workspace/cargo-home/bin/cargo" "+nightly-2024-10-28" "generate-lockfile" "--manifest-path" "Cargo.toml", kill_on_drop: false }`
[INFO] [stderr]     Updating crates.io index
[INFO] [stderr]     Blocking waiting for file lock on package cache
[INFO] [stderr]      Locking 200 packages to latest compatible versions
[INFO] [stderr]       Adding solana-instruction v0.0.2 (available: v2.1.0)
[INFO] [stderr]       Adding solana-pubkey v0.0.2 (available: v2.1.0)
[INFO] running `Command { std: CARGO_HOME="/workspace/cargo-home" RUSTUP_HOME="/workspace/rustup-home" "/workspace/cargo-home/bin/cargo" "+nightly-2024-10-28" "fetch" "--manifest-path" "Cargo.toml", kill_on_drop: false }`
[INFO] [stderr]     Blocking waiting for file lock on package cache
[INFO] [stderr]  Downloading crates ...
[INFO] [stderr]   Downloaded solana-atomic-u64 v0.0.2
[INFO] [stderr]   Downloaded solana-decode-error v0.0.2
[INFO] [stderr]   Downloaded five8_const v0.1.3
[INFO] [stderr]   Downloaded solana-sanitize v0.0.2
[INFO] [stderr]   Downloaded solana-define-syscall v0.0.2
[INFO] [stderr]   Downloaded solana-hash v0.0.2
[INFO] [stderr]   Downloaded solana-sha256-hasher v0.0.2
[INFO] [stderr]   Downloaded solana-pubkey v0.0.2
[INFO] [stderr]   Downloaded solana-decode-error v2.1.0
[INFO] [stderr]   Downloaded solana-logger v2.1.0
[INFO] [stderr]   Downloaded solana-fee-calculator v2.1.0
[INFO] [stderr]   Downloaded solana-native-token v2.1.0
[INFO] [stderr]   Downloaded solana-program-entrypoint v2.1.0
[INFO] [stderr]   Downloaded solana-instruction v2.1.0
[INFO] [stderr]   Downloaded solana-slot-hashes v2.1.0
[INFO] [stderr]   Downloaded solana-msg v2.1.0
[INFO] [stderr]   Downloaded solana-clock v2.1.0
[INFO] [stderr]   Downloaded solana-serde-varint v2.1.0
[INFO] [stderr]   Downloaded solana-atomic-u64 v2.1.0
[INFO] [stderr]   Downloaded solana-hash v2.1.0
[INFO] [stderr]   Downloaded solana-rent v2.1.0
[INFO] [stderr]   Downloaded five8_core v0.1.1
[INFO] [stderr]   Downloaded solana-short-vec v2.1.0
[INFO] [stderr]   Downloaded solana-account-info v2.1.0
[INFO] [stderr]   Downloaded solana-program-memory v2.1.0
[INFO] [stderr]   Downloaded solana-bincode v2.1.0
[INFO] [stderr]   Downloaded solana-program-error v2.1.0
[INFO] [stderr]   Downloaded solana-sdk-macro v2.1.0
[INFO] [stderr]   Downloaded solana-stable-layout v2.1.0
[INFO] [stderr]   Downloaded solana-serialize-utils v2.1.0
[INFO] [stderr]   Downloaded solana-pubkey v2.1.0
[INFO] [stderr]   Downloaded solana-slot-history v2.1.0
[INFO] [stderr]   Downloaded solana-sha256-hasher v2.1.0
[INFO] [stderr]   Downloaded solana-cpi v2.1.0
[INFO] [stderr]   Downloaded solana-borsh v2.1.0
[INFO] [stderr]   Downloaded solana-instruction v0.0.2
[INFO] [stderr]   Downloaded solana-last-restart-slot v2.1.0
[INFO] [stderr]   Downloaded solana-program v2.1.0
[INFO] [stderr]   Downloaded solana-epoch-schedule v2.1.0
[INFO] [stderr]   Downloaded solana-program-pack v2.1.0
[INFO] [stderr]   Downloaded solana-secp256k1-recover v2.1.0
[INFO] [stderr]   Downloaded solana-define-syscall v2.1.0
[INFO] [stderr]   Downloaded solana-program-option v2.1.0
[INFO] [stderr]   Downloaded solana-sanitize v2.1.0
[INFO] [stderr]   Downloaded solana-transaction-error v2.1.0
[INFO] [stderr]   Downloaded solana-frozen-abi-macro v2.1.0
[INFO] [stderr]   Downloaded solana-frozen-abi v2.1.0
[INFO] running `Command { std: "docker" "create" "-v" "/var/lib/crater-agent-workspace/builds/worker-6-tc1/target:/opt/rustwide/target:rw,Z" "-v" "/var/lib/crater-agent-workspace/builds/worker-6-tc1/source:/opt/rustwide/workdir:ro,Z" "-v" "/var/lib/crater-agent-workspace/cargo-home:/opt/rustwide/cargo-home:ro,Z" "-v" "/var/lib/crater-agent-workspace/rustup-home:/opt/rustwide/rustup-home:ro,Z" "-e" "SOURCE_DIR=/opt/rustwide/workdir" "-e" "CARGO_TARGET_DIR=/opt/rustwide/target" "-e" "CARGO_HOME=/opt/rustwide/cargo-home" "-e" "RUSTUP_HOME=/opt/rustwide/rustup-home" "-w" "/opt/rustwide/workdir" "-m" "1610612736" "--user" "0:0" "--network" "none" "ghcr.io/rust-lang/crates-build-env/linux@sha256:4a844ea9eb2546a2d2c7022eacef16ef2e8229c7fbb2c7d4d55a9ceca922f72d" "/opt/rustwide/cargo-home/bin/cargo" "+nightly-2024-10-28" "metadata" "--no-deps" "--format-version=1", kill_on_drop: false }`
[INFO] [stdout] dd1e95ae01293571eb1ea2427c58f962173fb7c6cdf03d0fd4b773bf6869ced8
[INFO] running `Command { std: "docker" "start" "-a" "dd1e95ae01293571eb1ea2427c58f962173fb7c6cdf03d0fd4b773bf6869ced8", kill_on_drop: false }`
[INFO] running `Command { std: "docker" "inspect" "dd1e95ae01293571eb1ea2427c58f962173fb7c6cdf03d0fd4b773bf6869ced8", kill_on_drop: false }`
[INFO] running `Command { std: "docker" "rm" "-f" "dd1e95ae01293571eb1ea2427c58f962173fb7c6cdf03d0fd4b773bf6869ced8", kill_on_drop: false }`
[INFO] [stdout] dd1e95ae01293571eb1ea2427c58f962173fb7c6cdf03d0fd4b773bf6869ced8
[INFO] running `Command { std: "docker" "create" "-v" "/var/lib/crater-agent-workspace/builds/worker-6-tc1/target:/opt/rustwide/target:rw,Z" "-v" "/var/lib/crater-agent-workspace/builds/worker-6-tc1/source:/opt/rustwide/workdir:ro,Z" "-v" "/var/lib/crater-agent-workspace/cargo-home:/opt/rustwide/cargo-home:ro,Z" "-v" "/var/lib/crater-agent-workspace/rustup-home:/opt/rustwide/rustup-home:ro,Z" "-e" "SOURCE_DIR=/opt/rustwide/workdir" "-e" "CARGO_TARGET_DIR=/opt/rustwide/target" "-e" "CARGO_INCREMENTAL=0" "-e" "RUST_BACKTRACE=full" "-e" "RUSTFLAGS=--cap-lints=forbid" "-e" "RUSTDOCFLAGS=--cap-lints=forbid" "-e" "CARGO_HOME=/opt/rustwide/cargo-home" "-e" "RUSTUP_HOME=/opt/rustwide/rustup-home" "-w" "/opt/rustwide/workdir" "-m" "1610612736" "--user" "0:0" "--network" "none" "ghcr.io/rust-lang/crates-build-env/linux@sha256:4a844ea9eb2546a2d2c7022eacef16ef2e8229c7fbb2c7d4d55a9ceca922f72d" "/opt/rustwide/cargo-home/bin/cargo" "+nightly-2024-10-28" "build" "--frozen" "--message-format=json", kill_on_drop: false }`
[INFO] [stdout] 69ab68cc825a5f5dddb00070f27c14b4bab0143c19b5dfe45f948f2642bd360d
[INFO] running `Command { std: "docker" "start" "-a" "69ab68cc825a5f5dddb00070f27c14b4bab0143c19b5dfe45f948f2642bd360d", kill_on_drop: false }`
[INFO] [stderr]    Compiling version_check v0.9.5
[INFO] [stderr]    Compiling serde v1.0.214
[INFO] [stderr]    Compiling subtle v2.6.1
[INFO] [stderr]    Compiling libc v0.2.161
[INFO] [stderr]    Compiling byteorder v1.5.0
[INFO] [stderr]    Compiling autocfg v1.4.0
[INFO] [stderr]    Compiling hashbrown v0.15.0
[INFO] [stderr]    Compiling equivalent v1.0.1
[INFO] [stderr]    Compiling bs58 v0.5.1
[INFO] [stderr]    Compiling winnow v0.6.20
[INFO] [stderr]    Compiling toml_datetime v0.6.8
[INFO] [stderr]    Compiling syn v1.0.109
[INFO] [stderr]    Compiling syn v2.0.86
[INFO] [stderr]    Compiling cpufeatures v0.2.14
[INFO] [stderr]    Compiling once_cell v1.20.2
[INFO] [stderr]    Compiling semver v1.0.23
[INFO] [stderr]    Compiling solana-atomic-u64 v2.1.0
[INFO] [stderr]    Compiling bytemuck v1.19.0
[INFO] [stderr]    Compiling solana-sanitize v2.1.0
[INFO] [stderr]    Compiling five8_core v0.1.1
[INFO] [stderr]    Compiling zeroize v1.8.1
[INFO] [stderr]    Compiling getrandom v0.1.16
[INFO] [stderr]    Compiling solana-msg v2.1.0
[INFO] [stderr]    Compiling five8_const v0.1.3
[INFO] [stderr]    Compiling shlex v1.3.0
[INFO] [stderr]    Compiling arrayref v0.3.9
[INFO] [stderr]    Compiling log v0.4.22
[INFO] [stderr]    Compiling generic-array v0.14.7
[INFO] [stderr]    Compiling proc-macro-error-attr v1.0.4
[INFO] [stderr]    Compiling proc-macro-error v1.0.4
[INFO] [stderr]    Compiling ahash v0.8.11
[INFO] [stderr]    Compiling rustc_version v0.4.1
[INFO] [stderr]    Compiling cc v1.1.31
[INFO] [stderr]    Compiling num-traits v0.2.19
[INFO] [stderr]    Compiling memoffset v0.9.1
[INFO] [stderr]    Compiling arrayvec v0.7.6
[INFO] [stderr]    Compiling constant_time_eq v0.3.1
[INFO] [stderr]    Compiling bitflags v2.6.0
[INFO] [stderr]    Compiling indexmap v2.6.0
[INFO] [stderr]    Compiling base64 v0.22.1
[INFO] [stderr]    Compiling solana-native-token v2.1.0
[INFO] [stderr]    Compiling curve25519-dalek v4.1.3
[INFO] [stderr]    Compiling solana-program-option v2.1.0
[INFO] [stderr]    Compiling lazy_static v1.5.0
[INFO] [stderr]    Compiling digest v0.9.0
[INFO] [stderr]    Compiling libsecp256k1-core v0.2.2
[INFO] [stderr]    Compiling crypto-common v0.1.6
[INFO] [stderr]    Compiling block-buffer v0.10.4
[INFO] [stderr]    Compiling block-buffer v0.9.0
[INFO] [stderr]    Compiling digest v0.10.7
[INFO] [stderr]    Compiling sha2 v0.9.9
[INFO] [stderr]    Compiling getrandom v0.2.15
[INFO] [stderr]    Compiling sha2 v0.10.8
[INFO] [stderr]    Compiling sha3 v0.10.8
[INFO] [stderr]    Compiling rand_core v0.6.4
[INFO] [stderr]    Compiling rand_core v0.5.1
[INFO] [stderr]    Compiling solana-decode-error v2.1.0
[INFO] [stderr]    Compiling solana-program-memory v2.1.0
[INFO] [stderr]    Compiling num-integer v0.1.46
[INFO] [stderr]    Compiling blake3 v1.5.4
[INFO] [stderr]    Compiling num-bigint v0.4.6
[INFO] [stderr]    Compiling libsecp256k1-gen-ecmult v0.2.1
[INFO] [stderr]    Compiling libsecp256k1-gen-genmult v0.2.1
[INFO] [stderr]    Compiling libsecp256k1 v0.6.0
[INFO] [stderr]    Compiling toml_edit v0.22.22
[INFO] [stderr]    Compiling borsh-schema-derive-internal v0.10.4
[INFO] [stderr]    Compiling borsh-derive-internal v0.10.4
[INFO] [stderr]    Compiling serde_derive v1.0.214
[INFO] [stderr]    Compiling zerocopy-derive v0.7.35
[INFO] [stderr]    Compiling syn_derive v0.1.8
[INFO] [stderr]    Compiling bytemuck_derive v1.8.0
[INFO] [stderr]    Compiling curve25519-dalek-derive v0.1.1
[INFO] [stderr]    Compiling solana-sdk-macro v2.1.0
[INFO] [stderr]    Compiling thiserror-impl v1.0.66
[INFO] [stderr]    Compiling num-derive v0.4.2
[INFO] [stderr]    Compiling toml v0.5.11
[INFO] [stderr]    Compiling proc-macro-crate v3.2.0
[INFO] [stderr]    Compiling zerocopy v0.7.35
[INFO] [stderr]    Compiling proc-macro-crate v0.1.5
[INFO] [stderr]    Compiling thiserror v1.0.66
[INFO] [stderr]    Compiling borsh-derive v1.5.1
[INFO] [stderr]    Compiling borsh-derive v0.10.4
[INFO] [stderr]    Compiling ppv-lite86 v0.2.20
[INFO] [stderr]    Compiling hashbrown v0.13.2
[INFO] [stderr]    Compiling rand_chacha v0.2.2
[INFO] [stderr]    Compiling rand_chacha v0.3.1
[INFO] [stderr]    Compiling rand v0.7.3
[INFO] [stderr]    Compiling rand v0.8.5
[INFO] [stderr]    Compiling borsh v0.10.4
[INFO] [stderr]    Compiling borsh v1.5.1
[INFO] [stderr]    Compiling solana-borsh v2.1.0
[INFO] [stderr]    Compiling solana-hash v2.1.0
[INFO] [stderr]    Compiling bincode v1.3.3
[INFO] [stderr]    Compiling bv v0.11.1
[INFO] [stderr]    Compiling solana-serde-varint v2.1.0
[INFO] [stderr]    Compiling serde_bytes v0.11.15
[INFO] [stderr]    Compiling solana-short-vec v2.1.0
[INFO] [stderr]    Compiling solana-clock v2.1.0
[INFO] [stderr]    Compiling solana-last-restart-slot v2.1.0
[INFO] [stderr]    Compiling solana-rent v2.1.0
[INFO] [stderr]    Compiling solana-epoch-schedule v2.1.0
[INFO] [stderr]    Compiling solana-fee-calculator v2.1.0
[INFO] [stderr]    Compiling solana-sha256-hasher v2.1.0
[INFO] [stderr]    Compiling solana-slot-hashes v2.1.0
[INFO] [stderr]    Compiling solana-pubkey v2.1.0
[INFO] [stderr]    Compiling solana-instruction v2.1.0
[INFO] [stderr]    Compiling solana-program-error v2.1.0
[INFO] [stderr]    Compiling solana-serialize-utils v2.1.0
[INFO] [stderr]    Compiling solana-stable-layout v2.1.0
[INFO] [stderr]    Compiling solana-bincode v2.1.0
[INFO] [stderr]    Compiling solana-transaction-error v2.1.0
[INFO] [stderr]    Compiling solana-account-info v2.1.0
[INFO] [stderr]    Compiling solana-program-pack v2.1.0
[INFO] [stderr]    Compiling solana-slot-history v2.1.0
[INFO] [stderr]    Compiling solana-cpi v2.1.0
[INFO] [stderr]    Compiling solana-program-entrypoint v2.1.0
[INFO] [stderr]    Compiling solana-secp256k1-recover v2.1.0
[INFO] [stderr]    Compiling solana-program v2.1.0
[INFO] [stderr]    Compiling solana-account v0.0.2 (/opt/rustwide/workdir)
[INFO] [stderr]     Finished `dev` profile [unoptimized + debuginfo] target(s) in 30.21s
[INFO] running `Command { std: "docker" "inspect" "69ab68cc825a5f5dddb00070f27c14b4bab0143c19b5dfe45f948f2642bd360d", kill_on_drop: false }`
[INFO] running `Command { std: "docker" "rm" "-f" "69ab68cc825a5f5dddb00070f27c14b4bab0143c19b5dfe45f948f2642bd360d", kill_on_drop: false }`
[INFO] [stdout] 69ab68cc825a5f5dddb00070f27c14b4bab0143c19b5dfe45f948f2642bd360d
[INFO] running `Command { std: "docker" "create" "-v" "/var/lib/crater-agent-workspace/builds/worker-6-tc1/target:/opt/rustwide/target:rw,Z" "-v" "/var/lib/crater-agent-workspace/builds/worker-6-tc1/source:/opt/rustwide/workdir:ro,Z" "-v" "/var/lib/crater-agent-workspace/cargo-home:/opt/rustwide/cargo-home:ro,Z" "-v" "/var/lib/crater-agent-workspace/rustup-home:/opt/rustwide/rustup-home:ro,Z" "-e" "SOURCE_DIR=/opt/rustwide/workdir" "-e" "CARGO_TARGET_DIR=/opt/rustwide/target" "-e" "CARGO_INCREMENTAL=0" "-e" "RUST_BACKTRACE=full" "-e" "RUSTFLAGS=--cap-lints=forbid" "-e" "RUSTDOCFLAGS=--cap-lints=forbid" "-e" "CARGO_HOME=/opt/rustwide/cargo-home" "-e" "RUSTUP_HOME=/opt/rustwide/rustup-home" "-w" "/opt/rustwide/workdir" "-m" "1610612736" "--user" "0:0" "--network" "none" "ghcr.io/rust-lang/crates-build-env/linux@sha256:4a844ea9eb2546a2d2c7022eacef16ef2e8229c7fbb2c7d4d55a9ceca922f72d" "/opt/rustwide/cargo-home/bin/cargo" "+nightly-2024-10-28" "test" "--frozen" "--no-run" "--message-format=json", kill_on_drop: false }`
[INFO] [stdout] 21e8d668b083209adfcdca32c0861a708d4c59df99b76ba709242646749db04e
[INFO] running `Command { std: "docker" "start" "-a" "21e8d668b083209adfcdca32c0861a708d4c59df99b76ba709242646749db04e", kill_on_drop: false }`
[INFO] [stderr]    Compiling solana-decode-error v0.0.2
[INFO] [stderr]    Compiling solana-atomic-u64 v0.0.2
[INFO] [stderr]    Compiling solana-sanitize v0.0.2
[INFO] [stderr]    Compiling solana-pubkey v0.0.2
[INFO] [stderr]    Compiling solana-account v0.0.2 (/opt/rustwide/workdir)
[INFO] [stdout] error[E0599]: no method named `deserialize_data` found for struct `Account` in the current scope
[INFO] [stdout]    --> src/lib.rs:873:18
[INFO] [stdout]     |
[INFO] [stdout] 48  | pub struct Account {
[INFO] [stdout]     | ------------------ method `deserialize_data` not found for this struct
[INFO] [stdout] ...
[INFO] [stdout] 873 |         account1.deserialize_data::<String>().unwrap();
[INFO] [stdout]     |                  ^^^^^^^^^^^^^^^^ method not found in `Account`
[INFO] [stdout] 
[INFO] [stdout] 
[INFO] [stdout] error[E0599]: no method named `serialize_data` found for struct `Account` in the current scope
[INFO] [stdout]    --> src/lib.rs:881:18
[INFO] [stdout]     |
[INFO] [stdout] 48  | pub struct Account {
[INFO] [stdout]     | ------------------ method `serialize_data` not found for this struct
[INFO] [stdout] ...
[INFO] [stdout] 881 |         account1.serialize_data(&"hello world").unwrap();
[INFO] [stdout]     |                  ^^^^^^^^^^^^^^ method not found in `Account`
[INFO] [stdout] 
[INFO] [stdout] 
[INFO] [stdout] error[E0599]: no method named `deserialize_data` found for struct `AccountSharedData` in the current scope
[INFO] [stdout]    --> src/lib.rs:891:18
[INFO] [stdout]     |
[INFO] [stdout] 139 | pub struct AccountSharedData {
[INFO] [stdout]     | ---------------------------- method `deserialize_data` not found for this struct
[INFO] [stdout] ...
[INFO] [stdout] 891 |         account2.deserialize_data::<String>().unwrap();
[INFO] [stdout]     |                  ^^^^^^^^^^^^^^^^
[INFO] [stdout]     |
[INFO] [stdout] help: there is a method `set_data` with a similar name, but with different arguments
[INFO] [stdout]    --> src/lib.rs:655:5
[INFO] [stdout]     |
[INFO] [stdout] 655 |     fn set_data(&mut self, data: Vec<u8>) {
[INFO] [stdout]     |     ^^^^^^^^^^^^^^^^^^^^^^^^^^^^^^^^^^^^^
[INFO] [stdout] 
[INFO] [stdout] 
[INFO] [stdout] error[E0599]: no method named `serialize_data` found for struct `AccountSharedData` in the current scope
[INFO] [stdout]    --> src/lib.rs:899:18
[INFO] [stdout]     |
[INFO] [stdout] 139 | pub struct AccountSharedData {
[INFO] [stdout]     | ---------------------------- method `serialize_data` not found for this struct
[INFO] [stdout] ...
[INFO] [stdout] 899 |         account2.serialize_data(&"hello world").unwrap();
[INFO] [stdout]     |                  ^^^^^^^^^^^^^^
[INFO] [stdout]     |
[INFO] [stdout] help: there is a method `set_data` with a similar name
[INFO] [stdout]     |
[INFO] [stdout] 899 |         account2.set_data(&"hello world").unwrap();
[INFO] [stdout]     |                  ~~~~~~~~
[INFO] [stdout] 
[INFO] [stdout] 
[INFO] [stdout] error[E0599]: no function or associated item named `new_data` found for struct `Account` in the current scope
[INFO] [stdout]     --> src/lib.rs:1138:59
[INFO] [stdout]      |
[INFO] [stdout] 48   | pub struct Account {
[INFO] [stdout]      | ------------------ function or associated item `new_data` not found for this struct
[INFO] [stdout] ...
[INFO] [stdout] 1138 |                         let account1_with_data = Account::new_data(
[INFO] [stdout]      |                                                           ^^^^^^^^ function or associated item not found in `Account`
[INFO] [stdout]      |
[INFO] [stdout] note: if you're trying to build a new `Account` consider using one of the following associated functions:
[INFO] [stdout]       Account::new
[INFO] [stdout]       Account::new_rent_epoch
[INFO] [stdout]     --> src/lib.rs:531:5
[INFO] [stdout]      |
[INFO] [stdout] 531  |     pub fn new(lamports: u64, space: usize, owner: &Pubkey) -> Self {
[INFO] [stdout]      |     ^^^^^^^^^^^^^^^^^^^^^^^^^^^^^^^^^^^^^^^^^^^^^^^^^^^^^^^^^^^^^^^
[INFO] [stdout] ...
[INFO] [stdout] 571  |     pub fn new_rent_epoch(lamports: u64, space: usize, owner: &Pubkey, rent_epoch: Epoch) -> Self {
[INFO] [stdout]      |     ^^^^^^^^^^^^^^^^^^^^^^^^^^^^^^^^^^^^^^^^^^^^^^^^^^^^^^^^^^^^^^^^^^^^^^^^^^^^^^^^^^^^^^^^^^^^^
[INFO] [stdout] help: there is a method `data` with a similar name, but with different arguments
[INFO] [stdout]     --> src/lib.rs:228:5
[INFO] [stdout]      |
[INFO] [stdout] 228  |     fn data(&self) -> &[u8];
[INFO] [stdout]      |     ^^^^^^^^^^^^^^^^^^^^^^^^
[INFO] [stdout] 
[INFO] [stdout] 
[INFO] [stdout] error[E0599]: no function or associated item named `new_data` found for struct `AccountSharedData` in the current scope
[INFO] [stdout]     --> src/lib.rs:1144:69
[INFO] [stdout]      |
[INFO] [stdout] 139  | pub struct AccountSharedData {
[INFO] [stdout]      | ---------------------------- function or associated item `new_data` not found for this struct
[INFO] [stdout] ...
[INFO] [stdout] 1144 |                         let account2_with_data = AccountSharedData::new_data(
[INFO] [stdout]      |                                                                     ^^^^^^^^ function or associated item not found in `AccountSharedData`
[INFO] [stdout]      |
[INFO] [stdout] note: if you're trying to build a new `AccountSharedData` consider using one of the following associated functions:
[INFO] [stdout]       AccountSharedData::new
[INFO] [stdout]       AccountSharedData::new_rent_epoch
[INFO] [stdout]     --> src/lib.rs:663:5
[INFO] [stdout]      |
[INFO] [stdout] 663  |     pub fn new(lamports: u64, space: usize, owner: &Pubkey) -> Self {
[INFO] [stdout]      |     ^^^^^^^^^^^^^^^^^^^^^^^^^^^^^^^^^^^^^^^^^^^^^^^^^^^^^^^^^^^^^^^
[INFO] [stdout] ...
[INFO] [stdout] 703  |     pub fn new_rent_epoch(lamports: u64, space: usize, owner: &Pubkey, rent_epoch: Epoch) -> Self {
[INFO] [stdout]      |     ^^^^^^^^^^^^^^^^^^^^^^^^^^^^^^^^^^^^^^^^^^^^^^^^^^^^^^^^^^^^^^^^^^^^^^^^^^^^^^^^^^^^^^^^^^^^^
[INFO] [stdout] help: there is a method `data` with a similar name, but with different arguments
[INFO] [stdout]     --> src/lib.rs:228:5
[INFO] [stdout]      |
[INFO] [stdout] 228  |     fn data(&self) -> &[u8];
[INFO] [stdout]      |     ^^^^^^^^^^^^^^^^^^^^^^^^
[INFO] [stdout] 
[INFO] [stdout] 
[INFO] [stdout] error[E0599]: no function or associated item named `new_data_with_space` found for struct `Account` in the current scope
[INFO] [stdout]     --> src/lib.rs:1160:35
[INFO] [stdout]      |
[INFO] [stdout] 48   | pub struct Account {
[INFO] [stdout]      | ------------------ function or associated item `new_data_with_space` not found for this struct
[INFO] [stdout] ...
[INFO] [stdout] 1160 |                         &Account::new_data_with_space(
[INFO] [stdout]      |                                   ^^^^^^^^^^^^^^^^^^^ function or associated item not found in `Account`
[INFO] [stdout]      |
[INFO] [stdout] note: if you're trying to build a new `Account` consider using one of the following associated functions:
[INFO] [stdout]       Account::new
[INFO] [stdout]       Account::new_rent_epoch
[INFO] [stdout]     --> src/lib.rs:531:5
[INFO] [stdout]      |
[INFO] [stdout] 531  |     pub fn new(lamports: u64, space: usize, owner: &Pubkey) -> Self {
[INFO] [stdout]      |     ^^^^^^^^^^^^^^^^^^^^^^^^^^^^^^^^^^^^^^^^^^^^^^^^^^^^^^^^^^^^^^^
[INFO] [stdout] ...
[INFO] [stdout] 571  |     pub fn new_rent_epoch(lamports: u64, space: usize, owner: &Pubkey, rent_epoch: Epoch) -> Self {
[INFO] [stdout]      |     ^^^^^^^^^^^^^^^^^^^^^^^^^^^^^^^^^^^^^^^^^^^^^^^^^^^^^^^^^^^^^^^^^^^^^^^^^^^^^^^^^^^^^^^^^^^^^
[INFO] [stdout] 
[INFO] [stdout] 
[INFO] [stdout] error[E0599]: no function or associated item named `new_data_with_space` found for struct `AccountSharedData` in the current scope
[INFO] [stdout]     --> src/lib.rs:1167:45
[INFO] [stdout]      |
[INFO] [stdout] 139  | pub struct AccountSharedData {
[INFO] [stdout]      | ---------------------------- function or associated item `new_data_with_space` not found for this struct
[INFO] [stdout] ...
[INFO] [stdout] 1167 |                         &AccountSharedData::new_data_with_space(
[INFO] [stdout]      |                                             ^^^^^^^^^^^^^^^^^^^ function or associated item not found in `AccountSharedData`
[INFO] [stdout]      |
[INFO] [stdout] note: if you're trying to build a new `AccountSharedData` consider using one of the following associated functions:
[INFO] [stdout]       AccountSharedData::new
[INFO] [stdout]       AccountSharedData::new_rent_epoch
[INFO] [stdout]     --> src/lib.rs:663:5
[INFO] [stdout]      |
[INFO] [stdout] 663  |     pub fn new(lamports: u64, space: usize, owner: &Pubkey) -> Self {
[INFO] [stdout]      |     ^^^^^^^^^^^^^^^^^^^^^^^^^^^^^^^^^^^^^^^^^^^^^^^^^^^^^^^^^^^^^^^
[INFO] [stdout] ...
[INFO] [stdout] 703  |     pub fn new_rent_epoch(lamports: u64, space: usize, owner: &Pubkey, rent_epoch: Epoch) -> Self {
[INFO] [stdout]      |     ^^^^^^^^^^^^^^^^^^^^^^^^^^^^^^^^^^^^^^^^^^^^^^^^^^^^^^^^^^^^^^^^^^^^^^^^^^^^^^^^^^^^^^^^^^^^^
[INFO] [stdout] 
[INFO] [stdout] 
[INFO] [stdout] error[E0599]: no function or associated item named `new_ref_data` found for struct `Account` in the current scope
[INFO] [stdout]     --> src/lib.rs:1178:35
[INFO] [stdout]      |
[INFO] [stdout] 48   | pub struct Account {
[INFO] [stdout]      | ------------------ function or associated item `new_ref_data` not found for this struct
[INFO] [stdout] ...
[INFO] [stdout] 1178 |                         &Account::new_ref_data(
[INFO] [stdout]      |                                   ^^^^^^^^^^^^ function or associated item not found in `Account`
[INFO] [stdout]      |
[INFO] [stdout] note: if you're trying to build a new `Account` consider using one of the following associated functions:
[INFO] [stdout]       Account::new
[INFO] [stdout]       Account::new_rent_epoch
[INFO] [stdout]     --> src/lib.rs:531:5
[INFO] [stdout]      |
[INFO] [stdout] 531  |     pub fn new(lamports: u64, space: usize, owner: &Pubkey) -> Self {
[INFO] [stdout]      |     ^^^^^^^^^^^^^^^^^^^^^^^^^^^^^^^^^^^^^^^^^^^^^^^^^^^^^^^^^^^^^^^
[INFO] [stdout] ...
[INFO] [stdout] 571  |     pub fn new_rent_epoch(lamports: u64, space: usize, owner: &Pubkey, rent_epoch: Epoch) -> Self {
[INFO] [stdout]      |     ^^^^^^^^^^^^^^^^^^^^^^^^^^^^^^^^^^^^^^^^^^^^^^^^^^^^^^^^^^^^^^^^^^^^^^^^^^^^^^^^^^^^^^^^^^^^^
[INFO] [stdout] help: there is an associated function `new_ref` with a similar name
[INFO] [stdout]      |
[INFO] [stdout] 1178 |                         &Account::new_ref(
[INFO] [stdout]      |                                   ~~~~~~~
[INFO] [stdout] 
[INFO] [stdout] 
[INFO] [stdout] error[E0599]: no function or associated item named `new_ref_data` found for struct `AccountSharedData` in the current scope
[INFO] [stdout]     --> src/lib.rs:1185:45
[INFO] [stdout]      |
[INFO] [stdout] 139  | pub struct AccountSharedData {
[INFO] [stdout]      | ---------------------------- function or associated item `new_ref_data` not found for this struct
[INFO] [stdout] ...
[INFO] [stdout] 1185 |                         &AccountSharedData::new_ref_data(
[INFO] [stdout]      |                                             ^^^^^^^^^^^^ function or associated item not found in `AccountSharedData`
[INFO] [stdout]      |
[INFO] [stdout] note: if you're trying to build a new `AccountSharedData` consider using one of the following associated functions:
[INFO] [stdout]       AccountSharedData::new
[INFO] [stdout]       AccountSharedData::new_rent_epoch
[INFO] [stdout]     --> src/lib.rs:663:5
[INFO] [stdout]      |
[INFO] [stdout] 663  |     pub fn new(lamports: u64, space: usize, owner: &Pubkey) -> Self {
[INFO] [stdout]      |     ^^^^^^^^^^^^^^^^^^^^^^^^^^^^^^^^^^^^^^^^^^^^^^^^^^^^^^^^^^^^^^^
[INFO] [stdout] ...
[INFO] [stdout] 703  |     pub fn new_rent_epoch(lamports: u64, space: usize, owner: &Pubkey, rent_epoch: Epoch) -> Self {
[INFO] [stdout]      |     ^^^^^^^^^^^^^^^^^^^^^^^^^^^^^^^^^^^^^^^^^^^^^^^^^^^^^^^^^^^^^^^^^^^^^^^^^^^^^^^^^^^^^^^^^^^^^
[INFO] [stdout] help: there is an associated function `new_ref` with a similar name
[INFO] [stdout]      |
[INFO] [stdout] 1185 |                         &AccountSharedData::new_ref(
[INFO] [stdout]      |                                             ~~~~~~~
[INFO] [stdout] 
[INFO] [stdout] 
[INFO] [stdout] error[E0599]: no function or associated item named `new_ref_data_with_space` found for struct `Account` in the current scope
[INFO] [stdout]     --> src/lib.rs:1196:35
[INFO] [stdout]      |
[INFO] [stdout] 48   | pub struct Account {
[INFO] [stdout]      | ------------------ function or associated item `new_ref_data_with_space` not found for this struct
[INFO] [stdout] ...
[INFO] [stdout] 1196 |                         &Account::new_ref_data_with_space(
[INFO] [stdout]      |                                   ^^^^^^^^^^^^^^^^^^^^^^^ function or associated item not found in `Account`
[INFO] [stdout]      |
[INFO] [stdout] note: if you're trying to build a new `Account` consider using one of the following associated functions:
[INFO] [stdout]       Account::new
[INFO] [stdout]       Account::new_rent_epoch
[INFO] [stdout]     --> src/lib.rs:531:5
[INFO] [stdout]      |
[INFO] [stdout] 531  |     pub fn new(lamports: u64, space: usize, owner: &Pubkey) -> Self {
[INFO] [stdout]      |     ^^^^^^^^^^^^^^^^^^^^^^^^^^^^^^^^^^^^^^^^^^^^^^^^^^^^^^^^^^^^^^^
[INFO] [stdout] ...
[INFO] [stdout] 571  |     pub fn new_rent_epoch(lamports: u64, space: usize, owner: &Pubkey, rent_epoch: Epoch) -> Self {
[INFO] [stdout]      |     ^^^^^^^^^^^^^^^^^^^^^^^^^^^^^^^^^^^^^^^^^^^^^^^^^^^^^^^^^^^^^^^^^^^^^^^^^^^^^^^^^^^^^^^^^^^^^
[INFO] [stdout] 
[INFO] [stdout] 
[INFO] [stdout] error[E0599]: no function or associated item named `new_ref_data_with_space` found for struct `AccountSharedData` in the current scope
[INFO] [stdout]     --> src/lib.rs:1204:45
[INFO] [stdout]      |
[INFO] [stdout] 139  | pub struct AccountSharedData {
[INFO] [stdout]      | ---------------------------- function or associated item `new_ref_data_with_space` not found for this struct
[INFO] [stdout] ...
[INFO] [stdout] 1204 |                         &AccountSharedData::new_ref_data_with_space(
[INFO] [stdout]      |                                             ^^^^^^^^^^^^^^^^^^^^^^^ function or associated item not found in `AccountSharedData`
[INFO] [stdout]      |
[INFO] [stdout] note: if you're trying to build a new `AccountSharedData` consider using one of the following associated functions:
[INFO] [stdout]       AccountSharedData::new
[INFO] [stdout]       AccountSharedData::new_rent_epoch
[INFO] [stdout]     --> src/lib.rs:663:5
[INFO] [stdout]      |
[INFO] [stdout] 663  |     pub fn new(lamports: u64, space: usize, owner: &Pubkey) -> Self {
[INFO] [stdout]      |     ^^^^^^^^^^^^^^^^^^^^^^^^^^^^^^^^^^^^^^^^^^^^^^^^^^^^^^^^^^^^^^^
[INFO] [stdout] ...
[INFO] [stdout] 703  |     pub fn new_rent_epoch(lamports: u64, space: usize, owner: &Pubkey, rent_epoch: Epoch) -> Self {
[INFO] [stdout]      |     ^^^^^^^^^^^^^^^^^^^^^^^^^^^^^^^^^^^^^^^^^^^^^^^^^^^^^^^^^^^^^^^^^^^^^^^^^^^^^^^^^^^^^^^^^^^^^
[INFO] [stdout] 
[INFO] [stdout] 
[INFO] [stdout] For more information about this error, try `rustc --explain E0599`.
[INFO] [stdout] 
[INFO] [stderr] error: could not compile `solana-account` (lib test) due to 12 previous errors
[INFO] running `Command { std: "docker" "inspect" "21e8d668b083209adfcdca32c0861a708d4c59df99b76ba709242646749db04e", kill_on_drop: false }`
[INFO] running `Command { std: "docker" "rm" "-f" "21e8d668b083209adfcdca32c0861a708d4c59df99b76ba709242646749db04e", kill_on_drop: false }`
[INFO] [stdout] 21e8d668b083209adfcdca32c0861a708d4c59df99b76ba709242646749db04e
