[INFO] fetching crate sod 0.3.4...
[INFO] testing sod-0.3.4 against nightly-2024-10-28+rustflags=-Zrandomize-layout for randomize-layout
[INFO] extracting crate sod 0.3.4 into /workspace/builds/worker-1-tc2/source
[INFO] validating manifest of crates.io crate sod 0.3.4 on toolchain nightly-2024-10-28
[INFO] running `Command { std: CARGO_HOME="/workspace/cargo-home" RUSTUP_HOME="/workspace/rustup-home" "/workspace/cargo-home/bin/cargo" "+nightly-2024-10-28" "metadata" "--manifest-path" "Cargo.toml" "--no-deps", kill_on_drop: false }`
[INFO] started tweaking crates.io crate sod 0.3.4
[INFO] finished tweaking crates.io crate sod 0.3.4
[INFO] tweaked toml for crates.io crate sod 0.3.4 written to /workspace/builds/worker-1-tc2/source/Cargo.toml
[INFO] running `Command { std: CARGO_HOME="/workspace/cargo-home" RUSTUP_HOME="/workspace/rustup-home" "/workspace/cargo-home/bin/cargo" "+nightly-2024-10-28" "generate-lockfile" "--manifest-path" "Cargo.toml", kill_on_drop: false }`
[INFO] [stderr]     Updating crates.io index
[INFO] [stderr]      Locking 35 packages to latest compatible versions
[INFO] running `Command { std: CARGO_HOME="/workspace/cargo-home" RUSTUP_HOME="/workspace/rustup-home" "/workspace/cargo-home/bin/cargo" "+nightly-2024-10-28" "fetch" "--manifest-path" "Cargo.toml", kill_on_drop: false }`
[INFO] running `Command { std: "docker" "create" "-v" "/var/lib/crater-agent-workspace/builds/worker-1-tc2/target:/opt/rustwide/target:rw,Z" "-v" "/var/lib/crater-agent-workspace/builds/worker-1-tc2/source:/opt/rustwide/workdir:ro,Z" "-v" "/var/lib/crater-agent-workspace/cargo-home:/opt/rustwide/cargo-home:ro,Z" "-v" "/var/lib/crater-agent-workspace/rustup-home:/opt/rustwide/rustup-home:ro,Z" "-e" "SOURCE_DIR=/opt/rustwide/workdir" "-e" "CARGO_TARGET_DIR=/opt/rustwide/target" "-e" "CARGO_HOME=/opt/rustwide/cargo-home" "-e" "RUSTUP_HOME=/opt/rustwide/rustup-home" "-w" "/opt/rustwide/workdir" "-m" "1610612736" "--user" "0:0" "--network" "none" "ghcr.io/rust-lang/crates-build-env/linux@sha256:4a844ea9eb2546a2d2c7022eacef16ef2e8229c7fbb2c7d4d55a9ceca922f72d" "/opt/rustwide/cargo-home/bin/cargo" "+nightly-2024-10-28" "metadata" "--no-deps" "--format-version=1", kill_on_drop: false }`
[INFO] [stdout] e45f691a77c87fa4f772c2503fc05fbbb9713de2efa2040392f2ca86179088be
[INFO] running `Command { std: "docker" "start" "-a" "e45f691a77c87fa4f772c2503fc05fbbb9713de2efa2040392f2ca86179088be", kill_on_drop: false }`
[INFO] running `Command { std: "docker" "inspect" "e45f691a77c87fa4f772c2503fc05fbbb9713de2efa2040392f2ca86179088be", kill_on_drop: false }`
[INFO] running `Command { std: "docker" "rm" "-f" "e45f691a77c87fa4f772c2503fc05fbbb9713de2efa2040392f2ca86179088be", kill_on_drop: false }`
[INFO] [stdout] e45f691a77c87fa4f772c2503fc05fbbb9713de2efa2040392f2ca86179088be
[INFO] running `Command { std: "docker" "create" "-v" "/var/lib/crater-agent-workspace/builds/worker-1-tc2/target:/opt/rustwide/target:rw,Z" "-v" "/var/lib/crater-agent-workspace/builds/worker-1-tc2/source:/opt/rustwide/workdir:ro,Z" "-v" "/var/lib/crater-agent-workspace/cargo-home:/opt/rustwide/cargo-home:ro,Z" "-v" "/var/lib/crater-agent-workspace/rustup-home:/opt/rustwide/rustup-home:ro,Z" "-e" "SOURCE_DIR=/opt/rustwide/workdir" "-e" "CARGO_TARGET_DIR=/opt/rustwide/target" "-e" "CARGO_INCREMENTAL=0" "-e" "RUST_BACKTRACE=full" "-e" "RUSTFLAGS=--cap-lints=forbid -Zrandomize-layout" "-e" "RUSTDOCFLAGS=--cap-lints=forbid" "-e" "CARGO_HOME=/opt/rustwide/cargo-home" "-e" "RUSTUP_HOME=/opt/rustwide/rustup-home" "-w" "/opt/rustwide/workdir" "-m" "1610612736" "--user" "0:0" "--network" "none" "ghcr.io/rust-lang/crates-build-env/linux@sha256:4a844ea9eb2546a2d2c7022eacef16ef2e8229c7fbb2c7d4d55a9ceca922f72d" "/opt/rustwide/cargo-home/bin/cargo" "+nightly-2024-10-28" "build" "--frozen" "--message-format=json", kill_on_drop: false }`
[INFO] [stdout] ad1e68e7e79a54d28c5e9a2e302e78b293046a4fcd7f7d6f2ec378369c1772a8
[INFO] running `Command { std: "docker" "start" "-a" "ad1e68e7e79a54d28c5e9a2e302e78b293046a4fcd7f7d6f2ec378369c1772a8", kill_on_drop: false }`
[INFO] [stderr]    Compiling syn v2.0.86
[INFO] [stderr]    Compiling async-trait v0.1.83
[INFO] [stderr]    Compiling sod v0.3.4 (/opt/rustwide/workdir)
[INFO] [stdout] error[E0310]: the associated type `<P as Service>::Error` may not live long enough
[INFO] [stdout]     --> src/lib.rs:1114:10
[INFO] [stdout]      |
[INFO] [stdout] 1114 |     ) -> ServiceChainBuilder<ServiceChain<P, S>, NS> {
[INFO] [stdout]      |          ^^^^^^^^^^^^^^^^^^^^^^^^^^^^^^^^^^^^^^^^^^^
[INFO] [stdout]      |          |
[INFO] [stdout]      |          the associated type `<P as Service>::Error` must be valid for the static lifetime...
[INFO] [stdout]      |          ...so that the type `<P as Service>::Error` will meet its required lifetime bounds
[INFO] [stdout]      |
[INFO] [stdout] help: consider adding an explicit lifetime bound
[INFO] [stdout]      |
[INFO] [stdout] 1114 |     ) -> ServiceChainBuilder<ServiceChain<P, S>, NS> where <P as Service>::Error: 'static {
[INFO] [stdout]      |                                                      ++++++++++++++++++++++++++++++++++++
[INFO] [stdout] 
[INFO] [stdout] 
[INFO] [stdout] error[E0310]: the associated type `<S as Service>::Error` may not live long enough
[INFO] [stdout]     --> src/lib.rs:1114:10
[INFO] [stdout]      |
[INFO] [stdout] 1114 |     ) -> ServiceChainBuilder<ServiceChain<P, S>, NS> {
[INFO] [stdout]      |          ^^^^^^^^^^^^^^^^^^^^^^^^^^^^^^^^^^^^^^^^^^^
[INFO] [stdout]      |          |
[INFO] [stdout]      |          the associated type `<S as Service>::Error` must be valid for the static lifetime...
[INFO] [stdout]      |          ...so that the type `<S as Service>::Error` will meet its required lifetime bounds
[INFO] [stdout]      |
[INFO] [stdout] help: consider adding an explicit lifetime bound
[INFO] [stdout]      |
[INFO] [stdout] 1114 |     ) -> ServiceChainBuilder<ServiceChain<P, S>, NS> where <S as Service>::Error: 'static {
[INFO] [stdout]      |                                                      ++++++++++++++++++++++++++++++++++++
[INFO] [stdout] 
[INFO] [stdout] 
[INFO] [stdout] error[E0310]: the associated type `<P as Service>::Error` may not live long enough
[INFO] [stdout]     --> src/lib.rs:1138:10
[INFO] [stdout]      |
[INFO] [stdout] 1138 |     ) -> ServiceChainBuilder<ServiceChain<P, S>, CloningForkService<NS1, NS2>> {
[INFO] [stdout]      |          ^^^^^^^^^^^^^^^^^^^^^^^^^^^^^^^^^^^^^^^^^^^^^^^^^^^^^^^^^^^^^^^^^^^^^
[INFO] [stdout]      |          |
[INFO] [stdout]      |          the associated type `<P as Service>::Error` must be valid for the static lifetime...
[INFO] [stdout]      |          ...so that the type `<P as Service>::Error` will meet its required lifetime bounds
[INFO] [stdout]      |
[INFO] [stdout] help: consider adding an explicit lifetime bound
[INFO] [stdout]      |
[INFO] [stdout] 1138 |     ) -> ServiceChainBuilder<ServiceChain<P, S>, CloningForkService<NS1, NS2>> where <P as Service>::Error: 'static {
[INFO] [stdout]      |                                                                                ++++++++++++++++++++++++++++++++++++
[INFO] [stdout] 
[INFO] [stdout] 
[INFO] [stdout] error[E0310]: the associated type `<S as Service>::Error` may not live long enough
[INFO] [stdout]     --> src/lib.rs:1138:10
[INFO] [stdout]      |
[INFO] [stdout] 1138 |     ) -> ServiceChainBuilder<ServiceChain<P, S>, CloningForkService<NS1, NS2>> {
[INFO] [stdout]      |          ^^^^^^^^^^^^^^^^^^^^^^^^^^^^^^^^^^^^^^^^^^^^^^^^^^^^^^^^^^^^^^^^^^^^^
[INFO] [stdout]      |          |
[INFO] [stdout]      |          the associated type `<S as Service>::Error` must be valid for the static lifetime...
[INFO] [stdout]      |          ...so that the type `<S as Service>::Error` will meet its required lifetime bounds
[INFO] [stdout]      |
[INFO] [stdout] help: consider adding an explicit lifetime bound
[INFO] [stdout]      |
[INFO] [stdout] 1138 |     ) -> ServiceChainBuilder<ServiceChain<P, S>, CloningForkService<NS1, NS2>> where <S as Service>::Error: 'static {
[INFO] [stdout]      |                                                                                ++++++++++++++++++++++++++++++++++++
[INFO] [stdout] 
[INFO] [stdout] 
[INFO] [stdout] error[E0310]: the associated type `<P as MutService>::Error` may not live long enough
[INFO] [stdout]     --> src/lib.rs:1184:10
[INFO] [stdout]      |
[INFO] [stdout] 1184 |     ) -> MutServiceChainBuilder<ServiceChain<P, S>, NS> {
[INFO] [stdout]      |          ^^^^^^^^^^^^^^^^^^^^^^^^^^^^^^^^^^^^^^^^^^^^^^
[INFO] [stdout]      |          |
[INFO] [stdout]      |          the associated type `<P as MutService>::Error` must be valid for the static lifetime...
[INFO] [stdout]      |          ...so that the type `<P as MutService>::Error` will meet its required lifetime bounds
[INFO] [stdout]      |
[INFO] [stdout] help: consider adding an explicit lifetime bound
[INFO] [stdout]      |
[INFO] [stdout] 1184 |     ) -> MutServiceChainBuilder<ServiceChain<P, S>, NS> where <P as MutService>::Error: 'static {
[INFO] [stdout]      |                                                         +++++++++++++++++++++++++++++++++++++++
[INFO] [stdout] 
[INFO] [stdout] 
[INFO] [stdout] error[E0310]: the associated type `<S as MutService>::Error` may not live long enough
[INFO] [stdout]     --> src/lib.rs:1184:10
[INFO] [stdout]      |
[INFO] [stdout] 1184 |     ) -> MutServiceChainBuilder<ServiceChain<P, S>, NS> {
[INFO] [stdout]      |          ^^^^^^^^^^^^^^^^^^^^^^^^^^^^^^^^^^^^^^^^^^^^^^
[INFO] [stdout]      |          |
[INFO] [stdout]      |          the associated type `<S as MutService>::Error` must be valid for the static lifetime...
[INFO] [stdout]      |          ...so that the type `<S as MutService>::Error` will meet its required lifetime bounds
[INFO] [stdout]      |
[INFO] [stdout] help: consider adding an explicit lifetime bound
[INFO] [stdout]      |
[INFO] [stdout] 1184 |     ) -> MutServiceChainBuilder<ServiceChain<P, S>, NS> where <S as MutService>::Error: 'static {
[INFO] [stdout]      |                                                         +++++++++++++++++++++++++++++++++++++++
[INFO] [stdout] 
[INFO] [stdout] 
[INFO] [stdout] error[E0310]: the associated type `<P as MutService>::Error` may not live long enough
[INFO] [stdout]     --> src/lib.rs:1208:10
[INFO] [stdout]      |
[INFO] [stdout] 1208 |     ) -> MutServiceChainBuilder<ServiceChain<P, S>, CloningForkService<NS1, NS2>> {
[INFO] [stdout]      |          ^^^^^^^^^^^^^^^^^^^^^^^^^^^^^^^^^^^^^^^^^^^^^^^^^^^^^^^^^^^^^^^^^^^^^^^^
[INFO] [stdout]      |          |
[INFO] [stdout]      |          the associated type `<P as MutService>::Error` must be valid for the static lifetime...
[INFO] [stdout]      |          ...so that the type `<P as MutService>::Error` will meet its required lifetime bounds
[INFO] [stdout]      |
[INFO] [stdout] help: consider adding an explicit lifetime bound
[INFO] [stdout]      |
[INFO] [stdout] 1208 |     ) -> MutServiceChainBuilder<ServiceChain<P, S>, CloningForkService<NS1, NS2>> where <P as MutService>::Error: 'static {
[INFO] [stdout]      |                                                                                   +++++++++++++++++++++++++++++++++++++++
[INFO] [stdout] 
[INFO] [stdout] 
[INFO] [stdout] error[E0310]: the associated type `<S as MutService>::Error` may not live long enough
[INFO] [stdout]     --> src/lib.rs:1208:10
[INFO] [stdout]      |
[INFO] [stdout] 1208 |     ) -> MutServiceChainBuilder<ServiceChain<P, S>, CloningForkService<NS1, NS2>> {
[INFO] [stdout]      |          ^^^^^^^^^^^^^^^^^^^^^^^^^^^^^^^^^^^^^^^^^^^^^^^^^^^^^^^^^^^^^^^^^^^^^^^^
[INFO] [stdout]      |          |
[INFO] [stdout]      |          the associated type `<S as MutService>::Error` must be valid for the static lifetime...
[INFO] [stdout]      |          ...so that the type `<S as MutService>::Error` will meet its required lifetime bounds
[INFO] [stdout]      |
[INFO] [stdout] help: consider adding an explicit lifetime bound
[INFO] [stdout]      |
[INFO] [stdout] 1208 |     ) -> MutServiceChainBuilder<ServiceChain<P, S>, CloningForkService<NS1, NS2>> where <S as MutService>::Error: 'static {
[INFO] [stdout]      |                                                                                   +++++++++++++++++++++++++++++++++++++++
[INFO] [stdout] 
[INFO] [stdout] 
[INFO] [stdout] For more information about this error, try `rustc --explain E0310`.
[INFO] [stdout] 
[INFO] [stderr] error: could not compile `sod` (lib) due to 8 previous errors
[INFO] running `Command { std: "docker" "inspect" "ad1e68e7e79a54d28c5e9a2e302e78b293046a4fcd7f7d6f2ec378369c1772a8", kill_on_drop: false }`
[INFO] running `Command { std: "docker" "rm" "-f" "ad1e68e7e79a54d28c5e9a2e302e78b293046a4fcd7f7d6f2ec378369c1772a8", kill_on_drop: false }`
[INFO] [stdout] ad1e68e7e79a54d28c5e9a2e302e78b293046a4fcd7f7d6f2ec378369c1772a8
