[INFO] fetching crate sod-actix-web 0.3.4...
[INFO] testing sod-actix-web-0.3.4 against nightly-2024-10-28+rustflags=-Zrandomize-layout for randomize-layout
[INFO] extracting crate sod-actix-web 0.3.4 into /workspace/builds/worker-3-tc2/source
[INFO] validating manifest of crates.io crate sod-actix-web 0.3.4 on toolchain nightly-2024-10-28
[INFO] running `Command { std: CARGO_HOME="/workspace/cargo-home" RUSTUP_HOME="/workspace/rustup-home" "/workspace/cargo-home/bin/cargo" "+nightly-2024-10-28" "metadata" "--manifest-path" "Cargo.toml" "--no-deps", kill_on_drop: false }`
[INFO] started tweaking crates.io crate sod-actix-web 0.3.4
[INFO] removed 0 missing examples
[INFO] finished tweaking crates.io crate sod-actix-web 0.3.4
[INFO] tweaked toml for crates.io crate sod-actix-web 0.3.4 written to /workspace/builds/worker-3-tc2/source/Cargo.toml
[INFO] crate crates.io crate sod-actix-web 0.3.4 already has a lockfile, it will not be regenerated
[INFO] running `Command { std: CARGO_HOME="/workspace/cargo-home" RUSTUP_HOME="/workspace/rustup-home" "/workspace/cargo-home/bin/cargo" "+nightly-2024-10-28" "fetch" "--manifest-path" "Cargo.toml", kill_on_drop: false }`
[INFO] running `Command { std: "docker" "create" "-v" "/var/lib/crater-agent-workspace/builds/worker-3-tc2/target:/opt/rustwide/target:rw,Z" "-v" "/var/lib/crater-agent-workspace/builds/worker-3-tc2/source:/opt/rustwide/workdir:ro,Z" "-v" "/var/lib/crater-agent-workspace/cargo-home:/opt/rustwide/cargo-home:ro,Z" "-v" "/var/lib/crater-agent-workspace/rustup-home:/opt/rustwide/rustup-home:ro,Z" "-e" "SOURCE_DIR=/opt/rustwide/workdir" "-e" "CARGO_TARGET_DIR=/opt/rustwide/target" "-e" "CARGO_HOME=/opt/rustwide/cargo-home" "-e" "RUSTUP_HOME=/opt/rustwide/rustup-home" "-w" "/opt/rustwide/workdir" "-m" "1610612736" "--user" "0:0" "--network" "none" "ghcr.io/rust-lang/crates-build-env/linux@sha256:4a844ea9eb2546a2d2c7022eacef16ef2e8229c7fbb2c7d4d55a9ceca922f72d" "/opt/rustwide/cargo-home/bin/cargo" "+nightly-2024-10-28" "metadata" "--no-deps" "--format-version=1", kill_on_drop: false }`
[INFO] [stdout] d88a0b0d91fb3c84a23ccc3807924a99fe7b8426fdfb6ad10a9265b3897d1077
[INFO] running `Command { std: "docker" "start" "-a" "d88a0b0d91fb3c84a23ccc3807924a99fe7b8426fdfb6ad10a9265b3897d1077", kill_on_drop: false }`
[INFO] running `Command { std: "docker" "inspect" "d88a0b0d91fb3c84a23ccc3807924a99fe7b8426fdfb6ad10a9265b3897d1077", kill_on_drop: false }`
[INFO] running `Command { std: "docker" "rm" "-f" "d88a0b0d91fb3c84a23ccc3807924a99fe7b8426fdfb6ad10a9265b3897d1077", kill_on_drop: false }`
[INFO] [stdout] d88a0b0d91fb3c84a23ccc3807924a99fe7b8426fdfb6ad10a9265b3897d1077
[INFO] running `Command { std: "docker" "create" "-v" "/var/lib/crater-agent-workspace/builds/worker-3-tc2/target:/opt/rustwide/target:rw,Z" "-v" "/var/lib/crater-agent-workspace/builds/worker-3-tc2/source:/opt/rustwide/workdir:ro,Z" "-v" "/var/lib/crater-agent-workspace/cargo-home:/opt/rustwide/cargo-home:ro,Z" "-v" "/var/lib/crater-agent-workspace/rustup-home:/opt/rustwide/rustup-home:ro,Z" "-e" "SOURCE_DIR=/opt/rustwide/workdir" "-e" "CARGO_TARGET_DIR=/opt/rustwide/target" "-e" "CARGO_INCREMENTAL=0" "-e" "RUST_BACKTRACE=full" "-e" "RUSTFLAGS=--cap-lints=forbid -Zrandomize-layout" "-e" "RUSTDOCFLAGS=--cap-lints=forbid" "-e" "CARGO_HOME=/opt/rustwide/cargo-home" "-e" "RUSTUP_HOME=/opt/rustwide/rustup-home" "-w" "/opt/rustwide/workdir" "-m" "1610612736" "--user" "0:0" "--network" "none" "ghcr.io/rust-lang/crates-build-env/linux@sha256:4a844ea9eb2546a2d2c7022eacef16ef2e8229c7fbb2c7d4d55a9ceca922f72d" "/opt/rustwide/cargo-home/bin/cargo" "+nightly-2024-10-28" "build" "--frozen" "--message-format=json", kill_on_drop: false }`
[INFO] [stdout] b9e96bce68b91a3c6724e45aabbb00a8960cff9f2edc438c7641100800192a7f
[INFO] running `Command { std: "docker" "start" "-a" "b9e96bce68b91a3c6724e45aabbb00a8960cff9f2edc438c7641100800192a7f", kill_on_drop: false }`
[INFO] [stderr]    Compiling libc v0.2.155
[INFO] [stderr]    Compiling pin-project-lite v0.2.14
[INFO] [stderr]    Compiling once_cell v1.19.0
[INFO] [stderr]    Compiling autocfg v1.3.0
[INFO] [stderr]    Compiling log v0.4.21
[INFO] [stderr]    Compiling version_check v0.9.4
[INFO] [stderr]    Compiling proc-macro2 v1.0.86
[INFO] [stderr]    Compiling unicode-ident v1.0.12
[INFO] [stderr]    Compiling bytes v1.6.0
[INFO] [stderr]    Compiling futures-core v0.3.30
[INFO] [stderr]    Compiling smallvec v1.13.2
[INFO] [stderr]    Compiling serde v1.0.203
[INFO] [stderr]    Compiling pkg-config v0.3.30
[INFO] [stderr]    Compiling futures-sink v0.3.30
[INFO] [stderr]    Compiling percent-encoding v2.3.1
[INFO] [stderr]    Compiling futures-task v0.3.30
[INFO] [stderr]    Compiling local-waker v0.1.4
[INFO] [stderr]    Compiling zstd-safe v7.1.0
[INFO] [stderr]    Compiling fnv v1.0.7
[INFO] [stderr]    Compiling alloc-no-stdlib v2.0.4
[INFO] [stderr]    Compiling tracing-core v0.1.32
[INFO] [stderr]    Compiling futures-util v0.3.30
[INFO] [stderr]    Compiling tinyvec v1.6.1
[INFO] [stderr]    Compiling crossbeam-utils v0.8.20
[INFO] [stderr]    Compiling adler v1.0.2
[INFO] [stderr]    Compiling alloc-stdlib v0.2.2
[INFO] [stderr]    Compiling hashbrown v0.14.5
[INFO] [stderr]    Compiling ppv-lite86 v0.2.17
[INFO] [stderr]    Compiling bitflags v2.6.0
[INFO] [stderr]    Compiling generic-array v0.14.7
[INFO] [stderr]    Compiling lock_api v0.4.12
[INFO] [stderr]    Compiling slab v0.4.9
[INFO] [stderr]    Compiling tracing v0.1.40
[INFO] [stderr]    Compiling http v0.2.12
[INFO] [stderr]    Compiling ahash v0.8.11
[INFO] [stderr]    Compiling regex-lite v0.1.6
[INFO] [stderr]    Compiling equivalent v1.0.1
[INFO] [stderr]    Compiling httparse v1.9.4
[INFO] [stderr]    Compiling regex-syntax v0.8.4
[INFO] [stderr]    Compiling time-macros v0.2.18
[INFO] [stderr]    Compiling quote v1.0.36
[INFO] [stderr]    Compiling indexmap v2.2.6
[INFO] [stderr]    Compiling bytestring v1.3.1
[INFO] [stderr]    Compiling syn v2.0.68
[INFO] [stderr]    Compiling unicode-normalization v0.1.23
[INFO] [stderr]    Compiling brotli-decompressor v4.0.1
[INFO] [stderr]    Compiling parking_lot_core v0.9.10
[INFO] [stderr]    Compiling mio v0.8.11
[INFO] [stderr]    Compiling socket2 v0.5.7
[INFO] [stderr]    Compiling signal-hook-registry v1.4.2
[INFO] [stderr]    Compiling jobserver v0.1.31
[INFO] [stderr]    Compiling getrandom v0.2.15
[INFO] [stderr]    Compiling parking_lot v0.12.3
[INFO] [stderr]    Compiling cc v1.0.100
[INFO] [stderr]    Compiling rand_core v0.6.4
[INFO] [stderr]    Compiling crypto-common v0.1.6
[INFO] [stderr]    Compiling tokio v1.38.0
[INFO] [stderr]    Compiling block-buffer v0.10.4
[INFO] [stderr]    Compiling digest v0.10.7
[INFO] [stderr]    Compiling rand_chacha v0.3.1
[INFO] [stderr]    Compiling cookie v0.16.2
[INFO] [stderr]    Compiling miniz_oxide v0.7.4
[INFO] [stderr]    Compiling actix-service v2.0.2
[INFO] [stderr]    Compiling form_urlencoded v1.2.1
[INFO] [stderr]    Compiling actix-utils v3.0.1
[INFO] [stderr]    Compiling crc32fast v1.4.2
[INFO] [stderr]    Compiling convert_case v0.4.0
[INFO] [stderr]    Compiling cpufeatures v0.2.12
[INFO] [stderr]    Compiling serde_json v1.0.118
[INFO] [stderr]    Compiling zerocopy v0.7.34
[INFO] [stderr]    Compiling unicode-bidi v0.3.15
[INFO] [stderr]    Compiling sha1 v0.10.6
[INFO] [stderr]    Compiling rand v0.8.5
[INFO] [stderr]    Compiling flate2 v1.0.30
[INFO] [stderr]    Compiling brotli v6.0.0
[INFO] [stderr]    Compiling local-channel v0.1.5
[INFO] [stderr]    Compiling encoding_rs v0.8.34
[INFO] [stderr]    Compiling mime v0.3.17
[INFO] [stderr]    Compiling httpdate v1.0.3
[INFO] [stderr]    Compiling time v0.3.36
[INFO] [stderr]    Compiling idna v0.5.0
[INFO] [stderr]    Compiling base64 v0.22.1
[INFO] [stderr]    Compiling language-tags v0.3.2
[INFO] [stderr]    Compiling crossbeam-channel v0.5.13
[INFO] [stderr]    Compiling url v2.5.2
[INFO] [stderr]    Compiling zstd-sys v2.0.11+zstd.1.5.6
[INFO] [stderr]    Compiling regex-automata v0.4.7
[INFO] [stderr]    Compiling actix-router v0.5.3
[INFO] [stderr]    Compiling serde_urlencoded v0.7.1
[INFO] [stderr]    Compiling regex v1.10.5
[INFO] [stderr]    Compiling derive_more v0.99.18
[INFO] [stderr]    Compiling actix-macros v0.2.4
[INFO] [stderr]    Compiling actix_derive v0.6.1
[INFO] [stderr]    Compiling actix-web-codegen v4.3.0
[INFO] [stderr]    Compiling async-trait v0.1.80
[INFO] [stderr]    Compiling tokio-util v0.7.11
[INFO] [stderr]    Compiling actix-rt v2.10.0
[INFO] [stderr]    Compiling actix-server v2.4.0
[INFO] [stderr]    Compiling h2 v0.3.26
[INFO] [stderr]    Compiling actix-codec v0.5.2
[INFO] [stderr]    Compiling actix v0.13.5
[INFO] [stderr]    Compiling sod v0.3.3
[INFO] [stdout] error[E0310]: the associated type `<P as Service>::Error` may not live long enough
[INFO] [stdout]     --> /opt/rustwide/cargo-home/registry/src/index.crates.io-6f17d22bba15001f/sod-0.3.3/src/lib.rs:1114:10
[INFO] [stdout]      |
[INFO] [stdout] 1114 |     ) -> ServiceChainBuilder<ServiceChain<P, S>, NS> {
[INFO] [stdout]      |          ^^^^^^^^^^^^^^^^^^^^^^^^^^^^^^^^^^^^^^^^^^^
[INFO] [stdout]      |          |
[INFO] [stdout]      |          the associated type `<P as Service>::Error` must be valid for the static lifetime...
[INFO] [stdout]      |          ...so that the type `<P as Service>::Error` will meet its required lifetime bounds
[INFO] [stdout]      |
[INFO] [stdout] help: consider adding an explicit lifetime bound
[INFO] [stdout]      |
[INFO] [stdout] 1114 |     ) -> ServiceChainBuilder<ServiceChain<P, S>, NS> where <P as Service>::Error: 'static {
[INFO] [stdout]      |                                                      ++++++++++++++++++++++++++++++++++++
[INFO] [stdout] 
[INFO] [stdout] 
[INFO] [stdout] error[E0310]: the associated type `<S as Service>::Error` may not live long enough
[INFO] [stdout]     --> /opt/rustwide/cargo-home/registry/src/index.crates.io-6f17d22bba15001f/sod-0.3.3/src/lib.rs:1114:10
[INFO] [stdout]      |
[INFO] [stdout] 1114 |     ) -> ServiceChainBuilder<ServiceChain<P, S>, NS> {
[INFO] [stdout]      |          ^^^^^^^^^^^^^^^^^^^^^^^^^^^^^^^^^^^^^^^^^^^
[INFO] [stdout]      |          |
[INFO] [stdout]      |          the associated type `<S as Service>::Error` must be valid for the static lifetime...
[INFO] [stdout]      |          ...so that the type `<S as Service>::Error` will meet its required lifetime bounds
[INFO] [stdout]      |
[INFO] [stdout] help: consider adding an explicit lifetime bound
[INFO] [stdout]      |
[INFO] [stdout] 1114 |     ) -> ServiceChainBuilder<ServiceChain<P, S>, NS> where <S as Service>::Error: 'static {
[INFO] [stdout]      |                                                      ++++++++++++++++++++++++++++++++++++
[INFO] [stdout] 
[INFO] [stdout] 
[INFO] [stdout] error[E0310]: the associated type `<P as Service>::Error` may not live long enough
[INFO] [stdout]     --> /opt/rustwide/cargo-home/registry/src/index.crates.io-6f17d22bba15001f/sod-0.3.3/src/lib.rs:1138:10
[INFO] [stdout]      |
[INFO] [stdout] 1138 |     ) -> ServiceChainBuilder<ServiceChain<P, S>, CloningForkService<NS1, NS2>> {
[INFO] [stdout]      |          ^^^^^^^^^^^^^^^^^^^^^^^^^^^^^^^^^^^^^^^^^^^^^^^^^^^^^^^^^^^^^^^^^^^^^
[INFO] [stdout]      |          |
[INFO] [stdout]      |          the associated type `<P as Service>::Error` must be valid for the static lifetime...
[INFO] [stdout]      |          ...so that the type `<P as Service>::Error` will meet its required lifetime bounds
[INFO] [stdout]      |
[INFO] [stdout] help: consider adding an explicit lifetime bound
[INFO] [stdout]      |
[INFO] [stdout] 1138 |     ) -> ServiceChainBuilder<ServiceChain<P, S>, CloningForkService<NS1, NS2>> where <P as Service>::Error: 'static {
[INFO] [stdout]      |                                                                                ++++++++++++++++++++++++++++++++++++
[INFO] [stdout] 
[INFO] [stdout] 
[INFO] [stdout] error[E0310]: the associated type `<S as Service>::Error` may not live long enough
[INFO] [stdout]     --> /opt/rustwide/cargo-home/registry/src/index.crates.io-6f17d22bba15001f/sod-0.3.3/src/lib.rs:1138:10
[INFO] [stdout]      |
[INFO] [stdout] 1138 |     ) -> ServiceChainBuilder<ServiceChain<P, S>, CloningForkService<NS1, NS2>> {
[INFO] [stdout]      |          ^^^^^^^^^^^^^^^^^^^^^^^^^^^^^^^^^^^^^^^^^^^^^^^^^^^^^^^^^^^^^^^^^^^^^
[INFO] [stdout]      |          |
[INFO] [stdout]      |          the associated type `<S as Service>::Error` must be valid for the static lifetime...
[INFO] [stdout]      |          ...so that the type `<S as Service>::Error` will meet its required lifetime bounds
[INFO] [stdout]      |
[INFO] [stdout] help: consider adding an explicit lifetime bound
[INFO] [stdout]      |
[INFO] [stdout] 1138 |     ) -> ServiceChainBuilder<ServiceChain<P, S>, CloningForkService<NS1, NS2>> where <S as Service>::Error: 'static {
[INFO] [stdout]      |                                                                                ++++++++++++++++++++++++++++++++++++
[INFO] [stdout] 
[INFO] [stdout] 
[INFO] [stdout] error[E0310]: the associated type `<P as MutService>::Error` may not live long enough
[INFO] [stdout]     --> /opt/rustwide/cargo-home/registry/src/index.crates.io-6f17d22bba15001f/sod-0.3.3/src/lib.rs:1184:10
[INFO] [stdout]      |
[INFO] [stdout] 1184 |     ) -> MutServiceChainBuilder<ServiceChain<P, S>, NS> {
[INFO] [stdout]      |          ^^^^^^^^^^^^^^^^^^^^^^^^^^^^^^^^^^^^^^^^^^^^^^
[INFO] [stdout]      |          |
[INFO] [stdout]      |          the associated type `<P as MutService>::Error` must be valid for the static lifetime...
[INFO] [stdout]      |          ...so that the type `<P as MutService>::Error` will meet its required lifetime bounds
[INFO] [stdout]      |
[INFO] [stdout] help: consider adding an explicit lifetime bound
[INFO] [stdout]      |
[INFO] [stdout] 1184 |     ) -> MutServiceChainBuilder<ServiceChain<P, S>, NS> where <P as MutService>::Error: 'static {
[INFO] [stdout]      |                                                         +++++++++++++++++++++++++++++++++++++++
[INFO] [stdout] 
[INFO] [stdout] 
[INFO] [stdout] error[E0310]: the associated type `<S as MutService>::Error` may not live long enough
[INFO] [stdout]     --> /opt/rustwide/cargo-home/registry/src/index.crates.io-6f17d22bba15001f/sod-0.3.3/src/lib.rs:1184:10
[INFO] [stdout]      |
[INFO] [stdout] 1184 |     ) -> MutServiceChainBuilder<ServiceChain<P, S>, NS> {
[INFO] [stdout]      |          ^^^^^^^^^^^^^^^^^^^^^^^^^^^^^^^^^^^^^^^^^^^^^^
[INFO] [stdout]      |          |
[INFO] [stdout]      |          the associated type `<S as MutService>::Error` must be valid for the static lifetime...
[INFO] [stdout]      |          ...so that the type `<S as MutService>::Error` will meet its required lifetime bounds
[INFO] [stdout]      |
[INFO] [stdout] help: consider adding an explicit lifetime bound
[INFO] [stdout]      |
[INFO] [stdout] 1184 |     ) -> MutServiceChainBuilder<ServiceChain<P, S>, NS> where <S as MutService>::Error: 'static {
[INFO] [stdout]      |                                                         +++++++++++++++++++++++++++++++++++++++
[INFO] [stdout] 
[INFO] [stdout] 
[INFO] [stdout] error[E0310]: the associated type `<P as MutService>::Error` may not live long enough
[INFO] [stdout]     --> /opt/rustwide/cargo-home/registry/src/index.crates.io-6f17d22bba15001f/sod-0.3.3/src/lib.rs:1208:10
[INFO] [stdout]      |
[INFO] [stdout] 1208 |     ) -> MutServiceChainBuilder<ServiceChain<P, S>, CloningForkService<NS1, NS2>> {
[INFO] [stdout]      |          ^^^^^^^^^^^^^^^^^^^^^^^^^^^^^^^^^^^^^^^^^^^^^^^^^^^^^^^^^^^^^^^^^^^^^^^^
[INFO] [stdout]      |          |
[INFO] [stdout]      |          the associated type `<P as MutService>::Error` must be valid for the static lifetime...
[INFO] [stdout]      |          ...so that the type `<P as MutService>::Error` will meet its required lifetime bounds
[INFO] [stdout]      |
[INFO] [stdout] help: consider adding an explicit lifetime bound
[INFO] [stdout]      |
[INFO] [stdout] 1208 |     ) -> MutServiceChainBuilder<ServiceChain<P, S>, CloningForkService<NS1, NS2>> where <P as MutService>::Error: 'static {
[INFO] [stdout]      |                                                                                   +++++++++++++++++++++++++++++++++++++++
[INFO] [stdout] 
[INFO] [stdout] 
[INFO] [stdout] error[E0310]: the associated type `<S as MutService>::Error` may not live long enough
[INFO] [stdout]     --> /opt/rustwide/cargo-home/registry/src/index.crates.io-6f17d22bba15001f/sod-0.3.3/src/lib.rs:1208:10
[INFO] [stdout]      |
[INFO] [stdout] 1208 |     ) -> MutServiceChainBuilder<ServiceChain<P, S>, CloningForkService<NS1, NS2>> {
[INFO] [stdout]      |          ^^^^^^^^^^^^^^^^^^^^^^^^^^^^^^^^^^^^^^^^^^^^^^^^^^^^^^^^^^^^^^^^^^^^^^^^
[INFO] [stdout]      |          |
[INFO] [stdout]      |          the associated type `<S as MutService>::Error` must be valid for the static lifetime...
[INFO] [stdout]      |          ...so that the type `<S as MutService>::Error` will meet its required lifetime bounds
[INFO] [stdout]      |
[INFO] [stdout] help: consider adding an explicit lifetime bound
[INFO] [stdout]      |
[INFO] [stdout] 1208 |     ) -> MutServiceChainBuilder<ServiceChain<P, S>, CloningForkService<NS1, NS2>> where <S as MutService>::Error: 'static {
[INFO] [stdout]      |                                                                                   +++++++++++++++++++++++++++++++++++++++
[INFO] [stdout] 
[INFO] [stdout] 
[INFO] [stdout] For more information about this error, try `rustc --explain E0310`.
[INFO] [stdout] 
[INFO] [stderr] error: could not compile `sod` (lib) due to 8 previous errors
[INFO] [stderr] warning: build failed, waiting for other jobs to finish...
[INFO] running `Command { std: "docker" "inspect" "b9e96bce68b91a3c6724e45aabbb00a8960cff9f2edc438c7641100800192a7f", kill_on_drop: false }`
[INFO] running `Command { std: "docker" "rm" "-f" "b9e96bce68b91a3c6724e45aabbb00a8960cff9f2edc438c7641100800192a7f", kill_on_drop: false }`
[INFO] [stdout] b9e96bce68b91a3c6724e45aabbb00a8960cff9f2edc438c7641100800192a7f
