[INFO] fetching crate socketioxide 0.15.0...
[INFO] testing socketioxide-0.15.0 against nightly-2024-10-28 for randomize-layout
[INFO] extracting crate socketioxide 0.15.0 into /workspace/builds/worker-1-tc1/source
[INFO] validating manifest of crates.io crate socketioxide 0.15.0 on toolchain nightly-2024-10-28
[INFO] running `Command { std: CARGO_HOME="/workspace/cargo-home" RUSTUP_HOME="/workspace/rustup-home" "/workspace/cargo-home/bin/cargo" "+nightly-2024-10-28" "metadata" "--manifest-path" "Cargo.toml" "--no-deps", kill_on_drop: false }`
[INFO] started tweaking crates.io crate socketioxide 0.15.0
[INFO] removed 0 missing tests
[INFO] finished tweaking crates.io crate socketioxide 0.15.0
[INFO] tweaked toml for crates.io crate socketioxide 0.15.0 written to /workspace/builds/worker-1-tc1/source/Cargo.toml
[INFO] running `Command { std: CARGO_HOME="/workspace/cargo-home" RUSTUP_HOME="/workspace/rustup-home" "/workspace/cargo-home/bin/cargo" "+nightly-2024-10-28" "generate-lockfile" "--manifest-path" "Cargo.toml", kill_on_drop: false }`
[INFO] [stderr]     Updating crates.io index
[INFO] [stderr]      Locking 176 packages to latest compatible versions
[INFO] running `Command { std: CARGO_HOME="/workspace/cargo-home" RUSTUP_HOME="/workspace/rustup-home" "/workspace/cargo-home/bin/cargo" "+nightly-2024-10-28" "fetch" "--manifest-path" "Cargo.toml", kill_on_drop: false }`
[INFO] [stderr]  Downloading crates ...
[INFO] [stderr]   Downloaded generator v0.7.5
[INFO] [stderr]   Downloaded state v0.6.0
[INFO] [stderr]   Downloaded scoped-tls v1.0.1
[INFO] [stderr]   Downloaded socketioxide-core v0.15.0
[INFO] [stderr]   Downloaded socketioxide-parser-msgpack v0.15.0
[INFO] [stderr]   Downloaded matchit v0.8.4
[INFO] [stderr]   Downloaded socketioxide-parser-common v0.15.0
[INFO] [stderr]   Downloaded engineioxide v0.15.0
[INFO] [stderr]   Downloaded tokio-tungstenite v0.24.0
[INFO] [stderr]   Downloaded loom v0.5.6
[INFO] [stderr]   Downloaded tungstenite v0.24.0
[INFO] running `Command { std: "docker" "create" "-v" "/var/lib/crater-agent-workspace/builds/worker-1-tc1/target:/opt/rustwide/target:rw,Z" "-v" "/var/lib/crater-agent-workspace/builds/worker-1-tc1/source:/opt/rustwide/workdir:ro,Z" "-v" "/var/lib/crater-agent-workspace/cargo-home:/opt/rustwide/cargo-home:ro,Z" "-v" "/var/lib/crater-agent-workspace/rustup-home:/opt/rustwide/rustup-home:ro,Z" "-e" "SOURCE_DIR=/opt/rustwide/workdir" "-e" "CARGO_TARGET_DIR=/opt/rustwide/target" "-e" "CARGO_HOME=/opt/rustwide/cargo-home" "-e" "RUSTUP_HOME=/opt/rustwide/rustup-home" "-w" "/opt/rustwide/workdir" "-m" "1610612736" "--user" "0:0" "--network" "none" "ghcr.io/rust-lang/crates-build-env/linux@sha256:4a844ea9eb2546a2d2c7022eacef16ef2e8229c7fbb2c7d4d55a9ceca922f72d" "/opt/rustwide/cargo-home/bin/cargo" "+nightly-2024-10-28" "metadata" "--no-deps" "--format-version=1", kill_on_drop: false }`
[INFO] [stdout] 2fe9edefc8658ff52b46947db299537d6aeac15555a69e139bbcdc174c22c378
[INFO] running `Command { std: "docker" "start" "-a" "2fe9edefc8658ff52b46947db299537d6aeac15555a69e139bbcdc174c22c378", kill_on_drop: false }`
[INFO] running `Command { std: "docker" "inspect" "2fe9edefc8658ff52b46947db299537d6aeac15555a69e139bbcdc174c22c378", kill_on_drop: false }`
[INFO] running `Command { std: "docker" "rm" "-f" "2fe9edefc8658ff52b46947db299537d6aeac15555a69e139bbcdc174c22c378", kill_on_drop: false }`
[INFO] [stdout] 2fe9edefc8658ff52b46947db299537d6aeac15555a69e139bbcdc174c22c378
[INFO] running `Command { std: "docker" "create" "-v" "/var/lib/crater-agent-workspace/builds/worker-1-tc1/target:/opt/rustwide/target:rw,Z" "-v" "/var/lib/crater-agent-workspace/builds/worker-1-tc1/source:/opt/rustwide/workdir:ro,Z" "-v" "/var/lib/crater-agent-workspace/cargo-home:/opt/rustwide/cargo-home:ro,Z" "-v" "/var/lib/crater-agent-workspace/rustup-home:/opt/rustwide/rustup-home:ro,Z" "-e" "SOURCE_DIR=/opt/rustwide/workdir" "-e" "CARGO_TARGET_DIR=/opt/rustwide/target" "-e" "CARGO_INCREMENTAL=0" "-e" "RUST_BACKTRACE=full" "-e" "RUSTFLAGS=--cap-lints=forbid" "-e" "RUSTDOCFLAGS=--cap-lints=forbid" "-e" "CARGO_HOME=/opt/rustwide/cargo-home" "-e" "RUSTUP_HOME=/opt/rustwide/rustup-home" "-w" "/opt/rustwide/workdir" "-m" "1610612736" "--user" "0:0" "--network" "none" "ghcr.io/rust-lang/crates-build-env/linux@sha256:4a844ea9eb2546a2d2c7022eacef16ef2e8229c7fbb2c7d4d55a9ceca922f72d" "/opt/rustwide/cargo-home/bin/cargo" "+nightly-2024-10-28" "build" "--frozen" "--message-format=json", kill_on_drop: false }`
[INFO] [stdout] bda4b08fe86f29811971e95dca197ce07bc5972110f5661d8d5d6cefd5f2b279
[INFO] running `Command { std: "docker" "start" "-a" "bda4b08fe86f29811971e95dca197ce07bc5972110f5661d8d5d6cefd5f2b279", kill_on_drop: false }`
[INFO] [stderr]    Compiling serde v1.0.214
[INFO] [stderr]    Compiling httparse v1.9.5
[INFO] [stderr]    Compiling futures-sink v0.3.31
[INFO] [stderr]    Compiling data-encoding v2.6.0
[INFO] [stderr]    Compiling utf-8 v0.7.6
[INFO] [stderr]    Compiling syn v2.0.86
[INFO] [stderr]    Compiling tower-service v0.3.3
[INFO] [stderr]    Compiling smallvec v1.13.2
[INFO] [stderr]    Compiling tower-layer v0.3.3
[INFO] [stderr]    Compiling base64 v0.22.1
[INFO] [stderr]    Compiling socket2 v0.5.7
[INFO] [stderr]    Compiling crypto-common v0.1.6
[INFO] [stderr]    Compiling matchit v0.8.4
[INFO] [stderr]    Compiling futures-util v0.3.31
[INFO] [stderr]    Compiling digest v0.10.7
[INFO] [stderr]    Compiling sha1 v0.10.6
[INFO] [stderr]    Compiling serde_derive v1.0.214
[INFO] [stderr]    Compiling zerocopy-derive v0.7.35
[INFO] [stderr]    Compiling thiserror-impl v1.0.66
[INFO] [stderr]    Compiling zerocopy v0.7.35
[INFO] [stderr]    Compiling thiserror v1.0.66
[INFO] [stderr]    Compiling ppv-lite86 v0.2.20
[INFO] [stderr]    Compiling rand_chacha v0.3.1
[INFO] [stderr]    Compiling rand v0.8.5
[INFO] [stderr]    Compiling bytes v1.8.0
[INFO] [stderr]    Compiling serde_json v1.0.132
[INFO] [stderr]    Compiling http v1.1.0
[INFO] [stderr]    Compiling tokio v1.41.0
[INFO] [stderr]    Compiling http-body v1.0.1
[INFO] [stderr]    Compiling tungstenite v0.24.0
[INFO] [stderr]    Compiling http-body-util v0.1.2
[INFO] [stderr]    Compiling hyper v1.5.0
[INFO] [stderr]    Compiling tokio-tungstenite v0.24.0
[INFO] [stderr]    Compiling hyper-util v0.1.10
[INFO] [stderr]    Compiling engineioxide v0.15.0
[INFO] [stderr]    Compiling socketioxide-core v0.15.0
[INFO] [stderr]    Compiling socketioxide-parser-common v0.15.0
[INFO] [stderr]    Compiling socketioxide v0.15.0 (/opt/rustwide/workdir)
[INFO] [stderr]     Finished `dev` profile [unoptimized + debuginfo] target(s) in 10.16s
[INFO] running `Command { std: "docker" "inspect" "bda4b08fe86f29811971e95dca197ce07bc5972110f5661d8d5d6cefd5f2b279", kill_on_drop: false }`
[INFO] running `Command { std: "docker" "rm" "-f" "bda4b08fe86f29811971e95dca197ce07bc5972110f5661d8d5d6cefd5f2b279", kill_on_drop: false }`
[INFO] [stdout] bda4b08fe86f29811971e95dca197ce07bc5972110f5661d8d5d6cefd5f2b279
[INFO] running `Command { std: "docker" "create" "-v" "/var/lib/crater-agent-workspace/builds/worker-1-tc1/target:/opt/rustwide/target:rw,Z" "-v" "/var/lib/crater-agent-workspace/builds/worker-1-tc1/source:/opt/rustwide/workdir:ro,Z" "-v" "/var/lib/crater-agent-workspace/cargo-home:/opt/rustwide/cargo-home:ro,Z" "-v" "/var/lib/crater-agent-workspace/rustup-home:/opt/rustwide/rustup-home:ro,Z" "-e" "SOURCE_DIR=/opt/rustwide/workdir" "-e" "CARGO_TARGET_DIR=/opt/rustwide/target" "-e" "CARGO_INCREMENTAL=0" "-e" "RUST_BACKTRACE=full" "-e" "RUSTFLAGS=--cap-lints=forbid" "-e" "RUSTDOCFLAGS=--cap-lints=forbid" "-e" "CARGO_HOME=/opt/rustwide/cargo-home" "-e" "RUSTUP_HOME=/opt/rustwide/rustup-home" "-w" "/opt/rustwide/workdir" "-m" "1610612736" "--user" "0:0" "--network" "none" "ghcr.io/rust-lang/crates-build-env/linux@sha256:4a844ea9eb2546a2d2c7022eacef16ef2e8229c7fbb2c7d4d55a9ceca922f72d" "/opt/rustwide/cargo-home/bin/cargo" "+nightly-2024-10-28" "test" "--frozen" "--no-run" "--message-format=json", kill_on_drop: false }`
[INFO] [stdout] d9c245859ae5e08cea24f0e7ecf9e6746d951b6d35af2d657781ac21d576a7ae
[INFO] running `Command { std: "docker" "start" "-a" "d9c245859ae5e08cea24f0e7ecf9e6746d951b6d35af2d657781ac21d576a7ae", kill_on_drop: false }`
[INFO] [stderr]    Compiling smallvec v1.13.2
[INFO] [stderr]    Compiling tracing v0.1.40
[INFO] [stderr]    Compiling serde_json v1.0.132
[INFO] [stderr]    Compiling try-lock v0.2.5
[INFO] [stderr]    Compiling futures-channel v0.3.31
[INFO] [stderr]    Compiling syn v2.0.86
[INFO] [stderr]    Compiling httpdate v1.0.3
[INFO] [stderr]    Compiling regex-syntax v0.8.5
[INFO] [stderr]    Compiling num-traits v0.2.19
[INFO] [stderr]    Compiling half v2.4.1
[INFO] [stderr]    Compiling regex-syntax v0.6.29
[INFO] [stderr]    Compiling ciborium-io v0.2.2
[INFO] [stderr]    Compiling clap_builder v4.5.20
[INFO] [stderr]    Compiling mime v0.3.17
[INFO] [stderr]    Compiling overload v0.1.1
[INFO] [stderr]    Compiling sync_wrapper v1.0.1
[INFO] [stderr]    Compiling want v0.3.1
[INFO] [stderr]    Compiling sync_wrapper v0.1.2
[INFO] [stderr]    Compiling nu-ansi-term v0.46.0
[INFO] [stderr]    Compiling criterion-plot v0.5.0
[INFO] [stderr]    Compiling is-terminal v0.4.13
[INFO] [stderr]    Compiling tracing-log v0.2.0
[INFO] [stderr]    Compiling parking_lot_core v0.9.10
[INFO] [stderr]    Compiling anes v0.1.6
[INFO] [stderr]    Compiling matchit v0.7.3
[INFO] [stderr]    Compiling ciborium-ll v0.2.2
[INFO] [stderr]    Compiling parking_lot v0.12.3
[INFO] [stderr]    Compiling regex-automata v0.4.8
[INFO] [stderr]    Compiling regex-automata v0.1.10
[INFO] [stderr]    Compiling clap v4.5.20
[INFO] [stderr]    Compiling matchers v0.1.0
[INFO] [stderr]    Compiling regex v1.11.1
[INFO] [stderr]    Compiling serde_derive v1.0.214
[INFO] [stderr]    Compiling zerocopy-derive v0.7.35
[INFO] [stderr]    Compiling tokio-macros v2.4.0
[INFO] [stderr]    Compiling thiserror-impl v1.0.66
[INFO] [stderr]    Compiling async-trait v0.1.83
[INFO] [stderr]    Compiling tracing-subscriber v0.3.18
[INFO] [stderr]    Compiling zerocopy v0.7.35
[INFO] [stderr]    Compiling thiserror v1.0.66
[INFO] [stderr]    Compiling ppv-lite86 v0.2.20
[INFO] [stderr]    Compiling rand_chacha v0.3.1
[INFO] [stderr]    Compiling rand v0.8.5
[INFO] [stderr]    Compiling serde v1.0.214
[INFO] [stderr]    Compiling bytes v1.8.0
[INFO] [stderr]    Compiling serde_urlencoded v0.7.1
[INFO] [stderr]    Compiling serde_path_to_error v0.1.16
[INFO] [stderr]    Compiling ciborium v0.2.2
[INFO] [stderr]    Compiling http v1.1.0
[INFO] [stderr]    Compiling tokio v1.41.0
[INFO] [stderr]    Compiling tinytemplate v1.2.1
[INFO] [stderr]    Compiling criterion v0.5.1
[INFO] [stderr]    Compiling http-body v1.0.1
[INFO] [stderr]    Compiling tungstenite v0.24.0
[INFO] [stderr]    Compiling http-body-util v0.1.2
[INFO] [stderr]    Compiling axum-core v0.4.5
[INFO] [stderr]    Compiling hyper v1.5.0
[INFO] [stderr]    Compiling tokio-tungstenite v0.24.0
[INFO] [stderr]    Compiling tower v0.5.1
[INFO] [stderr]    Compiling hyper-util v0.1.10
[INFO] [stderr]    Compiling engineioxide v0.15.0
[INFO] [stderr]    Compiling axum v0.7.7
[INFO] [stderr]    Compiling socketioxide-core v0.15.0
[INFO] [stderr]    Compiling socketioxide-parser-common v0.15.0
[INFO] [stderr]    Compiling socketioxide v0.15.0 (/opt/rustwide/workdir)
[INFO] [stdout] error[E0432]: unresolved import `engineioxide::Packet`
[INFO] [stdout]  --> tests/concurrent_emit.rs:8:19
[INFO] [stdout]   |
[INFO] [stdout] 8 | use engineioxide::Packet::*;
[INFO] [stdout]   |                   ^^^^^^ could not find `Packet` in `engineioxide`
[INFO] [stdout] 
[INFO] [stdout] 
[INFO] [stdout] error[E0432]: unresolved import `engineioxide::Packet`
[INFO] [stdout]  --> tests/acknowledgement.rs:4:19
[INFO] [stdout]   |
[INFO] [stdout] 4 | use engineioxide::Packet::*;
[INFO] [stdout]   |                   ^^^^^^ could not find `Packet` in `engineioxide`
[INFO] [stdout] 
[INFO] [stdout] 
[INFO] [stdout] error[E0432]: unresolved import `engineioxide::Packet`
[INFO] [stdout]  --> tests/connect.rs:4:19
[INFO] [stdout]   |
[INFO] [stdout] 4 | use engineioxide::Packet::*;
[INFO] [stdout]   |                   ^^^^^^ could not find `Packet` in `engineioxide`
[INFO] [stdout] 
[INFO] [stdout] 
[INFO] [stdout] error[E0432]: unresolved imports `socketioxide::extract::Extension`, `socketioxide::extract::MaybeExtension`, `socketioxide::extract::State`
[INFO] [stdout]  --> tests/extractors.rs:6:35
[INFO] [stdout]   |
[INFO] [stdout] 6 | use socketioxide::extract::{Data, Extension, MaybeExtension, SocketRef, State, TryData};
[INFO] [stdout]   |                                   ^^^^^^^^^  ^^^^^^^^^^^^^^             ^^^^^ no `State` in `extract`
[INFO] [stdout]   |                                   |          |
[INFO] [stdout]   |                                   |          no `MaybeExtension` in `extract`
[INFO] [stdout]   |                                   no `Extension` in `extract`
[INFO] [stdout]   |
[INFO] [stdout]   = help: consider importing this struct instead:
[INFO] [stdout]           axum::Extension
[INFO] [stdout]   = help: consider importing this struct instead:
[INFO] [stdout]           axum::extract::State
[INFO] [stdout] help: a similar name exists in the module
[INFO] [stdout]   |
[INFO] [stdout] 6 | use socketioxide::extract::{Data, extensions, MaybeExtension, SocketRef, State, TryData};
[INFO] [stdout]   |                                   ~~~~~~~~~~
[INFO] [stdout] help: a similar name exists in the module
[INFO] [stdout]   |
[INFO] [stdout] 6 | use socketioxide::extract::{Data, Extension, MaybeHttpExtension, SocketRef, State, TryData};
[INFO] [stdout]   |                                              ~~~~~~~~~~~~~~~~~~
[INFO] [stdout] 
[INFO] [stdout] 
[INFO] [stdout] error[E0432]: unresolved import `engineioxide::Packet`
[INFO] [stdout]   --> tests/extractors.rs:14:5
[INFO] [stdout]    |
[INFO] [stdout] 14 | use engineioxide::Packet as EioPacket;
[INFO] [stdout]    |     ^^^^^^^^^^^^^^^^^^^^^^^^^^^^^^^^^ no `Packet` in the root
[INFO] [stdout]    |
[INFO] [stdout] help: a similar name exists in the module
[INFO] [stdout]    |
[INFO] [stdout] 14 | use engineioxide::packet as EioPacket;
[INFO] [stdout]    |                   ~~~~~~
[INFO] [stdout] help: consider importing one of these structs instead
[INFO] [stdout]    |
[INFO] [stdout] 14 | use socketioxide::packet::Packet as EioPacket;
[INFO] [stdout]    |     ~~~~~~~~~~~~~~~~~~~~~~~~~~~~~~~~~~~~~~~~~
[INFO] [stdout] 14 | use socketioxide_core::packet::Packet as EioPacket;
[INFO] [stdout]    |     ~~~~~~~~~~~~~~~~~~~~~~~~~~~~~~~~~~~~~~~~~~~~~~
[INFO] [stdout] 
[INFO] [stdout] 
[INFO] [stdout] error[E0599]: no method named `new_dummy_sock` found for struct `SocketIo` in the current scope
[INFO] [stdout]   --> tests/connect.rs:65:27
[INFO] [stdout]    |
[INFO] [stdout] 65 |     let (_, mut srx) = io.new_dummy_sock("/", ()).await;
[INFO] [stdout]    |                           ^^^^^^^^^^^^^^ method not found in `SocketIo`
[INFO] [stdout] 
[INFO] [stdout] 
[INFO] [stdout] error[E0599]: no method named `new_dummy_sock` found for struct `SocketIo` in the current scope
[INFO] [stdout]   --> tests/acknowledgement.rs:32:29
[INFO] [stdout]    |
[INFO] [stdout] 32 |     let (stx, mut srx) = io.new_dummy_sock("/", ()).await;
[INFO] [stdout]    |                             ^^^^^^^^^^^^^^ method not found in `SocketIo`
[INFO] [stdout] 
[INFO] [stdout] 
[INFO] [stdout] error[E0599]: no method named `new_dummy_sock` found for struct `SocketIo` in the current scope
[INFO] [stdout]   --> tests/concurrent_emit.rs:31:30
[INFO] [stdout]    |
[INFO] [stdout] 31 |     let (_stx, mut srx) = io.new_dummy_sock("/", ()).await;
[INFO] [stdout]    |                              ^^^^^^^^^^^^^^ method not found in `SocketIo`
[INFO] [stdout] 
[INFO] [stdout] 
[INFO] [stdout] Some errors have detailed explanations: E0432, E0599.
[INFO] [stdout] 
[INFO] [stdout] For more information about an error, try `rustc --explain E0432`.
[INFO] [stdout] 
[INFO] [stdout] error[E0599]: no method named `new_dummy_sock` found for struct `SocketIo` in the current scope
[INFO] [stdout]    --> tests/connect.rs:109:27
[INFO] [stdout]     |
[INFO] [stdout] 109 |     let (_, mut srx) = io.new_dummy_sock("/", ()).await;
[INFO] [stdout]     |                           ^^^^^^^^^^^^^^ method not found in `SocketIo`
[INFO] [stdout] 
[INFO] [stdout] 
[INFO] [stderr] error: could not compile `socketioxide` (test "concurrent_emit") due to 2 previous errors
[INFO] [stdout] error[E0599]: no method named `new_dummy_sock` found for struct `SocketIo` in the current scope
[INFO] [stdout]   --> tests/acknowledgement.rs:97:37
[INFO] [stdout]    |
[INFO] [stdout] 97 |             let (stx, mut srx) = io.new_dummy_sock("/", ()).await;
[INFO] [stdout]    |                                     ^^^^^^^^^^^^^^ method not found in `SocketIo`
[INFO] [stdout] 
[INFO] [stdout] 
[INFO] [stderr] warning: build failed, waiting for other jobs to finish...
[INFO] [stdout] Some errors have detailed explanations: E0432, E0599.
[INFO] [stdout] 
[INFO] [stdout] For more information about an error, try `rustc --explain E0432`.
[INFO] [stdout] 
[INFO] [stdout] error[E0599]: no method named `new_dummy_sock` found for struct `SocketIo` in the current scope
[INFO] [stdout]    --> tests/connect.rs:128:31
[INFO] [stdout]     |
[INFO] [stdout] 128 |     let (_stx, mut _srx) = io.new_dummy_sock("/admin/132/board", ()).await;
[INFO] [stdout]     |                               ^^^^^^^^^^^^^^ method not found in `SocketIo`
[INFO] [stdout] 
[INFO] [stdout] 
[INFO] [stderr] error: could not compile `socketioxide` (test "acknowledgement") due to 3 previous errors
[INFO] [stdout] error[E0599]: no method named `new_dummy_sock` found for struct `SocketIo` in the current scope
[INFO] [stdout]    --> tests/connect.rs:145:31
[INFO] [stdout]     |
[INFO] [stdout] 145 |     let (_stx, mut _srx) = io.new_dummy_sock("/admin/test/board", ()).await;
[INFO] [stdout]     |                               ^^^^^^^^^^^^^^ method not found in `SocketIo`
[INFO] [stdout] 
[INFO] [stdout] 
[INFO] [stdout] error[E0599]: no method named `new_dummy_sock` found for struct `SocketIo` in the current scope
[INFO] [stdout]    --> tests/connect.rs:159:29
[INFO] [stdout]     |
[INFO] [stdout] 159 |     let (stx, mut srx) = io.new_dummy_sock("/test1", ()).await;
[INFO] [stdout]     |                             ^^^^^^^^^^^^^^ method not found in `SocketIo`
[INFO] [stdout] 
[INFO] [stdout] 
[INFO] [stdout] error[E0599]: no method named `new_dummy_sock` found for struct `SocketIo` in the current scope
[INFO] [stdout]    --> tests/connect.rs:182:29
[INFO] [stdout]     |
[INFO] [stdout] 182 |     let (stx, mut srx) = io.new_dummy_sock("/test1", ()).await;
[INFO] [stdout]     |                             ^^^^^^^^^^^^^^ method not found in `SocketIo`
[INFO] [stdout] 
[INFO] [stdout] 
[INFO] [stdout] error[E0599]: no method named `with_state` found for struct `SocketIoBuilder` in the current scope
[INFO] [stdout]    --> tests/extractors.rs:43:39
[INFO] [stdout]     |
[INFO] [stdout] 43  |     let (_, io) = SocketIo::builder().with_state(state).build_svc();
[INFO] [stdout]     |                                       ^^^^^^^^^^
[INFO] [stdout]     |
[INFO] [stdout] help: there is a method `with_adapter` with a similar name, but with different arguments
[INFO] [stdout]    --> /opt/rustwide/workdir/src/io.rs:202:5
[INFO] [stdout]     |
[INFO] [stdout] 202 |     pub fn with_adapter<B: Adapter>(self) -> SocketIoBuilder<B> {
[INFO] [stdout]     |     ^^^^^^^^^^^^^^^^^^^^^^^^^^^^^^^^^^^^^^^^^^^^^^^^^^^^^^^^^^^
[INFO] [stdout] 
[INFO] [stdout] 
[INFO] [stdout] error[E0599]: no method named `new_dummy_sock` found for struct `SocketIo` in the current scope
[INFO] [stdout]    --> tests/connect.rs:204:29
[INFO] [stdout]     |
[INFO] [stdout] 204 |     let (stx, mut srx) = io.new_dummy_sock("/test1", ()).await;
[INFO] [stdout]     |                             ^^^^^^^^^^^^^^ method not found in `SocketIo`
[INFO] [stdout] 
[INFO] [stdout] 
[INFO] [stdout] error[E0599]: no method named `new_dummy_sock` found for struct `SocketIo` in the current scope
[INFO] [stdout]    --> tests/connect.rs:227:29
[INFO] [stdout]     |
[INFO] [stdout] 227 |     let (stx, mut srx) = io.new_dummy_sock("/test2", ()).await;
[INFO] [stdout]     |                             ^^^^^^^^^^^^^^ method not found in `SocketIo`
[INFO] [stdout] 
[INFO] [stdout] 
[INFO] [stdout] error[E0599]: no method named `new_dummy_sock` found for struct `SocketIo` in the current scope
[INFO] [stdout]   --> tests/extractors.rs:79:8
[INFO] [stdout]    |
[INFO] [stdout] 79 |     io.new_dummy_sock("/", ()).await;
[INFO] [stdout]    |        ^^^^^^^^^^^^^^ method not found in `SocketIo`
[INFO] [stdout] 
[INFO] [stdout] 
[INFO] [stdout] error[E0599]: no method named `new_dummy_sock` found for struct `SocketIo` in the current scope
[INFO] [stdout]    --> tests/connect.rs:233:31
[INFO] [stdout]     |
[INFO] [stdout] 233 |     let (_stx, mut _srx) = io.new_dummy_sock("/test2", ()).await;
[INFO] [stdout]     |                               ^^^^^^^^^^^^^^ method not found in `SocketIo`
[INFO] [stdout] 
[INFO] [stdout] 
[INFO] [stdout] error[E0599]: no method named `new_dummy_sock` found for struct `SocketIo` in the current scope
[INFO] [stdout]   --> tests/extractors.rs:84:8
[INFO] [stdout]    |
[INFO] [stdout] 84 |     io.new_dummy_sock("/", 1321).await;
[INFO] [stdout]    |        ^^^^^^^^^^^^^^ method not found in `SocketIo`
[INFO] [stdout] 
[INFO] [stdout] 
[INFO] [stdout] Some errors have detailed explanations: E0432, E0599.
[INFO] [stdout] 
[INFO] [stdout] For more information about an error, try `rustc --explain E0432`.
[INFO] [stdout] 
[INFO] [stderr] error: could not compile `socketioxide` (test "connect") due to 10 previous errors
[INFO] [stdout] error[E0599]: no method named `new_dummy_sock` found for struct `SocketIo` in the current scope
[INFO] [stdout]   --> tests/extractors.rs:93:26
[INFO] [stdout]    |
[INFO] [stdout] 93 |     let (stx, _rtx) = io.new_dummy_sock("/", "foo").await;
[INFO] [stdout]    |                          ^^^^^^^^^^^^^^ method not found in `SocketIo`
[INFO] [stdout] 
[INFO] [stdout] 
[INFO] [stdout] error[E0599]: no method named `new_dummy_sock` found for struct `SocketIo` in the current scope
[INFO] [stdout]    --> tests/extractors.rs:116:8
[INFO] [stdout]     |
[INFO] [stdout] 116 |     io.new_dummy_sock("/", ()).await;
[INFO] [stdout]     |        ^^^^^^^^^^^^^^ method not found in `SocketIo`
[INFO] [stdout] 
[INFO] [stdout] 
[INFO] [stdout] error[E0599]: no method named `new_dummy_sock` found for struct `SocketIo` in the current scope
[INFO] [stdout]    --> tests/extractors.rs:120:8
[INFO] [stdout]     |
[INFO] [stdout] 120 |     io.new_dummy_sock("/", 1321).await;
[INFO] [stdout]     |        ^^^^^^^^^^^^^^ method not found in `SocketIo`
[INFO] [stdout] 
[INFO] [stdout] 
[INFO] [stdout] error[E0599]: no method named `new_dummy_sock` found for struct `SocketIo` in the current scope
[INFO] [stdout]    --> tests/extractors.rs:123:26
[INFO] [stdout]     |
[INFO] [stdout] 123 |     let (stx, _rtx) = io.new_dummy_sock("/", "foo").await;
[INFO] [stdout]     |                          ^^^^^^^^^^^^^^ method not found in `SocketIo`
[INFO] [stdout] 
[INFO] [stdout] 
[INFO] [stdout] error[E0599]: no method named `with` found for fn item `fn(SocketRef, {type error}) {extension_extractor::{closure#0}::ns_root}` in the current scope
[INFO] [stdout]    --> tests/extractors.rs:153:24
[INFO] [stdout]     |
[INFO] [stdout] 153 |     io.ns("/", ns_root.with(set_ext));
[INFO] [stdout]     |                        ^^^^ method not found in `fn(SocketRef, {type error}) {ns_root}`
[INFO] [stdout] 
[INFO] [stdout] 
[INFO] [stdout] error[E0277]: the trait bound `fn(SocketRef, {type error}) {extension_extractor::{closure#0}::ns_root}: ConnectHandler<LocalAdapter, _>` is not satisfied
[INFO] [stdout]    --> tests/extractors.rs:155:20
[INFO] [stdout]     |
[INFO] [stdout] 155 |     io.ns("/test", ns_root);
[INFO] [stdout]     |        --          ^^^^^^^ Invalid ConnectHandler
[INFO] [stdout]     |        |
[INFO] [stdout]     |        required by a bound introduced by this call
[INFO] [stdout]     |
[INFO] [stdout]     = help: the trait `ConnectHandler<LocalAdapter, _>` is not implemented for fn item `fn(SocketRef, {type error}) {extension_extractor::{closure#0}::ns_root}`
[INFO] [stdout]     = note: This function is not a ConnectHandler. Check that:
[INFO] [stdout]             * It is a clonable sync or async `FnOnce` that returns nothing.
[INFO] [stdout]             * All its arguments are valid connect extractors.
[INFO] [stdout]             See `https://docs.rs/socketioxide/latest/socketioxide/extract/index.html` for details.
[INFO] [stdout]             
[INFO] [stdout] note: required by a bound in `SocketIo::<A>::ns`
[INFO] [stdout]    --> /opt/rustwide/workdir/src/io.rs:406:12
[INFO] [stdout]     |
[INFO] [stdout] 404 |     pub fn ns<C, T>(&self, path: impl Into<Cow<'static, str>>, callback: C)
[INFO] [stdout]     |            -- required by a bound in this associated function
[INFO] [stdout] 405 |     where
[INFO] [stdout] 406 |         C: ConnectHandler<A, T>,
[INFO] [stdout]     |            ^^^^^^^^^^^^^^^^^^^^ required by this bound in `SocketIo::<A>::ns`
[INFO] [stdout] 
[INFO] [stdout] 
[INFO] [stdout] error[E0599]: no method named `new_dummy_sock` found for struct `SocketIo` in the current scope
[INFO] [stdout]    --> tests/extractors.rs:158:27
[INFO] [stdout]     |
[INFO] [stdout] 158 |     let (tx, mut rx) = io.new_dummy_sock("/", ()).await;
[INFO] [stdout]     |                           ^^^^^^^^^^^^^^ method not found in `SocketIo`
[INFO] [stdout] 
[INFO] [stdout] 
[INFO] [stdout] error[E0599]: no method named `new_dummy_sock` found for struct `SocketIo` in the current scope
[INFO] [stdout]    --> tests/extractors.rs:171:27
[INFO] [stdout]     |
[INFO] [stdout] 171 |     let (tx, mut rx) = io.new_dummy_sock("/test", ()).await;
[INFO] [stdout]     |                           ^^^^^^^^^^^^^^ method not found in `SocketIo`
[INFO] [stdout] 
[INFO] [stdout] 
[INFO] [stdout] error[E0277]: the trait bound `fn(SocketRef, {type error}) {extension_extractor::{closure#0}::on_test}: MessageHandler<LocalAdapter, _>` is not satisfied
[INFO] [stdout]    --> tests/extractors.rs:145:22
[INFO] [stdout]     |
[INFO] [stdout] 145 |         s.on("test", on_test);
[INFO] [stdout]     |           --         ^^^^^^^ Invalid MessageHandler
[INFO] [stdout]     |           |
[INFO] [stdout]     |           required by a bound introduced by this call
[INFO] [stdout]     |
[INFO] [stdout]     = help: the trait `MessageHandler<LocalAdapter, _>` is not implemented for fn item `fn(SocketRef, {type error}) {extension_extractor::{closure#0}::on_test}`
[INFO] [stdout]     = note: This function is not a MessageHandler. Check that:
[INFO] [stdout]             * It is a clonable sync or async `FnOnce` that returns nothing.
[INFO] [stdout]             * All its arguments are valid message extractors.
[INFO] [stdout]             See `https://docs.rs/socketioxide/latest/socketioxide/extract/index.html` for details.
[INFO] [stdout]             
[INFO] [stdout] note: required by a bound in `socketioxide::socket::Socket::<A>::on`
[INFO] [stdout]    --> /opt/rustwide/workdir/src/socket.rs:227:12
[INFO] [stdout]     |
[INFO] [stdout] 225 |     pub fn on<H, T>(&self, event: impl Into<Cow<'static, str>>, handler: H)
[INFO] [stdout]     |            -- required by a bound in this associated function
[INFO] [stdout] 226 |     where
[INFO] [stdout] 227 |         H: MessageHandler<A, T>,
[INFO] [stdout]     |            ^^^^^^^^^^^^^^^^^^^^ required by this bound in `Socket::<A>::on`
[INFO] [stdout] 
[INFO] [stdout] 
[INFO] [stdout] error[E0609]: no field `extensions` on type `SocketRef`
[INFO] [stdout]    --> tests/extractors.rs:148:11
[INFO] [stdout]     |
[INFO] [stdout] 148 |         s.extensions.insert(123usize);
[INFO] [stdout]     |           ^^^^^^^^^^ unknown field
[INFO] [stdout]     |
[INFO] [stdout]     = note: available field is: `id`
[INFO] [stdout] 
[INFO] [stdout] 
[INFO] [stdout] error[E0599]: no method named `with` found for fn item `fn(SocketRef, {type error}) {maybe_extension_extractor::{closure#0}::ns_root}` in the current scope
[INFO] [stdout]    --> tests/extractors.rs:195:24
[INFO] [stdout]     |
[INFO] [stdout] 195 |     io.ns("/", ns_root.with(set_ext));
[INFO] [stdout]     |                        ^^^^ method not found in `fn(SocketRef, {type error}) {ns_root}`
[INFO] [stdout] 
[INFO] [stdout] 
[INFO] [stdout] error[E0277]: the trait bound `fn(SocketRef, {type error}) {maybe_extension_extractor::{closure#0}::ns_root}: ConnectHandler<LocalAdapter, _>` is not satisfied
[INFO] [stdout]    --> tests/extractors.rs:197:20
[INFO] [stdout]     |
[INFO] [stdout] 197 |     io.ns("/test", ns_root);
[INFO] [stdout]     |        --          ^^^^^^^ Invalid ConnectHandler
[INFO] [stdout]     |        |
[INFO] [stdout]     |        required by a bound introduced by this call
[INFO] [stdout]     |
[INFO] [stdout]     = help: the trait `ConnectHandler<LocalAdapter, _>` is not implemented for fn item `fn(SocketRef, {type error}) {maybe_extension_extractor::{closure#0}::ns_root}`
[INFO] [stdout]     = note: This function is not a ConnectHandler. Check that:
[INFO] [stdout]             * It is a clonable sync or async `FnOnce` that returns nothing.
[INFO] [stdout]             * All its arguments are valid connect extractors.
[INFO] [stdout]             See `https://docs.rs/socketioxide/latest/socketioxide/extract/index.html` for details.
[INFO] [stdout]             
[INFO] [stdout] note: required by a bound in `SocketIo::<A>::ns`
[INFO] [stdout]    --> /opt/rustwide/workdir/src/io.rs:406:12
[INFO] [stdout]     |
[INFO] [stdout] 404 |     pub fn ns<C, T>(&self, path: impl Into<Cow<'static, str>>, callback: C)
[INFO] [stdout]     |            -- required by a bound in this associated function
[INFO] [stdout] 405 |     where
[INFO] [stdout] 406 |         C: ConnectHandler<A, T>,
[INFO] [stdout]     |            ^^^^^^^^^^^^^^^^^^^^ required by this bound in `SocketIo::<A>::ns`
[INFO] [stdout] 
[INFO] [stdout] 
[INFO] [stdout] error[E0599]: no method named `new_dummy_sock` found for struct `SocketIo` in the current scope
[INFO] [stdout]    --> tests/extractors.rs:200:27
[INFO] [stdout]     |
[INFO] [stdout] 200 |     let (tx, mut rx) = io.new_dummy_sock("/", ()).await;
[INFO] [stdout]     |                           ^^^^^^^^^^^^^^ method not found in `SocketIo`
[INFO] [stdout] 
[INFO] [stdout] 
[INFO] [stdout] error[E0599]: no method named `new_dummy_sock` found for struct `SocketIo` in the current scope
[INFO] [stdout]    --> tests/extractors.rs:213:27
[INFO] [stdout]     |
[INFO] [stdout] 213 |     let (tx, mut rx) = io.new_dummy_sock("/test", ()).await;
[INFO] [stdout]     |                           ^^^^^^^^^^^^^^ method not found in `SocketIo`
[INFO] [stdout] 
[INFO] [stdout] 
[INFO] [stdout] error[E0277]: the trait bound `fn(SocketRef, {type error}) {maybe_extension_extractor::{closure#0}::on_test}: MessageHandler<LocalAdapter, _>` is not satisfied
[INFO] [stdout]    --> tests/extractors.rs:187:22
[INFO] [stdout]     |
[INFO] [stdout] 187 |         s.on("test", on_test);
[INFO] [stdout]     |           --         ^^^^^^^ Invalid MessageHandler
[INFO] [stdout]     |           |
[INFO] [stdout]     |           required by a bound introduced by this call
[INFO] [stdout]     |
[INFO] [stdout]     = help: the trait `MessageHandler<LocalAdapter, _>` is not implemented for fn item `fn(SocketRef, {type error}) {maybe_extension_extractor::{closure#0}::on_test}`
[INFO] [stdout]     = note: This function is not a MessageHandler. Check that:
[INFO] [stdout]             * It is a clonable sync or async `FnOnce` that returns nothing.
[INFO] [stdout]             * All its arguments are valid message extractors.
[INFO] [stdout]             See `https://docs.rs/socketioxide/latest/socketioxide/extract/index.html` for details.
[INFO] [stdout]             
[INFO] [stdout] note: required by a bound in `socketioxide::socket::Socket::<A>::on`
[INFO] [stdout]    --> /opt/rustwide/workdir/src/socket.rs:227:12
[INFO] [stdout]     |
[INFO] [stdout] 225 |     pub fn on<H, T>(&self, event: impl Into<Cow<'static, str>>, handler: H)
[INFO] [stdout]     |            -- required by a bound in this associated function
[INFO] [stdout] 226 |     where
[INFO] [stdout] 227 |         H: MessageHandler<A, T>,
[INFO] [stdout]     |            ^^^^^^^^^^^^^^^^^^^^ required by this bound in `Socket::<A>::on`
[INFO] [stdout] 
[INFO] [stdout] 
[INFO] [stdout] error[E0609]: no field `extensions` on type `SocketRef`
[INFO] [stdout]    --> tests/extractors.rs:190:11
[INFO] [stdout]     |
[INFO] [stdout] 190 |         s.extensions.insert(123usize);
[INFO] [stdout]     |           ^^^^^^^^^^ unknown field
[INFO] [stdout]     |
[INFO] [stdout]     = note: available field is: `id`
[INFO] [stdout] 
[INFO] [stdout] 
[INFO] [stdout] Some errors have detailed explanations: E0277, E0432, E0599, E0609.
[INFO] [stdout] 
[INFO] [stdout] For more information about an error, try `rustc --explain E0277`.
[INFO] [stdout] 
[INFO] [stderr] error: could not compile `socketioxide` (test "extractors") due to 21 previous errors
[INFO] [stdout] error[E0599]: no function or associated item named `new_dummy` found for struct `ns::Namespace` in the current scope
[INFO] [stdout]    --> src/adapter.rs:346:29
[INFO] [stdout]     |
[INFO] [stdout] 346 |         let ns = Namespace::new_dummy([]);
[INFO] [stdout]     |                             ^^^^^^^^^ function or associated item not found in `Namespace<_>`
[INFO] [stdout]     |
[INFO] [stdout]    ::: src/ns.rs:24:1
[INFO] [stdout]     |
[INFO] [stdout] 24  | pub struct Namespace<A: Adapter> {
[INFO] [stdout]     | -------------------------------- function or associated item `new_dummy` not found for this struct
[INFO] [stdout] 
[INFO] [stdout] 
[INFO] [stdout] error[E0599]: no function or associated item named `new_dummy` found for struct `ns::Namespace` in the current scope
[INFO] [stdout]    --> src/adapter.rs:354:29
[INFO] [stdout]     |
[INFO] [stdout] 354 |         let ns = Namespace::new_dummy([socket]);
[INFO] [stdout]     |                             ^^^^^^^^^ function or associated item not found in `Namespace<_>`
[INFO] [stdout]     |
[INFO] [stdout]    ::: src/ns.rs:24:1
[INFO] [stdout]     |
[INFO] [stdout] 24  | pub struct Namespace<A: Adapter> {
[INFO] [stdout]     | -------------------------------- function or associated item `new_dummy` not found for this struct
[INFO] [stdout] 
[INFO] [stdout] 
[INFO] [stdout] error[E0599]: no function or associated item named `new_dummy` found for struct `ns::Namespace` in the current scope
[INFO] [stdout]    --> src/adapter.rs:366:29
[INFO] [stdout]     |
[INFO] [stdout] 366 |         let ns = Namespace::new_dummy([socket]);
[INFO] [stdout]     |                             ^^^^^^^^^ function or associated item not found in `Namespace<_>`
[INFO] [stdout]     |
[INFO] [stdout]    ::: src/ns.rs:24:1
[INFO] [stdout]     |
[INFO] [stdout] 24  | pub struct Namespace<A: Adapter> {
[INFO] [stdout]     | -------------------------------- function or associated item `new_dummy` not found for this struct
[INFO] [stdout] 
[INFO] [stdout] 
[INFO] [stdout] error[E0599]: no function or associated item named `new_dummy` found for struct `ns::Namespace` in the current scope
[INFO] [stdout]    --> src/adapter.rs:379:29
[INFO] [stdout]     |
[INFO] [stdout] 379 |         let ns = Namespace::new_dummy([socket]);
[INFO] [stdout]     |                             ^^^^^^^^^ function or associated item not found in `Namespace<_>`
[INFO] [stdout]     |
[INFO] [stdout]    ::: src/ns.rs:24:1
[INFO] [stdout]     |
[INFO] [stdout] 24  | pub struct Namespace<A: Adapter> {
[INFO] [stdout]     | -------------------------------- function or associated item `new_dummy` not found for this struct
[INFO] [stdout] 
[INFO] [stdout] 
[INFO] [stdout] error[E0599]: no function or associated item named `new_dummy` found for struct `ns::Namespace` in the current scope
[INFO] [stdout]    --> src/adapter.rs:394:29
[INFO] [stdout]     |
[INFO] [stdout] 394 |         let ns = Namespace::new_dummy([sid1, sid2, sid3]);
[INFO] [stdout]     |                             ^^^^^^^^^ function or associated item not found in `Namespace<_>`
[INFO] [stdout]     |
[INFO] [stdout]    ::: src/ns.rs:24:1
[INFO] [stdout]     |
[INFO] [stdout] 24  | pub struct Namespace<A: Adapter> {
[INFO] [stdout]     | -------------------------------- function or associated item `new_dummy` not found for this struct
[INFO] [stdout] 
[INFO] [stdout] 
[INFO] [stdout] error[E0599]: no function or associated item named `new_dummy` found for struct `ns::Namespace` in the current scope
[INFO] [stdout]    --> src/adapter.rs:414:29
[INFO] [stdout]     |
[INFO] [stdout] 414 |         let ns = Namespace::new_dummy([socket]);
[INFO] [stdout]     |                             ^^^^^^^^^ function or associated item not found in `Namespace<_>`
[INFO] [stdout]     |
[INFO] [stdout]    ::: src/ns.rs:24:1
[INFO] [stdout]     |
[INFO] [stdout] 24  | pub struct Namespace<A: Adapter> {
[INFO] [stdout]     | -------------------------------- function or associated item `new_dummy` not found for this struct
[INFO] [stdout] 
[INFO] [stdout] 
[INFO] [stdout] error[E0599]: no function or associated item named `new_dummy` found for struct `ns::Namespace` in the current scope
[INFO] [stdout]    --> src/adapter.rs:434:29
[INFO] [stdout]     |
[INFO] [stdout] 434 |         let ns = Namespace::new_dummy([socket]);
[INFO] [stdout]     |                             ^^^^^^^^^ function or associated item not found in `Namespace<_>`
[INFO] [stdout]     |
[INFO] [stdout]    ::: src/ns.rs:24:1
[INFO] [stdout]     |
[INFO] [stdout] 24  | pub struct Namespace<A: Adapter> {
[INFO] [stdout]     | -------------------------------- function or associated item `new_dummy` not found for this struct
[INFO] [stdout] 
[INFO] [stdout] 
[INFO] [stdout] error[E0599]: no function or associated item named `new_dummy` found for struct `ns::Namespace` in the current scope
[INFO] [stdout]    --> src/adapter.rs:474:29
[INFO] [stdout]     |
[INFO] [stdout] 474 |         let ns = Namespace::new_dummy([socket0, socket1, socket2]);
[INFO] [stdout]     |                             ^^^^^^^^^ function or associated item not found in `Namespace<_>`
[INFO] [stdout]     |
[INFO] [stdout]    ::: src/ns.rs:24:1
[INFO] [stdout]     |
[INFO] [stdout] 24  | pub struct Namespace<A: Adapter> {
[INFO] [stdout]     | -------------------------------- function or associated item `new_dummy` not found for this struct
[INFO] [stdout] 
[INFO] [stdout] 
[INFO] [stdout] error[E0599]: no function or associated item named `new_dummy` found for struct `ns::Namespace` in the current scope
[INFO] [stdout]    --> src/adapter.rs:501:29
[INFO] [stdout]     |
[INFO] [stdout] 501 |         let ns = Namespace::new_dummy([socket0, socket1, socket2]);
[INFO] [stdout]     |                             ^^^^^^^^^ function or associated item not found in `Namespace<_>`
[INFO] [stdout]     |
[INFO] [stdout]    ::: src/ns.rs:24:1
[INFO] [stdout]     |
[INFO] [stdout] 24  | pub struct Namespace<A: Adapter> {
[INFO] [stdout]     | -------------------------------- function or associated item `new_dummy` not found for this struct
[INFO] [stdout] 
[INFO] [stdout] 
[INFO] [stdout] error[E0599]: no function or associated item named `new_dummy` found for struct `ns::Namespace` in the current scope
[INFO] [stdout]    --> src/adapter.rs:530:29
[INFO] [stdout]     |
[INFO] [stdout] 530 |         let ns = Namespace::new_dummy([socket0, socket1, socket2]);
[INFO] [stdout]     |                             ^^^^^^^^^ function or associated item not found in `Namespace<_>`
[INFO] [stdout]     |
[INFO] [stdout]    ::: src/ns.rs:24:1
[INFO] [stdout]     |
[INFO] [stdout] 24  | pub struct Namespace<A: Adapter> {
[INFO] [stdout]     | -------------------------------- function or associated item `new_dummy` not found for this struct
[INFO] [stdout] 
[INFO] [stdout] 
[INFO] [stdout] error[E0599]: no function or associated item named `new_dummy` found for struct `ns::Namespace` in the current scope
[INFO] [stdout]    --> src/ack.rs:310:45
[INFO] [stdout]     |
[INFO] [stdout] 310 |         let ns = Namespace::<LocalAdapter>::new_dummy([sid]);
[INFO] [stdout]     |                                             ^^^^^^^^^ function or associated item not found in `Namespace<LocalAdapter>`
[INFO] [stdout]     |
[INFO] [stdout]    ::: src/ns.rs:24:1
[INFO] [stdout]     |
[INFO] [stdout] 24  | pub struct Namespace<A: Adapter> {
[INFO] [stdout]     | -------------------------------- function or associated item `new_dummy` not found for this struct
[INFO] [stdout] 
[INFO] [stdout] 
[INFO] [stdout] error[E0599]: no function or associated item named `new_dummy` found for struct `socket::Socket` in the current scope
[INFO] [stdout]    --> src/ack.rs:311:30
[INFO] [stdout]     |
[INFO] [stdout] 311 |         let socket = Socket::new_dummy(sid, ns);
[INFO] [stdout]     |                              ^^^^^^^^^ function or associated item not found in `Socket<_>`
[INFO] [stdout]     |
[INFO] [stdout]    ::: src/socket.rs:132:1
[INFO] [stdout]     |
[INFO] [stdout] 132 | pub struct Socket<A: Adapter = LocalAdapter> {
[INFO] [stdout]     | -------------------------------------------- function or associated item `new_dummy` not found for this struct
[INFO] [stdout]     |
[INFO] [stdout] note: if you're trying to build a new `socket::Socket<_>`, consider using `socket::Socket::<A>::new` which returns `socket::Socket<_>`
[INFO] [stdout]    --> src/socket.rs:154:5
[INFO] [stdout]     |
[INFO] [stdout] 154 | /     pub(crate) fn new(
[INFO] [stdout] 155 | |         sid: Sid,
[INFO] [stdout] 156 | |         ns: Arc<Namespace<A>>,
[INFO] [stdout] 157 | |         esocket: Arc<engineioxide::Socket<SocketData<A>>>,
[INFO] [stdout] 158 | |     ) -> Self {
[INFO] [stdout]     | |_____________^
[INFO] [stdout] 
[INFO] [stdout] 
[INFO] [stdout] error[E0599]: no function or associated item named `new_dummy` found for struct `ns::Namespace` in the current scope
[INFO] [stdout]    --> src/socket.rs:862:45
[INFO] [stdout]     |
[INFO] [stdout] 862 |         let ns = Namespace::<LocalAdapter>::new_dummy([sid]);
[INFO] [stdout]     |                                             ^^^^^^^^^ function or associated item not found in `Namespace<LocalAdapter>`
[INFO] [stdout]     |
[INFO] [stdout]    ::: src/ns.rs:24:1
[INFO] [stdout]     |
[INFO] [stdout] 24  | pub struct Namespace<A: Adapter> {
[INFO] [stdout]     | -------------------------------- function or associated item `new_dummy` not found for this struct
[INFO] [stdout] 
[INFO] [stdout] 
[INFO] [stdout] error[E0599]: no function or associated item named `new_dummy` found for struct `socket::Socket` in the current scope
[INFO] [stdout]    --> src/socket.rs:863:43
[INFO] [stdout]     |
[INFO] [stdout] 132 | pub struct Socket<A: Adapter = LocalAdapter> {
[INFO] [stdout]     | -------------------------------------------- function or associated item `new_dummy` not found for this struct
[INFO] [stdout] ...
[INFO] [stdout] 863 |         let socket: Arc<Socket> = Socket::new_dummy(sid, ns).into();
[INFO] [stdout]     |                                           ^^^^^^^^^ function or associated item not found in `Socket<_>`
[INFO] [stdout]     |
[INFO] [stdout] note: if you're trying to build a new `socket::Socket<_>`, consider using `socket::Socket::<A>::new` which returns `socket::Socket<_>`
[INFO] [stdout]    --> src/socket.rs:154:5
[INFO] [stdout]     |
[INFO] [stdout] 154 | /     pub(crate) fn new(
[INFO] [stdout] 155 | |         sid: Sid,
[INFO] [stdout] 156 | |         ns: Arc<Namespace<A>>,
[INFO] [stdout] 157 | |         esocket: Arc<engineioxide::Socket<SocketData<A>>>,
[INFO] [stdout] 158 | |     ) -> Self {
[INFO] [stdout]     | |_____________^
[INFO] [stdout] 
[INFO] [stdout] 
[INFO] [stdout] error[E0599]: no function or associated item named `new_dummy` found for struct `engineioxide::Socket` in the current scope
[INFO] [stdout]    --> src/client.rs:444:31
[INFO] [stdout]     |
[INFO] [stdout] 444 |         let sock = EIoSocket::new_dummy(Sid::new(), close_fn);
[INFO] [stdout]     |                               ^^^^^^^^^ function or associated item not found in `Socket<_>`
[INFO] [stdout] 
[INFO] [stdout] 
[INFO] [stdout] error[E0599]: no function or associated item named `new_dummy` found for struct `engineioxide::Socket` in the current scope
[INFO] [stdout]    --> src/client.rs:454:31
[INFO] [stdout]     |
[INFO] [stdout] 454 |         let sock = EIoSocket::new_dummy(Sid::new(), close_fn);
[INFO] [stdout]     |                               ^^^^^^^^^ function or associated item not found in `Socket<_>`
[INFO] [stdout] 
[INFO] [stdout] 
[INFO] [stdout] error[E0599]: no function or associated item named `new_dummy` found for struct `engineioxide::Socket` in the current scope
[INFO] [stdout]    --> src/client.rs:467:31
[INFO] [stdout]     |
[INFO] [stdout] 467 |         let sock = EIoSocket::new_dummy(Sid::new(), close_fn);
[INFO] [stdout]     |                               ^^^^^^^^^ function or associated item not found in `Socket<_>`
[INFO] [stdout] 
[INFO] [stdout] 
[INFO] [stdout] error[E0599]: no function or associated item named `new_dummy` found for struct `engineioxide::Socket` in the current scope
[INFO] [stdout]     --> src/io.rs:1017:58
[INFO] [stdout]      |
[INFO] [stdout] 1017 |         let socket = Socket::<SocketData<LocalAdapter>>::new_dummy(sid, Box::new(|_, _| {}));
[INFO] [stdout]      |                                                          ^^^^^^^^^ function or associated item not found in `Socket<SocketData<LocalAdapter>>`
[INFO] [stdout] 
[INFO] [stdout] 
[INFO] [stdout] For more information about this error, try `rustc --explain E0599`.
[INFO] [stdout] 
[INFO] [stderr] error: could not compile `socketioxide` (lib test) due to 18 previous errors
[INFO] running `Command { std: "docker" "inspect" "d9c245859ae5e08cea24f0e7ecf9e6746d951b6d35af2d657781ac21d576a7ae", kill_on_drop: false }`
[INFO] running `Command { std: "docker" "rm" "-f" "d9c245859ae5e08cea24f0e7ecf9e6746d951b6d35af2d657781ac21d576a7ae", kill_on_drop: false }`
[INFO] [stdout] d9c245859ae5e08cea24f0e7ecf9e6746d951b6d35af2d657781ac21d576a7ae
