[INFO] fetching crate snarkvm-synthesizer-debug 0.16.17...
[INFO] testing snarkvm-synthesizer-debug-0.16.17 against nightly-2024-10-28+rustflags=-Zrandomize-layout for randomize-layout
[INFO] extracting crate snarkvm-synthesizer-debug 0.16.17 into /workspace/builds/worker-2-tc2/source
[INFO] validating manifest of crates.io crate snarkvm-synthesizer-debug 0.16.17 on toolchain nightly-2024-10-28
[INFO] running `Command { std: CARGO_HOME="/workspace/cargo-home" RUSTUP_HOME="/workspace/rustup-home" "/workspace/cargo-home/bin/cargo" "+nightly-2024-10-28" "metadata" "--manifest-path" "Cargo.toml" "--no-deps", kill_on_drop: false }`
[INFO] started tweaking crates.io crate snarkvm-synthesizer-debug 0.16.17
[INFO] finished tweaking crates.io crate snarkvm-synthesizer-debug 0.16.17
[INFO] tweaked toml for crates.io crate snarkvm-synthesizer-debug 0.16.17 written to /workspace/builds/worker-2-tc2/source/Cargo.toml
[INFO] running `Command { std: CARGO_HOME="/workspace/cargo-home" RUSTUP_HOME="/workspace/rustup-home" "/workspace/cargo-home/bin/cargo" "+nightly-2024-10-28" "generate-lockfile" "--manifest-path" "Cargo.toml", kill_on_drop: false }`
[INFO] [stderr]     Updating crates.io index
[INFO] [stderr]      Locking 320 packages to latest compatible versions
[INFO] [stderr]       Adding itertools v0.11.0 (available: v0.13.0)
[INFO] [stderr]       Adding snarkvm-algorithms v0.16.15 (available: v0.16.19)
[INFO] [stderr]       Adding snarkvm-algorithms-cuda v0.16.15 (available: v0.16.19)
[INFO] [stderr]       Adding snarkvm-circuit v0.16.15 (available: v0.16.19)
[INFO] [stderr]       Adding snarkvm-circuit-account v0.16.15 (available: v0.16.19)
[INFO] [stderr]       Adding snarkvm-circuit-algorithms v0.16.15 (available: v0.16.19)
[INFO] [stderr]       Adding snarkvm-circuit-collections v0.16.15 (available: v0.16.19)
[INFO] [stderr]       Adding snarkvm-circuit-environment v0.16.15 (available: v0.16.19)
[INFO] [stderr]       Adding snarkvm-circuit-environment-witness v0.16.15 (available: v0.16.19)
[INFO] [stderr]       Adding snarkvm-circuit-network v0.16.15 (available: v0.16.19)
[INFO] [stderr]       Adding snarkvm-circuit-program v0.16.15 (available: v0.16.19)
[INFO] [stderr]       Adding snarkvm-circuit-types v0.16.15 (available: v0.16.19)
[INFO] [stderr]       Adding snarkvm-circuit-types-address v0.16.15 (available: v0.16.19)
[INFO] [stderr]       Adding snarkvm-circuit-types-boolean v0.16.15 (available: v0.16.19)
[INFO] [stderr]       Adding snarkvm-circuit-types-field v0.16.15 (available: v0.16.19)
[INFO] [stderr]       Adding snarkvm-circuit-types-group v0.16.15 (available: v0.16.19)
[INFO] [stderr]       Adding snarkvm-circuit-types-integers v0.16.15 (available: v0.16.19)
[INFO] [stderr]       Adding snarkvm-circuit-types-scalar v0.16.15 (available: v0.16.19)
[INFO] [stderr]       Adding snarkvm-circuit-types-string v0.16.15 (available: v0.16.19)
[INFO] [stderr]       Adding snarkvm-console v0.16.15 (available: v0.16.19)
[INFO] [stderr]       Adding snarkvm-console-account v0.16.15 (available: v0.16.19)
[INFO] [stderr]       Adding snarkvm-console-algorithms v0.16.15 (available: v0.16.19)
[INFO] [stderr]       Adding snarkvm-console-collections v0.16.15 (available: v0.16.19)
[INFO] [stderr]       Adding snarkvm-console-network v0.16.15 (available: v0.16.19)
[INFO] [stderr]       Adding snarkvm-console-network-environment v0.16.15 (available: v0.16.19)
[INFO] [stderr]       Adding snarkvm-console-program v0.16.15 (available: v0.16.19)
[INFO] [stderr]       Adding snarkvm-console-types v0.16.15 (available: v0.16.19)
[INFO] [stderr]       Adding snarkvm-console-types-address v0.16.15 (available: v0.16.19)
[INFO] [stderr]       Adding snarkvm-console-types-boolean v0.16.15 (available: v0.16.19)
[INFO] [stderr]       Adding snarkvm-console-types-field v0.16.15 (available: v0.16.19)
[INFO] [stderr]       Adding snarkvm-console-types-group v0.16.15 (available: v0.16.19)
[INFO] [stderr]       Adding snarkvm-console-types-integers v0.16.15 (available: v0.16.19)
[INFO] [stderr]       Adding snarkvm-console-types-scalar v0.16.15 (available: v0.16.19)
[INFO] [stderr]       Adding snarkvm-console-types-string v0.16.15 (available: v0.16.19)
[INFO] [stderr]       Adding snarkvm-curves v0.16.15 (available: v0.16.19)
[INFO] [stderr]       Adding snarkvm-fields v0.16.15 (available: v0.16.19)
[INFO] [stderr]       Adding snarkvm-ledger-authority v0.16.15 (available: v0.16.19)
[INFO] [stderr]       Adding snarkvm-ledger-block v0.16.15 (available: v0.16.19)
[INFO] [stderr]       Adding snarkvm-ledger-coinbase v0.16.15 (available: v0.16.19)
[INFO] [stderr]       Adding snarkvm-ledger-committee v0.16.15 (available: v0.16.19)
[INFO] [stderr]       Adding snarkvm-ledger-narwhal-batch-certificate v0.16.15 (available: v0.16.19)
[INFO] [stderr]       Adding snarkvm-ledger-narwhal-batch-header v0.16.15 (available: v0.16.19)
[INFO] [stderr]       Adding snarkvm-ledger-narwhal-subdag v0.16.15 (available: v0.16.19)
[INFO] [stderr]       Adding snarkvm-ledger-narwhal-transmission-id v0.16.15 (available: v0.16.19)
[INFO] [stderr]       Adding snarkvm-ledger-query v0.16.15 (available: v0.16.19)
[INFO] [stderr]       Adding snarkvm-ledger-store v0.16.15 (available: v0.16.19)
[INFO] [stderr]       Adding snarkvm-parameters v0.16.15 (available: v0.16.19)
[INFO] [stderr]       Adding snarkvm-synthesizer-process v0.16.15 (available: v0.16.19)
[INFO] [stderr]       Adding snarkvm-synthesizer-program v0.16.15 (available: v0.16.19)
[INFO] [stderr]       Adding snarkvm-synthesizer-snark v0.16.15 (available: v0.16.19)
[INFO] [stderr]       Adding snarkvm-utilities v0.16.15 (available: v0.16.19)
[INFO] [stderr]       Adding snarkvm-utilities-derives v0.16.15 (available: v0.16.19)
[INFO] running `Command { std: CARGO_HOME="/workspace/cargo-home" RUSTUP_HOME="/workspace/rustup-home" "/workspace/cargo-home/bin/cargo" "+nightly-2024-10-28" "fetch" "--manifest-path" "Cargo.toml", kill_on_drop: false }`
[INFO] running `Command { std: "docker" "create" "-v" "/var/lib/crater-agent-workspace/builds/worker-2-tc2/target:/opt/rustwide/target:rw,Z" "-v" "/var/lib/crater-agent-workspace/builds/worker-2-tc2/source:/opt/rustwide/workdir:ro,Z" "-v" "/var/lib/crater-agent-workspace/cargo-home:/opt/rustwide/cargo-home:ro,Z" "-v" "/var/lib/crater-agent-workspace/rustup-home:/opt/rustwide/rustup-home:ro,Z" "-e" "SOURCE_DIR=/opt/rustwide/workdir" "-e" "CARGO_TARGET_DIR=/opt/rustwide/target" "-e" "CARGO_HOME=/opt/rustwide/cargo-home" "-e" "RUSTUP_HOME=/opt/rustwide/rustup-home" "-w" "/opt/rustwide/workdir" "-m" "1610612736" "--user" "0:0" "--network" "none" "ghcr.io/rust-lang/crates-build-env/linux@sha256:4a844ea9eb2546a2d2c7022eacef16ef2e8229c7fbb2c7d4d55a9ceca922f72d" "/opt/rustwide/cargo-home/bin/cargo" "+nightly-2024-10-28" "metadata" "--no-deps" "--format-version=1", kill_on_drop: false }`
[INFO] [stdout] a3bf81c2e1b6a665e889a4736c586a044869c15a1cef0dab70d2bf22950cd9ae
[INFO] running `Command { std: "docker" "start" "-a" "a3bf81c2e1b6a665e889a4736c586a044869c15a1cef0dab70d2bf22950cd9ae", kill_on_drop: false }`
[INFO] running `Command { std: "docker" "inspect" "a3bf81c2e1b6a665e889a4736c586a044869c15a1cef0dab70d2bf22950cd9ae", kill_on_drop: false }`
[INFO] running `Command { std: "docker" "rm" "-f" "a3bf81c2e1b6a665e889a4736c586a044869c15a1cef0dab70d2bf22950cd9ae", kill_on_drop: false }`
[INFO] [stdout] a3bf81c2e1b6a665e889a4736c586a044869c15a1cef0dab70d2bf22950cd9ae
[INFO] running `Command { std: "docker" "create" "-v" "/var/lib/crater-agent-workspace/builds/worker-2-tc2/target:/opt/rustwide/target:rw,Z" "-v" "/var/lib/crater-agent-workspace/builds/worker-2-tc2/source:/opt/rustwide/workdir:ro,Z" "-v" "/var/lib/crater-agent-workspace/cargo-home:/opt/rustwide/cargo-home:ro,Z" "-v" "/var/lib/crater-agent-workspace/rustup-home:/opt/rustwide/rustup-home:ro,Z" "-e" "SOURCE_DIR=/opt/rustwide/workdir" "-e" "CARGO_TARGET_DIR=/opt/rustwide/target" "-e" "CARGO_INCREMENTAL=0" "-e" "RUST_BACKTRACE=full" "-e" "RUSTFLAGS=--cap-lints=forbid -Zrandomize-layout" "-e" "RUSTDOCFLAGS=--cap-lints=forbid" "-e" "CARGO_HOME=/opt/rustwide/cargo-home" "-e" "RUSTUP_HOME=/opt/rustwide/rustup-home" "-w" "/opt/rustwide/workdir" "-m" "1610612736" "--user" "0:0" "--network" "none" "ghcr.io/rust-lang/crates-build-env/linux@sha256:4a844ea9eb2546a2d2c7022eacef16ef2e8229c7fbb2c7d4d55a9ceca922f72d" "/opt/rustwide/cargo-home/bin/cargo" "+nightly-2024-10-28" "build" "--frozen" "--message-format=json", kill_on_drop: false }`
[INFO] [stdout] ec075276d44e6d92ba376947b6be41efbcd17fc070c869d33194ed3eedc433a1
[INFO] running `Command { std: "docker" "start" "-a" "ec075276d44e6d92ba376947b6be41efbcd17fc070c869d33194ed3eedc433a1", kill_on_drop: false }`
[INFO] [stderr]    Compiling proc-macro2 v1.0.89
[INFO] [stderr]    Compiling unicode-ident v1.0.13
[INFO] [stderr]    Compiling libc v0.2.161
[INFO] [stderr]    Compiling cfg-if v1.0.0
[INFO] [stderr]    Compiling crossbeam-utils v0.8.20
[INFO] [stderr]    Compiling autocfg v1.4.0
[INFO] [stderr]    Compiling byteorder v1.5.0
[INFO] [stderr]    Compiling syn v1.0.109
[INFO] [stderr]    Compiling serde v1.0.214
[INFO] [stderr]    Compiling rayon-core v1.12.1
[INFO] [stderr]    Compiling either v1.13.0
[INFO] [stderr]    Compiling shlex v1.3.0
[INFO] [stderr]    Compiling serde_json v1.0.132
[INFO] [stderr]    Compiling equivalent v1.0.1
[INFO] [stderr]    Compiling memchr v2.7.4
[INFO] [stderr]    Compiling hashbrown v0.15.0
[INFO] [stderr]    Compiling thiserror v1.0.66
[INFO] [stderr]    Compiling itoa v1.0.11
[INFO] [stderr]    Compiling anyhow v1.0.92
[INFO] [stderr]    Compiling ryu v1.0.18
[INFO] [stderr]    Compiling aleo-std-cpu v0.1.4
[INFO] [stderr]    Compiling aleo-std-profiler v0.1.15
[INFO] [stderr]    Compiling cc v1.1.31
[INFO] [stderr]    Compiling aleo-std-timer v0.1.2
[INFO] [stderr]    Compiling smol_str v0.2.2
[INFO] [stderr]    Compiling itertools v0.11.0
[INFO] [stderr]    Compiling version_check v0.9.5
[INFO] [stderr]    Compiling pkg-config v0.3.31
[INFO] [stderr]    Compiling minimal-lexical v0.2.1
[INFO] [stderr]    Compiling vcpkg v0.2.15
[INFO] [stderr]    Compiling bech32 v0.9.1
[INFO] [stderr]    Compiling typenum v1.17.0
[INFO] [stderr]    Compiling subtle v2.6.1
[INFO] [stderr]    Compiling crossbeam-epoch v0.9.18
[INFO] [stderr]    Compiling num-traits v0.2.19
[INFO] [stderr]    Compiling generic-array v0.14.7
[INFO] [stderr]    Compiling nom v7.1.3
[INFO] [stderr]    Compiling once_cell v1.20.2
[INFO] [stderr]    Compiling smallvec v1.13.2
[INFO] [stderr]    Compiling lock_api v0.4.12
[INFO] [stderr]    Compiling parking_lot_core v0.9.10
[INFO] [stderr]    Compiling quote v1.0.37
[INFO] [stderr]    Compiling crunchy v0.2.2
[INFO] [stderr]    Compiling ahash v0.8.11
[INFO] [stderr]    Compiling syn v2.0.86
[INFO] [stderr]    Compiling crossbeam-deque v0.8.5
[INFO] [stderr]    Compiling curl v0.4.47
[INFO] [stderr]    Compiling paste v1.0.15
[INFO] [stderr]    Compiling scopeguard v1.2.0
[INFO] [stderr]    Compiling tiny-keccak v2.0.2
[INFO] [stderr]    Compiling cpufeatures v0.2.14
[INFO] [stderr]    Compiling arrayref v0.3.9
[INFO] [stderr]    Compiling lazy_static v1.5.0
[INFO] [stderr]    Compiling constant_time_eq v0.3.1
[INFO] [stderr]    Compiling openssl-probe v0.1.5
[INFO] [stderr]    Compiling arrayvec v0.7.6
[INFO] [stderr]    Compiling colored v2.1.0
[INFO] [stderr]    Compiling allocator-api2 v0.2.18
[INFO] [stderr]    Compiling hex v0.4.3
[INFO] [stderr]    Compiling blake2s_simd v1.0.2
[INFO] [stderr]    Compiling fxhash v0.2.1
[INFO] [stderr]    Compiling getrandom v0.2.15
[INFO] [stderr]    Compiling dirs-sys v0.3.7
[INFO] [stderr]    Compiling num-integer v0.1.46
[INFO] [stderr]    Compiling rand_core v0.6.4
[INFO] [stderr]    Compiling dirs v4.0.0
[INFO] [stderr]    Compiling num_cpus v1.16.0
[INFO] [stderr]    Compiling aleo-std-storage v0.1.7
[INFO] [stderr]    Compiling socket2 v0.5.7
[INFO] [stderr]    Compiling rayon v1.10.0
[INFO] [stderr]    Compiling rand_xorshift v0.3.0
[INFO] [stderr]    Compiling snarkvm-circuit-environment-witness v0.16.15
[INFO] [stderr]    Compiling snarkvm-circuit-types-boolean v0.16.15
[INFO] [stderr]    Compiling snarkvm-circuit-types-field v0.16.15
[INFO] [stderr]    Compiling num-bigint v0.4.6
[INFO] [stderr]    Compiling parking_lot v0.12.3
[INFO] [stderr]    Compiling snarkvm-circuit-types-scalar v0.16.15
[INFO] [stderr]    Compiling snarkvm-circuit-types-group v0.16.15
[INFO] [stderr]    Compiling snarkvm-circuit-types-integers v0.16.15
[INFO] [stderr]    Compiling snarkvm-circuit-types-address v0.16.15
[INFO] [stderr]    Compiling snarkvm-circuit-types-string v0.16.15
[INFO] [stderr]    Compiling unicode-xid v0.0.4
[INFO] [stderr]    Compiling libz-sys v1.1.20
[INFO] [stderr]    Compiling openssl-sys v0.9.104
[INFO] [stderr]    Compiling curl-sys v0.4.77+curl-8.10.1
[INFO] [stderr]    Compiling synom v0.11.3
[INFO] [stderr]    Compiling snarkvm-circuit-algorithms v0.16.15
[INFO] [stderr]    Compiling quote v0.3.15
[INFO] [stderr]    Compiling block-buffer v0.10.4
[INFO] [stderr]    Compiling crypto-common v0.1.6
[INFO] [stderr]    Compiling bs58 v0.5.1
[INFO] [stderr]    Compiling snarkvm-circuit-collections v0.16.15
[INFO] [stderr]    Compiling snarkvm-circuit-network v0.16.15
[INFO] [stderr]    Compiling digest v0.10.7
[INFO] [stderr]    Compiling enum_index v0.2.0
[INFO] [stderr]    Compiling syn v0.11.11
[INFO] [stderr]    Compiling snarkvm-circuit-account v0.16.15
[INFO] [stderr]    Compiling snarkvm-circuit-program v0.16.15
[INFO] [stderr]    Compiling ring v0.17.8
[INFO] [stderr]    Compiling tinyvec_macros v0.1.1
[INFO] [stderr]    Compiling rustls-pki-types v1.10.0
[INFO] [stderr]    Compiling tinyvec v1.8.0
[INFO] [stderr]    Compiling untrusted v0.9.0
[INFO] [stderr]    Compiling sha2 v0.10.8
[INFO] [stderr]    Compiling blake2 v0.10.6
[INFO] [stderr]    Compiling spin v0.9.8
[INFO] [stderr]    Compiling rustls v0.23.16
[INFO] [stderr]    Compiling percent-encoding v2.3.1
[INFO] [stderr]    Compiling unicode-bidi v0.3.17
[INFO] [stderr]    Compiling adler2 v2.0.0
[INFO] [stderr]    Compiling miniz_oxide v0.8.0
[INFO] [stderr]    Compiling form_urlencoded v1.2.1
[INFO] [stderr]    Compiling crc32fast v1.4.2
[INFO] [stderr]    Compiling log v0.4.22
[INFO] [stderr]    Compiling base64 v0.22.1
[INFO] [stderr]    Compiling webpki-roots v0.26.6
[INFO] [stderr]    Compiling tracing-core v0.1.32
[INFO] [stderr]    Compiling pin-project-lite v0.2.15
[INFO] [stderr]    Compiling flate2 v1.0.34
[INFO] [stderr]    Compiling unicode-normalization v0.1.24
[INFO] [stderr]    Compiling enum_index_derive v0.2.0
[INFO] [stderr]    Compiling idna v0.5.0
[INFO] [stderr]    Compiling aleo-std-time v0.1.2
[INFO] [stderr]    Compiling aleo-std-timed v0.1.2
[INFO] [stderr]    Compiling derivative v2.2.0
[INFO] [stderr]    Compiling url v2.5.2
[INFO] [stderr]    Compiling aleo-std v0.1.24
[INFO] [stderr]    Compiling zerocopy-derive v0.7.35
[INFO] [stderr]    Compiling serde_derive v1.0.214
[INFO] [stderr]    Compiling zeroize_derive v1.4.2
[INFO] [stderr]    Compiling thiserror-impl v1.0.66
[INFO] [stderr]    Compiling snarkvm-utilities-derives v0.16.15
[INFO] [stderr]    Compiling num-derive v0.4.2
[INFO] [stderr]    Compiling async-trait v0.1.83
[INFO] [stderr]    Compiling tracing-attributes v0.1.27
[INFO] [stderr]    Compiling zeroize v1.8.1
[INFO] [stderr]    Compiling rustls-webpki v0.102.8
[INFO] [stderr]    Compiling zerocopy v0.7.35
[INFO] [stderr]    Compiling tracing v0.1.40
[INFO] [stderr]    Compiling ppv-lite86 v0.2.20
[INFO] [stderr]    Compiling hashbrown v0.14.5
[INFO] [stderr]    Compiling rand_chacha v0.3.1
[INFO] [stderr]    Compiling rand v0.8.5
[INFO] [stderr]    Compiling indexmap v2.6.0
[INFO] [stderr]    Compiling bincode v1.3.3
[INFO] [stderr]    Compiling snarkvm-utilities v0.16.15
[INFO] [stderr]    Compiling ureq v2.10.1
[INFO] [stderr]    Compiling snarkvm-fields v0.16.15
[INFO] [stderr]    Compiling snarkvm-curves v0.16.15
[INFO] [stderr]    Compiling snarkvm-console-network-environment v0.16.15
[INFO] [stderr]    Compiling snarkvm-parameters v0.16.15
[INFO] [stderr]    Compiling snarkvm-console-types-boolean v0.16.15
[INFO] [stderr]    Compiling snarkvm-console-types-field v0.16.15
[INFO] [stderr]    Compiling snarkvm-console-types-scalar v0.16.15
[INFO] [stderr]    Compiling snarkvm-console-types-group v0.16.15
[INFO] [stderr]    Compiling snarkvm-console-types-integers v0.16.15
[INFO] [stderr]    Compiling snarkvm-algorithms v0.16.15
[INFO] [stderr]    Compiling snarkvm-console-types-address v0.16.15
[INFO] [stderr]    Compiling snarkvm-console-types-string v0.16.15
[INFO] [stderr]    Compiling snarkvm-console-types v0.16.15
[INFO] [stderr]    Compiling snarkvm-console-algorithms v0.16.15
[INFO] [stderr]    Compiling snarkvm-console-collections v0.16.15
[INFO] [stderr]    Compiling snarkvm-console-network v0.16.15
[INFO] [stderr]    Compiling snarkvm-circuit-environment v0.16.15
[INFO] [stderr]    Compiling snarkvm-console-account v0.16.15
[INFO] [stderr]    Compiling snarkvm-console-program v0.16.15
[INFO] [stderr]    Compiling snarkvm-circuit-types v0.16.15
[INFO] [stderr]    Compiling snarkvm-console v0.16.15
[INFO] [stderr]    Compiling snarkvm-ledger-committee v0.16.15
[INFO] [stderr]    Compiling snarkvm-circuit v0.16.15
[INFO] [stderr]    Compiling snarkvm-synthesizer-snark v0.16.15
[INFO] [stderr]    Compiling snarkvm-synthesizer-program v0.16.15
[INFO] [stderr]    Compiling snarkvm-ledger-coinbase v0.16.15
[INFO] [stderr]    Compiling snarkvm-ledger-narwhal-transmission-id v0.16.15
[INFO] [stderr]    Compiling snarkvm-ledger-narwhal-batch-header v0.16.15
[INFO] [stderr]    Compiling snarkvm-ledger-narwhal-batch-certificate v0.16.15
[INFO] [stderr]    Compiling snarkvm-ledger-narwhal-subdag v0.16.15
[INFO] [stderr]    Compiling snarkvm-ledger-authority v0.16.15
[INFO] [stderr]    Compiling snarkvm-ledger-block v0.16.15
[INFO] [stderr]    Compiling snarkvm-ledger-store v0.16.15
[INFO] [stderr]    Compiling snarkvm-ledger-query v0.16.15
[INFO] [stderr]    Compiling snarkvm-synthesizer-process v0.16.15
[INFO] [stderr]    Compiling snarkvm-synthesizer-debug v0.16.17 (/opt/rustwide/workdir)
[INFO] [stderr]     Finished `dev` profile [unoptimized + debuginfo] target(s) in 1m 04s
[INFO] running `Command { std: "docker" "inspect" "ec075276d44e6d92ba376947b6be41efbcd17fc070c869d33194ed3eedc433a1", kill_on_drop: false }`
[INFO] running `Command { std: "docker" "rm" "-f" "ec075276d44e6d92ba376947b6be41efbcd17fc070c869d33194ed3eedc433a1", kill_on_drop: false }`
[INFO] [stdout] ec075276d44e6d92ba376947b6be41efbcd17fc070c869d33194ed3eedc433a1
[INFO] running `Command { std: "docker" "create" "-v" "/var/lib/crater-agent-workspace/builds/worker-2-tc2/target:/opt/rustwide/target:rw,Z" "-v" "/var/lib/crater-agent-workspace/builds/worker-2-tc2/source:/opt/rustwide/workdir:ro,Z" "-v" "/var/lib/crater-agent-workspace/cargo-home:/opt/rustwide/cargo-home:ro,Z" "-v" "/var/lib/crater-agent-workspace/rustup-home:/opt/rustwide/rustup-home:ro,Z" "-e" "SOURCE_DIR=/opt/rustwide/workdir" "-e" "CARGO_TARGET_DIR=/opt/rustwide/target" "-e" "CARGO_INCREMENTAL=0" "-e" "RUST_BACKTRACE=full" "-e" "RUSTFLAGS=--cap-lints=forbid -Zrandomize-layout" "-e" "RUSTDOCFLAGS=--cap-lints=forbid" "-e" "CARGO_HOME=/opt/rustwide/cargo-home" "-e" "RUSTUP_HOME=/opt/rustwide/rustup-home" "-w" "/opt/rustwide/workdir" "-m" "1610612736" "--user" "0:0" "--network" "none" "ghcr.io/rust-lang/crates-build-env/linux@sha256:4a844ea9eb2546a2d2c7022eacef16ef2e8229c7fbb2c7d4d55a9ceca922f72d" "/opt/rustwide/cargo-home/bin/cargo" "+nightly-2024-10-28" "test" "--frozen" "--no-run" "--message-format=json", kill_on_drop: false }`
[INFO] [stdout] f5aa125a8f09a214e74d996443cb53d5ccc0eeee2640403cde39a2f9728e0f27
[INFO] running `Command { std: "docker" "start" "-a" "f5aa125a8f09a214e74d996443cb53d5ccc0eeee2640403cde39a2f9728e0f27", kill_on_drop: false }`
[INFO] [stderr]    Compiling serde v1.0.214
[INFO] [stderr]    Compiling half v2.4.1
[INFO] [stderr]    Compiling plotters-backend v0.3.7
[INFO] [stderr]    Compiling anstyle v1.0.10
[INFO] [stderr]    Compiling regex-syntax v0.8.5
[INFO] [stderr]    Compiling ciborium-io v0.2.2
[INFO] [stderr]    Compiling clap_lex v0.7.2
[INFO] [stderr]    Compiling itertools v0.10.5
[INFO] [stderr]    Compiling same-file v1.0.6
[INFO] [stderr]    Compiling cast v0.3.0
[INFO] [stderr]    Compiling is-terminal v0.4.13
[INFO] [stderr]    Compiling anes v0.1.6
[INFO] [stderr]    Compiling unsafe-libyaml v0.2.11
[INFO] [stderr]    Compiling oorandom v11.1.4
[INFO] [stderr]    Compiling walkdir v2.5.0
[INFO] [stderr]    Compiling plotters-svg v0.3.7
[INFO] [stderr]    Compiling clap_builder v4.5.20
[INFO] [stderr]    Compiling ciborium-ll v0.2.2
[INFO] [stderr]    Compiling plotters v0.3.7
[INFO] [stderr]    Compiling regex-automata v0.4.8
[INFO] [stderr]    Compiling criterion-plot v0.5.0
[INFO] [stderr]    Compiling clap v4.5.20
[INFO] [stderr]    Compiling regex v1.11.1
[INFO] [stderr]    Compiling indexmap v2.6.0
[INFO] [stderr]    Compiling bincode v1.3.3
[INFO] [stderr]    Compiling ciborium v0.2.2
[INFO] [stderr]    Compiling serde_json v1.0.132
[INFO] [stderr]    Compiling serde_yaml v0.9.34+deprecated
[INFO] [stderr]    Compiling snarkvm-utilities v0.16.15
[INFO] [stderr]    Compiling ureq v2.10.1
[INFO] [stderr]    Compiling tinytemplate v1.2.1
[INFO] [stderr]    Compiling criterion v0.5.1
[INFO] [stderr]    Compiling snarkvm-fields v0.16.15
[INFO] [stderr]    Compiling snarkvm-curves v0.16.15
[INFO] [stderr]    Compiling snarkvm-console-network-environment v0.16.15
[INFO] [stderr]    Compiling snarkvm-parameters v0.16.15
[INFO] [stderr]    Compiling snarkvm-console-types-boolean v0.16.15
[INFO] [stderr]    Compiling snarkvm-console-types-field v0.16.15
[INFO] [stderr]    Compiling snarkvm-console-types-scalar v0.16.15
[INFO] [stderr]    Compiling snarkvm-console-types-integers v0.16.15
[INFO] [stderr]    Compiling snarkvm-console-types-group v0.16.15
[INFO] [stderr]    Compiling snarkvm-algorithms v0.16.15
[INFO] [stderr]    Compiling snarkvm-console-types-string v0.16.15
[INFO] [stderr]    Compiling snarkvm-console-types-address v0.16.15
[INFO] [stderr]    Compiling snarkvm-console-types v0.16.15
[INFO] [stderr]    Compiling snarkvm-console-algorithms v0.16.15
[INFO] [stderr]    Compiling snarkvm-console-collections v0.16.15
[INFO] [stderr]    Compiling snarkvm-console-network v0.16.15
[INFO] [stderr]    Compiling snarkvm-circuit-environment v0.16.15
[INFO] [stderr]    Compiling snarkvm-console-account v0.16.15
[INFO] [stderr]    Compiling snarkvm-console-program v0.16.15
[INFO] [stderr]    Compiling snarkvm-circuit-types-boolean v0.16.15
[INFO] [stderr]    Compiling snarkvm-circuit-types-field v0.16.15
[INFO] [stderr]    Compiling snarkvm-circuit-types-scalar v0.16.15
[INFO] [stderr]    Compiling snarkvm-circuit-types-integers v0.16.15
[INFO] [stderr]    Compiling snarkvm-circuit-types-group v0.16.15
[INFO] [stderr]    Compiling snarkvm-circuit-types-address v0.16.15
[INFO] [stderr]    Compiling snarkvm-circuit-types-string v0.16.15
[INFO] [stderr]    Compiling snarkvm-circuit-types v0.16.15
[INFO] [stderr]    Compiling snarkvm-circuit-algorithms v0.16.15
[INFO] [stderr]    Compiling snarkvm-circuit-collections v0.16.15
[INFO] [stderr]    Compiling snarkvm-console v0.16.15
[INFO] [stderr]    Compiling snarkvm-circuit-network v0.16.15
[INFO] [stderr]    Compiling snarkvm-ledger-committee v0.16.15
[INFO] [stderr]    Compiling snarkvm-circuit-account v0.16.15
[INFO] [stderr]    Compiling snarkvm-circuit-program v0.16.15
[INFO] [stderr]    Compiling snarkvm-circuit v0.16.15
[INFO] [stderr]    Compiling snarkvm-synthesizer-snark v0.16.15
[INFO] [stderr]    Compiling snarkvm-synthesizer-program v0.16.15
[INFO] [stderr]    Compiling snarkvm-ledger-coinbase v0.16.15
[INFO] [stderr]    Compiling snarkvm-ledger-narwhal-transmission-id v0.16.15
[INFO] [stderr]    Compiling snarkvm-ledger-narwhal-batch-header v0.16.15
[INFO] [stderr]    Compiling snarkvm-ledger-narwhal-batch-certificate v0.16.15
[INFO] [stderr]    Compiling snarkvm-ledger-narwhal-subdag v0.16.15
[INFO] [stderr]    Compiling snarkvm-ledger-authority v0.16.15
[INFO] [stderr]    Compiling snarkvm-ledger-block v0.16.15
[INFO] [stderr]    Compiling snarkvm-ledger-store v0.16.15
[INFO] [stderr]    Compiling snarkvm-ledger-query v0.16.15
[INFO] [stderr]    Compiling snarkvm-synthesizer-process v0.16.15
[INFO] [stderr]    Compiling snarkvm-synthesizer-debug v0.16.17 (/opt/rustwide/workdir)
[INFO] [stdout] error[E0433]: failed to resolve: could not find `test_helpers` in `ledger_committee`
[INFO] [stdout]    --> src/vm/helpers/committee.rs:335:43
[INFO] [stdout]     |
[INFO] [stdout] 335 |         let committee = ledger_committee::test_helpers::sample_committee_for_round_and_size(1, 100, rng);
[INFO] [stdout]     |                                           ^^^^^^^^^^^^ could not find `test_helpers` in `ledger_committee`
[INFO] [stdout]     |
[INFO] [stdout] note: found an item that was configured out
[INFO] [stdout]    --> /opt/rustwide/cargo-home/registry/src/index.crates.io-6f17d22bba15001f/snarkvm-ledger-committee-0.16.15/src/lib.rs:229:9
[INFO] [stdout]     |
[INFO] [stdout] 229 | pub mod test_helpers {
[INFO] [stdout]     |         ^^^^^^^^^^^^
[INFO] [stdout] note: the item is gated here
[INFO] [stdout]    --> /opt/rustwide/cargo-home/registry/src/index.crates.io-6f17d22bba15001f/snarkvm-ledger-committee-0.16.15/src/lib.rs:228:1
[INFO] [stdout]     |
[INFO] [stdout] 228 | #[cfg(any(test, feature = "test-helpers"))]
[INFO] [stdout]     | ^^^^^^^^^^^^^^^^^^^^^^^^^^^^^^^^^^^^^^^^^^^
[INFO] [stdout] 
[INFO] [stdout] 
[INFO] [stdout] error[E0433]: failed to resolve: could not find `test_helpers` in `ledger_committee`
[INFO] [stdout]    --> src/vm/helpers/committee.rs:353:43
[INFO] [stdout]     |
[INFO] [stdout] 353 |         let committee = ledger_committee::test_helpers::sample_committee_for_round_and_size(1, 100, rng);
[INFO] [stdout]     |                                           ^^^^^^^^^^^^ could not find `test_helpers` in `ledger_committee`
[INFO] [stdout]     |
[INFO] [stdout] note: found an item that was configured out
[INFO] [stdout]    --> /opt/rustwide/cargo-home/registry/src/index.crates.io-6f17d22bba15001f/snarkvm-ledger-committee-0.16.15/src/lib.rs:229:9
[INFO] [stdout]     |
[INFO] [stdout] 229 | pub mod test_helpers {
[INFO] [stdout]     |         ^^^^^^^^^^^^
[INFO] [stdout] note: the item is gated here
[INFO] [stdout]    --> /opt/rustwide/cargo-home/registry/src/index.crates.io-6f17d22bba15001f/snarkvm-ledger-committee-0.16.15/src/lib.rs:228:1
[INFO] [stdout]     |
[INFO] [stdout] 228 | #[cfg(any(test, feature = "test-helpers"))]
[INFO] [stdout]     | ^^^^^^^^^^^^^^^^^^^^^^^^^^^^^^^^^^^^^^^^^^^
[INFO] [stdout] 
[INFO] [stdout] 
[INFO] [stdout] error[E0433]: failed to resolve: could not find `test_helpers` in `ledger_committee`
[INFO] [stdout]    --> src/vm/helpers/committee.rs:373:43
[INFO] [stdout]     |
[INFO] [stdout] 373 |         let committee = ledger_committee::test_helpers::sample_committee_for_round_and_size(1, 100, rng);
[INFO] [stdout]     |                                           ^^^^^^^^^^^^ could not find `test_helpers` in `ledger_committee`
[INFO] [stdout]     |
[INFO] [stdout] note: found an item that was configured out
[INFO] [stdout]    --> /opt/rustwide/cargo-home/registry/src/index.crates.io-6f17d22bba15001f/snarkvm-ledger-committee-0.16.15/src/lib.rs:229:9
[INFO] [stdout]     |
[INFO] [stdout] 229 | pub mod test_helpers {
[INFO] [stdout]     |         ^^^^^^^^^^^^
[INFO] [stdout] note: the item is gated here
[INFO] [stdout]    --> /opt/rustwide/cargo-home/registry/src/index.crates.io-6f17d22bba15001f/snarkvm-ledger-committee-0.16.15/src/lib.rs:228:1
[INFO] [stdout]     |
[INFO] [stdout] 228 | #[cfg(any(test, feature = "test-helpers"))]
[INFO] [stdout]     | ^^^^^^^^^^^^^^^^^^^^^^^^^^^^^^^^^^^^^^^^^^^
[INFO] [stdout] 
[INFO] [stdout] 
[INFO] [stdout] error[E0433]: failed to resolve: could not find `test_helpers` in `ledger_committee`
[INFO] [stdout]    --> src/vm/helpers/committee.rs:390:43
[INFO] [stdout]     |
[INFO] [stdout] 390 |         let committee = ledger_committee::test_helpers::sample_committee_for_round_and_size(1, 100, rng);
[INFO] [stdout]     |                                           ^^^^^^^^^^^^ could not find `test_helpers` in `ledger_committee`
[INFO] [stdout]     |
[INFO] [stdout] note: found an item that was configured out
[INFO] [stdout]    --> /opt/rustwide/cargo-home/registry/src/index.crates.io-6f17d22bba15001f/snarkvm-ledger-committee-0.16.15/src/lib.rs:229:9
[INFO] [stdout]     |
[INFO] [stdout] 229 | pub mod test_helpers {
[INFO] [stdout]     |         ^^^^^^^^^^^^
[INFO] [stdout] note: the item is gated here
[INFO] [stdout]    --> /opt/rustwide/cargo-home/registry/src/index.crates.io-6f17d22bba15001f/snarkvm-ledger-committee-0.16.15/src/lib.rs:228:1
[INFO] [stdout]     |
[INFO] [stdout] 228 | #[cfg(any(test, feature = "test-helpers"))]
[INFO] [stdout]     | ^^^^^^^^^^^^^^^^^^^^^^^^^^^^^^^^^^^^^^^^^^^
[INFO] [stdout] 
[INFO] [stdout] 
[INFO] [stdout] error[E0433]: failed to resolve: could not find `test_helpers` in `ledger_committee`
[INFO] [stdout]    --> src/vm/helpers/committee.rs:409:43
[INFO] [stdout]     |
[INFO] [stdout] 409 |         let committee = ledger_committee::test_helpers::sample_committee(rng);
[INFO] [stdout]     |                                           ^^^^^^^^^^^^ could not find `test_helpers` in `ledger_committee`
[INFO] [stdout]     |
[INFO] [stdout] note: found an item that was configured out
[INFO] [stdout]    --> /opt/rustwide/cargo-home/registry/src/index.crates.io-6f17d22bba15001f/snarkvm-ledger-committee-0.16.15/src/lib.rs:229:9
[INFO] [stdout]     |
[INFO] [stdout] 229 | pub mod test_helpers {
[INFO] [stdout]     |         ^^^^^^^^^^^^
[INFO] [stdout] note: the item is gated here
[INFO] [stdout]    --> /opt/rustwide/cargo-home/registry/src/index.crates.io-6f17d22bba15001f/snarkvm-ledger-committee-0.16.15/src/lib.rs:228:1
[INFO] [stdout]     |
[INFO] [stdout] 228 | #[cfg(any(test, feature = "test-helpers"))]
[INFO] [stdout]     | ^^^^^^^^^^^^^^^^^^^^^^^^^^^^^^^^^^^^^^^^^^^
[INFO] [stdout] 
[INFO] [stdout] 
[INFO] [stdout] error[E0433]: failed to resolve: could not find `test_helpers` in `ledger_committee`
[INFO] [stdout]    --> src/vm/helpers/rewards.rs:142:43
[INFO] [stdout]     |
[INFO] [stdout] 142 |         let committee = ledger_committee::test_helpers::sample_committee(rng);
[INFO] [stdout]     |                                           ^^^^^^^^^^^^ could not find `test_helpers` in `ledger_committee`
[INFO] [stdout]     |
[INFO] [stdout] note: found an item that was configured out
[INFO] [stdout]    --> /opt/rustwide/cargo-home/registry/src/index.crates.io-6f17d22bba15001f/snarkvm-ledger-committee-0.16.15/src/lib.rs:229:9
[INFO] [stdout]     |
[INFO] [stdout] 229 | pub mod test_helpers {
[INFO] [stdout]     |         ^^^^^^^^^^^^
[INFO] [stdout] note: the item is gated here
[INFO] [stdout]    --> /opt/rustwide/cargo-home/registry/src/index.crates.io-6f17d22bba15001f/snarkvm-ledger-committee-0.16.15/src/lib.rs:228:1
[INFO] [stdout]     |
[INFO] [stdout] 228 | #[cfg(any(test, feature = "test-helpers"))]
[INFO] [stdout]     | ^^^^^^^^^^^^^^^^^^^^^^^^^^^^^^^^^^^^^^^^^^^
[INFO] [stdout] 
[INFO] [stdout] 
[INFO] [stdout] error[E0433]: failed to resolve: could not find `test_helpers` in `ledger_committee`
[INFO] [stdout]    --> src/vm/helpers/rewards.rs:170:43
[INFO] [stdout]     |
[INFO] [stdout] 170 |         let committee = ledger_committee::test_helpers::sample_committee_for_round_and_size(1, 100, rng);
[INFO] [stdout]     |                                           ^^^^^^^^^^^^ could not find `test_helpers` in `ledger_committee`
[INFO] [stdout]     |
[INFO] [stdout] note: found an item that was configured out
[INFO] [stdout]    --> /opt/rustwide/cargo-home/registry/src/index.crates.io-6f17d22bba15001f/snarkvm-ledger-committee-0.16.15/src/lib.rs:229:9
[INFO] [stdout]     |
[INFO] [stdout] 229 | pub mod test_helpers {
[INFO] [stdout]     |         ^^^^^^^^^^^^
[INFO] [stdout] note: the item is gated here
[INFO] [stdout]    --> /opt/rustwide/cargo-home/registry/src/index.crates.io-6f17d22bba15001f/snarkvm-ledger-committee-0.16.15/src/lib.rs:228:1
[INFO] [stdout]     |
[INFO] [stdout] 228 | #[cfg(any(test, feature = "test-helpers"))]
[INFO] [stdout]     | ^^^^^^^^^^^^^^^^^^^^^^^^^^^^^^^^^^^^^^^^^^^
[INFO] [stdout] 
[INFO] [stdout] 
[INFO] [stdout] error[E0433]: failed to resolve: could not find `test_helpers` in `ledger_committee`
[INFO] [stdout]    --> src/vm/helpers/rewards.rs:194:43
[INFO] [stdout]     |
[INFO] [stdout] 194 |         let committee = ledger_committee::test_helpers::sample_committee(rng);
[INFO] [stdout]     |                                           ^^^^^^^^^^^^ could not find `test_helpers` in `ledger_committee`
[INFO] [stdout]     |
[INFO] [stdout] note: found an item that was configured out
[INFO] [stdout]    --> /opt/rustwide/cargo-home/registry/src/index.crates.io-6f17d22bba15001f/snarkvm-ledger-committee-0.16.15/src/lib.rs:229:9
[INFO] [stdout]     |
[INFO] [stdout] 229 | pub mod test_helpers {
[INFO] [stdout]     |         ^^^^^^^^^^^^
[INFO] [stdout] note: the item is gated here
[INFO] [stdout]    --> /opt/rustwide/cargo-home/registry/src/index.crates.io-6f17d22bba15001f/snarkvm-ledger-committee-0.16.15/src/lib.rs:228:1
[INFO] [stdout]     |
[INFO] [stdout] 228 | #[cfg(any(test, feature = "test-helpers"))]
[INFO] [stdout]     | ^^^^^^^^^^^^^^^^^^^^^^^^^^^^^^^^^^^^^^^^^^^
[INFO] [stdout] 
[INFO] [stdout] 
[INFO] [stdout] error[E0433]: failed to resolve: could not find `test_helpers` in `ledger_committee`
[INFO] [stdout]    --> src/vm/helpers/rewards.rs:218:43
[INFO] [stdout]     |
[INFO] [stdout] 218 |         let committee = ledger_committee::test_helpers::sample_committee(rng);
[INFO] [stdout]     |                                           ^^^^^^^^^^^^ could not find `test_helpers` in `ledger_committee`
[INFO] [stdout]     |
[INFO] [stdout] note: found an item that was configured out
[INFO] [stdout]    --> /opt/rustwide/cargo-home/registry/src/index.crates.io-6f17d22bba15001f/snarkvm-ledger-committee-0.16.15/src/lib.rs:229:9
[INFO] [stdout]     |
[INFO] [stdout] 229 | pub mod test_helpers {
[INFO] [stdout]     |         ^^^^^^^^^^^^
[INFO] [stdout] note: the item is gated here
[INFO] [stdout]    --> /opt/rustwide/cargo-home/registry/src/index.crates.io-6f17d22bba15001f/snarkvm-ledger-committee-0.16.15/src/lib.rs:228:1
[INFO] [stdout]     |
[INFO] [stdout] 228 | #[cfg(any(test, feature = "test-helpers"))]
[INFO] [stdout]     | ^^^^^^^^^^^^^^^^^^^^^^^^^^^^^^^^^^^^^^^^^^^
[INFO] [stdout] 
[INFO] [stdout] 
[INFO] [stdout] error[E0433]: failed to resolve: could not find `test_helpers` in `ledger_committee`
[INFO] [stdout]    --> src/vm/helpers/rewards.rs:246:43
[INFO] [stdout]     |
[INFO] [stdout] 246 |         let committee = ledger_committee::test_helpers::sample_committee(rng);
[INFO] [stdout]     |                                           ^^^^^^^^^^^^ could not find `test_helpers` in `ledger_committee`
[INFO] [stdout]     |
[INFO] [stdout] note: found an item that was configured out
[INFO] [stdout]    --> /opt/rustwide/cargo-home/registry/src/index.crates.io-6f17d22bba15001f/snarkvm-ledger-committee-0.16.15/src/lib.rs:229:9
[INFO] [stdout]     |
[INFO] [stdout] 229 | pub mod test_helpers {
[INFO] [stdout]     |         ^^^^^^^^^^^^
[INFO] [stdout] note: the item is gated here
[INFO] [stdout]    --> /opt/rustwide/cargo-home/registry/src/index.crates.io-6f17d22bba15001f/snarkvm-ledger-committee-0.16.15/src/lib.rs:228:1
[INFO] [stdout]     |
[INFO] [stdout] 228 | #[cfg(any(test, feature = "test-helpers"))]
[INFO] [stdout]     | ^^^^^^^^^^^^^^^^^^^^^^^^^^^^^^^^^^^^^^^^^^^
[INFO] [stdout] 
[INFO] [stdout] 
[INFO] [stdout] error[E0433]: failed to resolve: use of undeclared crate or module `ledger_test_helpers`
[INFO] [stdout]    --> src/vm/execute.rs:392:27
[INFO] [stdout]     |
[INFO] [stdout] 392 |         let transaction = ledger_test_helpers::sample_fee_private_transaction(rng);
[INFO] [stdout]     |                           ^^^^^^^^^^^^^^^^^^^ use of undeclared crate or module `ledger_test_helpers`
[INFO] [stdout] 
[INFO] [stdout] 
[INFO] [stdout] error[E0433]: failed to resolve: use of undeclared crate or module `ledger_test_helpers`
[INFO] [stdout]    --> src/vm/execute.rs:408:27
[INFO] [stdout]     |
[INFO] [stdout] 408 |         let transaction = ledger_test_helpers::sample_fee_public_transaction(rng);
[INFO] [stdout]     |                           ^^^^^^^^^^^^^^^^^^^ use of undeclared crate or module `ledger_test_helpers`
[INFO] [stdout] 
[INFO] [stdout] 
[INFO] [stdout] For more information about this error, try `rustc --explain E0433`.
[INFO] [stdout] 
[INFO] [stderr] error: could not compile `snarkvm-synthesizer-debug` (lib test) due to 12 previous errors
[INFO] running `Command { std: "docker" "inspect" "f5aa125a8f09a214e74d996443cb53d5ccc0eeee2640403cde39a2f9728e0f27", kill_on_drop: false }`
[INFO] running `Command { std: "docker" "rm" "-f" "f5aa125a8f09a214e74d996443cb53d5ccc0eeee2640403cde39a2f9728e0f27", kill_on_drop: false }`
[INFO] [stdout] f5aa125a8f09a214e74d996443cb53d5ccc0eeee2640403cde39a2f9728e0f27
