[INFO] fetching crate snarkvm-ledger 1.0.0...
[INFO] testing snarkvm-ledger-1.0.0 against nightly-2024-10-28 for randomize-layout
[INFO] extracting crate snarkvm-ledger 1.0.0 into /workspace/builds/worker-2-tc1/source
[INFO] validating manifest of crates.io crate snarkvm-ledger 1.0.0 on toolchain nightly-2024-10-28
[INFO] running `Command { std: CARGO_HOME="/workspace/cargo-home" RUSTUP_HOME="/workspace/rustup-home" "/workspace/cargo-home/bin/cargo" "+nightly-2024-10-28" "metadata" "--manifest-path" "Cargo.toml" "--no-deps", kill_on_drop: false }`
[INFO] started tweaking crates.io crate snarkvm-ledger 1.0.0
[INFO] finished tweaking crates.io crate snarkvm-ledger 1.0.0
[INFO] tweaked toml for crates.io crate snarkvm-ledger 1.0.0 written to /workspace/builds/worker-2-tc1/source/Cargo.toml
[INFO] running `Command { std: CARGO_HOME="/workspace/cargo-home" RUSTUP_HOME="/workspace/rustup-home" "/workspace/cargo-home/bin/cargo" "+nightly-2024-10-28" "generate-lockfile" "--manifest-path" "Cargo.toml", kill_on_drop: false }`
[INFO] [stderr]     Updating crates.io index
[INFO] [stderr]      Locking 343 packages to latest compatible versions
[INFO] running `Command { std: CARGO_HOME="/workspace/cargo-home" RUSTUP_HOME="/workspace/rustup-home" "/workspace/cargo-home/bin/cargo" "+nightly-2024-10-28" "fetch" "--manifest-path" "Cargo.toml", kill_on_drop: false }`
[INFO] [stderr]  Downloading crates ...
[INFO] [stderr]   Downloaded snarkvm-circuit v1.0.0
[INFO] [stderr]   Downloaded snarkvm-console v1.0.0
[INFO] [stderr]   Downloaded snarkvm-console-account v1.0.0
[INFO] [stderr]   Downloaded enum_index_derive v0.2.0
[INFO] [stderr]   Downloaded snarkvm-console-program v1.0.0
[INFO] [stderr]   Downloaded snarkvm-ledger-narwhal-transmission v1.0.0
[INFO] [stderr]   Downloaded snarkvm-ledger-narwhal-transmission-id v1.0.0
[INFO] [stderr]   Downloaded snarkvm-circuit-account v1.0.0
[INFO] [stderr]   Downloaded snarkvm-circuit-collections v1.0.0
[INFO] [stderr]   Downloaded snarkvm-ledger-test-helpers v1.0.0
[INFO] [stderr]   Downloaded test-strategy v0.3.1
[INFO] [stderr]   Downloaded metrics-util v0.16.3
[INFO] [stderr]   Downloaded snarkvm-ledger-block v1.0.0
[INFO] [stderr]   Downloaded snarkvm-ledger-store v1.0.0
[INFO] [stderr]   Downloaded snarkvm-synthesizer-program v1.0.0
[INFO] [stderr]   Downloaded rocksdb v0.21.0
[INFO] [stderr]   Downloaded snarkvm-synthesizer-process v1.0.0
[INFO] [stderr]   Downloaded snarkvm-circuit-program v1.0.0
[INFO] [stderr]   Downloaded metrics-exporter-prometheus v0.13.1
[INFO] [stderr]   Downloaded snarkvm-circuit-algorithms v1.0.0
[INFO] [stderr]   Downloaded snarkvm-ledger-puzzle-epoch v1.0.0
[INFO] [stderr]   Downloaded snarkvm-ledger-authority v1.0.0
[INFO] [stderr]   Downloaded snarkvm-ledger-narwhal-subdag v1.0.0
[INFO] [stderr]   Downloaded snarkvm-ledger-committee v1.0.0
[INFO] [stderr]   Downloaded snarkvm-ledger-narwhal-batch-header v1.0.0
[INFO] [stderr]   Downloaded snarkvm-ledger-narwhal-batch-certificate v1.0.0
[INFO] [stderr]   Downloaded snarkvm-ledger-puzzle v1.0.0
[INFO] [stderr]   Downloaded snarkvm-circuit-network v1.0.0
[INFO] [stderr]   Downloaded snarkvm-synthesizer v1.0.0
[INFO] [stderr]   Downloaded snarkvm-ledger-narwhal v1.0.0
[INFO] [stderr]   Downloaded snarkvm-ledger-query v1.0.0
[INFO] [stderr]   Downloaded snarkvm-ledger-narwhal-data v1.0.0
[INFO] [stderr]   Downloaded snarkvm-metrics v1.0.0
[INFO] [stderr]   Downloaded snarkvm-circuit-types v1.0.0
[INFO] [stderr]   Downloaded enum_index v0.2.0
[INFO] [stderr]   Downloaded snarkvm-synthesizer-snark v1.0.0
[INFO] [stderr]   Downloaded librocksdb-sys v0.11.0+8.1.1
[INFO] running `Command { std: "docker" "create" "-v" "/var/lib/crater-agent-workspace/builds/worker-2-tc1/target:/opt/rustwide/target:rw,Z" "-v" "/var/lib/crater-agent-workspace/builds/worker-2-tc1/source:/opt/rustwide/workdir:ro,Z" "-v" "/var/lib/crater-agent-workspace/cargo-home:/opt/rustwide/cargo-home:ro,Z" "-v" "/var/lib/crater-agent-workspace/rustup-home:/opt/rustwide/rustup-home:ro,Z" "-e" "SOURCE_DIR=/opt/rustwide/workdir" "-e" "CARGO_TARGET_DIR=/opt/rustwide/target" "-e" "CARGO_HOME=/opt/rustwide/cargo-home" "-e" "RUSTUP_HOME=/opt/rustwide/rustup-home" "-w" "/opt/rustwide/workdir" "-m" "1610612736" "--user" "0:0" "--network" "none" "ghcr.io/rust-lang/crates-build-env/linux@sha256:4a844ea9eb2546a2d2c7022eacef16ef2e8229c7fbb2c7d4d55a9ceca922f72d" "/opt/rustwide/cargo-home/bin/cargo" "+nightly-2024-10-28" "metadata" "--no-deps" "--format-version=1", kill_on_drop: false }`
[INFO] [stdout] 36726cf067aff890775af69108e4e0292fb45521a72323d2b5e8e715b132b414
[INFO] running `Command { std: "docker" "start" "-a" "36726cf067aff890775af69108e4e0292fb45521a72323d2b5e8e715b132b414", kill_on_drop: false }`
[INFO] running `Command { std: "docker" "inspect" "36726cf067aff890775af69108e4e0292fb45521a72323d2b5e8e715b132b414", kill_on_drop: false }`
[INFO] running `Command { std: "docker" "rm" "-f" "36726cf067aff890775af69108e4e0292fb45521a72323d2b5e8e715b132b414", kill_on_drop: false }`
[INFO] [stdout] 36726cf067aff890775af69108e4e0292fb45521a72323d2b5e8e715b132b414
[INFO] running `Command { std: "docker" "create" "-v" "/var/lib/crater-agent-workspace/builds/worker-2-tc1/target:/opt/rustwide/target:rw,Z" "-v" "/var/lib/crater-agent-workspace/builds/worker-2-tc1/source:/opt/rustwide/workdir:ro,Z" "-v" "/var/lib/crater-agent-workspace/cargo-home:/opt/rustwide/cargo-home:ro,Z" "-v" "/var/lib/crater-agent-workspace/rustup-home:/opt/rustwide/rustup-home:ro,Z" "-e" "SOURCE_DIR=/opt/rustwide/workdir" "-e" "CARGO_TARGET_DIR=/opt/rustwide/target" "-e" "CARGO_INCREMENTAL=0" "-e" "RUST_BACKTRACE=full" "-e" "RUSTFLAGS=--cap-lints=forbid" "-e" "RUSTDOCFLAGS=--cap-lints=forbid" "-e" "CARGO_HOME=/opt/rustwide/cargo-home" "-e" "RUSTUP_HOME=/opt/rustwide/rustup-home" "-w" "/opt/rustwide/workdir" "-m" "1610612736" "--user" "0:0" "--network" "none" "ghcr.io/rust-lang/crates-build-env/linux@sha256:4a844ea9eb2546a2d2c7022eacef16ef2e8229c7fbb2c7d4d55a9ceca922f72d" "/opt/rustwide/cargo-home/bin/cargo" "+nightly-2024-10-28" "build" "--frozen" "--message-format=json", kill_on_drop: false }`
[INFO] [stdout] 688e2da19db6a698513aa22361fccea80fa565497b14b61c9543550b958eb4fd
[INFO] running `Command { std: "docker" "start" "-a" "688e2da19db6a698513aa22361fccea80fa565497b14b61c9543550b958eb4fd", kill_on_drop: false }`
[INFO] [stderr]    Compiling allocator-api2 v0.2.18
[INFO] [stderr]    Compiling foldhash v0.1.3
[INFO] [stderr]    Compiling syn v1.0.109
[INFO] [stderr]    Compiling num-traits v0.2.19
[INFO] [stderr]    Compiling serde_json v1.0.132
[INFO] [stderr]    Compiling aleo-std-profiler v0.1.15
[INFO] [stderr]    Compiling aleo-std-cpu v0.1.4
[INFO] [stderr]    Compiling aleo-std-timer v0.1.2
[INFO] [stderr]    Compiling smol_str v0.2.2
[INFO] [stderr]    Compiling openssl-sys v0.9.104
[INFO] [stderr]    Compiling itertools v0.11.0
[INFO] [stderr]    Compiling syn v2.0.86
[INFO] [stderr]    Compiling dirs-sys v0.3.7
[INFO] [stderr]    Compiling rand_xorshift v0.3.0
[INFO] [stderr]    Compiling num_cpus v1.16.0
[INFO] [stderr]    Compiling minimal-lexical v0.2.1
[INFO] [stderr]    Compiling bech32 v0.9.1
[INFO] [stderr]    Compiling libz-sys v1.1.20
[INFO] [stderr]    Compiling curl-sys v0.4.77+curl-8.10.1
[INFO] [stderr]    Compiling ahash v0.8.11
[INFO] [stderr]    Compiling dirs v4.0.0
[INFO] [stderr]    Compiling tiny-keccak v2.0.2
[INFO] [stderr]    Compiling aleo-std-storage v0.1.7
[INFO] [stderr]    Compiling nom v7.1.3
[INFO] [stderr]    Compiling curl v0.4.47
[INFO] [stderr]    Compiling parking_lot_core v0.9.10
[INFO] [stderr]    Compiling arrayref v0.3.9
[INFO] [stderr]    Compiling hashbrown v0.15.0
[INFO] [stderr]    Compiling constant_time_eq v0.3.1
[INFO] [stderr]    Compiling arrayvec v0.7.6
[INFO] [stderr]    Compiling colored v2.1.0
[INFO] [stderr]    Compiling sha2 v0.10.8
[INFO] [stderr]    Compiling blake2 v0.10.6
[INFO] [stderr]    Compiling fxhash v0.2.1
[INFO] [stderr]    Compiling parking_lot v0.12.3
[INFO] [stderr]    Compiling snarkvm-circuit-environment-witness v1.0.0
[INFO] [stderr]    Compiling unicode-xid v0.0.4
[INFO] [stderr]    Compiling blake2s_simd v1.0.2
[INFO] [stderr]    Compiling snarkvm-circuit-types-boolean v1.0.0
[INFO] [stderr]    Compiling snarkvm-circuit-types-field v1.0.0
[INFO] [stderr]    Compiling synom v0.11.3
[INFO] [stderr]    Compiling quote v0.3.15
[INFO] [stderr]    Compiling bs58 v0.5.1
[INFO] [stderr]    Compiling snarkvm-circuit-types-scalar v1.0.0
[INFO] [stderr]    Compiling enum_index v0.2.0
[INFO] [stderr]    Compiling snarkvm-circuit-types-integers v1.0.0
[INFO] [stderr]    Compiling snarkvm-circuit-types-group v1.0.0
[INFO] [stderr]    Compiling syn v0.11.11
[INFO] [stderr]    Compiling snarkvm-circuit-types-address v1.0.0
[INFO] [stderr]    Compiling snarkvm-circuit-types-string v1.0.0
[INFO] [stderr]    Compiling snarkvm-circuit-algorithms v1.0.0
[INFO] [stderr]    Compiling snarkvm-circuit-collections v1.0.0
[INFO] [stderr]    Compiling tokio v1.41.0
[INFO] [stderr]    Compiling lru v0.12.5
[INFO] [stderr]    Compiling snarkvm-circuit-network v1.0.0
[INFO] [stderr]    Compiling num-integer v0.1.46
[INFO] [stderr]    Compiling snarkvm-circuit-account v1.0.0
[INFO] [stderr]    Compiling snarkvm-circuit-program v1.0.0
[INFO] [stderr]    Compiling openssl v0.10.68
[INFO] [stderr]    Compiling tracing-core v0.1.32
[INFO] [stderr]    Compiling futures-sink v0.3.31
[INFO] [stderr]    Compiling futures-task v0.3.31
[INFO] [stderr]    Compiling native-tls v0.2.12
[INFO] [stderr]    Compiling url v2.5.2
[INFO] [stderr]    Compiling base64 v0.21.7
[INFO] [stderr]    Compiling futures-util v0.3.31
[INFO] [stderr]    Compiling encoding_rs v0.8.35
[INFO] [stderr]    Compiling ipnet v2.10.1
[INFO] [stderr]    Compiling powerfmt v0.2.0
[INFO] [stderr]    Compiling num-bigint v0.4.6
[INFO] [stderr]    Compiling rustls-pemfile v1.0.4
[INFO] [stderr]    Compiling deranged v0.3.11
[INFO] [stderr]    Compiling time-core v0.1.2
[INFO] [stderr]    Compiling num-conv v0.1.0
[INFO] [stderr]    Compiling enum_index_derive v0.2.0
[INFO] [stderr]    Compiling time v0.3.36
[INFO] [stderr]    Compiling aleo-std-time v0.1.2
[INFO] [stderr]    Compiling aleo-std-timed v0.1.2
[INFO] [stderr]    Compiling aleo-std v0.1.24
[INFO] [stderr]    Compiling serde_derive v1.0.214
[INFO] [stderr]    Compiling zerocopy-derive v0.7.35
[INFO] [stderr]    Compiling thiserror-impl v1.0.66
[INFO] [stderr]    Compiling zeroize_derive v1.4.2
[INFO] [stderr]    Compiling snarkvm-utilities-derives v1.0.0
[INFO] [stderr]    Compiling enum-iterator-derive v1.4.0
[INFO] [stderr]    Compiling num-derive v0.4.2
[INFO] [stderr]    Compiling tracing-attributes v0.1.27
[INFO] [stderr]    Compiling openssl-macros v0.1.1
[INFO] [stderr]    Compiling async-trait v0.1.83
[INFO] [stderr]    Compiling zeroize v1.8.1
[INFO] [stderr]    Compiling zerocopy v0.7.35
[INFO] [stderr]    Compiling enum-iterator v2.1.0
[INFO] [stderr]    Compiling thiserror v1.0.66
[INFO] [stderr]    Compiling tracing v0.1.40
[INFO] [stderr]    Compiling tokio-util v0.7.12
[INFO] [stderr]    Compiling ppv-lite86 v0.2.20
[INFO] [stderr]    Compiling hashbrown v0.14.5
[INFO] [stderr]    Compiling rand_chacha v0.3.1
[INFO] [stderr]    Compiling rand v0.8.5
[INFO] [stderr]    Compiling serde v1.0.214
[INFO] [stderr]    Compiling tokio-native-tls v0.3.1
[INFO] [stderr]    Compiling indexmap v2.6.0
[INFO] [stderr]    Compiling bincode v1.3.3
[INFO] [stderr]    Compiling serde_urlencoded v0.7.1
[INFO] [stderr]    Compiling h2 v0.3.26
[INFO] [stderr]    Compiling snarkvm-utilities v1.0.0
[INFO] [stderr]    Compiling ureq v2.10.1
[INFO] [stderr]    Compiling snarkvm-fields v1.0.0
[INFO] [stderr]    Compiling snarkvm-curves v1.0.0
[INFO] [stderr]    Compiling hyper v0.14.31
[INFO] [stderr]    Compiling snarkvm-console-network-environment v1.0.0
[INFO] [stderr]    Compiling snarkvm-parameters v1.0.0
[INFO] [stderr]    Compiling snarkvm-console-types-boolean v1.0.0
[INFO] [stderr]    Compiling snarkvm-console-types-field v1.0.0
[INFO] [stderr]    Compiling snarkvm-console-types-scalar v1.0.0
[INFO] [stderr]    Compiling snarkvm-console-types-integers v1.0.0
[INFO] [stderr]    Compiling snarkvm-console-types-group v1.0.0
[INFO] [stderr]    Compiling snarkvm-console-types-address v1.0.0
[INFO] [stderr]    Compiling snarkvm-console-types-string v1.0.0
[INFO] [stderr]    Compiling snarkvm-console-types v1.0.0
[INFO] [stderr]    Compiling snarkvm-console-algorithms v1.0.0
[INFO] [stderr]    Compiling hyper-tls v0.5.0
[INFO] [stderr]    Compiling snarkvm-console-collections v1.0.0
[INFO] [stderr]    Compiling snarkvm-algorithms v1.0.0
[INFO] [stderr]    Compiling reqwest v0.11.27
[INFO] [stderr]    Compiling snarkvm-console-network v1.0.0
[INFO] [stderr]    Compiling snarkvm-circuit-environment v1.0.0
[INFO] [stderr]    Compiling snarkvm-console-account v1.0.0
[INFO] [stderr]    Compiling snarkvm-console-program v1.0.0
[INFO] [stderr]    Compiling snarkvm-circuit-types v1.0.0
[INFO] [stderr]    Compiling snarkvm-console v1.0.0
[INFO] [stderr]    Compiling snarkvm-ledger-puzzle v1.0.0
[INFO] [stderr]    Compiling snarkvm-ledger-narwhal-data v1.0.0
[INFO] [stderr]    Compiling snarkvm-ledger-narwhal-transmission-id v1.0.0
[INFO] [stderr]    Compiling snarkvm-ledger-narwhal-batch-header v1.0.0
[INFO] [stderr]    Compiling snarkvm-ledger-narwhal-batch-certificate v1.0.0
[INFO] [stderr]    Compiling snarkvm-ledger-committee v1.0.0
[INFO] [stderr]    Compiling snarkvm-ledger-narwhal-subdag v1.0.0
[INFO] [stderr]    Compiling snarkvm-ledger-authority v1.0.0
[INFO] [stderr]    Compiling snarkvm-circuit v1.0.0
[INFO] [stderr]    Compiling snarkvm-synthesizer-snark v1.0.0
[INFO] [stderr]    Compiling snarkvm-synthesizer-program v1.0.0
[INFO] [stderr]    Compiling snarkvm-ledger-block v1.0.0
[INFO] [stderr]    Compiling snarkvm-ledger-store v1.0.0
[INFO] [stderr]    Compiling snarkvm-ledger-narwhal-transmission v1.0.0
[INFO] [stderr]    Compiling snarkvm-ledger-narwhal v1.0.0
[INFO] [stderr]    Compiling snarkvm-ledger-query v1.0.0
[INFO] [stderr]    Compiling snarkvm-synthesizer-process v1.0.0
[INFO] [stderr]    Compiling snarkvm-ledger-puzzle-epoch v1.0.0
[INFO] [stderr]    Compiling snarkvm-synthesizer v1.0.0
[INFO] [stderr]    Compiling snarkvm-ledger v1.0.0 (/opt/rustwide/workdir)
[INFO] [stdout] warning: elided lifetime has a name
[INFO] [stdout]   --> src/find.rs:57:22
[INFO] [stdout]    |
[INFO] [stdout] 53 |     pub fn find_record_ciphertexts<'a>(
[INFO] [stdout]    |                                    -- lifetime `'a` declared here
[INFO] [stdout] ...
[INFO] [stdout] 57 |     ) -> Result<impl '_ + Iterator<Item = (Field<N>, Cow<'_, Record<N, Ciphertext<N>>>)>> {
[INFO] [stdout]    |                      ^^ this elided lifetime gets resolved as `'a`
[INFO] [stdout]    |
[INFO] [stdout]    = note: `#[warn(elided_named_lifetimes)]` on by default
[INFO] [stdout] 
[INFO] [stdout] 
[INFO] [stdout] warning: elided lifetime has a name
[INFO] [stdout]   --> src/find.rs:57:58
[INFO] [stdout]    |
[INFO] [stdout] 53 |     pub fn find_record_ciphertexts<'a>(
[INFO] [stdout]    |                                    -- lifetime `'a` declared here
[INFO] [stdout] ...
[INFO] [stdout] 57 |     ) -> Result<impl '_ + Iterator<Item = (Field<N>, Cow<'_, Record<N, Ciphertext<N>>>)>> {
[INFO] [stdout]    |                                                          ^^ this elided lifetime gets resolved as `'a`
[INFO] [stdout] 
[INFO] [stdout] 
[INFO] [stdout] warning: elided lifetime has a name
[INFO] [stdout]    --> src/find.rs:131:22
[INFO] [stdout]     |
[INFO] [stdout] 127 |     pub fn find_records<'a>(
[INFO] [stdout]     |                         -- lifetime `'a` declared here
[INFO] [stdout] ...
[INFO] [stdout] 131 |     ) -> Result<impl '_ + Iterator<Item = (Field<N>, Record<N, Plaintext<N>>)>> {
[INFO] [stdout]     |                      ^^ this elided lifetime gets resolved as `'a`
[INFO] [stdout] 
[INFO] [stdout] 
[INFO] [stderr]     Finished `dev` profile [unoptimized + debuginfo] target(s) in 45.65s
[INFO] running `Command { std: "docker" "inspect" "688e2da19db6a698513aa22361fccea80fa565497b14b61c9543550b958eb4fd", kill_on_drop: false }`
[INFO] running `Command { std: "docker" "rm" "-f" "688e2da19db6a698513aa22361fccea80fa565497b14b61c9543550b958eb4fd", kill_on_drop: false }`
[INFO] [stdout] 688e2da19db6a698513aa22361fccea80fa565497b14b61c9543550b958eb4fd
[INFO] running `Command { std: "docker" "create" "-v" "/var/lib/crater-agent-workspace/builds/worker-2-tc1/target:/opt/rustwide/target:rw,Z" "-v" "/var/lib/crater-agent-workspace/builds/worker-2-tc1/source:/opt/rustwide/workdir:ro,Z" "-v" "/var/lib/crater-agent-workspace/cargo-home:/opt/rustwide/cargo-home:ro,Z" "-v" "/var/lib/crater-agent-workspace/rustup-home:/opt/rustwide/rustup-home:ro,Z" "-e" "SOURCE_DIR=/opt/rustwide/workdir" "-e" "CARGO_TARGET_DIR=/opt/rustwide/target" "-e" "CARGO_INCREMENTAL=0" "-e" "RUST_BACKTRACE=full" "-e" "RUSTFLAGS=--cap-lints=forbid" "-e" "RUSTDOCFLAGS=--cap-lints=forbid" "-e" "CARGO_HOME=/opt/rustwide/cargo-home" "-e" "RUSTUP_HOME=/opt/rustwide/rustup-home" "-w" "/opt/rustwide/workdir" "-m" "1610612736" "--user" "0:0" "--network" "none" "ghcr.io/rust-lang/crates-build-env/linux@sha256:4a844ea9eb2546a2d2c7022eacef16ef2e8229c7fbb2c7d4d55a9ceca922f72d" "/opt/rustwide/cargo-home/bin/cargo" "+nightly-2024-10-28" "test" "--frozen" "--no-run" "--message-format=json", kill_on_drop: false }`
[INFO] [stdout] d46c79d9de622279998ffcaad1b7c5c821a4edc7dbaadb7fc1b714c4169cdadb
[INFO] running `Command { std: "docker" "start" "-a" "d46c79d9de622279998ffcaad1b7c5c821a4edc7dbaadb7fc1b714c4169cdadb", kill_on_drop: false }`
[INFO] [stderr]    Compiling serde v1.0.214
[INFO] [stderr]    Compiling plotters v0.3.7
[INFO] [stderr]    Compiling indexmap v2.6.0
[INFO] [stderr]    Compiling bincode v1.3.3
[INFO] [stderr]    Compiling serde_urlencoded v0.7.1
[INFO] [stderr]    Compiling ciborium v0.2.2
[INFO] [stderr]    Compiling serde_json v1.0.132
[INFO] [stderr]    Compiling h2 v0.3.26
[INFO] [stderr]    Compiling snarkvm-utilities v1.0.0
[INFO] [stderr]    Compiling ureq v2.10.1
[INFO] [stderr]    Compiling tinytemplate v1.2.1
[INFO] [stderr]    Compiling criterion v0.5.1
[INFO] [stderr]    Compiling snarkvm-fields v1.0.0
[INFO] [stderr]    Compiling snarkvm-curves v1.0.0
[INFO] [stderr]    Compiling hyper v0.14.31
[INFO] [stderr]    Compiling snarkvm-console-network-environment v1.0.0
[INFO] [stderr]    Compiling snarkvm-parameters v1.0.0
[INFO] [stderr]    Compiling snarkvm-console-types-boolean v1.0.0
[INFO] [stderr]    Compiling snarkvm-console-types-field v1.0.0
[INFO] [stderr]    Compiling snarkvm-console-types-scalar v1.0.0
[INFO] [stderr]    Compiling snarkvm-console-types-integers v1.0.0
[INFO] [stderr]    Compiling snarkvm-console-types-group v1.0.0
[INFO] [stderr]    Compiling snarkvm-console-types-address v1.0.0
[INFO] [stderr]    Compiling snarkvm-console-types-string v1.0.0
[INFO] [stderr]    Compiling snarkvm-console-types v1.0.0
[INFO] [stderr]    Compiling snarkvm-console-algorithms v1.0.0
[INFO] [stderr]    Compiling snarkvm-console-collections v1.0.0
[INFO] [stderr]    Compiling hyper-tls v0.5.0
[INFO] [stderr]    Compiling reqwest v0.11.27
[INFO] [stderr]    Compiling snarkvm-algorithms v1.0.0
[INFO] [stderr]    Compiling snarkvm-console-network v1.0.0
[INFO] [stderr]    Compiling snarkvm-circuit-environment v1.0.0
[INFO] [stderr]    Compiling snarkvm-console-account v1.0.0
[INFO] [stderr]    Compiling snarkvm-console-program v1.0.0
[INFO] [stderr]    Compiling snarkvm-circuit-types-boolean v1.0.0
[INFO] [stderr]    Compiling snarkvm-circuit-types-field v1.0.0
[INFO] [stderr]    Compiling snarkvm-circuit-types-scalar v1.0.0
[INFO] [stderr]    Compiling snarkvm-circuit-types-integers v1.0.0
[INFO] [stderr]    Compiling snarkvm-circuit-types-group v1.0.0
[INFO] [stderr]    Compiling snarkvm-circuit-types-address v1.0.0
[INFO] [stderr]    Compiling snarkvm-circuit-types-string v1.0.0
[INFO] [stderr]    Compiling snarkvm-circuit-types v1.0.0
[INFO] [stderr]    Compiling snarkvm-circuit-algorithms v1.0.0
[INFO] [stderr]    Compiling snarkvm-circuit-collections v1.0.0
[INFO] [stderr]    Compiling snarkvm-circuit-network v1.0.0
[INFO] [stderr]    Compiling snarkvm-console v1.0.0
[INFO] [stderr]    Compiling snarkvm-ledger-puzzle v1.0.0
[INFO] [stderr]    Compiling snarkvm-ledger-narwhal-data v1.0.0
[INFO] [stderr]    Compiling snarkvm-ledger-narwhal-transmission-id v1.0.0
[INFO] [stderr]    Compiling snarkvm-ledger-narwhal-batch-header v1.0.0
[INFO] [stderr]    Compiling snarkvm-ledger-narwhal-batch-certificate v1.0.0
[INFO] [stderr]    Compiling snarkvm-ledger-committee v1.0.0
[INFO] [stderr]    Compiling snarkvm-circuit-account v1.0.0
[INFO] [stderr]    Compiling snarkvm-ledger-narwhal-subdag v1.0.0
[INFO] [stderr]    Compiling snarkvm-circuit-program v1.0.0
[INFO] [stderr]    Compiling snarkvm-ledger-authority v1.0.0
[INFO] [stderr]    Compiling snarkvm-circuit v1.0.0
[INFO] [stderr]    Compiling snarkvm-synthesizer-snark v1.0.0
[INFO] [stderr]    Compiling snarkvm-synthesizer-program v1.0.0
[INFO] [stderr]    Compiling snarkvm-ledger-block v1.0.0
[INFO] [stderr]    Compiling snarkvm-ledger-store v1.0.0
[INFO] [stderr]    Compiling snarkvm-ledger-narwhal-transmission v1.0.0
[INFO] [stderr]    Compiling snarkvm-ledger-narwhal v1.0.0
[INFO] [stderr]    Compiling snarkvm-ledger-query v1.0.0
[INFO] [stderr]    Compiling snarkvm-synthesizer-process v1.0.0
[INFO] [stderr]    Compiling snarkvm-ledger-puzzle-epoch v1.0.0
[INFO] [stderr]    Compiling snarkvm-synthesizer v1.0.0
[INFO] [stderr]    Compiling snarkvm-ledger v1.0.0 (/opt/rustwide/workdir)
[INFO] [stdout] warning: elided lifetime has a name
[INFO] [stdout]   --> src/find.rs:57:22
[INFO] [stdout]    |
[INFO] [stdout] 53 |     pub fn find_record_ciphertexts<'a>(
[INFO] [stdout]    |                                    -- lifetime `'a` declared here
[INFO] [stdout] ...
[INFO] [stdout] 57 |     ) -> Result<impl '_ + Iterator<Item = (Field<N>, Cow<'_, Record<N, Ciphertext<N>>>)>> {
[INFO] [stdout]    |                      ^^ this elided lifetime gets resolved as `'a`
[INFO] [stdout]    |
[INFO] [stdout]    = note: `#[warn(elided_named_lifetimes)]` on by default
[INFO] [stdout] 
[INFO] [stdout] 
[INFO] [stdout] warning: elided lifetime has a name
[INFO] [stdout]   --> src/find.rs:57:58
[INFO] [stdout]    |
[INFO] [stdout] 53 |     pub fn find_record_ciphertexts<'a>(
[INFO] [stdout]    |                                    -- lifetime `'a` declared here
[INFO] [stdout] ...
[INFO] [stdout] 57 |     ) -> Result<impl '_ + Iterator<Item = (Field<N>, Cow<'_, Record<N, Ciphertext<N>>>)>> {
[INFO] [stdout]    |                                                          ^^ this elided lifetime gets resolved as `'a`
[INFO] [stdout] 
[INFO] [stdout] 
[INFO] [stdout] warning: elided lifetime has a name
[INFO] [stdout]    --> src/find.rs:131:22
[INFO] [stdout]     |
[INFO] [stdout] 127 |     pub fn find_records<'a>(
[INFO] [stdout]     |                         -- lifetime `'a` declared here
[INFO] [stdout] ...
[INFO] [stdout] 131 |     ) -> Result<impl '_ + Iterator<Item = (Field<N>, Record<N, Plaintext<N>>)>> {
[INFO] [stdout]     |                      ^^ this elided lifetime gets resolved as `'a`
[INFO] [stdout] 
[INFO] [stdout] 
[INFO] [stdout] error[E0433]: failed to resolve: use of undeclared crate or module `snarkvm_circuit`
[INFO] [stdout]    --> src/lib.rs:395:9
[INFO] [stdout]     |
[INFO] [stdout] 395 |     use snarkvm_circuit::network::AleoV0;
[INFO] [stdout]     |         ^^^^^^^^^^^^^^^ use of undeclared crate or module `snarkvm_circuit`
[INFO] [stdout] 
[INFO] [stdout] 
[INFO] [stdout] error[E0432]: unresolved import `snarkvm_utilities`
[INFO] [stdout]   --> src/tests.rs:34:5
[INFO] [stdout]    |
[INFO] [stdout] 34 | use snarkvm_utilities::try_vm_runtime;
[INFO] [stdout]    |     ^^^^^^^^^^^^^^^^^ use of undeclared crate or module `snarkvm_utilities`
[INFO] [stdout] 
[INFO] [stdout] 
[INFO] [stdout] warning: elided lifetime has a name
[INFO] [stdout]   --> src/find.rs:57:22
[INFO] [stdout]    |
[INFO] [stdout] 53 |     pub fn find_record_ciphertexts<'a>(
[INFO] [stdout]    |                                    -- lifetime `'a` declared here
[INFO] [stdout] ...
[INFO] [stdout] 57 |     ) -> Result<impl '_ + Iterator<Item = (Field<N>, Cow<'_, Record<N, Ciphertext<N>>>)>> {
[INFO] [stdout]    |                      ^^ this elided lifetime gets resolved as `'a`
[INFO] [stdout]    |
[INFO] [stdout]    = note: `#[warn(elided_named_lifetimes)]` on by default
[INFO] [stdout] 
[INFO] [stdout] 
[INFO] [stdout] warning: elided lifetime has a name
[INFO] [stdout]   --> src/find.rs:57:58
[INFO] [stdout]    |
[INFO] [stdout] 53 |     pub fn find_record_ciphertexts<'a>(
[INFO] [stdout]    |                                    -- lifetime `'a` declared here
[INFO] [stdout] ...
[INFO] [stdout] 57 |     ) -> Result<impl '_ + Iterator<Item = (Field<N>, Cow<'_, Record<N, Ciphertext<N>>>)>> {
[INFO] [stdout]    |                                                          ^^ this elided lifetime gets resolved as `'a`
[INFO] [stdout] 
[INFO] [stdout] 
[INFO] [stdout] warning: elided lifetime has a name
[INFO] [stdout]    --> src/find.rs:131:22
[INFO] [stdout]     |
[INFO] [stdout] 127 |     pub fn find_records<'a>(
[INFO] [stdout]     |                         -- lifetime `'a` declared here
[INFO] [stdout] ...
[INFO] [stdout] 131 |     ) -> Result<impl '_ + Iterator<Item = (Field<N>, Record<N, Plaintext<N>>)>> {
[INFO] [stdout]     |                      ^^ this elided lifetime gets resolved as `'a`
[INFO] [stdout] 
[INFO] [stdout] 
[INFO] [stdout] warning: unused import: `CurrentAleo`
[INFO] [stdout]   --> src/tests.rs:18:20
[INFO] [stdout]    |
[INFO] [stdout] 18 |     test_helpers::{CurrentAleo, CurrentLedger, CurrentNetwork},
[INFO] [stdout]    |                    ^^^^^^^^^^^
[INFO] [stdout]    |
[INFO] [stdout]    = note: `#[warn(unused_imports)]` on by default
[INFO] [stdout] 
[INFO] [stdout] 
[INFO] [stdout] error[E0433]: failed to resolve: use of undeclared crate or module `ledger_test_helpers`
[INFO] [stdout]    --> src/tests.rs:993:18
[INFO] [stdout]     |
[INFO] [stdout] 993 |     let sample = ledger_test_helpers::sample_transition(rng);
[INFO] [stdout]     |                  ^^^^^^^^^^^^^^^^^^^ use of undeclared crate or module `ledger_test_helpers`
[INFO] [stdout] 
[INFO] [stdout] 
[INFO] [stdout] Some errors have detailed explanations: E0432, E0433.
[INFO] [stdout] 
[INFO] [stdout] For more information about an error, try `rustc --explain E0432`.
[INFO] [stdout] 
[INFO] [stderr] error: could not compile `snarkvm-ledger` (lib test) due to 3 previous errors; 4 warnings emitted
[INFO] running `Command { std: "docker" "inspect" "d46c79d9de622279998ffcaad1b7c5c821a4edc7dbaadb7fc1b714c4169cdadb", kill_on_drop: false }`
[INFO] running `Command { std: "docker" "rm" "-f" "d46c79d9de622279998ffcaad1b7c5c821a4edc7dbaadb7fc1b714c4169cdadb", kill_on_drop: false }`
[INFO] [stdout] d46c79d9de622279998ffcaad1b7c5c821a4edc7dbaadb7fc1b714c4169cdadb
