[INFO] fetching crate snarkvm-ledger-store 1.0.0...
[INFO] testing snarkvm-ledger-store-1.0.0 against nightly-2024-10-28 for randomize-layout
[INFO] extracting crate snarkvm-ledger-store 1.0.0 into /workspace/builds/worker-3-tc1/source
[INFO] validating manifest of crates.io crate snarkvm-ledger-store 1.0.0 on toolchain nightly-2024-10-28
[INFO] running `Command { std: CARGO_HOME="/workspace/cargo-home" RUSTUP_HOME="/workspace/rustup-home" "/workspace/cargo-home/bin/cargo" "+nightly-2024-10-28" "metadata" "--manifest-path" "Cargo.toml" "--no-deps", kill_on_drop: false }`
[INFO] started tweaking crates.io crate snarkvm-ledger-store 1.0.0
[INFO] finished tweaking crates.io crate snarkvm-ledger-store 1.0.0
[INFO] tweaked toml for crates.io crate snarkvm-ledger-store 1.0.0 written to /workspace/builds/worker-3-tc1/source/Cargo.toml
[INFO] running `Command { std: CARGO_HOME="/workspace/cargo-home" RUSTUP_HOME="/workspace/rustup-home" "/workspace/cargo-home/bin/cargo" "+nightly-2024-10-28" "generate-lockfile" "--manifest-path" "Cargo.toml", kill_on_drop: false }`
[INFO] [stderr]     Updating crates.io index
[INFO] [stderr]      Locking 261 packages to latest compatible versions
[INFO] [stderr]       Adding rocksdb v0.21.0 (available: v0.22.0)
[INFO] [stderr]       Adding serial_test v2.0.0 (available: v3.1.1)
[INFO] running `Command { std: CARGO_HOME="/workspace/cargo-home" RUSTUP_HOME="/workspace/rustup-home" "/workspace/cargo-home/bin/cargo" "+nightly-2024-10-28" "fetch" "--manifest-path" "Cargo.toml", kill_on_drop: false }`
[INFO] [stderr]  Downloading crates ...
[INFO] [stderr]   Downloaded snarkvm-circuit v1.0.0
[INFO] [stderr]   Downloaded snarkvm-console v1.0.0
[INFO] [stderr]   Downloaded enum_index_derive v0.2.0
[INFO] [stderr]   Downloaded enum_index v0.2.0
[INFO] [stderr]   Downloaded snarkvm-console-account v1.0.0
[INFO] [stderr]   Downloaded snarkvm-ledger-narwhal-data v1.0.0
[INFO] [stderr]   Downloaded snarkvm-circuit-program v1.0.0
[INFO] [stderr]   Downloaded snarkvm-ledger-authority v1.0.0
[INFO] [stderr]   Downloaded snarkvm-ledger-narwhal-batch-certificate v1.0.0
[INFO] [stderr]   Downloaded snarkvm-ledger-puzzle v1.0.0
[INFO] [stderr]   Downloaded snarkvm-ledger-block v1.0.0
[INFO] [stderr]   Downloaded snarkvm-synthesizer-program v1.0.0
[INFO] [stderr]   Downloaded snarkvm-circuit-account v1.0.0
[INFO] [stderr]   Downloaded snarkvm-circuit-network v1.0.0
[INFO] [stderr]   Downloaded snarkvm-console-program v1.0.0
[INFO] [stderr]   Downloaded snarkvm-ledger-narwhal-subdag v1.0.0
[INFO] [stderr]   Downloaded snarkvm-ledger-committee v1.0.0
[INFO] [stderr]   Downloaded snarkvm-ledger-narwhal-batch-header v1.0.0
[INFO] [stderr]   Downloaded snarkvm-ledger-narwhal-transmission-id v1.0.0
[INFO] [stderr]   Downloaded snarkvm-synthesizer-snark v1.0.0
[INFO] running `Command { std: "docker" "create" "-v" "/var/lib/crater-agent-workspace/builds/worker-3-tc1/target:/opt/rustwide/target:rw,Z" "-v" "/var/lib/crater-agent-workspace/builds/worker-3-tc1/source:/opt/rustwide/workdir:ro,Z" "-v" "/var/lib/crater-agent-workspace/cargo-home:/opt/rustwide/cargo-home:ro,Z" "-v" "/var/lib/crater-agent-workspace/rustup-home:/opt/rustwide/rustup-home:ro,Z" "-e" "SOURCE_DIR=/opt/rustwide/workdir" "-e" "CARGO_TARGET_DIR=/opt/rustwide/target" "-e" "CARGO_HOME=/opt/rustwide/cargo-home" "-e" "RUSTUP_HOME=/opt/rustwide/rustup-home" "-w" "/opt/rustwide/workdir" "-m" "1610612736" "--user" "0:0" "--network" "none" "ghcr.io/rust-lang/crates-build-env/linux@sha256:4a844ea9eb2546a2d2c7022eacef16ef2e8229c7fbb2c7d4d55a9ceca922f72d" "/opt/rustwide/cargo-home/bin/cargo" "+nightly-2024-10-28" "metadata" "--no-deps" "--format-version=1", kill_on_drop: false }`
[INFO] [stdout] 103379491cf1b1d4d0d2910c9142b0c5b07f91dfc8ab004f864d3ba58c4d3ab1
[INFO] running `Command { std: "docker" "start" "-a" "103379491cf1b1d4d0d2910c9142b0c5b07f91dfc8ab004f864d3ba58c4d3ab1", kill_on_drop: false }`
[INFO] running `Command { std: "docker" "inspect" "103379491cf1b1d4d0d2910c9142b0c5b07f91dfc8ab004f864d3ba58c4d3ab1", kill_on_drop: false }`
[INFO] running `Command { std: "docker" "rm" "-f" "103379491cf1b1d4d0d2910c9142b0c5b07f91dfc8ab004f864d3ba58c4d3ab1", kill_on_drop: false }`
[INFO] [stdout] 103379491cf1b1d4d0d2910c9142b0c5b07f91dfc8ab004f864d3ba58c4d3ab1
[INFO] running `Command { std: "docker" "create" "-v" "/var/lib/crater-agent-workspace/builds/worker-3-tc1/target:/opt/rustwide/target:rw,Z" "-v" "/var/lib/crater-agent-workspace/builds/worker-3-tc1/source:/opt/rustwide/workdir:ro,Z" "-v" "/var/lib/crater-agent-workspace/cargo-home:/opt/rustwide/cargo-home:ro,Z" "-v" "/var/lib/crater-agent-workspace/rustup-home:/opt/rustwide/rustup-home:ro,Z" "-e" "SOURCE_DIR=/opt/rustwide/workdir" "-e" "CARGO_TARGET_DIR=/opt/rustwide/target" "-e" "CARGO_INCREMENTAL=0" "-e" "RUST_BACKTRACE=full" "-e" "RUSTFLAGS=--cap-lints=forbid" "-e" "RUSTDOCFLAGS=--cap-lints=forbid" "-e" "CARGO_HOME=/opt/rustwide/cargo-home" "-e" "RUSTUP_HOME=/opt/rustwide/rustup-home" "-w" "/opt/rustwide/workdir" "-m" "1610612736" "--user" "0:0" "--network" "none" "ghcr.io/rust-lang/crates-build-env/linux@sha256:4a844ea9eb2546a2d2c7022eacef16ef2e8229c7fbb2c7d4d55a9ceca922f72d" "/opt/rustwide/cargo-home/bin/cargo" "+nightly-2024-10-28" "build" "--frozen" "--message-format=json", kill_on_drop: false }`
[INFO] [stdout] 0caa1bf5a49f790087f874fd11dba828153553821eef394cdfae99077fb5bea4
[INFO] running `Command { std: "docker" "start" "-a" "0caa1bf5a49f790087f874fd11dba828153553821eef394cdfae99077fb5bea4", kill_on_drop: false }`
[INFO] [stderr]    Compiling proc-macro2 v1.0.89
[INFO] [stderr]    Compiling unicode-ident v1.0.13
[INFO] [stderr]    Compiling libc v0.2.161
[INFO] [stderr]    Compiling cfg-if v1.0.0
[INFO] [stderr]    Compiling autocfg v1.4.0
[INFO] [stderr]    Compiling crossbeam-utils v0.8.20
[INFO] [stderr]    Compiling byteorder v1.5.0
[INFO] [stderr]    Compiling rayon-core v1.12.1
[INFO] [stderr]    Compiling serde v1.0.214
[INFO] [stderr]    Compiling allocator-api2 v0.2.18
[INFO] [stderr]    Compiling syn v1.0.109
[INFO] [stderr]    Compiling equivalent v1.0.1
[INFO] [stderr]    Compiling foldhash v0.1.3
[INFO] [stderr]    Compiling either v1.13.0
[INFO] [stderr]    Compiling anyhow v1.0.92
[INFO] [stderr]    Compiling serde_json v1.0.132
[INFO] [stderr]    Compiling thiserror v1.0.66
[INFO] [stderr]    Compiling memchr v2.7.4
[INFO] [stderr]    Compiling aleo-std-profiler v0.1.15
[INFO] [stderr]    Compiling aleo-std-cpu v0.1.4
[INFO] [stderr]    Compiling aleo-std-timer v0.1.2
[INFO] [stderr]    Compiling ryu v1.0.18
[INFO] [stderr]    Compiling itoa v1.0.11
[INFO] [stderr]    Compiling smol_str v0.2.2
[INFO] [stderr]    Compiling itertools v0.11.0
[INFO] [stderr]    Compiling version_check v0.9.5
[INFO] [stderr]    Compiling shlex v1.3.0
[INFO] [stderr]    Compiling pkg-config v0.3.31
[INFO] [stderr]    Compiling hashbrown v0.15.0
[INFO] [stderr]    Compiling vcpkg v0.2.15
[INFO] [stderr]    Compiling minimal-lexical v0.2.1
[INFO] [stderr]    Compiling bech32 v0.9.1
[INFO] [stderr]    Compiling typenum v1.17.0
[INFO] [stderr]    Compiling num-traits v0.2.19
[INFO] [stderr]    Compiling cc v1.1.31
[INFO] [stderr]    Compiling smallvec v1.13.2
[INFO] [stderr]    Compiling lock_api v0.4.12
[INFO] [stderr]    Compiling nom v7.1.3
[INFO] [stderr]    Compiling quote v1.0.37
[INFO] [stderr]    Compiling generic-array v0.14.7
[INFO] [stderr]    Compiling crossbeam-epoch v0.9.18
[INFO] [stderr]    Compiling syn v2.0.86
[INFO] [stderr]    Compiling getrandom v0.2.15
[INFO] [stderr]    Compiling dirs-sys v0.3.7
[INFO] [stderr]    Compiling num_cpus v1.16.0
[INFO] [stderr]    Compiling crunchy v0.2.2
[INFO] [stderr]    Compiling crossbeam-deque v0.8.5
[INFO] [stderr]    Compiling rand_core v0.6.4
[INFO] [stderr]    Compiling dirs v4.0.0
[INFO] [stderr]    Compiling parking_lot_core v0.9.10
[INFO] [stderr]    Compiling aleo-std-storage v0.1.7
[INFO] [stderr]    Compiling subtle v2.6.1
[INFO] [stderr]    Compiling rand_xorshift v0.3.0
[INFO] [stderr]    Compiling ahash v0.8.11
[INFO] [stderr]    Compiling scopeguard v1.2.0
[INFO] [stderr]    Compiling num-integer v0.1.46
[INFO] [stderr]    Compiling paste v1.0.15
[INFO] [stderr]    Compiling curl v0.4.47
[INFO] [stderr]    Compiling tiny-keccak v2.0.2
[INFO] [stderr]    Compiling socket2 v0.5.7
[INFO] [stderr]    Compiling cpufeatures v0.2.14
[INFO] [stderr]    Compiling once_cell v1.20.2
[INFO] [stderr]    Compiling arrayref v0.3.9
[INFO] [stderr]    Compiling constant_time_eq v0.3.1
[INFO] [stderr]    Compiling openssl-probe v0.1.5
[INFO] [stderr]    Compiling arrayvec v0.7.6
[INFO] [stderr]    Compiling lazy_static v1.5.0
[INFO] [stderr]    Compiling num-bigint v0.4.6
[INFO] [stderr]    Compiling colored v2.1.0
[INFO] [stderr]    Compiling parking_lot v0.12.3
[INFO] [stderr]    Compiling rayon v1.10.0
[INFO] [stderr]    Compiling hex v0.4.3
[INFO] [stderr]    Compiling blake2s_simd v1.0.2
[INFO] [stderr]    Compiling fxhash v0.2.1
[INFO] [stderr]    Compiling snarkvm-circuit-environment-witness v1.0.0
[INFO] [stderr]    Compiling unicode-xid v0.0.4
[INFO] [stderr]    Compiling snarkvm-circuit-types-boolean v1.0.0
[INFO] [stderr]    Compiling crypto-common v0.1.6
[INFO] [stderr]    Compiling block-buffer v0.10.4
[INFO] [stderr]    Compiling synom v0.11.3
[INFO] [stderr]    Compiling snarkvm-circuit-types-field v1.0.0
[INFO] [stderr]    Compiling bs58 v0.5.1
[INFO] [stderr]    Compiling openssl-sys v0.9.104
[INFO] [stderr]    Compiling libz-sys v1.1.20
[INFO] [stderr]    Compiling curl-sys v0.4.77+curl-8.10.1
[INFO] [stderr]    Compiling digest v0.10.7
[INFO] [stderr]    Compiling quote v0.3.15
[INFO] [stderr]    Compiling snarkvm-circuit-types-scalar v1.0.0
[INFO] [stderr]    Compiling enum_index v0.2.0
[INFO] [stderr]    Compiling snarkvm-circuit-types-group v1.0.0
[INFO] [stderr]    Compiling snarkvm-circuit-types-integers v1.0.0
[INFO] [stderr]    Compiling snarkvm-circuit-types-address v1.0.0
[INFO] [stderr]    Compiling snarkvm-circuit-types-string v1.0.0
[INFO] [stderr]    Compiling sha2 v0.10.8
[INFO] [stderr]    Compiling blake2 v0.10.6
[INFO] [stderr]    Compiling syn v0.11.11
[INFO] [stderr]    Compiling snarkvm-circuit-algorithms v1.0.0
[INFO] [stderr]    Compiling snarkvm-circuit-collections v1.0.0
[INFO] [stderr]    Compiling lru v0.12.5
[INFO] [stderr]    Compiling snarkvm-circuit-network v1.0.0
[INFO] [stderr]    Compiling snarkvm-circuit-account v1.0.0
[INFO] [stderr]    Compiling snarkvm-circuit-program v1.0.0
[INFO] [stderr]    Compiling bytes v1.8.0
[INFO] [stderr]    Compiling enum_index_derive v0.2.0
[INFO] [stderr]    Compiling aleo-std-time v0.1.2
[INFO] [stderr]    Compiling aleo-std-timed v0.1.2
[INFO] [stderr]    Compiling aleo-std v0.1.24
[INFO] [stderr]    Compiling zerocopy-derive v0.7.35
[INFO] [stderr]    Compiling serde_derive v1.0.214
[INFO] [stderr]    Compiling thiserror-impl v1.0.66
[INFO] [stderr]    Compiling zeroize_derive v1.4.2
[INFO] [stderr]    Compiling snarkvm-utilities-derives v1.0.0
[INFO] [stderr]    Compiling enum-iterator-derive v1.4.0
[INFO] [stderr]    Compiling num-derive v0.4.2
[INFO] [stderr]    Compiling zeroize v1.8.1
[INFO] [stderr]    Compiling enum-iterator v2.1.0
[INFO] [stderr]    Compiling zerocopy v0.7.35
[INFO] [stderr]    Compiling ppv-lite86 v0.2.20
[INFO] [stderr]    Compiling hashbrown v0.14.5
[INFO] [stderr]    Compiling rand_chacha v0.3.1
[INFO] [stderr]    Compiling rand v0.8.5
[INFO] [stderr]    Compiling indexmap v2.6.0
[INFO] [stderr]    Compiling bincode v1.3.3
[INFO] [stderr]    Compiling snarkvm-utilities v1.0.0
[INFO] [stderr]    Compiling snarkvm-fields v1.0.0
[INFO] [stderr]    Compiling snarkvm-curves v1.0.0
[INFO] [stderr]    Compiling snarkvm-console-network-environment v1.0.0
[INFO] [stderr]    Compiling snarkvm-parameters v1.0.0
[INFO] [stderr]    Compiling snarkvm-console-types-boolean v1.0.0
[INFO] [stderr]    Compiling snarkvm-console-types-field v1.0.0
[INFO] [stderr]    Compiling snarkvm-console-types-scalar v1.0.0
[INFO] [stderr]    Compiling snarkvm-console-types-integers v1.0.0
[INFO] [stderr]    Compiling snarkvm-console-types-group v1.0.0
[INFO] [stderr]    Compiling snarkvm-console-types-address v1.0.0
[INFO] [stderr]    Compiling snarkvm-console-types-string v1.0.0
[INFO] [stderr]    Compiling snarkvm-console-types v1.0.0
[INFO] [stderr]    Compiling snarkvm-console-algorithms v1.0.0
[INFO] [stderr]    Compiling snarkvm-console-collections v1.0.0
[INFO] [stderr]    Compiling snarkvm-algorithms v1.0.0
[INFO] [stderr]    Compiling snarkvm-console-network v1.0.0
[INFO] [stderr]    Compiling snarkvm-circuit-environment v1.0.0
[INFO] [stderr]    Compiling snarkvm-console-account v1.0.0
[INFO] [stderr]    Compiling snarkvm-console-program v1.0.0
[INFO] [stderr]    Compiling snarkvm-circuit-types v1.0.0
[INFO] [stderr]    Compiling snarkvm-console v1.0.0
[INFO] [stderr]    Compiling snarkvm-ledger-puzzle v1.0.0
[INFO] [stderr]    Compiling snarkvm-ledger-narwhal-data v1.0.0
[INFO] [stderr]    Compiling snarkvm-ledger-narwhal-transmission-id v1.0.0
[INFO] [stderr]    Compiling snarkvm-ledger-narwhal-batch-header v1.0.0
[INFO] [stderr]    Compiling snarkvm-ledger-committee v1.0.0
[INFO] [stderr]    Compiling snarkvm-ledger-narwhal-batch-certificate v1.0.0
[INFO] [stderr]    Compiling snarkvm-ledger-narwhal-subdag v1.0.0
[INFO] [stderr]    Compiling snarkvm-ledger-authority v1.0.0
[INFO] [stderr]    Compiling snarkvm-circuit v1.0.0
[INFO] [stderr]    Compiling snarkvm-synthesizer-program v1.0.0
[INFO] [stderr]    Compiling snarkvm-synthesizer-snark v1.0.0
[INFO] [stderr]    Compiling snarkvm-ledger-block v1.0.0
[INFO] [stderr]    Compiling snarkvm-ledger-store v1.0.0 (/opt/rustwide/workdir)
[INFO] [stderr]     Finished `dev` profile [unoptimized + debuginfo] target(s) in 31.57s
[INFO] running `Command { std: "docker" "inspect" "0caa1bf5a49f790087f874fd11dba828153553821eef394cdfae99077fb5bea4", kill_on_drop: false }`
[INFO] running `Command { std: "docker" "rm" "-f" "0caa1bf5a49f790087f874fd11dba828153553821eef394cdfae99077fb5bea4", kill_on_drop: false }`
[INFO] [stdout] 0caa1bf5a49f790087f874fd11dba828153553821eef394cdfae99077fb5bea4
[INFO] running `Command { std: "docker" "create" "-v" "/var/lib/crater-agent-workspace/builds/worker-3-tc1/target:/opt/rustwide/target:rw,Z" "-v" "/var/lib/crater-agent-workspace/builds/worker-3-tc1/source:/opt/rustwide/workdir:ro,Z" "-v" "/var/lib/crater-agent-workspace/cargo-home:/opt/rustwide/cargo-home:ro,Z" "-v" "/var/lib/crater-agent-workspace/rustup-home:/opt/rustwide/rustup-home:ro,Z" "-e" "SOURCE_DIR=/opt/rustwide/workdir" "-e" "CARGO_TARGET_DIR=/opt/rustwide/target" "-e" "CARGO_INCREMENTAL=0" "-e" "RUST_BACKTRACE=full" "-e" "RUSTFLAGS=--cap-lints=forbid" "-e" "RUSTDOCFLAGS=--cap-lints=forbid" "-e" "CARGO_HOME=/opt/rustwide/cargo-home" "-e" "RUSTUP_HOME=/opt/rustwide/rustup-home" "-w" "/opt/rustwide/workdir" "-m" "1610612736" "--user" "0:0" "--network" "none" "ghcr.io/rust-lang/crates-build-env/linux@sha256:4a844ea9eb2546a2d2c7022eacef16ef2e8229c7fbb2c7d4d55a9ceca922f72d" "/opt/rustwide/cargo-home/bin/cargo" "+nightly-2024-10-28" "test" "--frozen" "--no-run" "--message-format=json", kill_on_drop: false }`
[INFO] [stdout] d17b678087e40e8abf167df367bc57e4dfa4371f51645ae32a11ac76d4b2e75b
[INFO] running `Command { std: "docker" "start" "-a" "d17b678087e40e8abf167df367bc57e4dfa4371f51645ae32a11ac76d4b2e75b", kill_on_drop: false }`
[INFO] [stderr]    Compiling memchr v2.7.4
[INFO] [stderr]    Compiling pin-project-lite v0.2.15
[INFO] [stderr]    Compiling slab v0.4.9
[INFO] [stderr]    Compiling futures-core v0.3.31
[INFO] [stderr]    Compiling futures-sink v0.3.31
[INFO] [stderr]    Compiling tracing-core v0.1.32
[INFO] [stderr]    Compiling futures-task v0.3.31
[INFO] [stderr]    Compiling futures-io v0.3.31
[INFO] [stderr]    Compiling regex-syntax v0.8.5
[INFO] [stderr]    Compiling regex-syntax v0.6.29
[INFO] [stderr]    Compiling log v0.4.22
[INFO] [stderr]    Compiling pin-utils v0.1.0
[INFO] [stderr]    Compiling rustix v0.38.38
[INFO] [stderr]    Compiling overload v0.1.1
[INFO] [stderr]    Compiling sharded-slab v0.1.7
[INFO] [stderr]    Compiling thread_local v1.1.8
[INFO] [stderr]    Compiling nu-ansi-term v0.46.0
[INFO] [stderr]    Compiling futures-channel v0.3.31
[INFO] [stderr]    Compiling bitflags v2.6.0
[INFO] [stderr]    Compiling linux-raw-sys v0.4.14
[INFO] [stderr]    Compiling dashmap v5.5.3
[INFO] [stderr]    Compiling serial_test_derive v2.0.0
[INFO] [stderr]    Compiling tracing-test-macro v0.2.5
[INFO] [stderr]    Compiling fastrand v2.1.1
[INFO] [stderr]    Compiling tracing-log v0.2.0
[INFO] [stderr]    Compiling tracing v0.1.40
[INFO] [stderr]    Compiling serde_json v1.0.132
[INFO] [stderr]    Compiling nom v7.1.3
[INFO] [stderr]    Compiling futures-util v0.3.31
[INFO] [stderr]    Compiling regex-automata v0.4.8
[INFO] [stderr]    Compiling snarkvm-utilities v1.0.0
[INFO] [stderr]    Compiling regex-automata v0.1.10
[INFO] [stderr]    Compiling snarkvm-fields v1.0.0
[INFO] [stderr]    Compiling tempfile v3.13.0
[INFO] [stderr]    Compiling matchers v0.1.0
[INFO] [stderr]    Compiling regex v1.11.1
[INFO] [stderr]    Compiling snarkvm-curves v1.0.0
[INFO] [stderr]    Compiling futures-executor v0.3.31
[INFO] [stderr]    Compiling futures v0.3.31
[INFO] [stderr]    Compiling serial_test v2.0.0
[INFO] [stderr]    Compiling tracing-subscriber v0.3.18
[INFO] [stderr]    Compiling snarkvm-console-network-environment v1.0.0
[INFO] [stderr]    Compiling snarkvm-parameters v1.0.0
[INFO] [stderr]    Compiling snarkvm-console-types-boolean v1.0.0
[INFO] [stderr]    Compiling snarkvm-console-types-field v1.0.0
[INFO] [stderr]    Compiling snarkvm-console-types-scalar v1.0.0
[INFO] [stderr]    Compiling snarkvm-console-types-integers v1.0.0
[INFO] [stderr]    Compiling snarkvm-console-types-group v1.0.0
[INFO] [stderr]    Compiling tracing-test v0.2.5
[INFO] [stderr]    Compiling snarkvm-console-types-address v1.0.0
[INFO] [stderr]    Compiling snarkvm-console-types-string v1.0.0
[INFO] [stderr]    Compiling snarkvm-console-types v1.0.0
[INFO] [stderr]    Compiling snarkvm-console-algorithms v1.0.0
[INFO] [stderr]    Compiling snarkvm-console-collections v1.0.0
[INFO] [stderr]    Compiling snarkvm-algorithms v1.0.0
[INFO] [stderr]    Compiling snarkvm-console-network v1.0.0
[INFO] [stderr]    Compiling snarkvm-circuit-environment v1.0.0
[INFO] [stderr]    Compiling snarkvm-console-account v1.0.0
[INFO] [stderr]    Compiling snarkvm-console-program v1.0.0
[INFO] [stderr]    Compiling snarkvm-circuit-types-boolean v1.0.0
[INFO] [stderr]    Compiling snarkvm-circuit-types-field v1.0.0
[INFO] [stderr]    Compiling snarkvm-circuit-types-scalar v1.0.0
[INFO] [stderr]    Compiling snarkvm-circuit-types-group v1.0.0
[INFO] [stderr]    Compiling snarkvm-circuit-types-integers v1.0.0
[INFO] [stderr]    Compiling snarkvm-circuit-types-address v1.0.0
[INFO] [stderr]    Compiling snarkvm-circuit-types-string v1.0.0
[INFO] [stderr]    Compiling snarkvm-circuit-types v1.0.0
[INFO] [stderr]    Compiling snarkvm-circuit-algorithms v1.0.0
[INFO] [stderr]    Compiling snarkvm-circuit-collections v1.0.0
[INFO] [stderr]    Compiling snarkvm-console v1.0.0
[INFO] [stderr]    Compiling snarkvm-circuit-network v1.0.0
[INFO] [stderr]    Compiling snarkvm-ledger-puzzle v1.0.0
[INFO] [stderr]    Compiling snarkvm-ledger-narwhal-data v1.0.0
[INFO] [stderr]    Compiling snarkvm-ledger-narwhal-transmission-id v1.0.0
[INFO] [stderr]    Compiling snarkvm-ledger-narwhal-batch-header v1.0.0
[INFO] [stderr]    Compiling snarkvm-ledger-narwhal-batch-certificate v1.0.0
[INFO] [stderr]    Compiling snarkvm-ledger-committee v1.0.0
[INFO] [stderr]    Compiling snarkvm-circuit-account v1.0.0
[INFO] [stderr]    Compiling snarkvm-ledger-narwhal-subdag v1.0.0
[INFO] [stderr]    Compiling snarkvm-circuit-program v1.0.0
[INFO] [stderr]    Compiling snarkvm-ledger-authority v1.0.0
[INFO] [stderr]    Compiling snarkvm-circuit v1.0.0
[INFO] [stderr]    Compiling snarkvm-synthesizer-program v1.0.0
[INFO] [stderr]    Compiling snarkvm-synthesizer-snark v1.0.0
[INFO] [stderr]    Compiling snarkvm-ledger-block v1.0.0
[INFO] [stderr]    Compiling snarkvm-ledger-store v1.0.0 (/opt/rustwide/workdir)
[INFO] [stdout] error[E0433]: failed to resolve: could not find `test_helpers` in `ledger_committee`
[INFO] [stdout]    --> src/program/committee.rs:424:45
[INFO] [stdout]     |
[INFO] [stdout] 424 |         let committee_0 = ledger_committee::test_helpers::sample_committee_for_round(0, rng);
[INFO] [stdout]     |                                             ^^^^^^^^^^^^ could not find `test_helpers` in `ledger_committee`
[INFO] [stdout]     |
[INFO] [stdout] note: found an item that was configured out
[INFO] [stdout]    --> /opt/rustwide/cargo-home/registry/src/index.crates.io-6f17d22bba15001f/snarkvm-ledger-committee-1.0.0/src/lib.rs:252:9
[INFO] [stdout]     |
[INFO] [stdout] 252 | pub mod test_helpers {
[INFO] [stdout]     |         ^^^^^^^^^^^^
[INFO] [stdout] note: the item is gated here
[INFO] [stdout]    --> /opt/rustwide/cargo-home/registry/src/index.crates.io-6f17d22bba15001f/snarkvm-ledger-committee-1.0.0/src/lib.rs:251:1
[INFO] [stdout]     |
[INFO] [stdout] 251 | #[cfg(any(test, feature = "test-helpers"))]
[INFO] [stdout]     | ^^^^^^^^^^^^^^^^^^^^^^^^^^^^^^^^^^^^^^^^^^^
[INFO] [stdout] 
[INFO] [stdout] 
[INFO] [stdout] error[E0433]: failed to resolve: could not find `test_helpers` in `ledger_committee`
[INFO] [stdout]    --> src/program/committee.rs:456:45
[INFO] [stdout]     |
[INFO] [stdout] 456 |         let committee_1 = ledger_committee::test_helpers::sample_committee_for_round(5, rng);
[INFO] [stdout]     |                                             ^^^^^^^^^^^^ could not find `test_helpers` in `ledger_committee`
[INFO] [stdout]     |
[INFO] [stdout] note: found an item that was configured out
[INFO] [stdout]    --> /opt/rustwide/cargo-home/registry/src/index.crates.io-6f17d22bba15001f/snarkvm-ledger-committee-1.0.0/src/lib.rs:252:9
[INFO] [stdout]     |
[INFO] [stdout] 252 | pub mod test_helpers {
[INFO] [stdout]     |         ^^^^^^^^^^^^
[INFO] [stdout] note: the item is gated here
[INFO] [stdout]    --> /opt/rustwide/cargo-home/registry/src/index.crates.io-6f17d22bba15001f/snarkvm-ledger-committee-1.0.0/src/lib.rs:251:1
[INFO] [stdout]     |
[INFO] [stdout] 251 | #[cfg(any(test, feature = "test-helpers"))]
[INFO] [stdout]     | ^^^^^^^^^^^^^^^^^^^^^^^^^^^^^^^^^^^^^^^^^^^
[INFO] [stdout] 
[INFO] [stdout] 
[INFO] [stdout] error[E0433]: failed to resolve: could not find `test_helpers` in `ledger_committee`
[INFO] [stdout]    --> src/program/committee.rs:545:45
[INFO] [stdout]     |
[INFO] [stdout] 545 |         let committee_0 = ledger_committee::test_helpers::sample_committee_for_round(0, rng);
[INFO] [stdout]     |                                             ^^^^^^^^^^^^ could not find `test_helpers` in `ledger_committee`
[INFO] [stdout]     |
[INFO] [stdout] note: found an item that was configured out
[INFO] [stdout]    --> /opt/rustwide/cargo-home/registry/src/index.crates.io-6f17d22bba15001f/snarkvm-ledger-committee-1.0.0/src/lib.rs:252:9
[INFO] [stdout]     |
[INFO] [stdout] 252 | pub mod test_helpers {
[INFO] [stdout]     |         ^^^^^^^^^^^^
[INFO] [stdout] note: the item is gated here
[INFO] [stdout]    --> /opt/rustwide/cargo-home/registry/src/index.crates.io-6f17d22bba15001f/snarkvm-ledger-committee-1.0.0/src/lib.rs:251:1
[INFO] [stdout]     |
[INFO] [stdout] 251 | #[cfg(any(test, feature = "test-helpers"))]
[INFO] [stdout]     | ^^^^^^^^^^^^^^^^^^^^^^^^^^^^^^^^^^^^^^^^^^^
[INFO] [stdout] 
[INFO] [stdout] 
[INFO] [stdout] error[E0433]: failed to resolve: could not find `test_helpers` in `ledger_committee`
[INFO] [stdout]    --> src/program/committee.rs:560:45
[INFO] [stdout]     |
[INFO] [stdout] 560 |         let committee_1 = ledger_committee::test_helpers::sample_committee_for_round(5, rng);
[INFO] [stdout]     |                                             ^^^^^^^^^^^^ could not find `test_helpers` in `ledger_committee`
[INFO] [stdout]     |
[INFO] [stdout] note: found an item that was configured out
[INFO] [stdout]    --> /opt/rustwide/cargo-home/registry/src/index.crates.io-6f17d22bba15001f/snarkvm-ledger-committee-1.0.0/src/lib.rs:252:9
[INFO] [stdout]     |
[INFO] [stdout] 252 | pub mod test_helpers {
[INFO] [stdout]     |         ^^^^^^^^^^^^
[INFO] [stdout] note: the item is gated here
[INFO] [stdout]    --> /opt/rustwide/cargo-home/registry/src/index.crates.io-6f17d22bba15001f/snarkvm-ledger-committee-1.0.0/src/lib.rs:251:1
[INFO] [stdout]     |
[INFO] [stdout] 251 | #[cfg(any(test, feature = "test-helpers"))]
[INFO] [stdout]     | ^^^^^^^^^^^^^^^^^^^^^^^^^^^^^^^^^^^^^^^^^^^
[INFO] [stdout] 
[INFO] [stdout] 
[INFO] [stdout] error[E0433]: failed to resolve: use of undeclared crate or module `ledger_test_helpers`
[INFO] [stdout]   --> src/block/confirmed_tx_type/mod.rs:56:24
[INFO] [stdout]    |
[INFO] [stdout] 56 |         let rejected = ledger_test_helpers::sample_rejected_deployment(rng.gen(), rng);
[INFO] [stdout]    |                        ^^^^^^^^^^^^^^^^^^^ use of undeclared crate or module `ledger_test_helpers`
[INFO] [stdout] 
[INFO] [stdout] 
[INFO] [stdout] error[E0433]: failed to resolve: use of undeclared crate or module `ledger_test_helpers`
[INFO] [stdout]   --> src/block/confirmed_tx_type/mod.rs:64:24
[INFO] [stdout]    |
[INFO] [stdout] 64 |         let rejected = ledger_test_helpers::sample_rejected_execution(rng.gen(), rng);
[INFO] [stdout]    |                        ^^^^^^^^^^^^^^^^^^^ use of undeclared crate or module `ledger_test_helpers`
[INFO] [stdout] 
[INFO] [stdout] 
[INFO] [stdout] error[E0433]: failed to resolve: use of undeclared crate or module `ledger_test_helpers`
[INFO] [stdout]     --> src/block/mod.rs:1387:21
[INFO] [stdout]      |
[INFO] [stdout] 1387 |         let block = ledger_test_helpers::sample_genesis_block(rng);
[INFO] [stdout]      |                     ^^^^^^^^^^^^^^^^^^^ use of undeclared crate or module `ledger_test_helpers`
[INFO] [stdout] 
[INFO] [stdout] 
[INFO] [stdout] error[E0433]: failed to resolve: use of undeclared crate or module `ledger_test_helpers`
[INFO] [stdout]     --> src/block/mod.rs:1417:21
[INFO] [stdout]      |
[INFO] [stdout] 1417 |         let block = ledger_test_helpers::sample_genesis_block(rng);
[INFO] [stdout]      |                     ^^^^^^^^^^^^^^^^^^^ use of undeclared crate or module `ledger_test_helpers`
[INFO] [stdout] 
[INFO] [stdout] 
[INFO] [stdout] error[E0433]: failed to resolve: use of undeclared crate or module `ledger_test_helpers`
[INFO] [stdout]     --> src/block/mod.rs:1458:21
[INFO] [stdout]      |
[INFO] [stdout] 1458 |         let block = ledger_test_helpers::sample_genesis_block(rng);
[INFO] [stdout]      |                     ^^^^^^^^^^^^^^^^^^^ use of undeclared crate or module `ledger_test_helpers`
[INFO] [stdout] 
[INFO] [stdout] 
[INFO] [stdout] error[E0433]: failed to resolve: use of undeclared crate or module `ledger_test_helpers`
[INFO] [stdout]     --> src/block/mod.rs:1477:21
[INFO] [stdout]      |
[INFO] [stdout] 1477 |         let block = ledger_test_helpers::sample_genesis_block(rng);
[INFO] [stdout]      |                     ^^^^^^^^^^^^^^^^^^^ use of undeclared crate or module `ledger_test_helpers`
[INFO] [stdout] 
[INFO] [stdout] 
[INFO] [stdout] error[E0433]: failed to resolve: use of undeclared crate or module `ledger_test_helpers`
[INFO] [stdout]     --> src/block/mod.rs:1496:21
[INFO] [stdout]      |
[INFO] [stdout] 1496 |         let block = ledger_test_helpers::sample_genesis_block(rng);
[INFO] [stdout]      |                     ^^^^^^^^^^^^^^^^^^^ use of undeclared crate or module `ledger_test_helpers`
[INFO] [stdout] 
[INFO] [stdout] 
[INFO] [stdout] error[E0433]: failed to resolve: use of undeclared crate or module `ledger_test_helpers`
[INFO] [stdout]    --> src/transaction/deployment.rs:682:29
[INFO] [stdout]     |
[INFO] [stdout] 682 |         let transaction_0 = ledger_test_helpers::sample_deployment_transaction(true, rng);
[INFO] [stdout]     |                             ^^^^^^^^^^^^^^^^^^^ use of undeclared crate or module `ledger_test_helpers`
[INFO] [stdout] 
[INFO] [stdout] 
[INFO] [stdout] error[E0433]: failed to resolve: use of undeclared crate or module `ledger_test_helpers`
[INFO] [stdout]    --> src/transaction/deployment.rs:683:29
[INFO] [stdout]     |
[INFO] [stdout] 683 |         let transaction_1 = ledger_test_helpers::sample_deployment_transaction(false, rng);
[INFO] [stdout]     |                             ^^^^^^^^^^^^^^^^^^^ use of undeclared crate or module `ledger_test_helpers`
[INFO] [stdout] 
[INFO] [stdout] 
[INFO] [stdout] error[E0433]: failed to resolve: use of undeclared crate or module `ledger_test_helpers`
[INFO] [stdout]    --> src/transaction/deployment.rs:721:29
[INFO] [stdout]     |
[INFO] [stdout] 721 |         let transaction_0 = ledger_test_helpers::sample_deployment_transaction(true, rng);
[INFO] [stdout]     |                             ^^^^^^^^^^^^^^^^^^^ use of undeclared crate or module `ledger_test_helpers`
[INFO] [stdout] 
[INFO] [stdout] 
[INFO] [stdout] error[E0433]: failed to resolve: use of undeclared crate or module `ledger_test_helpers`
[INFO] [stdout]    --> src/transaction/deployment.rs:722:29
[INFO] [stdout]     |
[INFO] [stdout] 722 |         let transaction_1 = ledger_test_helpers::sample_deployment_transaction(false, rng);
[INFO] [stdout]     |                             ^^^^^^^^^^^^^^^^^^^ use of undeclared crate or module `ledger_test_helpers`
[INFO] [stdout] 
[INFO] [stdout] 
[INFO] [stdout] error[E0433]: failed to resolve: use of undeclared crate or module `ledger_test_helpers`
[INFO] [stdout]    --> src/transaction/execution.rs:478:27
[INFO] [stdout]     |
[INFO] [stdout] 478 |         let transaction = ledger_test_helpers::sample_execution_transaction_with_fee(true, rng);
[INFO] [stdout]     |                           ^^^^^^^^^^^^^^^^^^^ use of undeclared crate or module `ledger_test_helpers`
[INFO] [stdout] 
[INFO] [stdout] 
[INFO] [stdout] error[E0433]: failed to resolve: use of undeclared crate or module `ledger_test_helpers`
[INFO] [stdout]    --> src/transaction/execution.rs:482:27
[INFO] [stdout]     |
[INFO] [stdout] 482 |         let transaction = ledger_test_helpers::sample_execution_transaction_with_fee(false, rng);
[INFO] [stdout]     |                           ^^^^^^^^^^^^^^^^^^^ use of undeclared crate or module `ledger_test_helpers`
[INFO] [stdout] 
[INFO] [stdout] 
[INFO] [stdout] error[E0433]: failed to resolve: use of undeclared crate or module `ledger_test_helpers`
[INFO] [stdout]    --> src/transaction/execution.rs:491:27
[INFO] [stdout]     |
[INFO] [stdout] 491 |         let transaction = ledger_test_helpers::sample_execution_transaction_with_fee(true, rng);
[INFO] [stdout]     |                           ^^^^^^^^^^^^^^^^^^^ use of undeclared crate or module `ledger_test_helpers`
[INFO] [stdout] 
[INFO] [stdout] 
[INFO] [stdout] error[E0433]: failed to resolve: use of undeclared crate or module `ledger_test_helpers`
[INFO] [stdout]    --> src/transaction/execution.rs:495:27
[INFO] [stdout]     |
[INFO] [stdout] 495 |         let transaction = ledger_test_helpers::sample_execution_transaction_with_fee(false, rng);
[INFO] [stdout]     |                           ^^^^^^^^^^^^^^^^^^^ use of undeclared crate or module `ledger_test_helpers`
[INFO] [stdout] 
[INFO] [stdout] 
[INFO] [stdout] error[E0433]: failed to resolve: use of undeclared crate or module `ledger_test_helpers`
[INFO] [stdout]    --> src/transaction/fee.rs:274:29
[INFO] [stdout]     |
[INFO] [stdout] 274 |         let transaction_0 = ledger_test_helpers::sample_fee_private_transaction(rng);
[INFO] [stdout]     |                             ^^^^^^^^^^^^^^^^^^^ use of undeclared crate or module `ledger_test_helpers`
[INFO] [stdout] 
[INFO] [stdout] 
[INFO] [stdout] error[E0433]: failed to resolve: use of undeclared crate or module `ledger_test_helpers`
[INFO] [stdout]    --> src/transaction/fee.rs:275:29
[INFO] [stdout]     |
[INFO] [stdout] 275 |         let transaction_1 = ledger_test_helpers::sample_fee_public_transaction(rng);
[INFO] [stdout]     |                             ^^^^^^^^^^^^^^^^^^^ use of undeclared crate or module `ledger_test_helpers`
[INFO] [stdout] 
[INFO] [stdout] 
[INFO] [stdout] error[E0433]: failed to resolve: use of undeclared crate or module `ledger_test_helpers`
[INFO] [stdout]    --> src/transaction/fee.rs:314:29
[INFO] [stdout]     |
[INFO] [stdout] 314 |         let transaction_0 = ledger_test_helpers::sample_fee_private_transaction(rng);
[INFO] [stdout]     |                             ^^^^^^^^^^^^^^^^^^^ use of undeclared crate or module `ledger_test_helpers`
[INFO] [stdout] 
[INFO] [stdout] 
[INFO] [stdout] error[E0433]: failed to resolve: use of undeclared crate or module `ledger_test_helpers`
[INFO] [stdout]    --> src/transaction/fee.rs:315:29
[INFO] [stdout]     |
[INFO] [stdout] 315 |         let transaction_1 = ledger_test_helpers::sample_fee_public_transaction(rng);
[INFO] [stdout]     |                             ^^^^^^^^^^^^^^^^^^^ use of undeclared crate or module `ledger_test_helpers`
[INFO] [stdout] 
[INFO] [stdout] 
[INFO] [stdout] error[E0433]: failed to resolve: use of undeclared crate or module `ledger_test_helpers`
[INFO] [stdout]    --> src/transaction/mod.rs:492:13
[INFO] [stdout]     |
[INFO] [stdout] 492 |             ledger_test_helpers::sample_deployment_transaction(true, rng),
[INFO] [stdout]     |             ^^^^^^^^^^^^^^^^^^^ use of undeclared crate or module `ledger_test_helpers`
[INFO] [stdout] 
[INFO] [stdout] 
[INFO] [stdout] error[E0433]: failed to resolve: use of undeclared crate or module `ledger_test_helpers`
[INFO] [stdout]    --> src/transaction/mod.rs:493:13
[INFO] [stdout]     |
[INFO] [stdout] 493 |             ledger_test_helpers::sample_deployment_transaction(false, rng),
[INFO] [stdout]     |             ^^^^^^^^^^^^^^^^^^^ use of undeclared crate or module `ledger_test_helpers`
[INFO] [stdout] 
[INFO] [stdout] 
[INFO] [stdout] error[E0433]: failed to resolve: use of undeclared crate or module `ledger_test_helpers`
[INFO] [stdout]    --> src/transaction/mod.rs:494:13
[INFO] [stdout]     |
[INFO] [stdout] 494 |             ledger_test_helpers::sample_execution_transaction_with_fee(true, rng),
[INFO] [stdout]     |             ^^^^^^^^^^^^^^^^^^^ use of undeclared crate or module `ledger_test_helpers`
[INFO] [stdout] 
[INFO] [stdout] 
[INFO] [stdout] error[E0433]: failed to resolve: use of undeclared crate or module `ledger_test_helpers`
[INFO] [stdout]    --> src/transaction/mod.rs:495:13
[INFO] [stdout]     |
[INFO] [stdout] 495 |             ledger_test_helpers::sample_execution_transaction_with_fee(false, rng),
[INFO] [stdout]     |             ^^^^^^^^^^^^^^^^^^^ use of undeclared crate or module `ledger_test_helpers`
[INFO] [stdout] 
[INFO] [stdout] 
[INFO] [stdout] error[E0433]: failed to resolve: use of undeclared crate or module `ledger_test_helpers`
[INFO] [stdout]    --> src/transaction/mod.rs:496:13
[INFO] [stdout]     |
[INFO] [stdout] 496 |             ledger_test_helpers::sample_fee_private_transaction(rng),
[INFO] [stdout]     |             ^^^^^^^^^^^^^^^^^^^ use of undeclared crate or module `ledger_test_helpers`
[INFO] [stdout] 
[INFO] [stdout] 
[INFO] [stdout] error[E0433]: failed to resolve: use of undeclared crate or module `ledger_test_helpers`
[INFO] [stdout]    --> src/transaction/mod.rs:497:13
[INFO] [stdout]     |
[INFO] [stdout] 497 |             ledger_test_helpers::sample_fee_public_transaction(rng),
[INFO] [stdout]     |             ^^^^^^^^^^^^^^^^^^^ use of undeclared crate or module `ledger_test_helpers`
[INFO] [stdout] 
[INFO] [stdout] 
[INFO] [stdout] error[E0433]: failed to resolve: use of undeclared crate or module `ledger_test_helpers`
[INFO] [stdout]    --> src/transaction/mod.rs:532:13
[INFO] [stdout]     |
[INFO] [stdout] 532 |             ledger_test_helpers::sample_deployment_transaction(true, rng),
[INFO] [stdout]     |             ^^^^^^^^^^^^^^^^^^^ use of undeclared crate or module `ledger_test_helpers`
[INFO] [stdout] 
[INFO] [stdout] 
[INFO] [stdout] error[E0433]: failed to resolve: use of undeclared crate or module `ledger_test_helpers`
[INFO] [stdout]    --> src/transaction/mod.rs:533:13
[INFO] [stdout]     |
[INFO] [stdout] 533 |             ledger_test_helpers::sample_deployment_transaction(false, rng),
[INFO] [stdout]     |             ^^^^^^^^^^^^^^^^^^^ use of undeclared crate or module `ledger_test_helpers`
[INFO] [stdout] 
[INFO] [stdout] 
[INFO] [stdout] error[E0433]: failed to resolve: use of undeclared crate or module `ledger_test_helpers`
[INFO] [stdout]    --> src/transaction/mod.rs:534:13
[INFO] [stdout]     |
[INFO] [stdout] 534 |             ledger_test_helpers::sample_execution_transaction_with_fee(true, rng),
[INFO] [stdout]     |             ^^^^^^^^^^^^^^^^^^^ use of undeclared crate or module `ledger_test_helpers`
[INFO] [stdout] 
[INFO] [stdout] 
[INFO] [stdout] error[E0433]: failed to resolve: use of undeclared crate or module `ledger_test_helpers`
[INFO] [stdout]    --> src/transaction/mod.rs:535:13
[INFO] [stdout]     |
[INFO] [stdout] 535 |             ledger_test_helpers::sample_execution_transaction_with_fee(false, rng),
[INFO] [stdout]     |             ^^^^^^^^^^^^^^^^^^^ use of undeclared crate or module `ledger_test_helpers`
[INFO] [stdout] 
[INFO] [stdout] 
[INFO] [stdout] error[E0433]: failed to resolve: use of undeclared crate or module `ledger_test_helpers`
[INFO] [stdout]    --> src/transaction/mod.rs:536:13
[INFO] [stdout]     |
[INFO] [stdout] 536 |             ledger_test_helpers::sample_fee_private_transaction(rng),
[INFO] [stdout]     |             ^^^^^^^^^^^^^^^^^^^ use of undeclared crate or module `ledger_test_helpers`
[INFO] [stdout] 
[INFO] [stdout] 
[INFO] [stdout] error[E0433]: failed to resolve: use of undeclared crate or module `ledger_test_helpers`
[INFO] [stdout]    --> src/transaction/mod.rs:537:13
[INFO] [stdout]     |
[INFO] [stdout] 537 |             ledger_test_helpers::sample_fee_public_transaction(rng),
[INFO] [stdout]     |             ^^^^^^^^^^^^^^^^^^^ use of undeclared crate or module `ledger_test_helpers`
[INFO] [stdout] 
[INFO] [stdout] 
[INFO] [stdout] error[E0433]: failed to resolve: use of undeclared crate or module `ledger_test_helpers`
[INFO] [stdout]    --> src/transition/input.rs:499:39
[INFO] [stdout]     |
[INFO] [stdout] 499 |         for (transition_id, input) in ledger_test_helpers::sample_inputs() {
[INFO] [stdout]     |                                       ^^^^^^^^^^^^^^^^^^^ use of undeclared crate or module `ledger_test_helpers`
[INFO] [stdout] 
[INFO] [stdout] 
[INFO] [stdout] error[E0433]: failed to resolve: use of undeclared crate or module `ledger_test_helpers`
[INFO] [stdout]    --> src/transition/input.rs:526:39
[INFO] [stdout]     |
[INFO] [stdout] 526 |         for (transition_id, input) in ledger_test_helpers::sample_inputs() {
[INFO] [stdout]     |                                       ^^^^^^^^^^^^^^^^^^^ use of undeclared crate or module `ledger_test_helpers`
[INFO] [stdout] 
[INFO] [stdout] 
[INFO] [stdout] error[E0433]: failed to resolve: use of undeclared crate or module `ledger_test_helpers`
[INFO] [stdout]    --> src/transition/output.rs:574:40
[INFO] [stdout]     |
[INFO] [stdout] 574 |         for (transition_id, output) in ledger_test_helpers::sample_outputs() {
[INFO] [stdout]     |                                        ^^^^^^^^^^^^^^^^^^^ use of undeclared crate or module `ledger_test_helpers`
[INFO] [stdout] 
[INFO] [stdout] 
[INFO] [stdout] error[E0433]: failed to resolve: use of undeclared crate or module `ledger_test_helpers`
[INFO] [stdout]    --> src/transition/output.rs:601:40
[INFO] [stdout]     |
[INFO] [stdout] 601 |         for (transition_id, output) in ledger_test_helpers::sample_outputs() {
[INFO] [stdout]     |                                        ^^^^^^^^^^^^^^^^^^^ use of undeclared crate or module `ledger_test_helpers`
[INFO] [stdout] 
[INFO] [stdout] 
[INFO] [stdout] error[E0433]: failed to resolve: use of undeclared crate or module `ledger_test_helpers`
[INFO] [stdout]    --> src/transition/mod.rs:658:29
[INFO] [stdout]     |
[INFO] [stdout] 658 |         let transaction_0 = ledger_test_helpers::sample_execution_transaction_with_fee(true, rng);
[INFO] [stdout]     |                             ^^^^^^^^^^^^^^^^^^^ use of undeclared crate or module `ledger_test_helpers`
[INFO] [stdout] 
[INFO] [stdout] 
[INFO] [stdout] error[E0433]: failed to resolve: use of undeclared crate or module `ledger_test_helpers`
[INFO] [stdout]    --> src/transition/mod.rs:659:29
[INFO] [stdout]     |
[INFO] [stdout] 659 |         let transaction_1 = ledger_test_helpers::sample_execution_transaction_with_fee(false, rng);
[INFO] [stdout]     |                             ^^^^^^^^^^^^^^^^^^^ use of undeclared crate or module `ledger_test_helpers`
[INFO] [stdout] 
[INFO] [stdout] 
[INFO] [stdout] For more information about this error, try `rustc --explain E0433`.
[INFO] [stdout] 
[INFO] [stderr] error: could not compile `snarkvm-ledger-store` (lib test) due to 41 previous errors
[INFO] running `Command { std: "docker" "inspect" "d17b678087e40e8abf167df367bc57e4dfa4371f51645ae32a11ac76d4b2e75b", kill_on_drop: false }`
[INFO] running `Command { std: "docker" "rm" "-f" "d17b678087e40e8abf167df367bc57e4dfa4371f51645ae32a11ac76d4b2e75b", kill_on_drop: false }`
[INFO] [stdout] d17b678087e40e8abf167df367bc57e4dfa4371f51645ae32a11ac76d4b2e75b
