[INFO] fetching crate snarkvm-circuit-network 1.0.0...
[INFO] testing snarkvm-circuit-network-1.0.0 against nightly-2024-10-28+rustflags=-Zrandomize-layout for randomize-layout
[INFO] extracting crate snarkvm-circuit-network 1.0.0 into /workspace/builds/worker-2-tc2/source
[INFO] validating manifest of crates.io crate snarkvm-circuit-network 1.0.0 on toolchain nightly-2024-10-28
[INFO] running `Command { std: CARGO_HOME="/workspace/cargo-home" RUSTUP_HOME="/workspace/rustup-home" "/workspace/cargo-home/bin/cargo" "+nightly-2024-10-28" "metadata" "--manifest-path" "Cargo.toml" "--no-deps", kill_on_drop: false }`
[INFO] started tweaking crates.io crate snarkvm-circuit-network 1.0.0
[INFO] finished tweaking crates.io crate snarkvm-circuit-network 1.0.0
[INFO] tweaked toml for crates.io crate snarkvm-circuit-network 1.0.0 written to /workspace/builds/worker-2-tc2/source/Cargo.toml
[INFO] running `Command { std: CARGO_HOME="/workspace/cargo-home" RUSTUP_HOME="/workspace/rustup-home" "/workspace/cargo-home/bin/cargo" "+nightly-2024-10-28" "generate-lockfile" "--manifest-path" "Cargo.toml", kill_on_drop: false }`
[INFO] [stderr]     Updating crates.io index
[INFO] [stderr]      Locking 174 packages to latest compatible versions
[INFO] running `Command { std: CARGO_HOME="/workspace/cargo-home" RUSTUP_HOME="/workspace/rustup-home" "/workspace/cargo-home/bin/cargo" "+nightly-2024-10-28" "fetch" "--manifest-path" "Cargo.toml", kill_on_drop: false }`
[INFO] running `Command { std: "docker" "create" "-v" "/var/lib/crater-agent-workspace/builds/worker-2-tc2/target:/opt/rustwide/target:rw,Z" "-v" "/var/lib/crater-agent-workspace/builds/worker-2-tc2/source:/opt/rustwide/workdir:ro,Z" "-v" "/var/lib/crater-agent-workspace/cargo-home:/opt/rustwide/cargo-home:ro,Z" "-v" "/var/lib/crater-agent-workspace/rustup-home:/opt/rustwide/rustup-home:ro,Z" "-e" "SOURCE_DIR=/opt/rustwide/workdir" "-e" "CARGO_TARGET_DIR=/opt/rustwide/target" "-e" "CARGO_HOME=/opt/rustwide/cargo-home" "-e" "RUSTUP_HOME=/opt/rustwide/rustup-home" "-w" "/opt/rustwide/workdir" "-m" "1610612736" "--user" "0:0" "--network" "none" "ghcr.io/rust-lang/crates-build-env/linux@sha256:4a844ea9eb2546a2d2c7022eacef16ef2e8229c7fbb2c7d4d55a9ceca922f72d" "/opt/rustwide/cargo-home/bin/cargo" "+nightly-2024-10-28" "metadata" "--no-deps" "--format-version=1", kill_on_drop: false }`
[INFO] [stdout] 147d96056847f2bd700b6ded0eaf3ce4b574431d11c11d63f22b13e18e9aab56
[INFO] running `Command { std: "docker" "start" "-a" "147d96056847f2bd700b6ded0eaf3ce4b574431d11c11d63f22b13e18e9aab56", kill_on_drop: false }`
[INFO] running `Command { std: "docker" "inspect" "147d96056847f2bd700b6ded0eaf3ce4b574431d11c11d63f22b13e18e9aab56", kill_on_drop: false }`
[INFO] running `Command { std: "docker" "rm" "-f" "147d96056847f2bd700b6ded0eaf3ce4b574431d11c11d63f22b13e18e9aab56", kill_on_drop: false }`
[INFO] [stdout] 147d96056847f2bd700b6ded0eaf3ce4b574431d11c11d63f22b13e18e9aab56
[INFO] running `Command { std: "docker" "create" "-v" "/var/lib/crater-agent-workspace/builds/worker-2-tc2/target:/opt/rustwide/target:rw,Z" "-v" "/var/lib/crater-agent-workspace/builds/worker-2-tc2/source:/opt/rustwide/workdir:ro,Z" "-v" "/var/lib/crater-agent-workspace/cargo-home:/opt/rustwide/cargo-home:ro,Z" "-v" "/var/lib/crater-agent-workspace/rustup-home:/opt/rustwide/rustup-home:ro,Z" "-e" "SOURCE_DIR=/opt/rustwide/workdir" "-e" "CARGO_TARGET_DIR=/opt/rustwide/target" "-e" "CARGO_INCREMENTAL=0" "-e" "RUST_BACKTRACE=full" "-e" "RUSTFLAGS=--cap-lints=forbid -Zrandomize-layout" "-e" "RUSTDOCFLAGS=--cap-lints=forbid" "-e" "CARGO_HOME=/opt/rustwide/cargo-home" "-e" "RUSTUP_HOME=/opt/rustwide/rustup-home" "-w" "/opt/rustwide/workdir" "-m" "1610612736" "--user" "0:0" "--network" "none" "ghcr.io/rust-lang/crates-build-env/linux@sha256:4a844ea9eb2546a2d2c7022eacef16ef2e8229c7fbb2c7d4d55a9ceca922f72d" "/opt/rustwide/cargo-home/bin/cargo" "+nightly-2024-10-28" "build" "--frozen" "--message-format=json", kill_on_drop: false }`
[INFO] [stdout] ae98af216a255c80f8737e00e4f7a1b7f96c6408a59c679b9db15240b0ef5bba
[INFO] running `Command { std: "docker" "start" "-a" "ae98af216a255c80f8737e00e4f7a1b7f96c6408a59c679b9db15240b0ef5bba", kill_on_drop: false }`
[INFO] [stderr]    Compiling byteorder v1.5.0
[INFO] [stderr]    Compiling syn v1.0.109
[INFO] [stderr]    Compiling anyhow v1.0.92
[INFO] [stderr]    Compiling serde_json v1.0.132
[INFO] [stderr]    Compiling either v1.13.0
[INFO] [stderr]    Compiling hashbrown v0.15.0
[INFO] [stderr]    Compiling equivalent v1.0.1
[INFO] [stderr]    Compiling aleo-std-timer v0.1.2
[INFO] [stderr]    Compiling aleo-std-cpu v0.1.4
[INFO] [stderr]    Compiling getrandom v0.2.15
[INFO] [stderr]    Compiling dirs-sys v0.3.7
[INFO] [stderr]    Compiling ryu v1.0.18
[INFO] [stderr]    Compiling itoa v1.0.11
[INFO] [stderr]    Compiling num-integer v0.1.46
[INFO] [stderr]    Compiling aleo-std-profiler v0.1.15
[INFO] [stderr]    Compiling zeroize v1.8.1
[INFO] [stderr]    Compiling bincode v1.3.3
[INFO] [stderr]    Compiling snarkvm-utilities-derives v1.0.0
[INFO] [stderr]    Compiling num_cpus v1.16.0
[INFO] [stderr]    Compiling smol_str v0.2.2
[INFO] [stderr]    Compiling rand_core v0.6.4
[INFO] [stderr]    Compiling dirs v4.0.0
[INFO] [stderr]    Compiling rayon v1.10.0
[INFO] [stderr]    Compiling itertools v0.11.0
[INFO] [stderr]    Compiling shlex v1.3.0
[INFO] [stderr]    Compiling pkg-config v0.3.31
[INFO] [stderr]    Compiling zerocopy v0.7.35
[INFO] [stderr]    Compiling aleo-std-storage v0.1.7
[INFO] [stderr]    Compiling rand_xorshift v0.3.0
[INFO] [stderr]    Compiling num-bigint v0.4.6
[INFO] [stderr]    Compiling cc v1.1.31
[INFO] [stderr]    Compiling vcpkg v0.2.15
[INFO] [stderr]    Compiling minimal-lexical v0.2.1
[INFO] [stderr]    Compiling bech32 v0.9.1
[INFO] [stderr]    Compiling generic-array v0.14.7
[INFO] [stderr]    Compiling smallvec v1.13.2
[INFO] [stderr]    Compiling lock_api v0.4.12
[INFO] [stderr]    Compiling parking_lot_core v0.9.10
[INFO] [stderr]    Compiling nom v7.1.3
[INFO] [stderr]    Compiling indexmap v2.6.0
[INFO] [stderr]    Compiling subtle v2.6.1
[INFO] [stderr]    Compiling ahash v0.8.11
[INFO] [stderr]    Compiling paste v1.0.15
[INFO] [stderr]    Compiling curl v0.4.47
[INFO] [stderr]    Compiling tiny-keccak v2.0.2
[INFO] [stderr]    Compiling scopeguard v1.2.0
[INFO] [stderr]    Compiling ppv-lite86 v0.2.20
[INFO] [stderr]    Compiling socket2 v0.5.7
[INFO] [stderr]    Compiling constant_time_eq v0.3.1
[INFO] [stderr]    Compiling arrayref v0.3.9
[INFO] [stderr]    Compiling lazy_static v1.5.0
[INFO] [stderr]    Compiling once_cell v1.20.2
[INFO] [stderr]    Compiling arrayvec v0.7.6
[INFO] [stderr]    Compiling openssl-probe v0.1.5
[INFO] [stderr]    Compiling colored v2.1.0
[INFO] [stderr]    Compiling parking_lot v0.12.3
[INFO] [stderr]    Compiling block-buffer v0.10.4
[INFO] [stderr]    Compiling crypto-common v0.1.6
[INFO] [stderr]    Compiling digest v0.10.7
[INFO] [stderr]    Compiling blake2s_simd v1.0.2
[INFO] [stderr]    Compiling rand_chacha v0.3.1
[INFO] [stderr]    Compiling hex v0.4.3
[INFO] [stderr]    Compiling allocator-api2 v0.2.18
[INFO] [stderr]    Compiling sha2 v0.10.8
[INFO] [stderr]    Compiling blake2 v0.10.6
[INFO] [stderr]    Compiling fxhash v0.2.1
[INFO] [stderr]    Compiling rand v0.8.5
[INFO] [stderr]    Compiling snarkvm-circuit-types-boolean v1.0.0
[INFO] [stderr]    Compiling snarkvm-circuit-environment-witness v1.0.0
[INFO] [stderr]    Compiling snarkvm-circuit-types-field v1.0.0
[INFO] [stderr]    Compiling snarkvm-circuit-types-scalar v1.0.0
[INFO] [stderr]    Compiling hashbrown v0.14.5
[INFO] [stderr]    Compiling snarkvm-circuit-types-integers v1.0.0
[INFO] [stderr]    Compiling snarkvm-circuit-types-group v1.0.0
[INFO] [stderr]    Compiling snarkvm-circuit-types-address v1.0.0
[INFO] [stderr]    Compiling libz-sys v1.1.20
[INFO] [stderr]    Compiling openssl-sys v0.9.104
[INFO] [stderr]    Compiling curl-sys v0.4.77+curl-8.10.1
[INFO] [stderr]    Compiling snarkvm-circuit-types-string v1.0.0
[INFO] [stderr]    Compiling snarkvm-circuit-algorithms v1.0.0
[INFO] [stderr]    Compiling snarkvm-circuit-collections v1.0.0
[INFO] [stderr]    Compiling snarkvm-circuit-network v1.0.0 (/opt/rustwide/workdir)
[INFO] [stderr]    Compiling aleo-std-timed v0.1.2
[INFO] [stderr]    Compiling aleo-std-time v0.1.2
[INFO] [stderr]    Compiling aleo-std v0.1.24
[INFO] [stderr]    Compiling snarkvm-utilities v1.0.0
[INFO] [stderr]    Compiling snarkvm-fields v1.0.0
[INFO] [stderr]    Compiling snarkvm-curves v1.0.0
[INFO] [stderr]    Compiling snarkvm-console-network-environment v1.0.0
[INFO] [stderr]    Compiling snarkvm-parameters v1.0.0
[INFO] [stderr]    Compiling snarkvm-console-types-boolean v1.0.0
[INFO] [stderr]    Compiling snarkvm-console-types-field v1.0.0
[INFO] [stderr]    Compiling snarkvm-console-types-scalar v1.0.0
[INFO] [stderr]    Compiling snarkvm-console-types-group v1.0.0
[INFO] [stderr]    Compiling snarkvm-console-types-integers v1.0.0
[INFO] [stderr]    Compiling snarkvm-console-types-address v1.0.0
[INFO] [stderr]    Compiling snarkvm-console-types v1.0.0
[INFO] [stderr]    Compiling snarkvm-console-types-string v1.0.0
[INFO] [stderr]    Compiling snarkvm-console-algorithms v1.0.0
[INFO] [stderr]    Compiling snarkvm-console-collections v1.0.0
[INFO] [stderr]    Compiling snarkvm-algorithms v1.0.0
[INFO] [stderr]    Compiling snarkvm-console-network v1.0.0
[INFO] [stderr]    Compiling snarkvm-circuit-environment v1.0.0
[INFO] [stderr]    Compiling snarkvm-circuit-types v1.0.0
[INFO] [stderr]     Finished `dev` profile [unoptimized + debuginfo] target(s) in 15.88s
[INFO] running `Command { std: "docker" "inspect" "ae98af216a255c80f8737e00e4f7a1b7f96c6408a59c679b9db15240b0ef5bba", kill_on_drop: false }`
[INFO] running `Command { std: "docker" "rm" "-f" "ae98af216a255c80f8737e00e4f7a1b7f96c6408a59c679b9db15240b0ef5bba", kill_on_drop: false }`
[INFO] [stdout] ae98af216a255c80f8737e00e4f7a1b7f96c6408a59c679b9db15240b0ef5bba
[INFO] running `Command { std: "docker" "create" "-v" "/var/lib/crater-agent-workspace/builds/worker-2-tc2/target:/opt/rustwide/target:rw,Z" "-v" "/var/lib/crater-agent-workspace/builds/worker-2-tc2/source:/opt/rustwide/workdir:ro,Z" "-v" "/var/lib/crater-agent-workspace/cargo-home:/opt/rustwide/cargo-home:ro,Z" "-v" "/var/lib/crater-agent-workspace/rustup-home:/opt/rustwide/rustup-home:ro,Z" "-e" "SOURCE_DIR=/opt/rustwide/workdir" "-e" "CARGO_TARGET_DIR=/opt/rustwide/target" "-e" "CARGO_INCREMENTAL=0" "-e" "RUST_BACKTRACE=full" "-e" "RUSTFLAGS=--cap-lints=forbid -Zrandomize-layout" "-e" "RUSTDOCFLAGS=--cap-lints=forbid" "-e" "CARGO_HOME=/opt/rustwide/cargo-home" "-e" "RUSTUP_HOME=/opt/rustwide/rustup-home" "-w" "/opt/rustwide/workdir" "-m" "1610612736" "--user" "0:0" "--network" "none" "ghcr.io/rust-lang/crates-build-env/linux@sha256:4a844ea9eb2546a2d2c7022eacef16ef2e8229c7fbb2c7d4d55a9ceca922f72d" "/opt/rustwide/cargo-home/bin/cargo" "+nightly-2024-10-28" "test" "--frozen" "--no-run" "--message-format=json", kill_on_drop: false }`
[INFO] [stdout] 81ccd268ebe4932e1401480d6e242821be1aa813e77774200a4e21208b0d7092
[INFO] running `Command { std: "docker" "start" "-a" "81ccd268ebe4932e1401480d6e242821be1aa813e77774200a4e21208b0d7092", kill_on_drop: false }`
[INFO] [stderr]    Compiling snarkvm-circuit-network v1.0.0 (/opt/rustwide/workdir)
[INFO] [stdout] error[E0433]: failed to resolve: use of undeclared crate or module `snarkvm_console_types`
[INFO] [stdout]    --> src/canary_v0.rs:555:19
[INFO] [stdout]     |
[INFO] [stdout] 555 |         let one = snarkvm_console_types::Field::<<E as Environment>::Network>::one();
[INFO] [stdout]     |                   ^^^^^^^^^^^^^^^^^^^^^ use of undeclared crate or module `snarkvm_console_types`
[INFO] [stdout]     |
[INFO] [stdout] help: there is a crate or module with a similar name
[INFO] [stdout]     |
[INFO] [stdout] 555 |         let one = snarkvm_circuit_types::Field::<<E as Environment>::Network>::one();
[INFO] [stdout]     |                   ~~~~~~~~~~~~~~~~~~~~~
[INFO] [stdout] help: consider importing one of these structs
[INFO] [stdout]     |
[INFO] [stdout] 548 +     use crate::Field;
[INFO] [stdout]     |
[INFO] [stdout] 548 +     use snarkvm_circuit_types::Field;
[INFO] [stdout]     |
[INFO] [stdout] help: if you import `Field`, refer to it directly
[INFO] [stdout]     |
[INFO] [stdout] 555 -         let one = snarkvm_console_types::Field::<<E as Environment>::Network>::one();
[INFO] [stdout] 555 +         let one = Field::<<E as Environment>::Network>::one();
[INFO] [stdout]     |
[INFO] [stdout] 
[INFO] [stdout] 
[INFO] [stdout] error[E0433]: failed to resolve: use of undeclared crate or module `snarkvm_console_types`
[INFO] [stdout]    --> src/testnet_v0.rs:555:19
[INFO] [stdout]     |
[INFO] [stdout] 555 |         let one = snarkvm_console_types::Field::<<E as Environment>::Network>::one();
[INFO] [stdout]     |                   ^^^^^^^^^^^^^^^^^^^^^ use of undeclared crate or module `snarkvm_console_types`
[INFO] [stdout]     |
[INFO] [stdout] help: there is a crate or module with a similar name
[INFO] [stdout]     |
[INFO] [stdout] 555 |         let one = snarkvm_circuit_types::Field::<<E as Environment>::Network>::one();
[INFO] [stdout]     |                   ~~~~~~~~~~~~~~~~~~~~~
[INFO] [stdout] help: consider importing one of these structs
[INFO] [stdout]     |
[INFO] [stdout] 548 +     use crate::Field;
[INFO] [stdout]     |
[INFO] [stdout] 548 +     use snarkvm_circuit_types::Field;
[INFO] [stdout]     |
[INFO] [stdout] help: if you import `Field`, refer to it directly
[INFO] [stdout]     |
[INFO] [stdout] 555 -         let one = snarkvm_console_types::Field::<<E as Environment>::Network>::one();
[INFO] [stdout] 555 +         let one = Field::<<E as Environment>::Network>::one();
[INFO] [stdout]     |
[INFO] [stdout] 
[INFO] [stdout] 
[INFO] [stdout] error[E0433]: failed to resolve: use of undeclared crate or module `snarkvm_console_types`
[INFO] [stdout]    --> src/v0.rs:555:19
[INFO] [stdout]     |
[INFO] [stdout] 555 |         let one = snarkvm_console_types::Field::<<E as Environment>::Network>::one();
[INFO] [stdout]     |                   ^^^^^^^^^^^^^^^^^^^^^ use of undeclared crate or module `snarkvm_console_types`
[INFO] [stdout]     |
[INFO] [stdout] help: there is a crate or module with a similar name
[INFO] [stdout]     |
[INFO] [stdout] 555 |         let one = snarkvm_circuit_types::Field::<<E as Environment>::Network>::one();
[INFO] [stdout]     |                   ~~~~~~~~~~~~~~~~~~~~~
[INFO] [stdout] help: consider importing one of these items
[INFO] [stdout]     |
[INFO] [stdout] 548 +     use crate::Field;
[INFO] [stdout]     |
[INFO] [stdout] 548 +     use crate::v0::snarkvm_fields::Field;
[INFO] [stdout]     |
[INFO] [stdout] 548 +     use snarkvm_circuit_types::Field;
[INFO] [stdout]     |
[INFO] [stdout] help: if you import `Field`, refer to it directly
[INFO] [stdout]     |
[INFO] [stdout] 555 -         let one = snarkvm_console_types::Field::<<E as Environment>::Network>::one();
[INFO] [stdout] 555 +         let one = Field::<<E as Environment>::Network>::one();
[INFO] [stdout]     |
[INFO] [stdout] 
[INFO] [stdout] 
[INFO] [stdout] For more information about this error, try `rustc --explain E0433`.
[INFO] [stdout] 
[INFO] [stderr] error: could not compile `snarkvm-circuit-network` (lib test) due to 3 previous errors
[INFO] running `Command { std: "docker" "inspect" "81ccd268ebe4932e1401480d6e242821be1aa813e77774200a4e21208b0d7092", kill_on_drop: false }`
[INFO] running `Command { std: "docker" "rm" "-f" "81ccd268ebe4932e1401480d6e242821be1aa813e77774200a4e21208b0d7092", kill_on_drop: false }`
[INFO] [stdout] 81ccd268ebe4932e1401480d6e242821be1aa813e77774200a4e21208b0d7092
