[INFO] fetching crate snarkvm-circuit-environment 1.0.0...
[INFO] testing snarkvm-circuit-environment-1.0.0 against nightly-2024-10-28+rustflags=-Zrandomize-layout for randomize-layout
[INFO] extracting crate snarkvm-circuit-environment 1.0.0 into /workspace/builds/worker-0-tc2/source
[INFO] validating manifest of crates.io crate snarkvm-circuit-environment 1.0.0 on toolchain nightly-2024-10-28
[INFO] running `Command { std: CARGO_HOME="/workspace/cargo-home" RUSTUP_HOME="/workspace/rustup-home" "/workspace/cargo-home/bin/cargo" "+nightly-2024-10-28" "metadata" "--manifest-path" "Cargo.toml" "--no-deps", kill_on_drop: false }`
[INFO] started tweaking crates.io crate snarkvm-circuit-environment 1.0.0
[INFO] finished tweaking crates.io crate snarkvm-circuit-environment 1.0.0
[INFO] tweaked toml for crates.io crate snarkvm-circuit-environment 1.0.0 written to /workspace/builds/worker-0-tc2/source/Cargo.toml
[INFO] running `Command { std: CARGO_HOME="/workspace/cargo-home" RUSTUP_HOME="/workspace/rustup-home" "/workspace/cargo-home/bin/cargo" "+nightly-2024-10-28" "generate-lockfile" "--manifest-path" "Cargo.toml", kill_on_drop: false }`
[INFO] [stderr]     Updating crates.io index
[INFO] [stderr]      Locking 195 packages to latest compatible versions
[INFO] [stderr]       Adding itertools v0.11.0 (available: v0.13.0)
[INFO] [stderr]       Adding serial_test v2.0.0 (available: v3.1.1)
[INFO] running `Command { std: CARGO_HOME="/workspace/cargo-home" RUSTUP_HOME="/workspace/rustup-home" "/workspace/cargo-home/bin/cargo" "+nightly-2024-10-28" "fetch" "--manifest-path" "Cargo.toml", kill_on_drop: false }`
[INFO] running `Command { std: "docker" "create" "-v" "/var/lib/crater-agent-workspace/builds/worker-0-tc2/target:/opt/rustwide/target:rw,Z" "-v" "/var/lib/crater-agent-workspace/builds/worker-0-tc2/source:/opt/rustwide/workdir:ro,Z" "-v" "/var/lib/crater-agent-workspace/cargo-home:/opt/rustwide/cargo-home:ro,Z" "-v" "/var/lib/crater-agent-workspace/rustup-home:/opt/rustwide/rustup-home:ro,Z" "-e" "SOURCE_DIR=/opt/rustwide/workdir" "-e" "CARGO_TARGET_DIR=/opt/rustwide/target" "-e" "CARGO_HOME=/opt/rustwide/cargo-home" "-e" "RUSTUP_HOME=/opt/rustwide/rustup-home" "-w" "/opt/rustwide/workdir" "-m" "1610612736" "--user" "0:0" "--network" "none" "ghcr.io/rust-lang/crates-build-env/linux@sha256:4a844ea9eb2546a2d2c7022eacef16ef2e8229c7fbb2c7d4d55a9ceca922f72d" "/opt/rustwide/cargo-home/bin/cargo" "+nightly-2024-10-28" "metadata" "--no-deps" "--format-version=1", kill_on_drop: false }`
[INFO] [stdout] 8ef573a8ddf4637df4d6c9c07672a79060ffcad810588e6696cb215d6676b1b9
[INFO] running `Command { std: "docker" "start" "-a" "8ef573a8ddf4637df4d6c9c07672a79060ffcad810588e6696cb215d6676b1b9", kill_on_drop: false }`
[INFO] running `Command { std: "docker" "inspect" "8ef573a8ddf4637df4d6c9c07672a79060ffcad810588e6696cb215d6676b1b9", kill_on_drop: false }`
[INFO] running `Command { std: "docker" "rm" "-f" "8ef573a8ddf4637df4d6c9c07672a79060ffcad810588e6696cb215d6676b1b9", kill_on_drop: false }`
[INFO] [stdout] 8ef573a8ddf4637df4d6c9c07672a79060ffcad810588e6696cb215d6676b1b9
[INFO] running `Command { std: "docker" "create" "-v" "/var/lib/crater-agent-workspace/builds/worker-0-tc2/target:/opt/rustwide/target:rw,Z" "-v" "/var/lib/crater-agent-workspace/builds/worker-0-tc2/source:/opt/rustwide/workdir:ro,Z" "-v" "/var/lib/crater-agent-workspace/cargo-home:/opt/rustwide/cargo-home:ro,Z" "-v" "/var/lib/crater-agent-workspace/rustup-home:/opt/rustwide/rustup-home:ro,Z" "-e" "SOURCE_DIR=/opt/rustwide/workdir" "-e" "CARGO_TARGET_DIR=/opt/rustwide/target" "-e" "CARGO_INCREMENTAL=0" "-e" "RUST_BACKTRACE=full" "-e" "RUSTFLAGS=--cap-lints=forbid -Zrandomize-layout" "-e" "RUSTDOCFLAGS=--cap-lints=forbid" "-e" "CARGO_HOME=/opt/rustwide/cargo-home" "-e" "RUSTUP_HOME=/opt/rustwide/rustup-home" "-w" "/opt/rustwide/workdir" "-m" "1610612736" "--user" "0:0" "--network" "none" "ghcr.io/rust-lang/crates-build-env/linux@sha256:4a844ea9eb2546a2d2c7022eacef16ef2e8229c7fbb2c7d4d55a9ceca922f72d" "/opt/rustwide/cargo-home/bin/cargo" "+nightly-2024-10-28" "build" "--frozen" "--message-format=json", kill_on_drop: false }`
[INFO] [stdout] 3d408a66c44358ba1d4a350e4fd4b0651e1addc58a46026fab72a43125b90731
[INFO] running `Command { std: "docker" "start" "-a" "3d408a66c44358ba1d4a350e4fd4b0651e1addc58a46026fab72a43125b90731", kill_on_drop: false }`
[INFO] [stderr]    Compiling proc-macro2 v1.0.89
[INFO] [stderr]    Compiling unicode-ident v1.0.13
[INFO] [stderr]    Compiling libc v0.2.161
[INFO] [stderr]    Compiling cfg-if v1.0.0
[INFO] [stderr]    Compiling autocfg v1.4.0
[INFO] [stderr]    Compiling byteorder v1.5.0
[INFO] [stderr]    Compiling crossbeam-utils v0.8.20
[INFO] [stderr]    Compiling syn v1.0.109
[INFO] [stderr]    Compiling serde v1.0.214
[INFO] [stderr]    Compiling rayon-core v1.12.1
[INFO] [stderr]    Compiling serde_json v1.0.132
[INFO] [stderr]    Compiling either v1.13.0
[INFO] [stderr]    Compiling hashbrown v0.15.0
[INFO] [stderr]    Compiling memchr v2.7.4
[INFO] [stderr]    Compiling anyhow v1.0.92
[INFO] [stderr]    Compiling thiserror v1.0.66
[INFO] [stderr]    Compiling equivalent v1.0.1
[INFO] [stderr]    Compiling aleo-std-cpu v0.1.4
[INFO] [stderr]    Compiling aleo-std-profiler v0.1.15
[INFO] [stderr]    Compiling itoa v1.0.11
[INFO] [stderr]    Compiling ryu v1.0.18
[INFO] [stderr]    Compiling aleo-std-timer v0.1.2
[INFO] [stderr]    Compiling version_check v0.9.5
[INFO] [stderr]    Compiling shlex v1.3.0
[INFO] [stderr]    Compiling smol_str v0.2.2
[INFO] [stderr]    Compiling itertools v0.11.0
[INFO] [stderr]    Compiling cc v1.1.31
[INFO] [stderr]    Compiling pkg-config v0.3.31
[INFO] [stderr]    Compiling vcpkg v0.2.15
[INFO] [stderr]    Compiling minimal-lexical v0.2.1
[INFO] [stderr]    Compiling typenum v1.17.0
[INFO] [stderr]    Compiling bech32 v0.9.1
[INFO] [stderr]    Compiling num-traits v0.2.19
[INFO] [stderr]    Compiling generic-array v0.14.7
[INFO] [stderr]    Compiling nom v7.1.3
[INFO] [stderr]    Compiling smallvec v1.13.2
[INFO] [stderr]    Compiling lock_api v0.4.12
[INFO] [stderr]    Compiling subtle v2.6.1
[INFO] [stderr]    Compiling indexmap v2.6.0
[INFO] [stderr]    Compiling crossbeam-epoch v0.9.18
[INFO] [stderr]    Compiling parking_lot_core v0.9.10
[INFO] [stderr]    Compiling crunchy v0.2.2
[INFO] [stderr]    Compiling ahash v0.8.11
[INFO] [stderr]    Compiling scopeguard v1.2.0
[INFO] [stderr]    Compiling quote v1.0.37
[INFO] [stderr]    Compiling curl v0.4.47
[INFO] [stderr]    Compiling tiny-keccak v2.0.2
[INFO] [stderr]    Compiling paste v1.0.15
[INFO] [stderr]    Compiling syn v2.0.86
[INFO] [stderr]    Compiling crossbeam-deque v0.8.5
[INFO] [stderr]    Compiling arrayvec v0.7.6
[INFO] [stderr]    Compiling cpufeatures v0.2.14
[INFO] [stderr]    Compiling once_cell v1.20.2
[INFO] [stderr]    Compiling getrandom v0.2.15
[INFO] [stderr]    Compiling dirs-sys v0.3.7
[INFO] [stderr]    Compiling num_cpus v1.16.0
[INFO] [stderr]    Compiling socket2 v0.5.7
[INFO] [stderr]    Compiling dirs v4.0.0
[INFO] [stderr]    Compiling arrayref v0.3.9
[INFO] [stderr]    Compiling num-integer v0.1.46
[INFO] [stderr]    Compiling rand_core v0.6.4
[INFO] [stderr]    Compiling aleo-std-storage v0.1.7
[INFO] [stderr]    Compiling constant_time_eq v0.3.1
[INFO] [stderr]    Compiling openssl-probe v0.1.5
[INFO] [stderr]    Compiling lazy_static v1.5.0
[INFO] [stderr]    Compiling blake2s_simd v1.0.2
[INFO] [stderr]    Compiling rand_xorshift v0.3.0
[INFO] [stderr]    Compiling colored v2.1.0
[INFO] [stderr]    Compiling rayon v1.10.0
[INFO] [stderr]    Compiling parking_lot v0.12.3
[INFO] [stderr]    Compiling num-bigint v0.4.6
[INFO] [stderr]    Compiling hex v0.4.3
[INFO] [stderr]    Compiling allocator-api2 v0.2.18
[INFO] [stderr]    Compiling fxhash v0.2.1
[INFO] [stderr]    Compiling snarkvm-circuit-environment-witness v1.0.0
[INFO] [stderr]    Compiling libz-sys v1.1.20
[INFO] [stderr]    Compiling openssl-sys v0.9.104
[INFO] [stderr]    Compiling curl-sys v0.4.77+curl-8.10.1
[INFO] [stderr]    Compiling crypto-common v0.1.6
[INFO] [stderr]    Compiling block-buffer v0.10.4
[INFO] [stderr]    Compiling digest v0.10.7
[INFO] [stderr]    Compiling sha2 v0.10.8
[INFO] [stderr]    Compiling blake2 v0.10.6
[INFO] [stderr]    Compiling aleo-std-time v0.1.2
[INFO] [stderr]    Compiling aleo-std-timed v0.1.2
[INFO] [stderr]    Compiling aleo-std v0.1.24
[INFO] [stderr]    Compiling zerocopy-derive v0.7.35
[INFO] [stderr]    Compiling serde_derive v1.0.214
[INFO] [stderr]    Compiling zeroize_derive v1.4.2
[INFO] [stderr]    Compiling thiserror-impl v1.0.66
[INFO] [stderr]    Compiling snarkvm-utilities-derives v1.0.0
[INFO] [stderr]    Compiling zeroize v1.8.1
[INFO] [stderr]    Compiling zerocopy v0.7.35
[INFO] [stderr]    Compiling ppv-lite86 v0.2.20
[INFO] [stderr]    Compiling hashbrown v0.14.5
[INFO] [stderr]    Compiling rand_chacha v0.3.1
[INFO] [stderr]    Compiling rand v0.8.5
[INFO] [stderr]    Compiling bincode v1.3.3
[INFO] [stderr]    Compiling snarkvm-utilities v1.0.0
[INFO] [stderr]    Compiling snarkvm-fields v1.0.0
[INFO] [stderr]    Compiling snarkvm-curves v1.0.0
[INFO] [stderr]    Compiling snarkvm-console-network-environment v1.0.0
[INFO] [stderr]    Compiling snarkvm-parameters v1.0.0
[INFO] [stderr]    Compiling snarkvm-console-types-boolean v1.0.0
[INFO] [stderr]    Compiling snarkvm-console-types-field v1.0.0
[INFO] [stderr]    Compiling snarkvm-console-types-scalar v1.0.0
[INFO] [stderr]    Compiling snarkvm-console-types-integers v1.0.0
[INFO] [stderr]    Compiling snarkvm-console-types-group v1.0.0
[INFO] [stderr]    Compiling snarkvm-console-types v1.0.0
[INFO] [stderr]    Compiling snarkvm-console-algorithms v1.0.0
[INFO] [stderr]    Compiling snarkvm-console-collections v1.0.0
[INFO] [stderr]    Compiling snarkvm-algorithms v1.0.0
[INFO] [stderr]    Compiling snarkvm-console-network v1.0.0
[INFO] [stderr]    Compiling snarkvm-circuit-environment v1.0.0 (/opt/rustwide/workdir)
[INFO] [stderr]     Finished `dev` profile [unoptimized + debuginfo] target(s) in 20.49s
[INFO] running `Command { std: "docker" "inspect" "3d408a66c44358ba1d4a350e4fd4b0651e1addc58a46026fab72a43125b90731", kill_on_drop: false }`
[INFO] running `Command { std: "docker" "rm" "-f" "3d408a66c44358ba1d4a350e4fd4b0651e1addc58a46026fab72a43125b90731", kill_on_drop: false }`
[INFO] [stdout] 3d408a66c44358ba1d4a350e4fd4b0651e1addc58a46026fab72a43125b90731
[INFO] running `Command { std: "docker" "create" "-v" "/var/lib/crater-agent-workspace/builds/worker-0-tc2/target:/opt/rustwide/target:rw,Z" "-v" "/var/lib/crater-agent-workspace/builds/worker-0-tc2/source:/opt/rustwide/workdir:ro,Z" "-v" "/var/lib/crater-agent-workspace/cargo-home:/opt/rustwide/cargo-home:ro,Z" "-v" "/var/lib/crater-agent-workspace/rustup-home:/opt/rustwide/rustup-home:ro,Z" "-e" "SOURCE_DIR=/opt/rustwide/workdir" "-e" "CARGO_TARGET_DIR=/opt/rustwide/target" "-e" "CARGO_INCREMENTAL=0" "-e" "RUST_BACKTRACE=full" "-e" "RUSTFLAGS=--cap-lints=forbid -Zrandomize-layout" "-e" "RUSTDOCFLAGS=--cap-lints=forbid" "-e" "CARGO_HOME=/opt/rustwide/cargo-home" "-e" "RUSTUP_HOME=/opt/rustwide/rustup-home" "-w" "/opt/rustwide/workdir" "-m" "1610612736" "--user" "0:0" "--network" "none" "ghcr.io/rust-lang/crates-build-env/linux@sha256:4a844ea9eb2546a2d2c7022eacef16ef2e8229c7fbb2c7d4d55a9ceca922f72d" "/opt/rustwide/cargo-home/bin/cargo" "+nightly-2024-10-28" "test" "--frozen" "--no-run" "--message-format=json", kill_on_drop: false }`
[INFO] [stdout] 5d3001acb30948781f5564a63bdd879ac120a5de092e727c3b73d31715c3d1d4
[INFO] running `Command { std: "docker" "start" "-a" "5d3001acb30948781f5564a63bdd879ac120a5de092e727c3b73d31715c3d1d4", kill_on_drop: false }`
[INFO] [stderr]    Compiling memchr v2.7.4
[INFO] [stderr]    Compiling serde v1.0.214
[INFO] [stderr]    Compiling slab v0.4.9
[INFO] [stderr]    Compiling futures-sink v0.3.31
[INFO] [stderr]    Compiling futures-core v0.3.31
[INFO] [stderr]    Compiling futures-task v0.3.31
[INFO] [stderr]    Compiling pin-project-lite v0.2.15
[INFO] [stderr]    Compiling pin-utils v0.1.0
[INFO] [stderr]    Compiling futures-io v0.3.31
[INFO] [stderr]    Compiling half v2.4.1
[INFO] [stderr]    Compiling clap_lex v0.7.2
[INFO] [stderr]    Compiling plotters-backend v0.3.7
[INFO] [stderr]    Compiling anstyle v1.0.10
[INFO] [stderr]    Compiling regex-syntax v0.8.5
[INFO] [stderr]    Compiling ciborium-io v0.2.2
[INFO] [stderr]    Compiling itertools v0.10.5
[INFO] [stderr]    Compiling cast v0.3.0
[INFO] [stderr]    Compiling same-file v1.0.6
[INFO] [stderr]    Compiling futures-channel v0.3.31
[INFO] [stderr]    Compiling dashmap v5.5.3
[INFO] [stderr]    Compiling serial_test_derive v2.0.0
[INFO] [stderr]    Compiling is-terminal v0.4.13
[INFO] [stderr]    Compiling walkdir v2.5.0
[INFO] [stderr]    Compiling oorandom v11.1.4
[INFO] [stderr]    Compiling anes v0.1.6
[INFO] [stderr]    Compiling log v0.4.22
[INFO] [stderr]    Compiling plotters-svg v0.3.7
[INFO] [stderr]    Compiling clap_builder v4.5.20
[INFO] [stderr]    Compiling ciborium-ll v0.2.2
[INFO] [stderr]    Compiling plotters v0.3.7
[INFO] [stderr]    Compiling nom v7.1.3
[INFO] [stderr]    Compiling futures-util v0.3.31
[INFO] [stderr]    Compiling regex-automata v0.4.8
[INFO] [stderr]    Compiling criterion-plot v0.5.0
[INFO] [stderr]    Compiling clap v4.5.20
[INFO] [stderr]    Compiling regex v1.11.1
[INFO] [stderr]    Compiling serde_json v1.0.132
[INFO] [stderr]    Compiling bincode v1.3.3
[INFO] [stderr]    Compiling ciborium v0.2.2
[INFO] [stderr]    Compiling futures-executor v0.3.31
[INFO] [stderr]    Compiling futures v0.3.31
[INFO] [stderr]    Compiling serial_test v2.0.0
[INFO] [stderr]    Compiling snarkvm-utilities v1.0.0
[INFO] [stderr]    Compiling tinytemplate v1.2.1
[INFO] [stderr]    Compiling criterion v0.5.1
[INFO] [stderr]    Compiling snarkvm-fields v1.0.0
[INFO] [stderr]    Compiling snarkvm-curves v1.0.0
[INFO] [stderr]    Compiling snarkvm-console-network-environment v1.0.0
[INFO] [stderr]    Compiling snarkvm-parameters v1.0.0
[INFO] [stderr]    Compiling snarkvm-console-types-boolean v1.0.0
[INFO] [stderr]    Compiling snarkvm-console-types-field v1.0.0
[INFO] [stderr]    Compiling snarkvm-console-types-scalar v1.0.0
[INFO] [stderr]    Compiling snarkvm-console-types-integers v1.0.0
[INFO] [stderr]    Compiling snarkvm-console-types-group v1.0.0
[INFO] [stderr]    Compiling snarkvm-console-types v1.0.0
[INFO] [stderr]    Compiling snarkvm-console-algorithms v1.0.0
[INFO] [stderr]    Compiling snarkvm-console-collections v1.0.0
[INFO] [stderr]    Compiling snarkvm-algorithms v1.0.0
[INFO] [stderr]    Compiling snarkvm-console-network v1.0.0
[INFO] [stderr]    Compiling snarkvm-circuit-environment v1.0.0 (/opt/rustwide/workdir)
[INFO] [stdout] error[E0433]: failed to resolve: use of undeclared crate or module `snarkvm_circuit`
[INFO] [stdout]    --> src/canary_circuit.rs:363:9
[INFO] [stdout]     |
[INFO] [stdout] 363 |     use snarkvm_circuit::prelude::*;
[INFO] [stdout]     |         ^^^^^^^^^^^^^^^ use of undeclared crate or module `snarkvm_circuit`
[INFO] [stdout]     |
[INFO] [stdout] help: there is a crate or module with a similar name
[INFO] [stdout]     |
[INFO] [stdout] 363 |     use snarkvm_curves::prelude::*;
[INFO] [stdout]     |         ~~~~~~~~~~~~~~
[INFO] [stdout] 
[INFO] [stdout] 
[INFO] [stdout] error[E0433]: failed to resolve: use of undeclared crate or module `snarkvm_circuit`
[INFO] [stdout]    --> src/circuit.rs:387:9
[INFO] [stdout]     |
[INFO] [stdout] 387 |     use snarkvm_circuit::prelude::*;
[INFO] [stdout]     |         ^^^^^^^^^^^^^^^ use of undeclared crate or module `snarkvm_circuit`
[INFO] [stdout]     |
[INFO] [stdout] help: there is a crate or module with a similar name
[INFO] [stdout]     |
[INFO] [stdout] 387 |     use snarkvm_curves::prelude::*;
[INFO] [stdout]     |         ~~~~~~~~~~~~~~
[INFO] [stdout] 
[INFO] [stdout] 
[INFO] [stdout] error[E0433]: failed to resolve: use of undeclared crate or module `snarkvm_circuit`
[INFO] [stdout]    --> src/helpers/assignment.rs:288:9
[INFO] [stdout]     |
[INFO] [stdout] 288 |     use snarkvm_circuit::prelude::*;
[INFO] [stdout]     |         ^^^^^^^^^^^^^^^ use of undeclared crate or module `snarkvm_circuit`
[INFO] [stdout]     |
[INFO] [stdout] help: there is a crate or module with a similar name
[INFO] [stdout]     |
[INFO] [stdout] 288 |     use snarkvm_curves::prelude::*;
[INFO] [stdout]     |         ~~~~~~~~~~~~~~
[INFO] [stdout] 
[INFO] [stdout] 
[INFO] [stdout] error[E0433]: failed to resolve: use of undeclared crate or module `snarkvm_circuit`
[INFO] [stdout]    --> src/helpers/converter.rs:205:9
[INFO] [stdout]     |
[INFO] [stdout] 205 |     use snarkvm_circuit::prelude::*;
[INFO] [stdout]     |         ^^^^^^^^^^^^^^^ use of undeclared crate or module `snarkvm_circuit`
[INFO] [stdout]     |
[INFO] [stdout] help: there is a crate or module with a similar name
[INFO] [stdout]     |
[INFO] [stdout] 205 |     use snarkvm_curves::prelude::*;
[INFO] [stdout]     |         ~~~~~~~~~~~~~~
[INFO] [stdout] 
[INFO] [stdout] 
[INFO] [stdout] error[E0433]: failed to resolve: use of undeclared crate or module `snarkvm_circuit`
[INFO] [stdout]    --> src/testnet_circuit.rs:363:9
[INFO] [stdout]     |
[INFO] [stdout] 363 |     use snarkvm_circuit::prelude::*;
[INFO] [stdout]     |         ^^^^^^^^^^^^^^^ use of undeclared crate or module `snarkvm_circuit`
[INFO] [stdout]     |
[INFO] [stdout] help: there is a crate or module with a similar name
[INFO] [stdout]     |
[INFO] [stdout] 363 |     use snarkvm_curves::prelude::*;
[INFO] [stdout]     |         ~~~~~~~~~~~~~~
[INFO] [stdout] 
[INFO] [stdout] 
[INFO] [stdout] error[E0433]: failed to resolve: could not find `TestConstraintSystem` in `r1cs`
[INFO] [stdout]    --> src/helpers/assignment.rs:324:48
[INFO] [stdout]     |
[INFO] [stdout] 324 |         let mut cs = snarkvm_algorithms::r1cs::TestConstraintSystem::new();
[INFO] [stdout]     |                                                ^^^^^^^^^^^^^^^^^^^^
[INFO] [stdout]     |                                                |
[INFO] [stdout]     |                                                could not find `TestConstraintSystem` in `r1cs`
[INFO] [stdout]     |                                                help: a trait with a similar name exists: `ConstraintSystem`
[INFO] [stdout]     |
[INFO] [stdout] note: found an item that was configured out
[INFO] [stdout]    --> /opt/rustwide/cargo-home/registry/src/index.crates.io-6f17d22bba15001f/snarkvm-algorithms-1.0.0/src/r1cs/mod.rs:42:38
[INFO] [stdout]     |
[INFO] [stdout] 42  | pub use test_constraint_system::{Fr, TestConstraintSystem};
[INFO] [stdout]     |                                      ^^^^^^^^^^^^^^^^^^^^
[INFO] [stdout] note: the item is gated behind the `test` feature
[INFO] [stdout]    --> /opt/rustwide/cargo-home/registry/src/index.crates.io-6f17d22bba15001f/snarkvm-algorithms-1.0.0/src/r1cs/mod.rs:41:7
[INFO] [stdout]     |
[INFO] [stdout] 41  | #[cfg(feature = "test")]
[INFO] [stdout]     |       ^^^^^^^^^^^^^^^^
[INFO] [stdout] 
[INFO] [stdout] 
[INFO] [stdout] error[E0433]: failed to resolve: could not find `TestConstraintSystem` in `r1cs`
[INFO] [stdout]    --> src/helpers/converter.rs:236:48
[INFO] [stdout]     |
[INFO] [stdout] 236 |         let mut cs = snarkvm_algorithms::r1cs::TestConstraintSystem::new();
[INFO] [stdout]     |                                                ^^^^^^^^^^^^^^^^^^^^
[INFO] [stdout]     |                                                |
[INFO] [stdout]     |                                                could not find `TestConstraintSystem` in `r1cs`
[INFO] [stdout]     |                                                help: a trait with a similar name exists: `ConstraintSystem`
[INFO] [stdout]     |
[INFO] [stdout] note: found an item that was configured out
[INFO] [stdout]    --> /opt/rustwide/cargo-home/registry/src/index.crates.io-6f17d22bba15001f/snarkvm-algorithms-1.0.0/src/r1cs/mod.rs:42:38
[INFO] [stdout]     |
[INFO] [stdout] 42  | pub use test_constraint_system::{Fr, TestConstraintSystem};
[INFO] [stdout]     |                                      ^^^^^^^^^^^^^^^^^^^^
[INFO] [stdout] note: the item is gated behind the `test` feature
[INFO] [stdout]    --> /opt/rustwide/cargo-home/registry/src/index.crates.io-6f17d22bba15001f/snarkvm-algorithms-1.0.0/src/r1cs/mod.rs:41:7
[INFO] [stdout]     |
[INFO] [stdout] 41  | #[cfg(feature = "test")]
[INFO] [stdout]     |       ^^^^^^^^^^^^^^^^
[INFO] [stdout] 
[INFO] [stdout] 
[INFO] [stdout] error[E0405]: cannot find trait `Environment` in this scope
[INFO] [stdout]    --> src/canary_circuit.rs:366:34
[INFO] [stdout]     |
[INFO] [stdout] 366 |     fn create_example_circuit<E: Environment>() -> Field<E> {
[INFO] [stdout]     |                                  ^^^^^^^^^^^ not found in this scope
[INFO] [stdout]     |
[INFO] [stdout] help: consider importing one of these traits
[INFO] [stdout]     |
[INFO] [stdout] 363 +     use crate::Environment;
[INFO] [stdout]     |
[INFO] [stdout] 363 +     use console::Environment;
[INFO] [stdout]     |
[INFO] [stdout] 
[INFO] [stdout] 
[INFO] [stdout] error[E0412]: cannot find type `Field` in this scope
[INFO] [stdout]    --> src/canary_circuit.rs:366:52
[INFO] [stdout]     |
[INFO] [stdout] 366 |     fn create_example_circuit<E: Environment>() -> Field<E> {
[INFO] [stdout]     |                                                    ^^^^^ not found in this scope
[INFO] [stdout]     |
[INFO] [stdout] help: consider importing one of these items
[INFO] [stdout]     |
[INFO] [stdout] 363 +     use crate::canary_circuit::Field;
[INFO] [stdout]     |
[INFO] [stdout] 363 +     use crate::prelude::snarkvm_fields::Field;
[INFO] [stdout]     |
[INFO] [stdout] 363 +     use snarkvm_fields::Field;
[INFO] [stdout]     |
[INFO] [stdout] 
[INFO] [stdout] 
[INFO] [stdout] error[E0433]: failed to resolve: use of undeclared crate or module `snarkvm_console_types`
[INFO] [stdout]    --> src/canary_circuit.rs:367:19
[INFO] [stdout]     |
[INFO] [stdout] 367 |         let one = snarkvm_console_types::Field::<E::Network>::one();
[INFO] [stdout]     |                   ^^^^^^^^^^^^^^^^^^^^^ use of undeclared crate or module `snarkvm_console_types`
[INFO] [stdout]     |
[INFO] [stdout] help: consider importing one of these items
[INFO] [stdout]     |
[INFO] [stdout] 363 +     use crate::canary_circuit::Field;
[INFO] [stdout]     |
[INFO] [stdout] 363 +     use crate::prelude::snarkvm_fields::Field;
[INFO] [stdout]     |
[INFO] [stdout] 363 +     use snarkvm_fields::Field;
[INFO] [stdout]     |
[INFO] [stdout] help: if you import `Field`, refer to it directly
[INFO] [stdout]     |
[INFO] [stdout] 367 -         let one = snarkvm_console_types::Field::<E::Network>::one();
[INFO] [stdout] 367 +         let one = Field::<E::Network>::one();
[INFO] [stdout]     |
[INFO] [stdout] 
[INFO] [stdout] 
[INFO] [stdout] error[E0433]: failed to resolve: use of undeclared type `Field`
[INFO] [stdout]    --> src/canary_circuit.rs:373:29
[INFO] [stdout]     |
[INFO] [stdout] 373 |         let mut candidate = Field::<E>::new(Mode::Public, one);
[INFO] [stdout]     |                             ^^^^^ use of undeclared type `Field`
[INFO] [stdout]     |
[INFO] [stdout] help: consider importing one of these items
[INFO] [stdout]     |
[INFO] [stdout] 363 +     use crate::canary_circuit::Field;
[INFO] [stdout]     |
[INFO] [stdout] 363 +     use crate::prelude::snarkvm_fields::Field;
[INFO] [stdout]     |
[INFO] [stdout] 363 +     use snarkvm_fields::Field;
[INFO] [stdout]     |
[INFO] [stdout] 
[INFO] [stdout] 
[INFO] [stdout] error[E0433]: failed to resolve: use of undeclared type `Mode`
[INFO] [stdout]    --> src/canary_circuit.rs:373:45
[INFO] [stdout]     |
[INFO] [stdout] 373 |         let mut candidate = Field::<E>::new(Mode::Public, one);
[INFO] [stdout]     |                                             ^^^^ use of undeclared type `Mode`
[INFO] [stdout]     |
[INFO] [stdout] help: consider importing this enum through its public re-export
[INFO] [stdout]     |
[INFO] [stdout] 363 +     use crate::Mode;
[INFO] [stdout]     |
[INFO] [stdout] 
[INFO] [stdout] 
[INFO] [stdout] error[E0433]: failed to resolve: use of undeclared type `Field`
[INFO] [stdout]    --> src/canary_circuit.rs:374:31
[INFO] [stdout]     |
[INFO] [stdout] 374 |         let mut accumulator = Field::new(Mode::Private, two);
[INFO] [stdout]     |                               ^^^^^ use of undeclared type `Field`
[INFO] [stdout]     |
[INFO] [stdout] help: consider importing one of these items
[INFO] [stdout]     |
[INFO] [stdout] 363 +     use crate::canary_circuit::Field;
[INFO] [stdout]     |
[INFO] [stdout] 363 +     use crate::prelude::snarkvm_fields::Field;
[INFO] [stdout]     |
[INFO] [stdout] 363 +     use snarkvm_fields::Field;
[INFO] [stdout]     |
[INFO] [stdout] 
[INFO] [stdout] 
[INFO] [stdout] error[E0433]: failed to resolve: use of undeclared type `Mode`
[INFO] [stdout]    --> src/canary_circuit.rs:374:42
[INFO] [stdout]     |
[INFO] [stdout] 374 |         let mut accumulator = Field::new(Mode::Private, two);
[INFO] [stdout]     |                                          ^^^^ use of undeclared type `Mode`
[INFO] [stdout]     |
[INFO] [stdout] help: consider importing this enum through its public re-export
[INFO] [stdout]     |
[INFO] [stdout] 363 +     use crate::Mode;
[INFO] [stdout]     |
[INFO] [stdout] 
[INFO] [stdout] 
[INFO] [stdout] error[E0433]: failed to resolve: use of undeclared type `Field`
[INFO] [stdout]    --> src/canary_circuit.rs:377:28
[INFO] [stdout]     |
[INFO] [stdout] 377 |             accumulator *= Field::new(Mode::Private, two);
[INFO] [stdout]     |                            ^^^^^ use of undeclared type `Field`
[INFO] [stdout]     |
[INFO] [stdout] help: consider importing one of these items
[INFO] [stdout]     |
[INFO] [stdout] 363 +     use crate::canary_circuit::Field;
[INFO] [stdout]     |
[INFO] [stdout] 363 +     use crate::prelude::snarkvm_fields::Field;
[INFO] [stdout]     |
[INFO] [stdout] 363 +     use snarkvm_fields::Field;
[INFO] [stdout]     |
[INFO] [stdout] 
[INFO] [stdout] 
[INFO] [stdout] error[E0433]: failed to resolve: use of undeclared type `Mode`
[INFO] [stdout]    --> src/canary_circuit.rs:377:39
[INFO] [stdout]     |
[INFO] [stdout] 377 |             accumulator *= Field::new(Mode::Private, two);
[INFO] [stdout]     |                                       ^^^^ use of undeclared type `Mode`
[INFO] [stdout]     |
[INFO] [stdout] help: consider importing this enum through its public re-export
[INFO] [stdout]     |
[INFO] [stdout] 363 +     use crate::Mode;
[INFO] [stdout]     |
[INFO] [stdout] 
[INFO] [stdout] 
[INFO] [stdout] error[E0433]: failed to resolve: use of undeclared type `Field`
[INFO] [stdout]    --> src/canary_circuit.rs:380:35
[INFO] [stdout]     |
[INFO] [stdout] 380 |         assert_eq!((accumulator - Field::one()).eject_value(), candidate.eject_value());
[INFO] [stdout]     |                                   ^^^^^ use of undeclared type `Field`
[INFO] [stdout]     |
[INFO] [stdout] help: consider importing one of these items
[INFO] [stdout]     |
[INFO] [stdout] 363 +     use crate::canary_circuit::Field;
[INFO] [stdout]     |
[INFO] [stdout] 363 +     use crate::prelude::snarkvm_fields::Field;
[INFO] [stdout]     |
[INFO] [stdout] 363 +     use snarkvm_fields::Field;
[INFO] [stdout]     |
[INFO] [stdout] 
[INFO] [stdout] 
[INFO] [stdout] error[E0412]: cannot find type `CanaryCircuit` in this scope
[INFO] [stdout]    --> src/canary_circuit.rs:391:51
[INFO] [stdout]     |
[INFO] [stdout] 391 |         let _candidate = create_example_circuit::<CanaryCircuit>();
[INFO] [stdout]     |                                                   ^^^^^^^^^^^^^ not found in this scope
[INFO] [stdout]     |
[INFO] [stdout] help: consider importing this struct through its public re-export
[INFO] [stdout]     |
[INFO] [stdout] 363 +     use crate::CanaryCircuit;
[INFO] [stdout]     |
[INFO] [stdout] 
[INFO] [stdout] 
[INFO] [stdout] error[E0425]: cannot find value `CanaryCircuit` in this scope
[INFO] [stdout]    --> src/canary_circuit.rs:392:32
[INFO] [stdout]     |
[INFO] [stdout] 392 |         let output = format!("{CanaryCircuit}");
[INFO] [stdout]     |                                ^^^^^^^^^^^^^ not found in this scope
[INFO] [stdout]     |
[INFO] [stdout] help: consider importing this unit struct through its public re-export
[INFO] [stdout]     |
[INFO] [stdout] 363 +     use crate::CanaryCircuit;
[INFO] [stdout]     |
[INFO] [stdout] 
[INFO] [stdout] 
[INFO] [stdout] error[E0433]: failed to resolve: use of undeclared type `CanaryCircuit`
[INFO] [stdout]    --> src/canary_circuit.rs:398:9
[INFO] [stdout]     |
[INFO] [stdout] 398 |         CanaryCircuit::scope("test_circuit_scope", || {
[INFO] [stdout]     |         ^^^^^^^^^^^^^ use of undeclared type `CanaryCircuit`
[INFO] [stdout]     |
[INFO] [stdout] help: consider importing this struct through its public re-export
[INFO] [stdout]     |
[INFO] [stdout] 363 +     use crate::CanaryCircuit;
[INFO] [stdout]     |
[INFO] [stdout] 
[INFO] [stdout] 
[INFO] [stdout] error[E0433]: failed to resolve: use of undeclared type `CanaryCircuit`
[INFO] [stdout]    --> src/canary_circuit.rs:399:27
[INFO] [stdout]     |
[INFO] [stdout] 399 |             assert_eq!(0, CanaryCircuit::num_constants());
[INFO] [stdout]     |                           ^^^^^^^^^^^^^ use of undeclared type `CanaryCircuit`
[INFO] [stdout]     |
[INFO] [stdout] help: consider importing this struct through its public re-export
[INFO] [stdout]     |
[INFO] [stdout] 363 +     use crate::CanaryCircuit;
[INFO] [stdout]     |
[INFO] [stdout] 
[INFO] [stdout] 
[INFO] [stdout] error[E0433]: failed to resolve: use of undeclared type `CanaryCircuit`
[INFO] [stdout]    --> src/canary_circuit.rs:400:27
[INFO] [stdout]     |
[INFO] [stdout] 400 |             assert_eq!(1, CanaryCircuit::num_public());
[INFO] [stdout]     |                           ^^^^^^^^^^^^^ use of undeclared type `CanaryCircuit`
[INFO] [stdout]     |
[INFO] [stdout] help: consider importing this struct through its public re-export
[INFO] [stdout]     |
[INFO] [stdout] 363 +     use crate::CanaryCircuit;
[INFO] [stdout]     |
[INFO] [stdout] 
[INFO] [stdout] 
[INFO] [stdout] error[E0433]: failed to resolve: use of undeclared type `CanaryCircuit`
[INFO] [stdout]    --> src/canary_circuit.rs:401:27
[INFO] [stdout]     |
[INFO] [stdout] 401 |             assert_eq!(0, CanaryCircuit::num_private());
[INFO] [stdout]     |                           ^^^^^^^^^^^^^ use of undeclared type `CanaryCircuit`
[INFO] [stdout]     |
[INFO] [stdout] help: consider importing this struct through its public re-export
[INFO] [stdout]     |
[INFO] [stdout] 363 +     use crate::CanaryCircuit;
[INFO] [stdout]     |
[INFO] [stdout] 
[INFO] [stdout] 
[INFO] [stdout] error[E0433]: failed to resolve: use of undeclared type `CanaryCircuit`
[INFO] [stdout]    --> src/canary_circuit.rs:402:27
[INFO] [stdout]     |
[INFO] [stdout] 402 |             assert_eq!(0, CanaryCircuit::num_constraints());
[INFO] [stdout]     |                           ^^^^^^^^^^^^^ use of undeclared type `CanaryCircuit`
[INFO] [stdout]     |
[INFO] [stdout] help: consider importing this struct through its public re-export
[INFO] [stdout]     |
[INFO] [stdout] 363 +     use crate::CanaryCircuit;
[INFO] [stdout]     |
[INFO] [stdout] 
[INFO] [stdout] 
[INFO] [stdout] error[E0433]: failed to resolve: use of undeclared type `CanaryCircuit`
[INFO] [stdout]    --> src/canary_circuit.rs:404:27
[INFO] [stdout]     |
[INFO] [stdout] 404 |             assert_eq!(0, CanaryCircuit::num_constants_in_scope());
[INFO] [stdout]     |                           ^^^^^^^^^^^^^ use of undeclared type `CanaryCircuit`
[INFO] [stdout]     |
[INFO] [stdout] help: consider importing this struct through its public re-export
[INFO] [stdout]     |
[INFO] [stdout] 363 +     use crate::CanaryCircuit;
[INFO] [stdout]     |
[INFO] [stdout] 
[INFO] [stdout] 
[INFO] [stdout] error[E0433]: failed to resolve: use of undeclared type `CanaryCircuit`
[INFO] [stdout]    --> src/canary_circuit.rs:405:27
[INFO] [stdout]     |
[INFO] [stdout] 405 |             assert_eq!(0, CanaryCircuit::num_public_in_scope());
[INFO] [stdout]     |                           ^^^^^^^^^^^^^ use of undeclared type `CanaryCircuit`
[INFO] [stdout]     |
[INFO] [stdout] help: consider importing this struct through its public re-export
[INFO] [stdout]     |
[INFO] [stdout] 363 +     use crate::CanaryCircuit;
[INFO] [stdout]     |
[INFO] [stdout] 
[INFO] [stdout] 
[INFO] [stdout] error[E0433]: failed to resolve: use of undeclared type `CanaryCircuit`
[INFO] [stdout]    --> src/canary_circuit.rs:406:27
[INFO] [stdout]     |
[INFO] [stdout] 406 |             assert_eq!(0, CanaryCircuit::num_private_in_scope());
[INFO] [stdout]     |                           ^^^^^^^^^^^^^ use of undeclared type `CanaryCircuit`
[INFO] [stdout]     |
[INFO] [stdout] help: consider importing this struct through its public re-export
[INFO] [stdout]     |
[INFO] [stdout] 363 +     use crate::CanaryCircuit;
[INFO] [stdout]     |
[INFO] [stdout] 
[INFO] [stdout] 
[INFO] [stdout] error[E0433]: failed to resolve: use of undeclared type `CanaryCircuit`
[INFO] [stdout]    --> src/canary_circuit.rs:407:27
[INFO] [stdout]     |
[INFO] [stdout] 407 |             assert_eq!(0, CanaryCircuit::num_constraints_in_scope());
[INFO] [stdout]     |                           ^^^^^^^^^^^^^ use of undeclared type `CanaryCircuit`
[INFO] [stdout]     |
[INFO] [stdout] help: consider importing this struct through its public re-export
[INFO] [stdout]     |
[INFO] [stdout] 363 +     use crate::CanaryCircuit;
[INFO] [stdout]     |
[INFO] [stdout] 
[INFO] [stdout] 
[INFO] [stdout] error[E0405]: cannot find trait `Environment` in this scope
[INFO] [stdout]    --> src/circuit.rs:390:34
[INFO] [stdout]     |
[INFO] [stdout] 390 |     fn create_example_circuit<E: Environment>() -> Field<E> {
[INFO] [stdout]     |                                  ^^^^^^^^^^^ not found in this scope
[INFO] [stdout]     |
[INFO] [stdout] help: consider importing one of these traits
[INFO] [stdout]     |
[INFO] [stdout] 387 +     use crate::Environment;
[INFO] [stdout]     |
[INFO] [stdout] 387 +     use console::Environment;
[INFO] [stdout]     |
[INFO] [stdout] 
[INFO] [stdout] 
[INFO] [stdout] error[E0412]: cannot find type `Field` in this scope
[INFO] [stdout]    --> src/circuit.rs:390:52
[INFO] [stdout]     |
[INFO] [stdout] 390 |     fn create_example_circuit<E: Environment>() -> Field<E> {
[INFO] [stdout]     |                                                    ^^^^^ not found in this scope
[INFO] [stdout]     |
[INFO] [stdout] help: consider importing one of these items
[INFO] [stdout]     |
[INFO] [stdout] 387 +     use crate::circuit::Field;
[INFO] [stdout]     |
[INFO] [stdout] 387 +     use crate::prelude::snarkvm_fields::Field;
[INFO] [stdout]     |
[INFO] [stdout] 387 +     use snarkvm_fields::Field;
[INFO] [stdout]     |
[INFO] [stdout] 
[INFO] [stdout] 
[INFO] [stdout] error[E0433]: failed to resolve: use of undeclared crate or module `snarkvm_console_types`
[INFO] [stdout]    --> src/circuit.rs:391:19
[INFO] [stdout]     |
[INFO] [stdout] 391 |         let one = snarkvm_console_types::Field::<E::Network>::one();
[INFO] [stdout]     |                   ^^^^^^^^^^^^^^^^^^^^^ use of undeclared crate or module `snarkvm_console_types`
[INFO] [stdout]     |
[INFO] [stdout] help: consider importing one of these items
[INFO] [stdout]     |
[INFO] [stdout] 387 +     use crate::circuit::Field;
[INFO] [stdout]     |
[INFO] [stdout] 387 +     use crate::prelude::snarkvm_fields::Field;
[INFO] [stdout]     |
[INFO] [stdout] 387 +     use snarkvm_fields::Field;
[INFO] [stdout]     |
[INFO] [stdout] help: if you import `Field`, refer to it directly
[INFO] [stdout]     |
[INFO] [stdout] 391 -         let one = snarkvm_console_types::Field::<E::Network>::one();
[INFO] [stdout] 391 +         let one = Field::<E::Network>::one();
[INFO] [stdout]     |
[INFO] [stdout] 
[INFO] [stdout] 
[INFO] [stdout] error[E0433]: failed to resolve: use of undeclared type `Field`
[INFO] [stdout]    --> src/circuit.rs:397:29
[INFO] [stdout]     |
[INFO] [stdout] 397 |         let mut candidate = Field::<E>::new(Mode::Public, one);
[INFO] [stdout]     |                             ^^^^^ use of undeclared type `Field`
[INFO] [stdout]     |
[INFO] [stdout] help: consider importing one of these items
[INFO] [stdout]     |
[INFO] [stdout] 387 +     use crate::circuit::Field;
[INFO] [stdout]     |
[INFO] [stdout] 387 +     use crate::prelude::snarkvm_fields::Field;
[INFO] [stdout]     |
[INFO] [stdout] 387 +     use snarkvm_fields::Field;
[INFO] [stdout]     |
[INFO] [stdout] 
[INFO] [stdout] 
[INFO] [stdout] error[E0433]: failed to resolve: use of undeclared type `Mode`
[INFO] [stdout]    --> src/circuit.rs:397:45
[INFO] [stdout]     |
[INFO] [stdout] 397 |         let mut candidate = Field::<E>::new(Mode::Public, one);
[INFO] [stdout]     |                                             ^^^^ use of undeclared type `Mode`
[INFO] [stdout]     |
[INFO] [stdout] help: consider importing this enum through its public re-export
[INFO] [stdout]     |
[INFO] [stdout] 387 +     use crate::Mode;
[INFO] [stdout]     |
[INFO] [stdout] 
[INFO] [stdout] 
[INFO] [stdout] error[E0433]: failed to resolve: use of undeclared type `Field`
[INFO] [stdout]    --> src/circuit.rs:398:31
[INFO] [stdout]     |
[INFO] [stdout] 398 |         let mut accumulator = Field::new(Mode::Private, two);
[INFO] [stdout]     |                               ^^^^^ use of undeclared type `Field`
[INFO] [stdout]     |
[INFO] [stdout] help: consider importing one of these items
[INFO] [stdout]     |
[INFO] [stdout] 387 +     use crate::circuit::Field;
[INFO] [stdout]     |
[INFO] [stdout] 387 +     use crate::prelude::snarkvm_fields::Field;
[INFO] [stdout]     |
[INFO] [stdout] 387 +     use snarkvm_fields::Field;
[INFO] [stdout]     |
[INFO] [stdout] 
[INFO] [stdout] 
[INFO] [stdout] error[E0433]: failed to resolve: use of undeclared type `Mode`
[INFO] [stdout]    --> src/circuit.rs:398:42
[INFO] [stdout]     |
[INFO] [stdout] 398 |         let mut accumulator = Field::new(Mode::Private, two);
[INFO] [stdout]     |                                          ^^^^ use of undeclared type `Mode`
[INFO] [stdout]     |
[INFO] [stdout] help: consider importing this enum through its public re-export
[INFO] [stdout]     |
[INFO] [stdout] 387 +     use crate::Mode;
[INFO] [stdout]     |
[INFO] [stdout] 
[INFO] [stdout] 
[INFO] [stdout] error[E0433]: failed to resolve: use of undeclared type `Field`
[INFO] [stdout]    --> src/circuit.rs:401:28
[INFO] [stdout]     |
[INFO] [stdout] 401 |             accumulator *= Field::new(Mode::Private, two);
[INFO] [stdout]     |                            ^^^^^ use of undeclared type `Field`
[INFO] [stdout]     |
[INFO] [stdout] help: consider importing one of these items
[INFO] [stdout]     |
[INFO] [stdout] 387 +     use crate::circuit::Field;
[INFO] [stdout]     |
[INFO] [stdout] 387 +     use crate::prelude::snarkvm_fields::Field;
[INFO] [stdout]     |
[INFO] [stdout] 387 +     use snarkvm_fields::Field;
[INFO] [stdout]     |
[INFO] [stdout] 
[INFO] [stdout] 
[INFO] [stdout] error[E0433]: failed to resolve: use of undeclared type `Mode`
[INFO] [stdout]    --> src/circuit.rs:401:39
[INFO] [stdout]     |
[INFO] [stdout] 401 |             accumulator *= Field::new(Mode::Private, two);
[INFO] [stdout]     |                                       ^^^^ use of undeclared type `Mode`
[INFO] [stdout]     |
[INFO] [stdout] help: consider importing this enum through its public re-export
[INFO] [stdout]     |
[INFO] [stdout] 387 +     use crate::Mode;
[INFO] [stdout]     |
[INFO] [stdout] 
[INFO] [stdout] 
[INFO] [stdout] error[E0433]: failed to resolve: use of undeclared type `Field`
[INFO] [stdout]    --> src/circuit.rs:404:35
[INFO] [stdout]     |
[INFO] [stdout] 404 |         assert_eq!((accumulator - Field::one()).eject_value(), candidate.eject_value());
[INFO] [stdout]     |                                   ^^^^^ use of undeclared type `Field`
[INFO] [stdout]     |
[INFO] [stdout] help: consider importing one of these items
[INFO] [stdout]     |
[INFO] [stdout] 387 +     use crate::circuit::Field;
[INFO] [stdout]     |
[INFO] [stdout] 387 +     use crate::prelude::snarkvm_fields::Field;
[INFO] [stdout]     |
[INFO] [stdout] 387 +     use snarkvm_fields::Field;
[INFO] [stdout]     |
[INFO] [stdout] 
[INFO] [stdout] 
[INFO] [stdout] error[E0412]: cannot find type `Circuit` in this scope
[INFO] [stdout]    --> src/circuit.rs:415:51
[INFO] [stdout]     |
[INFO] [stdout] 415 |         let _candidate = create_example_circuit::<Circuit>();
[INFO] [stdout]     |                                                   ^^^^^^^ not found in this scope
[INFO] [stdout]     |
[INFO] [stdout] help: consider importing this struct through its public re-export
[INFO] [stdout]     |
[INFO] [stdout] 387 +     use crate::Circuit;
[INFO] [stdout]     |
[INFO] [stdout] 
[INFO] [stdout] 
[INFO] [stdout] error[E0425]: cannot find value `Circuit` in this scope
[INFO] [stdout]    --> src/circuit.rs:416:32
[INFO] [stdout]     |
[INFO] [stdout] 416 |         let output = format!("{Circuit}");
[INFO] [stdout]     |                                ^^^^^^^ not found in this scope
[INFO] [stdout]     |
[INFO] [stdout] help: consider importing this unit struct through its public re-export
[INFO] [stdout]     |
[INFO] [stdout] 387 +     use crate::Circuit;
[INFO] [stdout]     |
[INFO] [stdout] 
[INFO] [stdout] 
[INFO] [stdout] error[E0433]: failed to resolve: use of undeclared type `Circuit`
[INFO] [stdout]    --> src/circuit.rs:422:9
[INFO] [stdout]     |
[INFO] [stdout] 422 |         Circuit::scope("test_circuit_scope", || {
[INFO] [stdout]     |         ^^^^^^^ use of undeclared type `Circuit`
[INFO] [stdout]     |
[INFO] [stdout] help: consider importing this struct through its public re-export
[INFO] [stdout]     |
[INFO] [stdout] 387 +     use crate::Circuit;
[INFO] [stdout]     |
[INFO] [stdout] 
[INFO] [stdout] 
[INFO] [stdout] error[E0433]: failed to resolve: use of undeclared type `Circuit`
[INFO] [stdout]    --> src/circuit.rs:423:27
[INFO] [stdout]     |
[INFO] [stdout] 423 |             assert_eq!(0, Circuit::num_constants());
[INFO] [stdout]     |                           ^^^^^^^ use of undeclared type `Circuit`
[INFO] [stdout]     |
[INFO] [stdout] help: consider importing this struct through its public re-export
[INFO] [stdout]     |
[INFO] [stdout] 387 +     use crate::Circuit;
[INFO] [stdout]     |
[INFO] [stdout] 
[INFO] [stdout] 
[INFO] [stdout] error[E0433]: failed to resolve: use of undeclared type `Circuit`
[INFO] [stdout]    --> src/circuit.rs:424:27
[INFO] [stdout]     |
[INFO] [stdout] 424 |             assert_eq!(1, Circuit::num_public());
[INFO] [stdout]     |                           ^^^^^^^ use of undeclared type `Circuit`
[INFO] [stdout]     |
[INFO] [stdout] help: consider importing this struct through its public re-export
[INFO] [stdout]     |
[INFO] [stdout] 387 +     use crate::Circuit;
[INFO] [stdout]     |
[INFO] [stdout] 
[INFO] [stdout] 
[INFO] [stdout] error[E0433]: failed to resolve: use of undeclared type `Circuit`
[INFO] [stdout]    --> src/circuit.rs:425:27
[INFO] [stdout]     |
[INFO] [stdout] 425 |             assert_eq!(0, Circuit::num_private());
[INFO] [stdout]     |                           ^^^^^^^ use of undeclared type `Circuit`
[INFO] [stdout]     |
[INFO] [stdout] help: consider importing this struct through its public re-export
[INFO] [stdout]     |
[INFO] [stdout] 387 +     use crate::Circuit;
[INFO] [stdout]     |
[INFO] [stdout] 
[INFO] [stdout] 
[INFO] [stdout] error[E0433]: failed to resolve: use of undeclared type `Circuit`
[INFO] [stdout]    --> src/circuit.rs:426:27
[INFO] [stdout]     |
[INFO] [stdout] 426 |             assert_eq!(0, Circuit::num_constraints());
[INFO] [stdout]     |                           ^^^^^^^ use of undeclared type `Circuit`
[INFO] [stdout]     |
[INFO] [stdout] help: consider importing this struct through its public re-export
[INFO] [stdout]     |
[INFO] [stdout] 387 +     use crate::Circuit;
[INFO] [stdout]     |
[INFO] [stdout] 
[INFO] [stdout] 
[INFO] [stdout] error[E0433]: failed to resolve: use of undeclared type `Circuit`
[INFO] [stdout]    --> src/circuit.rs:428:27
[INFO] [stdout]     |
[INFO] [stdout] 428 |             assert_eq!(0, Circuit::num_constants_in_scope());
[INFO] [stdout]     |                           ^^^^^^^ use of undeclared type `Circuit`
[INFO] [stdout]     |
[INFO] [stdout] help: consider importing this struct through its public re-export
[INFO] [stdout]     |
[INFO] [stdout] 387 +     use crate::Circuit;
[INFO] [stdout]     |
[INFO] [stdout] 
[INFO] [stdout] 
[INFO] [stdout] error[E0433]: failed to resolve: use of undeclared type `Circuit`
[INFO] [stdout]    --> src/circuit.rs:429:27
[INFO] [stdout]     |
[INFO] [stdout] 429 |             assert_eq!(0, Circuit::num_public_in_scope());
[INFO] [stdout]     |                           ^^^^^^^ use of undeclared type `Circuit`
[INFO] [stdout]     |
[INFO] [stdout] help: consider importing this struct through its public re-export
[INFO] [stdout]     |
[INFO] [stdout] 387 +     use crate::Circuit;
[INFO] [stdout]     |
[INFO] [stdout] 
[INFO] [stdout] 
[INFO] [stdout] error[E0433]: failed to resolve: use of undeclared type `Circuit`
[INFO] [stdout]    --> src/circuit.rs:430:27
[INFO] [stdout]     |
[INFO] [stdout] 430 |             assert_eq!(0, Circuit::num_private_in_scope());
[INFO] [stdout]     |                           ^^^^^^^ use of undeclared type `Circuit`
[INFO] [stdout]     |
[INFO] [stdout] help: consider importing this struct through its public re-export
[INFO] [stdout]     |
[INFO] [stdout] 387 +     use crate::Circuit;
[INFO] [stdout]     |
[INFO] [stdout] 
[INFO] [stdout] 
[INFO] [stdout] error[E0433]: failed to resolve: use of undeclared type `Circuit`
[INFO] [stdout]    --> src/circuit.rs:431:27
[INFO] [stdout]     |
[INFO] [stdout] 431 |             assert_eq!(0, Circuit::num_constraints_in_scope());
[INFO] [stdout]     |                           ^^^^^^^ use of undeclared type `Circuit`
[INFO] [stdout]     |
[INFO] [stdout] help: consider importing this struct through its public re-export
[INFO] [stdout]     |
[INFO] [stdout] 387 +     use crate::Circuit;
[INFO] [stdout]     |
[INFO] [stdout] 
[INFO] [stdout] 
[INFO] [stdout] error[E0405]: cannot find trait `Environment` in this scope
[INFO] [stdout]    --> src/helpers/assignment.rs:292:34
[INFO] [stdout]     |
[INFO] [stdout] 292 |     fn create_example_circuit<E: Environment>() -> Field<E> {
[INFO] [stdout]     |                                  ^^^^^^^^^^^ not found in this scope
[INFO] [stdout]     |
[INFO] [stdout] help: consider importing one of these traits
[INFO] [stdout]     |
[INFO] [stdout] 287 +     use crate::Environment;
[INFO] [stdout]     |
[INFO] [stdout] 287 +     use console::Environment;
[INFO] [stdout]     |
[INFO] [stdout] 
[INFO] [stdout] 
[INFO] [stdout] error[E0412]: cannot find type `Field` in this scope
[INFO] [stdout]    --> src/helpers/assignment.rs:292:52
[INFO] [stdout]     |
[INFO] [stdout] 292 |     fn create_example_circuit<E: Environment>() -> Field<E> {
[INFO] [stdout]     |                                                    ^^^^^ not found in this scope
[INFO] [stdout]     |
[INFO] [stdout] help: consider importing one of these traits
[INFO] [stdout]     |
[INFO] [stdout] 287 +     use crate::prelude::snarkvm_fields::Field;
[INFO] [stdout]     |
[INFO] [stdout] 287 +     use snarkvm_fields::Field;
[INFO] [stdout]     |
[INFO] [stdout] 
[INFO] [stdout] 
[INFO] [stdout] error[E0433]: failed to resolve: use of undeclared crate or module `snarkvm_console_types`
[INFO] [stdout]    --> src/helpers/assignment.rs:293:19
[INFO] [stdout]     |
[INFO] [stdout] 293 |         let one = snarkvm_console_types::Field::<E::Network>::one();
[INFO] [stdout]     |                   ^^^^^^^^^^^^^^^^^^^^^ use of undeclared crate or module `snarkvm_console_types`
[INFO] [stdout]     |
[INFO] [stdout] help: consider importing one of these traits
[INFO] [stdout]     |
[INFO] [stdout] 287 +     use crate::prelude::snarkvm_fields::Field;
[INFO] [stdout]     |
[INFO] [stdout] 287 +     use snarkvm_fields::Field;
[INFO] [stdout]     |
[INFO] [stdout] help: if you import `Field`, refer to it directly
[INFO] [stdout]     |
[INFO] [stdout] 293 -         let one = snarkvm_console_types::Field::<E::Network>::one();
[INFO] [stdout] 293 +         let one = Field::<E::Network>::one();
[INFO] [stdout]     |
[INFO] [stdout] 
[INFO] [stdout] 
[INFO] [stdout] error[E0433]: failed to resolve: use of undeclared type `Field`
[INFO] [stdout]    --> src/helpers/assignment.rs:299:29
[INFO] [stdout]     |
[INFO] [stdout] 299 |         let mut candidate = Field::<E>::new(Mode::Public, one);
[INFO] [stdout]     |                             ^^^^^ use of undeclared type `Field`
[INFO] [stdout]     |
[INFO] [stdout] help: consider importing one of these traits
[INFO] [stdout]     |
[INFO] [stdout] 287 +     use crate::prelude::snarkvm_fields::Field;
[INFO] [stdout]     |
[INFO] [stdout] 287 +     use snarkvm_fields::Field;
[INFO] [stdout]     |
[INFO] [stdout] 
[INFO] [stdout] 
[INFO] [stdout] error[E0433]: failed to resolve: use of undeclared type `Mode`
[INFO] [stdout]    --> src/helpers/assignment.rs:299:45
[INFO] [stdout]     |
[INFO] [stdout] 299 |         let mut candidate = Field::<E>::new(Mode::Public, one);
[INFO] [stdout]     |                                             ^^^^ use of undeclared type `Mode`
[INFO] [stdout]     |
[INFO] [stdout] help: consider importing this enum through its public re-export
[INFO] [stdout]     |
[INFO] [stdout] 287 +     use crate::Mode;
[INFO] [stdout]     |
[INFO] [stdout] 
[INFO] [stdout] 
[INFO] [stdout] error[E0433]: failed to resolve: use of undeclared type `Field`
[INFO] [stdout]    --> src/helpers/assignment.rs:300:31
[INFO] [stdout]     |
[INFO] [stdout] 300 |         let mut accumulator = Field::new(Mode::Private, two);
[INFO] [stdout]     |                               ^^^^^ use of undeclared type `Field`
[INFO] [stdout]     |
[INFO] [stdout] help: consider importing one of these traits
[INFO] [stdout]     |
[INFO] [stdout] 287 +     use crate::prelude::snarkvm_fields::Field;
[INFO] [stdout]     |
[INFO] [stdout] 287 +     use snarkvm_fields::Field;
[INFO] [stdout]     |
[INFO] [stdout] 
[INFO] [stdout] 
[INFO] [stdout] error[E0433]: failed to resolve: use of undeclared type `Mode`
[INFO] [stdout]    --> src/helpers/assignment.rs:300:42
[INFO] [stdout]     |
[INFO] [stdout] 300 |         let mut accumulator = Field::new(Mode::Private, two);
[INFO] [stdout]     |                                          ^^^^ use of undeclared type `Mode`
[INFO] [stdout]     |
[INFO] [stdout] help: consider importing this enum through its public re-export
[INFO] [stdout]     |
[INFO] [stdout] 287 +     use crate::Mode;
[INFO] [stdout]     |
[INFO] [stdout] 
[INFO] [stdout] 
[INFO] [stdout] error[E0433]: failed to resolve: use of undeclared type `Field`
[INFO] [stdout]    --> src/helpers/assignment.rs:303:28
[INFO] [stdout]     |
[INFO] [stdout] 303 |             accumulator *= Field::new(Mode::Private, two);
[INFO] [stdout]     |                            ^^^^^ use of undeclared type `Field`
[INFO] [stdout]     |
[INFO] [stdout] help: consider importing one of these traits
[INFO] [stdout]     |
[INFO] [stdout] 287 +     use crate::prelude::snarkvm_fields::Field;
[INFO] [stdout]     |
[INFO] [stdout] 287 +     use snarkvm_fields::Field;
[INFO] [stdout]     |
[INFO] [stdout] 
[INFO] [stdout] 
[INFO] [stdout] error[E0433]: failed to resolve: use of undeclared type `Mode`
[INFO] [stdout]    --> src/helpers/assignment.rs:303:39
[INFO] [stdout]     |
[INFO] [stdout] 303 |             accumulator *= Field::new(Mode::Private, two);
[INFO] [stdout]     |                                       ^^^^ use of undeclared type `Mode`
[INFO] [stdout]     |
[INFO] [stdout] help: consider importing this enum through its public re-export
[INFO] [stdout]     |
[INFO] [stdout] 287 +     use crate::Mode;
[INFO] [stdout]     |
[INFO] [stdout] 
[INFO] [stdout] 
[INFO] [stdout] error[E0433]: failed to resolve: use of undeclared type `Field`
[INFO] [stdout]    --> src/helpers/assignment.rs:306:35
[INFO] [stdout]     |
[INFO] [stdout] 306 |         assert_eq!((accumulator - Field::one()).eject_value(), candidate.eject_value());
[INFO] [stdout]     |                                   ^^^^^ use of undeclared type `Field`
[INFO] [stdout]     |
[INFO] [stdout] help: consider importing one of these traits
[INFO] [stdout]     |
[INFO] [stdout] 287 +     use crate::prelude::snarkvm_fields::Field;
[INFO] [stdout]     |
[INFO] [stdout] 287 +     use snarkvm_fields::Field;
[INFO] [stdout]     |
[INFO] [stdout] 
[INFO] [stdout] 
[INFO] [stdout] error[E0412]: cannot find type `Circuit` in this scope
[INFO] [stdout]    --> src/helpers/assignment.rs:317:58
[INFO] [stdout]     |
[INFO] [stdout] 317 |         let _candidate_output = create_example_circuit::<Circuit>();
[INFO] [stdout]     |                                                          ^^^^^^^ not found in this scope
[INFO] [stdout]     |
[INFO] [stdout] help: consider importing this struct through its public re-export
[INFO] [stdout]     |
[INFO] [stdout] 287 +     use crate::Circuit;
[INFO] [stdout]     |
[INFO] [stdout] 
[INFO] [stdout] 
[INFO] [stdout] error[E0433]: failed to resolve: use of undeclared type `Circuit`
[INFO] [stdout]    --> src/helpers/assignment.rs:318:26
[INFO] [stdout]     |
[INFO] [stdout] 318 |         let assignment = Circuit::eject_assignment_and_reset();
[INFO] [stdout]     |                          ^^^^^^^ use of undeclared type `Circuit`
[INFO] [stdout]     |
[INFO] [stdout] help: consider importing this struct through its public re-export
[INFO] [stdout]     |
[INFO] [stdout] 287 +     use crate::Circuit;
[INFO] [stdout]     |
[INFO] [stdout] 
[INFO] [stdout] 
[INFO] [stdout] error[E0433]: failed to resolve: use of undeclared type `Circuit`
[INFO] [stdout]    --> src/helpers/assignment.rs:319:23
[INFO] [stdout]     |
[INFO] [stdout] 319 |         assert_eq!(0, Circuit::num_constants());
[INFO] [stdout]     |                       ^^^^^^^ use of undeclared type `Circuit`
[INFO] [stdout]     |
[INFO] [stdout] help: consider importing this struct through its public re-export
[INFO] [stdout]     |
[INFO] [stdout] 287 +     use crate::Circuit;
[INFO] [stdout]     |
[INFO] [stdout] 
[INFO] [stdout] 
[INFO] [stdout] error[E0433]: failed to resolve: use of undeclared type `Circuit`
[INFO] [stdout]    --> src/helpers/assignment.rs:320:23
[INFO] [stdout]     |
[INFO] [stdout] 320 |         assert_eq!(1, Circuit::num_public());
[INFO] [stdout]     |                       ^^^^^^^ use of undeclared type `Circuit`
[INFO] [stdout]     |
[INFO] [stdout] help: consider importing this struct through its public re-export
[INFO] [stdout]     |
[INFO] [stdout] 287 +     use crate::Circuit;
[INFO] [stdout]     |
[INFO] [stdout] 
[INFO] [stdout] 
[INFO] [stdout] error[E0433]: failed to resolve: use of undeclared type `Circuit`
[INFO] [stdout]    --> src/helpers/assignment.rs:321:23
[INFO] [stdout]     |
[INFO] [stdout] 321 |         assert_eq!(0, Circuit::num_private());
[INFO] [stdout]     |                       ^^^^^^^ use of undeclared type `Circuit`
[INFO] [stdout]     |
[INFO] [stdout] help: consider importing this struct through its public re-export
[INFO] [stdout]     |
[INFO] [stdout] 287 +     use crate::Circuit;
[INFO] [stdout]     |
[INFO] [stdout] 
[INFO] [stdout] 
[INFO] [stdout] error[E0433]: failed to resolve: use of undeclared type `Circuit`
[INFO] [stdout]    --> src/helpers/assignment.rs:322:23
[INFO] [stdout]     |
[INFO] [stdout] 322 |         assert_eq!(0, Circuit::num_constraints());
[INFO] [stdout]     |                       ^^^^^^^ use of undeclared type `Circuit`
[INFO] [stdout]     |
[INFO] [stdout] help: consider importing this struct through its public re-export
[INFO] [stdout]     |
[INFO] [stdout] 287 +     use crate::Circuit;
[INFO] [stdout]     |
[INFO] [stdout] 
[INFO] [stdout] 
[INFO] [stdout] error[E0412]: cannot find type `Circuit` in this scope
[INFO] [stdout]    --> src/helpers/assignment.rs:337:58
[INFO] [stdout]     |
[INFO] [stdout] 337 |         let _candidate_output = create_example_circuit::<Circuit>();
[INFO] [stdout]     |                                                          ^^^^^^^ not found in this scope
[INFO] [stdout]     |
[INFO] [stdout] help: consider importing this struct through its public re-export
[INFO] [stdout]     |
[INFO] [stdout] 287 +     use crate::Circuit;
[INFO] [stdout]     |
[INFO] [stdout] 
[INFO] [stdout] 
[INFO] [stdout] error[E0433]: failed to resolve: use of undeclared type `Circuit`
[INFO] [stdout]    --> src/helpers/assignment.rs:338:26
[INFO] [stdout]     |
[INFO] [stdout] 338 |         let assignment = Circuit::eject_assignment_and_reset();
[INFO] [stdout]     |                          ^^^^^^^ use of undeclared type `Circuit`
[INFO] [stdout]     |
[INFO] [stdout] help: consider importing this struct through its public re-export
[INFO] [stdout]     |
[INFO] [stdout] 287 +     use crate::Circuit;
[INFO] [stdout]     |
[INFO] [stdout] 
[INFO] [stdout] 
[INFO] [stdout] error[E0433]: failed to resolve: use of undeclared type `Circuit`
[INFO] [stdout]    --> src/helpers/assignment.rs:339:23
[INFO] [stdout]     |
[INFO] [stdout] 339 |         assert_eq!(0, Circuit::num_constants());
[INFO] [stdout]     |                       ^^^^^^^ use of undeclared type `Circuit`
[INFO] [stdout]     |
[INFO] [stdout] help: consider importing this struct through its public re-export
[INFO] [stdout]     |
[INFO] [stdout] 287 +     use crate::Circuit;
[INFO] [stdout]     |
[INFO] [stdout] 
[INFO] [stdout] 
[INFO] [stdout] error[E0433]: failed to resolve: use of undeclared type `Circuit`
[INFO] [stdout]    --> src/helpers/assignment.rs:340:23
[INFO] [stdout]     |
[INFO] [stdout] 340 |         assert_eq!(1, Circuit::num_public());
[INFO] [stdout]     |                       ^^^^^^^ use of undeclared type `Circuit`
[INFO] [stdout]     |
[INFO] [stdout] help: consider importing this struct through its public re-export
[INFO] [stdout]     |
[INFO] [stdout] 287 +     use crate::Circuit;
[INFO] [stdout]     |
[INFO] [stdout] 
[INFO] [stdout] 
[INFO] [stdout] error[E0433]: failed to resolve: use of undeclared type `Circuit`
[INFO] [stdout]    --> src/helpers/assignment.rs:341:23
[INFO] [stdout]     |
[INFO] [stdout] 341 |         assert_eq!(0, Circuit::num_private());
[INFO] [stdout]     |                       ^^^^^^^ use of undeclared type `Circuit`
[INFO] [stdout]     |
[INFO] [stdout] help: consider importing this struct through its public re-export
[INFO] [stdout]     |
[INFO] [stdout] 287 +     use crate::Circuit;
[INFO] [stdout]     |
[INFO] [stdout] 
[INFO] [stdout] 
[INFO] [stdout] error[E0433]: failed to resolve: use of undeclared type `Circuit`
[INFO] [stdout]    --> src/helpers/assignment.rs:342:23
[INFO] [stdout]     |
[INFO] [stdout] 342 |         assert_eq!(0, Circuit::num_constraints());
[INFO] [stdout]     |                       ^^^^^^^ use of undeclared type `Circuit`
[INFO] [stdout]     |
[INFO] [stdout] help: consider importing this struct through its public re-export
[INFO] [stdout]     |
[INFO] [stdout] 287 +     use crate::Circuit;
[INFO] [stdout]     |
[INFO] [stdout] 
[INFO] [stdout] 
[INFO] [stdout] error[E0405]: cannot find trait `Environment` in this scope
[INFO] [stdout]    --> src/helpers/assignment.rs:370:31
[INFO] [stdout]     |
[INFO] [stdout] 370 |         let one = <Circuit as Environment>::BaseField::one();
[INFO] [stdout]     |                               ^^^^^^^^^^^ not found in this scope
[INFO] [stdout]     |
[INFO] [stdout] help: consider importing one of these traits
[INFO] [stdout]     |
[INFO] [stdout] 287 +     use crate::Environment;
[INFO] [stdout]     |
[INFO] [stdout] 287 +     use console::Environment;
[INFO] [stdout]     |
[INFO] [stdout] 
[INFO] [stdout] 
[INFO] [stdout] error[E0412]: cannot find type `Circuit` in this scope
[INFO] [stdout]    --> src/helpers/assignment.rs:370:20
[INFO] [stdout]     |
[INFO] [stdout] 370 |         let one = <Circuit as Environment>::BaseField::one();
[INFO] [stdout]     |                    ^^^^^^^ not found in this scope
[INFO] [stdout]     |
[INFO] [stdout] help: consider importing this struct through its public re-export
[INFO] [stdout]     |
[INFO] [stdout] 287 +     use crate::Circuit;
[INFO] [stdout]     |
[INFO] [stdout] 
[INFO] [stdout] 
[INFO] [stdout] error[E0405]: cannot find trait `Environment` in this scope
[INFO] [stdout]    --> src/helpers/converter.rs:209:34
[INFO] [stdout]     |
[INFO] [stdout] 209 |     fn create_example_circuit<E: Environment>() -> Field<E> {
[INFO] [stdout]     |                                  ^^^^^^^^^^^ not found in this scope
[INFO] [stdout]     |
[INFO] [stdout] help: consider importing one of these traits
[INFO] [stdout]     |
[INFO] [stdout] 204 +     use crate::Environment;
[INFO] [stdout]     |
[INFO] [stdout] 204 +     use console::Environment;
[INFO] [stdout]     |
[INFO] [stdout] 
[INFO] [stdout] 
[INFO] [stdout] error[E0412]: cannot find type `Field` in this scope
[INFO] [stdout]    --> src/helpers/converter.rs:209:52
[INFO] [stdout]     |
[INFO] [stdout] 209 |     fn create_example_circuit<E: Environment>() -> Field<E> {
[INFO] [stdout]     |                                                    ^^^^^ not found in this scope
[INFO] [stdout]     |
[INFO] [stdout] help: consider importing one of these traits
[INFO] [stdout]     |
[INFO] [stdout] 204 +     use crate::prelude::snarkvm_fields::Field;
[INFO] [stdout]     |
[INFO] [stdout] 204 +     use snarkvm_fields::Field;
[INFO] [stdout]     |
[INFO] [stdout] 
[INFO] [stdout] 
[INFO] [stdout] error[E0433]: failed to resolve: use of undeclared crate or module `snarkvm_console_types`
[INFO] [stdout]    --> src/helpers/converter.rs:210:19
[INFO] [stdout]     |
[INFO] [stdout] 210 |         let one = snarkvm_console_types::Field::<E::Network>::one();
[INFO] [stdout]     |                   ^^^^^^^^^^^^^^^^^^^^^ use of undeclared crate or module `snarkvm_console_types`
[INFO] [stdout]     |
[INFO] [stdout] help: consider importing one of these traits
[INFO] [stdout]     |
[INFO] [stdout] 204 +     use crate::prelude::snarkvm_fields::Field;
[INFO] [stdout]     |
[INFO] [stdout] 204 +     use snarkvm_fields::Field;
[INFO] [stdout]     |
[INFO] [stdout] help: if you import `Field`, refer to it directly
[INFO] [stdout]     |
[INFO] [stdout] 210 -         let one = snarkvm_console_types::Field::<E::Network>::one();
[INFO] [stdout] 210 +         let one = Field::<E::Network>::one();
[INFO] [stdout]     |
[INFO] [stdout] 
[INFO] [stdout] 
[INFO] [stdout] error[E0433]: failed to resolve: use of undeclared type `Field`
[INFO] [stdout]    --> src/helpers/converter.rs:216:29
[INFO] [stdout]     |
[INFO] [stdout] 216 |         let mut candidate = Field::<E>::new(Mode::Public, one);
[INFO] [stdout]     |                             ^^^^^ use of undeclared type `Field`
[INFO] [stdout]     |
[INFO] [stdout] help: consider importing one of these traits
[INFO] [stdout]     |
[INFO] [stdout] 204 +     use crate::prelude::snarkvm_fields::Field;
[INFO] [stdout]     |
[INFO] [stdout] 204 +     use snarkvm_fields::Field;
[INFO] [stdout]     |
[INFO] [stdout] 
[INFO] [stdout] 
[INFO] [stdout] error[E0433]: failed to resolve: use of undeclared type `Mode`
[INFO] [stdout]    --> src/helpers/converter.rs:216:45
[INFO] [stdout]     |
[INFO] [stdout] 216 |         let mut candidate = Field::<E>::new(Mode::Public, one);
[INFO] [stdout]     |                                             ^^^^ use of undeclared type `Mode`
[INFO] [stdout]     |
[INFO] [stdout] help: consider importing this enum through its public re-export
[INFO] [stdout]     |
[INFO] [stdout] 204 +     use crate::Mode;
[INFO] [stdout]     |
[INFO] [stdout] 
[INFO] [stdout] 
[INFO] [stdout] error[E0433]: failed to resolve: use of undeclared type `Field`
[INFO] [stdout]    --> src/helpers/converter.rs:217:31
[INFO] [stdout]     |
[INFO] [stdout] 217 |         let mut accumulator = Field::new(Mode::Private, two);
[INFO] [stdout]     |                               ^^^^^ use of undeclared type `Field`
[INFO] [stdout]     |
[INFO] [stdout] help: consider importing one of these traits
[INFO] [stdout]     |
[INFO] [stdout] 204 +     use crate::prelude::snarkvm_fields::Field;
[INFO] [stdout]     |
[INFO] [stdout] 204 +     use snarkvm_fields::Field;
[INFO] [stdout]     |
[INFO] [stdout] 
[INFO] [stdout] 
[INFO] [stdout] error[E0433]: failed to resolve: use of undeclared type `Mode`
[INFO] [stdout]    --> src/helpers/converter.rs:217:42
[INFO] [stdout]     |
[INFO] [stdout] 217 |         let mut accumulator = Field::new(Mode::Private, two);
[INFO] [stdout]     |                                          ^^^^ use of undeclared type `Mode`
[INFO] [stdout]     |
[INFO] [stdout] help: consider importing this enum through its public re-export
[INFO] [stdout]     |
[INFO] [stdout] 204 +     use crate::Mode;
[INFO] [stdout]     |
[INFO] [stdout] 
[INFO] [stdout] 
[INFO] [stdout] error[E0433]: failed to resolve: use of undeclared type `Field`
[INFO] [stdout]    --> src/helpers/converter.rs:220:28
[INFO] [stdout]     |
[INFO] [stdout] 220 |             accumulator *= Field::new(Mode::Private, two);
[INFO] [stdout]     |                            ^^^^^ use of undeclared type `Field`
[INFO] [stdout]     |
[INFO] [stdout] help: consider importing one of these traits
[INFO] [stdout]     |
[INFO] [stdout] 204 +     use crate::prelude::snarkvm_fields::Field;
[INFO] [stdout]     |
[INFO] [stdout] 204 +     use snarkvm_fields::Field;
[INFO] [stdout]     |
[INFO] [stdout] 
[INFO] [stdout] 
[INFO] [stdout] error[E0433]: failed to resolve: use of undeclared type `Mode`
[INFO] [stdout]    --> src/helpers/converter.rs:220:39
[INFO] [stdout]     |
[INFO] [stdout] 220 |             accumulator *= Field::new(Mode::Private, two);
[INFO] [stdout]     |                                       ^^^^ use of undeclared type `Mode`
[INFO] [stdout]     |
[INFO] [stdout] help: consider importing this enum through its public re-export
[INFO] [stdout]     |
[INFO] [stdout] 204 +     use crate::Mode;
[INFO] [stdout]     |
[INFO] [stdout] 
[INFO] [stdout] 
[INFO] [stdout] error[E0433]: failed to resolve: use of undeclared type `Field`
[INFO] [stdout]    --> src/helpers/converter.rs:223:35
[INFO] [stdout]     |
[INFO] [stdout] 223 |         assert_eq!((accumulator - Field::one()).eject_value(), candidate.eject_value());
[INFO] [stdout]     |                                   ^^^^^ use of undeclared type `Field`
[INFO] [stdout]     |
[INFO] [stdout] help: consider importing one of these traits
[INFO] [stdout]     |
[INFO] [stdout] 204 +     use crate::prelude::snarkvm_fields::Field;
[INFO] [stdout]     |
[INFO] [stdout] 204 +     use snarkvm_fields::Field;
[INFO] [stdout]     |
[INFO] [stdout] 
[INFO] [stdout] 
[INFO] [stdout] error[E0412]: cannot find type `Circuit` in this scope
[INFO] [stdout]    --> src/helpers/converter.rs:234:58
[INFO] [stdout]     |
[INFO] [stdout] 234 |         let _candidate_output = create_example_circuit::<Circuit>();
[INFO] [stdout]     |                                                          ^^^^^^^ not found in this scope
[INFO] [stdout]     |
[INFO] [stdout] help: consider importing this struct through its public re-export
[INFO] [stdout]     |
[INFO] [stdout] 204 +     use crate::Circuit;
[INFO] [stdout]     |
[INFO] [stdout] 
[INFO] [stdout] 
[INFO] [stdout] error[E0425]: cannot find value `Circuit` in this scope
[INFO] [stdout]    --> src/helpers/converter.rs:237:9
[INFO] [stdout]     |
[INFO] [stdout] 237 |         Circuit.generate_constraints(&mut cs).unwrap();
[INFO] [stdout]     |         ^^^^^^^ not found in this scope
[INFO] [stdout]     |
[INFO] [stdout] help: consider importing this unit struct through its public re-export
[INFO] [stdout]     |
[INFO] [stdout] 204 +     use crate::Circuit;
[INFO] [stdout]     |
[INFO] [stdout] 
[INFO] [stdout] 
[INFO] [stdout] error[E0433]: failed to resolve: use of undeclared type `Circuit`
[INFO] [stdout]    --> src/helpers/converter.rs:240:24
[INFO] [stdout]     |
[INFO] [stdout] 240 |             assert_eq!(Circuit::num_public(), cs.num_public_variables() as u64);
[INFO] [stdout]     |                        ^^^^^^^ use of undeclared type `Circuit`
[INFO] [stdout]     |
[INFO] [stdout] help: consider importing this struct through its public re-export
[INFO] [stdout]     |
[INFO] [stdout] 204 +     use crate::Circuit;
[INFO] [stdout]     |
[INFO] [stdout] 
[INFO] [stdout] 
[INFO] [stdout] error[E0433]: failed to resolve: use of undeclared type `Circuit`
[INFO] [stdout]    --> src/helpers/converter.rs:241:24
[INFO] [stdout]     |
[INFO] [stdout] 241 |             assert_eq!(Circuit::num_private(), cs.num_private_variables() as u64);
[INFO] [stdout]     |                        ^^^^^^^ use of undeclared type `Circuit`
[INFO] [stdout]     |
[INFO] [stdout] help: consider importing this struct through its public re-export
[INFO] [stdout]     |
[INFO] [stdout] 204 +     use crate::Circuit;
[INFO] [stdout]     |
[INFO] [stdout] 
[INFO] [stdout] 
[INFO] [stdout] error[E0433]: failed to resolve: use of undeclared type `Circuit`
[INFO] [stdout]    --> src/helpers/converter.rs:242:24
[INFO] [stdout]     |
[INFO] [stdout] 242 |             assert_eq!(Circuit::num_constraints(), cs.num_constraints() as u64);
[INFO] [stdout]     |                        ^^^^^^^ use of undeclared type `Circuit`
[INFO] [stdout]     |
[INFO] [stdout] help: consider importing this struct through its public re-export
[INFO] [stdout]     |
[INFO] [stdout] 204 +     use crate::Circuit;
[INFO] [stdout]     |
[INFO] [stdout] 
[INFO] [stdout] 
[INFO] [stdout] error[E0412]: cannot find type `Circuit` in this scope
[INFO] [stdout]    --> src/helpers/converter.rs:249:58
[INFO] [stdout]     |
[INFO] [stdout] 249 |         let _candidate_output = create_example_circuit::<Circuit>();
[INFO] [stdout]     |                                                          ^^^^^^^ not found in this scope
[INFO] [stdout]     |
[INFO] [stdout] help: consider importing this struct through its public re-export
[INFO] [stdout]     |
[INFO] [stdout] 204 +     use crate::Circuit;
[INFO] [stdout]     |
[INFO] [stdout] 
[INFO] [stdout] 
[INFO] [stdout] error[E0433]: failed to resolve: use of undeclared crate or module `snarkvm_console_types`
[INFO] [stdout]    --> src/helpers/converter.rs:250:19
[INFO] [stdout]     |
[INFO] [stdout] 250 |         let one = snarkvm_console_types::Field::<<Circuit as Environment>::Network>::one();
[INFO] [stdout]     |                   ^^^^^^^^^^^^^^^^^^^^^ use of undeclared crate or module `snarkvm_console_types`
[INFO] [stdout]     |
[INFO] [stdout] help: consider importing one of these traits
[INFO] [stdout]     |
[INFO] [stdout] 204 +     use crate::prelude::snarkvm_fields::Field;
[INFO] [stdout]     |
[INFO] [stdout] 204 +     use snarkvm_fields::Field;
[INFO] [stdout]     |
[INFO] [stdout] help: if you import `Field`, refer to it directly
[INFO] [stdout]     |
[INFO] [stdout] 250 -         let one = snarkvm_console_types::Field::<<Circuit as Environment>::Network>::one();
[INFO] [stdout] 250 +         let one = Field::<<Circuit as Environment>::Network>::one();
[INFO] [stdout]     |
[INFO] [stdout] 
[INFO] [stdout] 
[INFO] [stdout] error[E0405]: cannot find trait `Environment` in this scope
[INFO] [stdout]    --> src/helpers/converter.rs:250:62
[INFO] [stdout]     |
[INFO] [stdout] 250 |         let one = snarkvm_console_types::Field::<<Circuit as Environment>::Network>::one();
[INFO] [stdout]     |                                                              ^^^^^^^^^^^ not found in this scope
[INFO] [stdout]     |
[INFO] [stdout] help: consider importing one of these traits
[INFO] [stdout]     |
[INFO] [stdout] 204 +     use crate::Environment;
[INFO] [stdout]     |
[INFO] [stdout] 204 +     use console::Environment;
[INFO] [stdout]     |
[INFO] [stdout] 
[INFO] [stdout] 
[INFO] [stdout] error[E0412]: cannot find type `Circuit` in this scope
[INFO] [stdout]    --> src/helpers/converter.rs:250:51
[INFO] [stdout]     |
[INFO] [stdout] 250 |         let one = snarkvm_console_types::Field::<<Circuit as Environment>::Network>::one();
[INFO] [stdout]     |                                                   ^^^^^^^ not found in this scope
[INFO] [stdout]     |
[INFO] [stdout] help: consider importing this struct through its public re-export
[INFO] [stdout]     |
[INFO] [stdout] 204 +     use crate::Circuit;
[INFO] [stdout]     |
[INFO] [stdout] 
[INFO] [stdout] 
[INFO] [stdout] error[E0425]: cannot find value `Circuit` in this scope
[INFO] [stdout]    --> src/helpers/converter.rs:272:79
[INFO] [stdout]     |
[INFO] [stdout] 272 |         let (index_pk, index_vk) = VarunaInst::circuit_setup(&universal_srs, &Circuit).unwrap();
[INFO] [stdout]     |                                                                               ^^^^^^^ not found in this scope
[INFO] [stdout]     |
[INFO] [stdout] help: consider importing this unit struct through its public re-export
[INFO] [stdout]     |
[INFO] [stdout] 204 +     use crate::Circuit;
[INFO] [stdout]     |
[INFO] [stdout] 
[INFO] [stdout] 
[INFO] [stdout] error[E0425]: cannot find value `Circuit` in this scope
[INFO] [stdout]    --> src/helpers/converter.rs:275:77
[INFO] [stdout]     |
[INFO] [stdout] 275 |         let proof = VarunaInst::prove(universal_prover, &fs_pp, &index_pk, &Circuit, rng).unwrap();
[INFO] [stdout]     |                                                                             ^^^^^^^ not found in this scope
[INFO] [stdout]     |
[INFO] [stdout] help: consider importing this unit struct through its public re-export
[INFO] [stdout]     |
[INFO] [stdout] 204 +     use crate::Circuit;
[INFO] [stdout]     |
[INFO] [stdout] 
[INFO] [stdout] 
[INFO] [stdout] error[E0405]: cannot find trait `Environment` in this scope
[INFO] [stdout]    --> src/testnet_circuit.rs:366:34
[INFO] [stdout]     |
[INFO] [stdout] 366 |     fn create_example_circuit<E: Environment>() -> Field<E> {
[INFO] [stdout]     |                                  ^^^^^^^^^^^ not found in this scope
[INFO] [stdout]     |
[INFO] [stdout] help: consider importing one of these traits
[INFO] [stdout]     |
[INFO] [stdout] 363 +     use crate::Environment;
[INFO] [stdout]     |
[INFO] [stdout] 363 +     use console::Environment;
[INFO] [stdout]     |
[INFO] [stdout] 
[INFO] [stdout] 
[INFO] [stdout] error[E0412]: cannot find type `Field` in this scope
[INFO] [stdout]    --> src/testnet_circuit.rs:366:52
[INFO] [stdout]     |
[INFO] [stdout] 366 |     fn create_example_circuit<E: Environment>() -> Field<E> {
[INFO] [stdout]     |                                                    ^^^^^ not found in this scope
[INFO] [stdout]     |
[INFO] [stdout] help: consider importing one of these items
[INFO] [stdout]     |
[INFO] [stdout] 363 +     use crate::prelude::snarkvm_fields::Field;
[INFO] [stdout]     |
[INFO] [stdout] 363 +     use crate::testnet_circuit::Field;
[INFO] [stdout]     |
[INFO] [stdout] 363 +     use snarkvm_fields::Field;
[INFO] [stdout]     |
[INFO] [stdout] 
[INFO] [stdout] 
[INFO] [stdout] error[E0433]: failed to resolve: use of undeclared crate or module `snarkvm_console_types`
[INFO] [stdout]    --> src/testnet_circuit.rs:367:19
[INFO] [stdout]     |
[INFO] [stdout] 367 |         let one = snarkvm_console_types::Field::<E::Network>::one();
[INFO] [stdout]     |                   ^^^^^^^^^^^^^^^^^^^^^ use of undeclared crate or module `snarkvm_console_types`
[INFO] [stdout]     |
[INFO] [stdout] help: consider importing one of these items
[INFO] [stdout]     |
[INFO] [stdout] 363 +     use crate::prelude::snarkvm_fields::Field;
[INFO] [stdout]     |
[INFO] [stdout] 363 +     use crate::testnet_circuit::Field;
[INFO] [stdout]     |
[INFO] [stdout] 363 +     use snarkvm_fields::Field;
[INFO] [stdout]     |
[INFO] [stdout] help: if you import `Field`, refer to it directly
[INFO] [stdout]     |
[INFO] [stdout] 367 -         let one = snarkvm_console_types::Field::<E::Network>::one();
[INFO] [stdout] 367 +         let one = Field::<E::Network>::one();
[INFO] [stdout]     |
[INFO] [stdout] 
[INFO] [stdout] 
[INFO] [stdout] error[E0433]: failed to resolve: use of undeclared type `Field`
[INFO] [stdout]    --> src/testnet_circuit.rs:373:29
[INFO] [stdout]     |
[INFO] [stdout] 373 |         let mut candidate = Field::<E>::new(Mode::Public, one);
[INFO] [stdout]     |                             ^^^^^ use of undeclared type `Field`
[INFO] [stdout]     |
[INFO] [stdout] help: consider importing one of these items
[INFO] [stdout]     |
[INFO] [stdout] 363 +     use crate::prelude::snarkvm_fields::Field;
[INFO] [stdout]     |
[INFO] [stdout] 363 +     use crate::testnet_circuit::Field;
[INFO] [stdout]     |
[INFO] [stdout] 363 +     use snarkvm_fields::Field;
[INFO] [stdout]     |
[INFO] [stdout] 
[INFO] [stdout] 
[INFO] [stdout] error[E0433]: failed to resolve: use of undeclared type `Mode`
[INFO] [stdout]    --> src/testnet_circuit.rs:373:45
[INFO] [stdout]     |
[INFO] [stdout] 373 |         let mut candidate = Field::<E>::new(Mode::Public, one);
[INFO] [stdout]     |                                             ^^^^ use of undeclared type `Mode`
[INFO] [stdout]     |
[INFO] [stdout] help: consider importing this enum through its public re-export
[INFO] [stdout]     |
[INFO] [stdout] 363 +     use crate::Mode;
[INFO] [stdout]     |
[INFO] [stdout] 
[INFO] [stdout] 
[INFO] [stdout] error[E0433]: failed to resolve: use of undeclared type `Field`
[INFO] [stdout]    --> src/testnet_circuit.rs:374:31
[INFO] [stdout]     |
[INFO] [stdout] 374 |         let mut accumulator = Field::new(Mode::Private, two);
[INFO] [stdout]     |                               ^^^^^ use of undeclared type `Field`
[INFO] [stdout]     |
[INFO] [stdout] help: consider importing one of these items
[INFO] [stdout]     |
[INFO] [stdout] 363 +     use crate::prelude::snarkvm_fields::Field;
[INFO] [stdout]     |
[INFO] [stdout] 363 +     use crate::testnet_circuit::Field;
[INFO] [stdout]     |
[INFO] [stdout] 363 +     use snarkvm_fields::Field;
[INFO] [stdout]     |
[INFO] [stdout] 
[INFO] [stdout] 
[INFO] [stdout] error[E0433]: failed to resolve: use of undeclared type `Mode`
[INFO] [stdout]    --> src/testnet_circuit.rs:374:42
[INFO] [stdout]     |
[INFO] [stdout] 374 |         let mut accumulator = Field::new(Mode::Private, two);
[INFO] [stdout]     |                                          ^^^^ use of undeclared type `Mode`
[INFO] [stdout]     |
[INFO] [stdout] help: consider importing this enum through its public re-export
[INFO] [stdout]     |
[INFO] [stdout] 363 +     use crate::Mode;
[INFO] [stdout]     |
[INFO] [stdout] 
[INFO] [stdout] 
[INFO] [stdout] error[E0433]: failed to resolve: use of undeclared type `Field`
[INFO] [stdout]    --> src/testnet_circuit.rs:377:28
[INFO] [stdout]     |
[INFO] [stdout] 377 |             accumulator *= Field::new(Mode::Private, two);
[INFO] [stdout]     |                            ^^^^^ use of undeclared type `Field`
[INFO] [stdout]     |
[INFO] [stdout] help: consider importing one of these items
[INFO] [stdout]     |
[INFO] [stdout] 363 +     use crate::prelude::snarkvm_fields::Field;
[INFO] [stdout]     |
[INFO] [stdout] 363 +     use crate::testnet_circuit::Field;
[INFO] [stdout]     |
[INFO] [stdout] 363 +     use snarkvm_fields::Field;
[INFO] [stdout]     |
[INFO] [stdout] 
[INFO] [stdout] 
[INFO] [stdout] error[E0433]: failed to resolve: use of undeclared type `Mode`
[INFO] [stdout]    --> src/testnet_circuit.rs:377:39
[INFO] [stdout]     |
[INFO] [stdout] 377 |             accumulator *= Field::new(Mode::Private, two);
[INFO] [stdout]     |                                       ^^^^ use of undeclared type `Mode`
[INFO] [stdout]     |
[INFO] [stdout] help: consider importing this enum through its public re-export
[INFO] [stdout]     |
[INFO] [stdout] 363 +     use crate::Mode;
[INFO] [stdout]     |
[INFO] [stdout] 
[INFO] [stdout] 
[INFO] [stdout] error[E0433]: failed to resolve: use of undeclared type `Field`
[INFO] [stdout]    --> src/testnet_circuit.rs:380:35
[INFO] [stdout]     |
[INFO] [stdout] 380 |         assert_eq!((accumulator - Field::one()).eject_value(), candidate.eject_value());
[INFO] [stdout]     |                                   ^^^^^ use of undeclared type `Field`
[INFO] [stdout]     |
[INFO] [stdout] help: consider importing one of these items
[INFO] [stdout]     |
[INFO] [stdout] 363 +     use crate::prelude::snarkvm_fields::Field;
[INFO] [stdout]     |
[INFO] [stdout] 363 +     use crate::testnet_circuit::Field;
[INFO] [stdout]     |
[INFO] [stdout] 363 +     use snarkvm_fields::Field;
[INFO] [stdout]     |
[INFO] [stdout] 
[INFO] [stdout] 
[INFO] [stdout] error[E0412]: cannot find type `TestnetCircuit` in this scope
[INFO] [stdout]    --> src/testnet_circuit.rs:391:51
[INFO] [stdout]     |
[INFO] [stdout] 391 |         let _candidate = create_example_circuit::<TestnetCircuit>();
[INFO] [stdout]     |                                                   ^^^^^^^^^^^^^^ not found in this scope
[INFO] [stdout]     |
[INFO] [stdout] help: consider importing this struct through its public re-export
[INFO] [stdout]     |
[INFO] [stdout] 363 +     use crate::TestnetCircuit;
[INFO] [stdout]     |
[INFO] [stdout] 
[INFO] [stdout] 
[INFO] [stdout] error[E0425]: cannot find value `TestnetCircuit` in this scope
[INFO] [stdout]    --> src/testnet_circuit.rs:392:32
[INFO] [stdout]     |
[INFO] [stdout] 392 |         let output = format!("{TestnetCircuit}");
[INFO] [stdout]     |                                ^^^^^^^^^^^^^^ not found in this scope
[INFO] [stdout]     |
[INFO] [stdout] help: consider importing this unit struct through its public re-export
[INFO] [stdout]     |
[INFO] [stdout] 363 +     use crate::TestnetCircuit;
[INFO] [stdout]     |
[INFO] [stdout] 
[INFO] [stdout] 
[INFO] [stdout] error[E0433]: failed to resolve: use of undeclared type `TestnetCircuit`
[INFO] [stdout]    --> src/testnet_circuit.rs:398:9
[INFO] [stdout]     |
[INFO] [stdout] 398 |         TestnetCircuit::scope("test_circuit_scope", || {
[INFO] [stdout]     |         ^^^^^^^^^^^^^^ use of undeclared type `TestnetCircuit`
[INFO] [stdout]     |
[INFO] [stdout] help: consider importing this struct through its public re-export
[INFO] [stdout]     |
[INFO] [stdout] 363 +     use crate::TestnetCircuit;
[INFO] [stdout]     |
[INFO] [stdout] 
[INFO] [stdout] 
[INFO] [stdout] error[E0433]: failed to resolve: use of undeclared type `TestnetCircuit`
[INFO] [stdout]    --> src/testnet_circuit.rs:399:27
[INFO] [stdout]     |
[INFO] [stdout] 399 |             assert_eq!(0, TestnetCircuit::num_constants());
[INFO] [stdout]     |                           ^^^^^^^^^^^^^^ use of undeclared type `TestnetCircuit`
[INFO] [stdout]     |
[INFO] [stdout] help: consider importing this struct through its public re-export
[INFO] [stdout]     |
[INFO] [stdout] 363 +     use crate::TestnetCircuit;
[INFO] [stdout]     |
[INFO] [stdout] 
[INFO] [stdout] 
[INFO] [stdout] error[E0433]: failed to resolve: use of undeclared type `TestnetCircuit`
[INFO] [stdout]    --> src/testnet_circuit.rs:400:27
[INFO] [stdout]     |
[INFO] [stdout] 400 |             assert_eq!(1, TestnetCircuit::num_public());
[INFO] [stdout]     |                           ^^^^^^^^^^^^^^ use of undeclared type `TestnetCircuit`
[INFO] [stdout]     |
[INFO] [stdout] help: consider importing this struct through its public re-export
[INFO] [stdout]     |
[INFO] [stdout] 363 +     use crate::TestnetCircuit;
[INFO] [stdout]     |
[INFO] [stdout] 
[INFO] [stdout] 
[INFO] [stdout] error[E0433]: failed to resolve: use of undeclared type `TestnetCircuit`
[INFO] [stdout]    --> src/testnet_circuit.rs:401:27
[INFO] [stdout]     |
[INFO] [stdout] 401 |             assert_eq!(0, TestnetCircuit::num_private());
[INFO] [stdout]     |                           ^^^^^^^^^^^^^^ use of undeclared type `TestnetCircuit`
[INFO] [stdout]     |
[INFO] [stdout] help: consider importing this struct through its public re-export
[INFO] [stdout]     |
[INFO] [stdout] 363 +     use crate::TestnetCircuit;
[INFO] [stdout]     |
[INFO] [stdout] 
[INFO] [stdout] 
[INFO] [stdout] error[E0433]: failed to resolve: use of undeclared type `TestnetCircuit`
[INFO] [stdout]    --> src/testnet_circuit.rs:402:27
[INFO] [stdout]     |
[INFO] [stdout] 402 |             assert_eq!(0, TestnetCircuit::num_constraints());
[INFO] [stdout]     |                           ^^^^^^^^^^^^^^ use of undeclared type `TestnetCircuit`
[INFO] [stdout]     |
[INFO] [stdout] help: consider importing this struct through its public re-export
[INFO] [stdout]     |
[INFO] [stdout] 363 +     use crate::TestnetCircuit;
[INFO] [stdout]     |
[INFO] [stdout] 
[INFO] [stdout] 
[INFO] [stdout] error[E0433]: failed to resolve: use of undeclared type `TestnetCircuit`
[INFO] [stdout]    --> src/testnet_circuit.rs:404:27
[INFO] [stdout]     |
[INFO] [stdout] 404 |             assert_eq!(0, TestnetCircuit::num_constants_in_scope());
[INFO] [stdout]     |                           ^^^^^^^^^^^^^^ use of undeclared type `TestnetCircuit`
[INFO] [stdout]     |
[INFO] [stdout] help: consider importing this struct through its public re-export
[INFO] [stdout]     |
[INFO] [stdout] 363 +     use crate::TestnetCircuit;
[INFO] [stdout]     |
[INFO] [stdout] 
[INFO] [stdout] 
[INFO] [stdout] error[E0433]: failed to resolve: use of undeclared type `TestnetCircuit`
[INFO] [stdout]    --> src/testnet_circuit.rs:405:27
[INFO] [stdout]     |
[INFO] [stdout] 405 |             assert_eq!(0, TestnetCircuit::num_public_in_scope());
[INFO] [stdout]     |                           ^^^^^^^^^^^^^^ use of undeclared type `TestnetCircuit`
[INFO] [stdout]     |
[INFO] [stdout] help: consider importing this struct through its public re-export
[INFO] [stdout]     |
[INFO] [stdout] 363 +     use crate::TestnetCircuit;
[INFO] [stdout]     |
[INFO] [stdout] 
[INFO] [stdout] 
[INFO] [stdout] error[E0433]: failed to resolve: use of undeclared type `TestnetCircuit`
[INFO] [stdout]    --> src/testnet_circuit.rs:406:27
[INFO] [stdout]     |
[INFO] [stdout] 406 |             assert_eq!(0, TestnetCircuit::num_private_in_scope());
[INFO] [stdout]     |                           ^^^^^^^^^^^^^^ use of undeclared type `TestnetCircuit`
[INFO] [stdout]     |
[INFO] [stdout] help: consider importing this struct through its public re-export
[INFO] [stdout]     |
[INFO] [stdout] 363 +     use crate::TestnetCircuit;
[INFO] [stdout]     |
[INFO] [stdout] 
[INFO] [stdout] 
[INFO] [stdout] error[E0433]: failed to resolve: use of undeclared type `TestnetCircuit`
[INFO] [stdout]    --> src/testnet_circuit.rs:407:27
[INFO] [stdout]     |
[INFO] [stdout] 407 |             assert_eq!(0, TestnetCircuit::num_constraints_in_scope());
[INFO] [stdout]     |                           ^^^^^^^^^^^^^^ use of undeclared type `TestnetCircuit`
[INFO] [stdout]     |
[INFO] [stdout] help: consider importing this struct through its public re-export
[INFO] [stdout]     |
[INFO] [stdout] 363 +     use crate::TestnetCircuit;
[INFO] [stdout]     |
[INFO] [stdout] 
[INFO] [stdout] 
[INFO] [stdout] Some errors have detailed explanations: E0405, E0412, E0425, E0433.
[INFO] [stdout] 
[INFO] [stdout] For more information about an error, try `rustc --explain E0405`.
[INFO] [stdout] 
[INFO] [stderr] error: could not compile `snarkvm-circuit-environment` (lib test) due to 115 previous errors
[INFO] running `Command { std: "docker" "inspect" "5d3001acb30948781f5564a63bdd879ac120a5de092e727c3b73d31715c3d1d4", kill_on_drop: false }`
[INFO] running `Command { std: "docker" "rm" "-f" "5d3001acb30948781f5564a63bdd879ac120a5de092e727c3b73d31715c3d1d4", kill_on_drop: false }`
[INFO] [stdout] 5d3001acb30948781f5564a63bdd879ac120a5de092e727c3b73d31715c3d1d4
