[INFO] fetching crate snarkos-node-consensus 3.0.0...
[INFO] testing snarkos-node-consensus-3.0.0 against nightly-2024-10-28 for randomize-layout
[INFO] extracting crate snarkos-node-consensus 3.0.0 into /workspace/builds/worker-1-tc1/source
[INFO] validating manifest of crates.io crate snarkos-node-consensus 3.0.0 on toolchain nightly-2024-10-28
[INFO] running `Command { std: CARGO_HOME="/workspace/cargo-home" RUSTUP_HOME="/workspace/rustup-home" "/workspace/cargo-home/bin/cargo" "+nightly-2024-10-28" "metadata" "--manifest-path" "Cargo.toml" "--no-deps", kill_on_drop: false }`
[INFO] started tweaking crates.io crate snarkos-node-consensus 3.0.0
[INFO] finished tweaking crates.io crate snarkos-node-consensus 3.0.0
[INFO] tweaked toml for crates.io crate snarkos-node-consensus 3.0.0 written to /workspace/builds/worker-1-tc1/source/Cargo.toml
[INFO] running `Command { std: CARGO_HOME="/workspace/cargo-home" RUSTUP_HOME="/workspace/rustup-home" "/workspace/cargo-home/bin/cargo" "+nightly-2024-10-28" "generate-lockfile" "--manifest-path" "Cargo.toml", kill_on_drop: false }`
[INFO] [stderr]     Updating crates.io index
[INFO] [stderr]      Locking 381 packages to latest compatible versions
[INFO] [stderr]       Adding itertools v0.12.1 (available: v0.13.0)
[INFO] running `Command { std: CARGO_HOME="/workspace/cargo-home" RUSTUP_HOME="/workspace/rustup-home" "/workspace/cargo-home/bin/cargo" "+nightly-2024-10-28" "fetch" "--manifest-path" "Cargo.toml", kill_on_drop: false }`
[INFO] [stderr]  Downloading crates ...
[INFO] [stderr]   Downloaded aleo-std-time v0.1.2
[INFO] [stderr]   Downloaded snarkvm-utilities-derives v1.0.0
[INFO] [stderr]   Downloaded aleo-std-timer v0.1.2
[INFO] [stderr]   Downloaded snarkvm-utilities v1.0.0
[INFO] [stderr]   Downloaded aleo-std v0.1.24
[INFO] [stderr]   Downloaded snarkvm-circuit-environment-witness v1.0.0
[INFO] [stderr]   Downloaded snarkvm v1.0.0
[INFO] [stderr]   Downloaded snarkvm-console v1.0.0
[INFO] [stderr]   Downloaded aleo-std-timed v0.1.2
[INFO] [stderr]   Downloaded snarkvm-circuit-types-integers v1.0.0
[INFO] [stderr]   Downloaded snarkos-account v3.0.0
[INFO] [stderr]   Downloaded snarkvm-console-types-field v1.0.0
[INFO] [stderr]   Downloaded aleo-std-cpu v0.1.4
[INFO] [stderr]   Downloaded snarkvm-ledger-narwhal-transmission v1.0.0
[INFO] [stderr]   Downloaded snarkvm-ledger-narwhal-data v1.0.0
[INFO] [stderr]   Downloaded snarkos-node-bft-ledger-service v3.0.0
[INFO] [stderr]   Downloaded snarkos-node-metrics v3.0.0
[INFO] [stderr]   Downloaded snarkvm-ledger-puzzle v1.0.0
[INFO] [stderr]   Downloaded snarkos-node-router v3.0.0
[INFO] [stderr]   Downloaded snarkvm-ledger-authority v1.0.0
[INFO] [stderr]   Downloaded enum_index v0.2.0
[INFO] [stderr]   Downloaded snarkvm-ledger-puzzle-epoch v1.0.0
[INFO] [stderr]   Downloaded snarkos-node-sync-communication-service v3.0.0
[INFO] [stderr]   Downloaded snarkvm-ledger-narwhal v1.0.0
[INFO] [stderr]   Downloaded snarkos-node-bft-events v3.0.0
[INFO] [stderr]   Downloaded snarkos-node-router-messages v3.0.0
[INFO] [stderr]   Downloaded snarkvm-ledger v1.0.0
[INFO] [stderr]   Downloaded snarkvm-synthesizer-program v1.0.0
[INFO] [stderr]   Downloaded snarkvm-ledger-block v1.0.0
[INFO] [stderr]   Downloaded snarkvm-ledger-store v1.0.0
[INFO] [stderr]   Downloaded snarkvm-synthesizer-process v1.0.0
[INFO] [stderr]   Downloaded snarkvm-console-program v1.0.0
[INFO] [stderr]   Downloaded snarkos-node-bft v3.0.0
[INFO] [stderr]   Downloaded snarkvm-synthesizer v1.0.0
[INFO] [stderr]   Downloaded metrics-util v0.16.3
[INFO] [stderr]   Downloaded metrics-exporter-prometheus v0.13.1
[INFO] [stderr]   Downloaded snarkvm-circuit-algorithms v1.0.0
[INFO] [stderr]   Downloaded snarkvm-circuit-network v1.0.0
[INFO] [stderr]   Downloaded snarkvm-console-collections v1.0.0
[INFO] [stderr]   Downloaded snarkvm-curves v1.0.0
[INFO] [stderr]   Downloaded snarkvm-console-algorithms v1.0.0
[INFO] [stderr]   Downloaded snarkos-node-tcp v3.0.0
[INFO] [stderr]   Downloaded snarkos-node-bft-storage-service v3.0.0
[INFO] [stderr]   Downloaded self_update v0.38.0
[INFO] [stderr]   Downloaded snarkvm-ledger-narwhal-batch-certificate v1.0.0
[INFO] [stderr]   Downloaded snarkvm-circuit-account v1.0.0
[INFO] [stderr]   Downloaded snarkvm-circuit-environment v1.0.0
[INFO] [stderr]   Downloaded snarkvm-console-network-environment v1.0.0
[INFO] [stderr]   Downloaded snarkos-node-sync-locators v3.0.0
[INFO] [stderr]   Downloaded self-replace v1.5.0
[INFO] [stderr]   Downloaded snarkvm-ledger-narwhal-subdag v1.0.0
[INFO] [stderr]   Downloaded snarkvm-ledger-committee v1.0.0
[INFO] [stderr]   Downloaded snarkvm-ledger-narwhal-batch-header v1.0.0
[INFO] [stderr]   Downloaded snarkvm-circuit-types-address v1.0.0
[INFO] [stderr]   Downloaded snarkvm-algorithms v1.0.0
[INFO] [stderr]   Downloaded snarkvm-circuit-types-group v1.0.0
[INFO] [stderr]   Downloaded snarkvm-circuit-types-scalar v1.0.0
[INFO] [stderr]   Downloaded snarkvm-console-network v1.0.0
[INFO] [stderr]   Downloaded snarkvm-ledger-query v1.0.0
[INFO] [stderr]   Downloaded snarkvm-circuit-types-string v1.0.0
[INFO] [stderr]   Downloaded snarkvm-circuit v1.0.0
[INFO] [stderr]   Downloaded snarkvm-console-types-boolean v1.0.0
[INFO] [stderr]   Downloaded snarkvm-synthesizer-snark v1.0.0
[INFO] [stderr]   Downloaded aleo-std-profiler v0.1.15
[INFO] [stderr]   Downloaded metrics v0.22.3
[INFO] [stderr]   Downloaded snarkvm-circuit-program v1.0.0
[INFO] [stderr]   Downloaded snarkvm-circuit-types-boolean v1.0.0
[INFO] [stderr]   Downloaded snarkvm-console-types-scalar v1.0.0
[INFO] [stderr]   Downloaded snarkvm-console-account v1.0.0
[INFO] [stderr]   Downloaded snarkvm-console-types-group v1.0.0
[INFO] [stderr]   Downloaded snarkos-node-sync v3.0.0
[INFO] [stderr]   Downloaded snarkvm-fields v1.0.0
[INFO] [stderr]   Downloaded snarkvm-console-types-string v1.0.0
[INFO] [stderr]   Downloaded snarkvm-console-types v1.0.0
[INFO] [stderr]   Downloaded snarkvm-circuit-collections v1.0.0
[INFO] [stderr]   Downloaded snarkvm-circuit-types-field v1.0.0
[INFO] [stderr]   Downloaded snarkvm-console-types-integers v1.0.0
[INFO] [stderr]   Downloaded snarkvm-metrics v1.0.0
[INFO] [stderr]   Downloaded snarkvm-ledger-narwhal-transmission-id v1.0.0
[INFO] [stderr]   Downloaded snarkvm-circuit-types v1.0.0
[INFO] [stderr]   Downloaded snarkvm-console-types-address v1.0.0
[INFO] [stderr]   Downloaded aleo-std-storage v0.1.7
[INFO] [stderr]   Downloaded enum_index_derive v0.2.0
[INFO] [stderr]   Downloaded snarkvm-parameters v1.0.0
[INFO] running `Command { std: "docker" "create" "-v" "/var/lib/crater-agent-workspace/builds/worker-1-tc1/target:/opt/rustwide/target:rw,Z" "-v" "/var/lib/crater-agent-workspace/builds/worker-1-tc1/source:/opt/rustwide/workdir:ro,Z" "-v" "/var/lib/crater-agent-workspace/cargo-home:/opt/rustwide/cargo-home:ro,Z" "-v" "/var/lib/crater-agent-workspace/rustup-home:/opt/rustwide/rustup-home:ro,Z" "-e" "SOURCE_DIR=/opt/rustwide/workdir" "-e" "CARGO_TARGET_DIR=/opt/rustwide/target" "-e" "CARGO_HOME=/opt/rustwide/cargo-home" "-e" "RUSTUP_HOME=/opt/rustwide/rustup-home" "-w" "/opt/rustwide/workdir" "-m" "1610612736" "--user" "0:0" "--network" "none" "ghcr.io/rust-lang/crates-build-env/linux@sha256:4a844ea9eb2546a2d2c7022eacef16ef2e8229c7fbb2c7d4d55a9ceca922f72d" "/opt/rustwide/cargo-home/bin/cargo" "+nightly-2024-10-28" "metadata" "--no-deps" "--format-version=1", kill_on_drop: false }`
[INFO] [stdout] f307209027e8c03e8dd6bedb8f9c44bb2378474259df00340338c0fff2132c14
[INFO] running `Command { std: "docker" "start" "-a" "f307209027e8c03e8dd6bedb8f9c44bb2378474259df00340338c0fff2132c14", kill_on_drop: false }`
[INFO] running `Command { std: "docker" "inspect" "f307209027e8c03e8dd6bedb8f9c44bb2378474259df00340338c0fff2132c14", kill_on_drop: false }`
[INFO] running `Command { std: "docker" "rm" "-f" "f307209027e8c03e8dd6bedb8f9c44bb2378474259df00340338c0fff2132c14", kill_on_drop: false }`
[INFO] [stdout] f307209027e8c03e8dd6bedb8f9c44bb2378474259df00340338c0fff2132c14
[INFO] running `Command { std: "docker" "create" "-v" "/var/lib/crater-agent-workspace/builds/worker-1-tc1/target:/opt/rustwide/target:rw,Z" "-v" "/var/lib/crater-agent-workspace/builds/worker-1-tc1/source:/opt/rustwide/workdir:ro,Z" "-v" "/var/lib/crater-agent-workspace/cargo-home:/opt/rustwide/cargo-home:ro,Z" "-v" "/var/lib/crater-agent-workspace/rustup-home:/opt/rustwide/rustup-home:ro,Z" "-e" "SOURCE_DIR=/opt/rustwide/workdir" "-e" "CARGO_TARGET_DIR=/opt/rustwide/target" "-e" "CARGO_INCREMENTAL=0" "-e" "RUST_BACKTRACE=full" "-e" "RUSTFLAGS=--cap-lints=forbid" "-e" "RUSTDOCFLAGS=--cap-lints=forbid" "-e" "CARGO_HOME=/opt/rustwide/cargo-home" "-e" "RUSTUP_HOME=/opt/rustwide/rustup-home" "-w" "/opt/rustwide/workdir" "-m" "1610612736" "--user" "0:0" "--network" "none" "ghcr.io/rust-lang/crates-build-env/linux@sha256:4a844ea9eb2546a2d2c7022eacef16ef2e8229c7fbb2c7d4d55a9ceca922f72d" "/opt/rustwide/cargo-home/bin/cargo" "+nightly-2024-10-28" "build" "--frozen" "--message-format=json", kill_on_drop: false }`
[INFO] [stdout] 54bad91c8f3264d831a96d09b0b101887693082edc83ee5761ab8a9e6834d07d
[INFO] running `Command { std: "docker" "start" "-a" "54bad91c8f3264d831a96d09b0b101887693082edc83ee5761ab8a9e6834d07d", kill_on_drop: false }`
[INFO] [stderr]    Compiling cfg-if v1.0.0
[INFO] [stderr]    Compiling autocfg v1.4.0
[INFO] [stderr]    Compiling shlex v1.3.0
[INFO] [stderr]    Compiling memchr v2.7.4
[INFO] [stderr]    Compiling crossbeam-utils v0.8.20
[INFO] [stderr]    Compiling smallvec v1.13.2
[INFO] [stderr]    Compiling rayon-core v1.12.1
[INFO] [stderr]    Compiling either v1.13.0
[INFO] [stderr]    Compiling allocator-api2 v0.2.18
[INFO] [stderr]    Compiling parking_lot_core v0.9.10
[INFO] [stderr]    Compiling foldhash v0.1.3
[INFO] [stderr]    Compiling equivalent v1.0.1
[INFO] [stderr]    Compiling jobserver v0.1.32
[INFO] [stderr]    Compiling getrandom v0.2.15
[INFO] [stderr]    Compiling serde_json v1.0.132
[INFO] [stderr]    Compiling syn v2.0.86
[INFO] [stderr]    Compiling pkg-config v0.3.31
[INFO] [stderr]    Compiling vcpkg v0.2.15
[INFO] [stderr]    Compiling dirs-sys v0.3.7
[INFO] [stderr]    Compiling minimal-lexical v0.2.1
[INFO] [stderr]    Compiling rand_core v0.6.4
[INFO] [stderr]    Compiling num_cpus v1.16.0
[INFO] [stderr]    Compiling thiserror v1.0.66
[INFO] [stderr]    Compiling anyhow v1.0.92
[INFO] [stderr]    Compiling cc v1.1.31
[INFO] [stderr]    Compiling hashbrown v0.15.0
[INFO] [stderr]    Compiling once_cell v1.20.2
[INFO] [stderr]    Compiling dirs v4.0.0
[INFO] [stderr]    Compiling num-traits v0.2.19
[INFO] [stderr]    Compiling aleo-std-timed v0.1.2
[INFO] [stderr]    Compiling aleo-std-storage v0.1.7
[INFO] [stderr]    Compiling aleo-std-time v0.1.2
[INFO] [stderr]    Compiling aleo-std-cpu v0.1.4
[INFO] [stderr]    Compiling aleo-std-timer v0.1.2
[INFO] [stderr]    Compiling aleo-std-profiler v0.1.15
[INFO] [stderr]    Compiling lock_api v0.4.12
[INFO] [stderr]    Compiling rand_xorshift v0.3.0
[INFO] [stderr]    Compiling smol_str v0.2.2
[INFO] [stderr]    Compiling itertools v0.11.0
[INFO] [stderr]    Compiling crossbeam-epoch v0.9.18
[INFO] [stderr]    Compiling scopeguard v1.2.0
[INFO] [stderr]    Compiling socket2 v0.5.7
[INFO] [stderr]    Compiling version_check v0.9.5
[INFO] [stderr]    Compiling nom v7.1.3
[INFO] [stderr]    Compiling bech32 v0.9.1
[INFO] [stderr]    Compiling aleo-std v0.1.24
[INFO] [stderr]    Compiling lazy_static v1.5.0
[INFO] [stderr]    Compiling typenum v1.17.0
[INFO] [stderr]    Compiling crossbeam-deque v0.8.5
[INFO] [stderr]    Compiling openssl-probe v0.1.5
[INFO] [stderr]    Compiling subtle v2.6.1
[INFO] [stderr]    Compiling parking_lot v0.12.3
[INFO] [stderr]    Compiling generic-array v0.14.7
[INFO] [stderr]    Compiling crunchy v0.2.2
[INFO] [stderr]    Compiling ahash v0.8.11
[INFO] [stderr]    Compiling curl v0.4.47
[INFO] [stderr]    Compiling paste v1.0.15
[INFO] [stderr]    Compiling arrayvec v0.7.6
[INFO] [stderr]    Compiling tiny-keccak v2.0.2
[INFO] [stderr]    Compiling arrayref v0.3.9
[INFO] [stderr]    Compiling cpufeatures v0.2.14
[INFO] [stderr]    Compiling constant_time_eq v0.3.1
[INFO] [stderr]    Compiling colored v2.1.0
[INFO] [stderr]    Compiling hex v0.4.3
[INFO] [stderr]    Compiling fxhash v0.2.1
[INFO] [stderr]    Compiling blake2s_simd v1.0.2
[INFO] [stderr]    Compiling unicode-xid v0.0.4
[INFO] [stderr]    Compiling pin-project-lite v0.2.15
[INFO] [stderr]    Compiling snarkvm-circuit-environment-witness v1.0.0
[INFO] [stderr]    Compiling snarkvm-circuit-types-boolean v1.0.0
[INFO] [stderr]    Compiling synom v0.11.3
[INFO] [stderr]    Compiling quote v0.3.15
[INFO] [stderr]    Compiling rayon v1.10.0
[INFO] [stderr]    Compiling num-integer v0.1.46
[INFO] [stderr]    Compiling bs58 v0.5.1
[INFO] [stderr]    Compiling snarkvm-circuit-types-field v1.0.0
[INFO] [stderr]    Compiling snarkvm-circuit-types-scalar v1.0.0
[INFO] [stderr]    Compiling bytes v1.8.0
[INFO] [stderr]    Compiling syn v0.11.11
[INFO] [stderr]    Compiling enum_index v0.2.0
[INFO] [stderr]    Compiling mio v1.0.2
[INFO] [stderr]    Compiling signal-hook-registry v1.4.2
[INFO] [stderr]    Compiling num-bigint v0.4.6
[INFO] [stderr]    Compiling snarkvm-circuit-types-group v1.0.0
[INFO] [stderr]    Compiling snarkvm-circuit-types-integers v1.0.0
[INFO] [stderr]    Compiling snarkvm-circuit-types-string v1.0.0
[INFO] [stderr]    Compiling snarkvm-circuit-types-address v1.0.0
[INFO] [stderr]    Compiling snarkvm-circuit-algorithms v1.0.0
[INFO] [stderr]    Compiling openssl-sys v0.9.104
[INFO] [stderr]    Compiling libz-sys v1.1.20
[INFO] [stderr]    Compiling curl-sys v0.4.77+curl-8.10.1
[INFO] [stderr]    Compiling futures-core v0.3.31
[INFO] [stderr]    Compiling snarkvm-circuit-collections v1.0.0
[INFO] [stderr]    Compiling lru v0.12.5
[INFO] [stderr]    Compiling slab v0.4.9
[INFO] [stderr]    Compiling futures-sink v0.3.31
[INFO] [stderr]    Compiling snarkvm-circuit-network v1.0.0
[INFO] [stderr]    Compiling snarkvm-circuit-account v1.0.0
[INFO] [stderr]    Compiling glob v0.3.1
[INFO] [stderr]    Compiling futures-channel v0.3.31
[INFO] [stderr]    Compiling pin-utils v0.1.0
[INFO] [stderr]    Compiling prettyplease v0.2.25
[INFO] [stderr]    Compiling snarkvm-circuit-program v1.0.0
[INFO] [stderr]    Compiling futures-io v0.3.31
[INFO] [stderr]    Compiling bitflags v2.6.0
[INFO] [stderr]    Compiling crypto-common v0.1.6
[INFO] [stderr]    Compiling block-buffer v0.10.4
[INFO] [stderr]    Compiling futures-task v0.3.31
[INFO] [stderr]    Compiling tracing-core v0.1.32
[INFO] [stderr]    Compiling regex-syntax v0.8.5
[INFO] [stderr]    Compiling digest v0.10.7
[INFO] [stderr]    Compiling libloading v0.8.5
[INFO] [stderr]    Compiling foreign-types-shared v0.1.1
[INFO] [stderr]    Compiling openssl v0.10.68
[INFO] [stderr]    Compiling tinyvec_macros v0.1.1
[INFO] [stderr]    Compiling log v0.4.22
[INFO] [stderr]    Compiling bindgen v0.65.1
[INFO] [stderr]    Compiling sha2 v0.10.8
[INFO] [stderr]    Compiling blake2 v0.10.6
[INFO] [stderr]    Compiling clang-sys v1.8.1
[INFO] [stderr]    Compiling tinyvec v1.8.0
[INFO] [stderr]    Compiling http v0.2.12
[INFO] [stderr]    Compiling enum_index_derive v0.2.0
[INFO] [stderr]    Compiling foreign-types v0.3.2
[INFO] [stderr]    Compiling lz4-sys v1.11.1+lz4-1.10.0
[INFO] [stderr]    Compiling ring v0.17.8
[INFO] [stderr]    Compiling lazycell v1.3.0
[INFO] [stderr]    Compiling httparse v1.9.5
[INFO] [stderr]    Compiling native-tls v0.2.12
[INFO] [stderr]    Compiling bitflags v1.3.2
[INFO] [stderr]    Compiling percent-encoding v2.3.1
[INFO] [stderr]    Compiling rustc-hash v1.1.0
[INFO] [stderr]    Compiling peeking_take_while v0.1.2
[INFO] [stderr]    Compiling try-lock v0.2.5
[INFO] [stderr]    Compiling unicode-bidi v0.3.17
[INFO] [stderr]    Compiling form_urlencoded v1.2.1
[INFO] [stderr]    Compiling want v0.3.1
[INFO] [stderr]    Compiling unicode-normalization v0.1.24
[INFO] [stderr]    Compiling untrusted v0.9.0
[INFO] [stderr]    Compiling rustls-pki-types v1.10.0
[INFO] [stderr]    Compiling spin v0.9.8
[INFO] [stderr]    Compiling http-body v0.4.6
[INFO] [stderr]    Compiling httpdate v1.0.3
[INFO] [stderr]    Compiling tower-service v0.3.3
[INFO] [stderr]    Compiling rustls v0.23.16
[INFO] [stderr]    Compiling adler2 v2.0.0
[INFO] [stderr]    Compiling base64 v0.21.7
[INFO] [stderr]    Compiling crc32fast v1.4.2
[INFO] [stderr]    Compiling miniz_oxide v0.8.0
[INFO] [stderr]    Compiling idna v0.5.0
[INFO] [stderr]    Compiling encoding_rs v0.8.35
[INFO] [stderr]    Compiling mime v0.3.17
[INFO] [stderr]    Compiling ipnet v2.10.1
[INFO] [stderr]    Compiling rustls-pemfile v1.0.4
[INFO] [stderr]    Compiling sync_wrapper v0.1.2
[INFO] [stderr]    Compiling webpki-roots v0.26.6
[INFO] [stderr]    Compiling base64 v0.22.1
[INFO] [stderr]    Compiling flate2 v1.0.34
[INFO] [stderr]    Compiling rustix v0.38.38
[INFO] [stderr]    Compiling regex-automata v0.4.8
[INFO] [stderr]    Compiling linux-raw-sys v0.4.14
[INFO] [stderr]    Compiling url v2.5.2
[INFO] [stderr]    Compiling cexpr v0.6.0
[INFO] [stderr]    Compiling portable-atomic v1.9.0
[INFO] [stderr]    Compiling utf8parse v0.2.2
[INFO] [stderr]    Compiling anstyle-parse v0.2.6
[INFO] [stderr]    Compiling aho-corasick v1.1.3
[INFO] [stderr]    Compiling fastrand v2.1.1
[INFO] [stderr]    Compiling colorchoice v1.0.3
[INFO] [stderr]    Compiling unicode-width v0.1.14
[INFO] [stderr]    Compiling is_terminal_polyfill v1.70.1
[INFO] [stderr]    Compiling semver v1.0.23
[INFO] [stderr]    Compiling anstyle-query v1.1.2
[INFO] [stderr]    Compiling anstyle v1.0.10
[INFO] [stderr]    Compiling powerfmt v0.2.0
[INFO] [stderr]    Compiling deranged v0.3.11
[INFO] [stderr]    Compiling anstream v0.6.17
[INFO] [stderr]    Compiling console v0.15.8
[INFO] [stderr]    Compiling heck v0.5.0
[INFO] [stderr]    Compiling self_update v0.38.0
[INFO] [stderr]    Compiling serde_derive v1.0.214
[INFO] [stderr]    Compiling zerocopy-derive v0.7.35
[INFO] [stderr]    Compiling zeroize_derive v1.4.2
[INFO] [stderr]    Compiling thiserror-impl v1.0.66
[INFO] [stderr]    Compiling snarkvm-utilities-derives v1.0.0
[INFO] [stderr]    Compiling enum-iterator-derive v1.4.0
[INFO] [stderr]    Compiling num-derive v0.4.2
[INFO] [stderr]    Compiling tokio-macros v2.4.0
[INFO] [stderr]    Compiling zeroize v1.8.1
[INFO] [stderr]    Compiling futures-macro v0.3.31
[INFO] [stderr]    Compiling tracing-attributes v0.1.27
[INFO] [stderr]    Compiling zerocopy v0.7.35
[INFO] [stderr]    Compiling tokio v1.41.0
[INFO] [stderr]    Compiling regex v1.11.1
[INFO] [stderr]    Compiling openssl-macros v0.1.1
[INFO] [stderr]    Compiling futures-util v0.3.31
[INFO] [stderr]    Compiling ppv-lite86 v0.2.20
[INFO] [stderr]    Compiling enum-iterator v2.1.0
[INFO] [stderr]    Compiling rand_chacha v0.3.1
[INFO] [stderr]    Compiling hashbrown v0.14.5
[INFO] [stderr]    Compiling async-trait v0.1.83
[INFO] [stderr]    Compiling rand v0.8.5
[INFO] [stderr]    Compiling tracing v0.1.40
[INFO] [stderr]    Compiling tempfile v3.13.0
[INFO] [stderr]    Compiling rustls-webpki v0.102.8
[INFO] [stderr]    Compiling num-conv v0.1.0
[INFO] [stderr]    Compiling time-core v0.1.2
[INFO] [stderr]    Compiling number_prefix v0.4.0
[INFO] [stderr]    Compiling strsim v0.11.1
[INFO] [stderr]    Compiling clap_lex v0.7.2
[INFO] [stderr]    Compiling indicatif v0.17.8
[INFO] [stderr]    Compiling clap_builder v4.5.20
[INFO] [stderr]    Compiling self-replace v1.5.0
[INFO] [stderr]    Compiling time v0.3.36
[INFO] [stderr]    Compiling clap_derive v4.5.18
[INFO] [stderr]    Compiling quick-xml v0.23.1
[INFO] [stderr]    Compiling urlencoding v2.1.3
[INFO] [stderr]    Compiling num-format v0.4.4
[INFO] [stderr]    Compiling serde v1.0.214
[INFO] [stderr]    Compiling dotenvy v0.15.7
[INFO] [stderr]    Compiling linked-hash-map v0.5.6
[INFO] [stderr]    Compiling itertools v0.12.1
[INFO] [stderr]    Compiling async-recursion v1.1.1
[INFO] [stderr]    Compiling futures-executor v0.3.31
[INFO] [stderr]    Compiling futures v0.3.31
[INFO] [stderr]    Compiling clap v4.5.20
[INFO] [stderr]    Compiling tokio-util v0.7.12
[INFO] [stderr]    Compiling tokio-native-tls v0.3.1
[INFO] [stderr]    Compiling tokio-stream v0.1.16
[INFO] [stderr]    Compiling snarkos-node-sync-communication-service v3.0.0
[INFO] [stderr]    Compiling librocksdb-sys v0.11.0+8.1.1
[INFO] [stderr]    Compiling snarkos-node-tcp v3.0.0
[INFO] [stderr]    Compiling indexmap v2.6.0
[INFO] [stderr]    Compiling bincode v1.3.3
[INFO] [stderr]    Compiling serde_urlencoded v0.7.1
[INFO] [stderr]    Compiling h2 v0.3.26
[INFO] [stderr]    Compiling snarkvm-utilities v1.0.0
[INFO] [stderr]    Compiling ureq v2.10.1
[INFO] [stderr]    Compiling snarkvm-fields v1.0.0
[INFO] [stderr]    Compiling hyper v0.14.31
[INFO] [stderr]    Compiling snarkvm-curves v1.0.0
[INFO] [stderr]    Compiling snarkvm-console-network-environment v1.0.0
[INFO] [stderr]    Compiling snarkvm-parameters v1.0.0
[INFO] [stderr]    Compiling snarkvm-console-types-boolean v1.0.0
[INFO] [stderr]    Compiling snarkvm-console-types-field v1.0.0
[INFO] [stderr]    Compiling snarkvm-console-types-scalar v1.0.0
[INFO] [stderr]    Compiling snarkvm-console-types-group v1.0.0
[INFO] [stderr]    Compiling snarkvm-console-types-integers v1.0.0
[INFO] [stderr]    Compiling hyper-tls v0.5.0
[INFO] [stderr]    Compiling snarkvm-console-types-address v1.0.0
[INFO] [stderr]    Compiling snarkvm-console-types-string v1.0.0
[INFO] [stderr]    Compiling reqwest v0.11.27
[INFO] [stderr]    Compiling snarkvm-console-types v1.0.0
[INFO] [stderr]    Compiling snarkvm-console-algorithms v1.0.0
[INFO] [stderr]    Compiling snarkvm-algorithms v1.0.0
[INFO] [stderr]    Compiling snarkvm-console-collections v1.0.0
[INFO] [stderr] error: could not compile `reqwest` (lib)
[INFO] [stderr] 
[INFO] [stderr] Caused by:
[INFO] [stderr]   process didn't exit successfully: `/opt/rustwide/rustup-home/toolchains/nightly-2024-10-28-x86_64-unknown-linux-gnu/bin/rustc --crate-name reqwest --edition=2021 /opt/rustwide/cargo-home/registry/src/index.crates.io-6f17d22bba15001f/reqwest-0.11.27/src/lib.rs --error-format=json --json=diagnostic-rendered-ansi,artifacts,future-incompat --crate-type lib --emit=dep-info,metadata,link -C embed-bitcode=no -C debuginfo=2 --cfg 'feature="__tls"' --cfg 'feature="blocking"' --cfg 'feature="default"' --cfg 'feature="default-tls"' --cfg 'feature="hyper-tls"' --cfg 'feature="json"' --cfg 'feature="native-tls-crate"' --cfg 'feature="serde_json"' --cfg 'feature="tokio-native-tls"' --check-cfg 'cfg(docsrs)' --check-cfg 'cfg(feature, values("__internal_proxy_sys_no_cache", "__rustls", "__tls", "async-compression", "blocking", "brotli", "cookie_crate", "cookie_store", "cookies", "default", "default-tls", "deflate", "futures-channel", "gzip", "h3", "h3-quinn", "hickory-dns", "hickory-resolver", "http3", "hyper-rustls", "hyper-tls", "json", "mime_guess", "multipart", "native-tls", "native-tls-alpn", "native-tls-crate", "native-tls-vendored", "quinn", "rustls", "rustls-native-certs", "rustls-tls", "rustls-tls-manual-roots", "rustls-tls-native-roots", "rustls-tls-webpki-roots", "serde_json", "socks", "stream", "tokio-native-tls", "tokio-rustls", "tokio-socks", "tokio-util", "trust-dns", "wasm-streams", "webpki-roots"))' -C metadata=54ee5fc6c0957de9 -C extra-filename=-54ee5fc6c0957de9 --out-dir /opt/rustwide/target/debug/deps -L dependency=/opt/rustwide/target/debug/deps --extern base64=/opt/rustwide/target/debug/deps/libbase64-309ef582bd843d33.rmeta --extern bytes=/opt/rustwide/target/debug/deps/libbytes-6a4c7ea0a880895d.rmeta --extern encoding_rs=/opt/rustwide/target/debug/deps/libencoding_rs-87763af8bd0f20d8.rmeta --extern futures_core=/opt/rustwide/target/debug/deps/libfutures_core-3267ce8fda4a14eb.rmeta --extern futures_util=/opt/rustwide/target/debug/deps/libfutures_util-2994d8ccabd8acc9.rmeta --extern h2=/opt/rustwide/target/debug/deps/libh2-02f3046cab9aaba9.rmeta --extern http=/opt/rustwide/target/debug/deps/libhttp-97a25e6db0f40089.rmeta --extern http_body=/opt/rustwide/target/debug/deps/libhttp_body-05665cfcfea503ff.rmeta --extern hyper=/opt/rustwide/target/debug/deps/libhyper-b03e8a5c57719a16.rmeta --extern hyper_tls=/opt/rustwide/target/debug/deps/libhyper_tls-137ce1f97e11fc81.rmeta --extern ipnet=/opt/rustwide/target/debug/deps/libipnet-f8f4f35acfc01e80.rmeta --extern log=/opt/rustwide/target/debug/deps/liblog-b6b1a89bf87ced53.rmeta --extern mime=/opt/rustwide/target/debug/deps/libmime-34c62d26cca01717.rmeta --extern native_tls_crate=/opt/rustwide/target/debug/deps/libnative_tls-c201430c34b8b7ba.rmeta --extern once_cell=/opt/rustwide/target/debug/deps/libonce_cell-77fa6f68be166182.rmeta --extern percent_encoding=/opt/rustwide/target/debug/deps/libpercent_encoding-a400589552762a21.rmeta --extern pin_project_lite=/opt/rustwide/target/debug/deps/libpin_project_lite-2633596a5f246a3b.rmeta --extern rustls_pemfile=/opt/rustwide/target/debug/deps/librustls_pemfile-ca091fbd60718fb1.rmeta --extern serde=/opt/rustwide/target/debug/deps/libserde-3c74ddc0cd30346c.rmeta --extern serde_json=/opt/rustwide/target/debug/deps/libserde_json-c85509ab249f3e30.rmeta --extern serde_urlencoded=/opt/rustwide/target/debug/deps/libserde_urlencoded-6aac1568a415370f.rmeta --extern sync_wrapper=/opt/rustwide/target/debug/deps/libsync_wrapper-e6943188b4be07f5.rmeta --extern tokio=/opt/rustwide/target/debug/deps/libtokio-e58c5814934d1943.rmeta --extern tokio_native_tls=/opt/rustwide/target/debug/deps/libtokio_native_tls-4b98cc8863efbaf0.rmeta --extern tower_service=/opt/rustwide/target/debug/deps/libtower_service-44dbed632a843492.rmeta --extern url=/opt/rustwide/target/debug/deps/liburl-3ecc82cacc8bd093.rmeta --cap-lints allow --cap-lints=forbid` (signal: 9, SIGKILL: kill)
[INFO] [stderr] warning: build failed, waiting for other jobs to finish...
[INFO] [stderr] error: could not compile `snarkvm-algorithms` (lib)
[INFO] [stderr] 
[INFO] [stderr] Caused by:
[INFO] [stderr]   process didn't exit successfully: `/opt/rustwide/rustup-home/toolchains/nightly-2024-10-28-x86_64-unknown-linux-gnu/bin/rustc --crate-name snarkvm_algorithms --edition=2021 /opt/rustwide/cargo-home/registry/src/index.crates.io-6f17d22bba15001f/snarkvm-algorithms-1.0.0/src/lib.rs --error-format=json --json=diagnostic-rendered-ansi,artifacts,future-incompat --crate-type lib --emit=dep-info,metadata,link -C embed-bitcode=no -C debuginfo=2 --cfg 'feature="cfg-if"' --cfg 'feature="crypto_hash"' --cfg 'feature="default"' --cfg 'feature="fft"' --cfg 'feature="full"' --cfg 'feature="fxhash"' --cfg 'feature="indexmap"' --cfg 'feature="msm"' --cfg 'feature="polycommit"' --cfg 'feature="polycommit_full"' --cfg 'feature="r1cs"' --cfg 'feature="rand_core"' --cfg 'feature="snark"' --cfg 'feature="snarkvm-parameters"' --check-cfg 'cfg(docsrs)' --check-cfg 'cfg(feature, values("cfg-if", "crossbeam-channel", "crypto_hash", "cuda", "default", "fft", "full", "fxhash", "indexmap", "lazy_static", "msm", "polycommit", "polycommit_full", "polycommit_wasm", "profiler", "r1cs", "rand_core", "rust-gpu-tools", "serial", "snark", "snarkvm-algorithms-cuda", "snarkvm-parameters", "test", "wasm", "wasm-bindgen-futures"))' -C metadata=ec13e1004ddb9a6d -C extra-filename=-ec13e1004ddb9a6d --out-dir /opt/rustwide/target/debug/deps -L dependency=/opt/rustwide/target/debug/deps --extern aleo_std=/opt/rustwide/target/debug/deps/libaleo_std-1e0678eb27b98104.rmeta --extern anyhow=/opt/rustwide/target/debug/deps/libanyhow-c6bfdd57e897141e.rmeta --extern blake2=/opt/rustwide/target/debug/deps/libblake2-76e967bea54fdbe7.rmeta --extern cfg_if=/opt/rustwide/target/debug/deps/libcfg_if-57bf25c23e31efdb.rmeta --extern fxhash=/opt/rustwide/target/debug/deps/libfxhash-e34bdadb6594be69.rmeta --extern hashbrown=/opt/rustwide/target/debug/deps/libhashbrown-6cec41bbef67b984.rmeta --extern hex=/opt/rustwide/target/debug/deps/libhex-718b4f18bb2e7953.rmeta --extern indexmap=/opt/rustwide/target/debug/deps/libindexmap-19a89c8e9561a032.rmeta --extern itertools=/opt/rustwide/target/debug/deps/libitertools-25171374bbdf21bc.rmeta --extern num_traits=/opt/rustwide/target/debug/deps/libnum_traits-f4156d1e802a5c62.rmeta --extern parking_lot=/opt/rustwide/target/debug/deps/libparking_lot-411c64c64598a6df.rmeta --extern rand=/opt/rustwide/target/debug/deps/librand-a3e699302405fb45.rmeta --extern rand_chacha=/opt/rustwide/target/debug/deps/librand_chacha-f759f22633eb06e4.rmeta --extern rand_core=/opt/rustwide/target/debug/deps/librand_core-0300dee92e55e3b5.rmeta --extern rayon=/opt/rustwide/target/debug/deps/librayon-9eef7b85944a64b9.rmeta --extern serde=/opt/rustwide/target/debug/deps/libserde-3c74ddc0cd30346c.rmeta --extern sha2=/opt/rustwide/target/debug/deps/libsha2-a8b65c449414aa1a.rmeta --extern smallvec=/opt/rustwide/target/debug/deps/libsmallvec-2208c7609666b945.rmeta --extern snarkvm_curves=/opt/rustwide/target/debug/deps/libsnarkvm_curves-ef82b827db15e791.rmeta --extern snarkvm_fields=/opt/rustwide/target/debug/deps/libsnarkvm_fields-37e638e3998998b0.rmeta --extern snarkvm_parameters=/opt/rustwide/target/debug/deps/libsnarkvm_parameters-ffaa645ed513f756.rmeta --extern snarkvm_utilities=/opt/rustwide/target/debug/deps/libsnarkvm_utilities-691f84aa45eecc51.rmeta --extern thiserror=/opt/rustwide/target/debug/deps/libthiserror-5a39efff23e33189.rmeta --cap-lints allow --cap-lints=forbid -L native=/usr/lib/x86_64-linux-gnu` (signal: 9, SIGKILL: kill)
[ERROR] error running command: no output for 300 seconds
[INFO] running `Command { std: "docker" "inspect" "54bad91c8f3264d831a96d09b0b101887693082edc83ee5761ab8a9e6834d07d", kill_on_drop: false }`
[INFO] running `Command { std: "docker" "rm" "-f" "54bad91c8f3264d831a96d09b0b101887693082edc83ee5761ab8a9e6834d07d", kill_on_drop: false }`
[INFO] [stderr] Error response from daemon: Could not kill running container 54bad91c8f3264d831a96d09b0b101887693082edc83ee5761ab8a9e6834d07d, cannot remove - tried to kill container, but did not receive an exit event
[ERROR] failed to delete container 54bad91c8f3264d831a96d09b0b101887693082edc83ee5761ab8a9e6834d07d
[ERROR] caused by: command failed: exit status: 1
