[INFO] fetching crate sn_testnet 0.3.50...
[INFO] testing sn_testnet-0.3.50 against nightly-2024-10-28 for randomize-layout
[INFO] extracting crate sn_testnet 0.3.50 into /workspace/builds/worker-7-tc1/source
[INFO] validating manifest of crates.io crate sn_testnet 0.3.50 on toolchain nightly-2024-10-28
[INFO] running `Command { std: CARGO_HOME="/workspace/cargo-home" RUSTUP_HOME="/workspace/rustup-home" "/workspace/cargo-home/bin/cargo" "+nightly-2024-10-28" "metadata" "--manifest-path" "Cargo.toml" "--no-deps", kill_on_drop: false }`
[INFO] started tweaking crates.io crate sn_testnet 0.3.50
[INFO] finished tweaking crates.io crate sn_testnet 0.3.50
[INFO] tweaked toml for crates.io crate sn_testnet 0.3.50 written to /workspace/builds/worker-7-tc1/source/Cargo.toml
[INFO] crate crates.io crate sn_testnet 0.3.50 already has a lockfile, it will not be regenerated
[INFO] running `Command { std: CARGO_HOME="/workspace/cargo-home" RUSTUP_HOME="/workspace/rustup-home" "/workspace/cargo-home/bin/cargo" "+nightly-2024-10-28" "fetch" "--manifest-path" "Cargo.toml", kill_on_drop: false }`
[INFO] [stderr]  Downloading crates ...
[INFO] [stderr]   Downloaded libp2p-core v0.41.2
[INFO] [stderr]   Downloaded libp2p-identity v0.2.8
[INFO] [stderr]   Downloaded multiaddr v0.18.1
[INFO] [stderr]   Downloaded multihash v0.19.1
[INFO] [stderr]   Downloaded eyre v0.6.11
[INFO] [stderr]   Downloaded ed25519-dalek v2.1.0
[INFO] [stderr]   Downloaded libp2p-swarm v0.44.1
[INFO] [stderr]   Downloaded fiat-crypto v0.2.5
[INFO] running `Command { std: "docker" "create" "-v" "/var/lib/crater-agent-workspace/builds/worker-7-tc1/target:/opt/rustwide/target:rw,Z" "-v" "/var/lib/crater-agent-workspace/builds/worker-7-tc1/source:/opt/rustwide/workdir:ro,Z" "-v" "/var/lib/crater-agent-workspace/cargo-home:/opt/rustwide/cargo-home:ro,Z" "-v" "/var/lib/crater-agent-workspace/rustup-home:/opt/rustwide/rustup-home:ro,Z" "-e" "SOURCE_DIR=/opt/rustwide/workdir" "-e" "CARGO_TARGET_DIR=/opt/rustwide/target" "-e" "CARGO_HOME=/opt/rustwide/cargo-home" "-e" "RUSTUP_HOME=/opt/rustwide/rustup-home" "-w" "/opt/rustwide/workdir" "-m" "1610612736" "--user" "0:0" "--network" "none" "ghcr.io/rust-lang/crates-build-env/linux@sha256:4a844ea9eb2546a2d2c7022eacef16ef2e8229c7fbb2c7d4d55a9ceca922f72d" "/opt/rustwide/cargo-home/bin/cargo" "+nightly-2024-10-28" "metadata" "--no-deps" "--format-version=1", kill_on_drop: false }`
[INFO] [stdout] 113b178611d4ea5d3d02e3098383eab85201d5996ee83ac73a45469f9957673d
[INFO] running `Command { std: "docker" "start" "-a" "113b178611d4ea5d3d02e3098383eab85201d5996ee83ac73a45469f9957673d", kill_on_drop: false }`
[INFO] running `Command { std: "docker" "inspect" "113b178611d4ea5d3d02e3098383eab85201d5996ee83ac73a45469f9957673d", kill_on_drop: false }`
[INFO] running `Command { std: "docker" "rm" "-f" "113b178611d4ea5d3d02e3098383eab85201d5996ee83ac73a45469f9957673d", kill_on_drop: false }`
[INFO] [stdout] 113b178611d4ea5d3d02e3098383eab85201d5996ee83ac73a45469f9957673d
[INFO] running `Command { std: "docker" "create" "-v" "/var/lib/crater-agent-workspace/builds/worker-7-tc1/target:/opt/rustwide/target:rw,Z" "-v" "/var/lib/crater-agent-workspace/builds/worker-7-tc1/source:/opt/rustwide/workdir:ro,Z" "-v" "/var/lib/crater-agent-workspace/cargo-home:/opt/rustwide/cargo-home:ro,Z" "-v" "/var/lib/crater-agent-workspace/rustup-home:/opt/rustwide/rustup-home:ro,Z" "-e" "SOURCE_DIR=/opt/rustwide/workdir" "-e" "CARGO_TARGET_DIR=/opt/rustwide/target" "-e" "CARGO_INCREMENTAL=0" "-e" "RUST_BACKTRACE=full" "-e" "RUSTFLAGS=--cap-lints=forbid" "-e" "RUSTDOCFLAGS=--cap-lints=forbid" "-e" "CARGO_HOME=/opt/rustwide/cargo-home" "-e" "RUSTUP_HOME=/opt/rustwide/rustup-home" "-w" "/opt/rustwide/workdir" "-m" "1610612736" "--user" "0:0" "--network" "none" "ghcr.io/rust-lang/crates-build-env/linux@sha256:4a844ea9eb2546a2d2c7022eacef16ef2e8229c7fbb2c7d4d55a9ceca922f72d" "/opt/rustwide/cargo-home/bin/cargo" "+nightly-2024-10-28" "build" "--frozen" "--message-format=json", kill_on_drop: false }`
[INFO] [stdout] 45bb985ff593fe6374de931c59e5d351d1cc0aaad7ef6dddb851782d9a0c2589
[INFO] running `Command { std: "docker" "start" "-a" "45bb985ff593fe6374de931c59e5d351d1cc0aaad7ef6dddb851782d9a0c2589", kill_on_drop: false }`
[INFO] [stderr]    Compiling proc-macro2 v1.0.78
[INFO] [stderr]    Compiling unicode-ident v1.0.12
[INFO] [stderr]    Compiling libc v0.2.152
[INFO] [stderr]    Compiling pin-project-lite v0.2.13
[INFO] [stderr]    Compiling autocfg v1.1.0
[INFO] [stderr]    Compiling version_check v0.9.4
[INFO] [stderr]    Compiling memchr v2.7.1
[INFO] [stderr]    Compiling once_cell v1.19.0
[INFO] [stderr]    Compiling syn v1.0.109
[INFO] [stderr]    Compiling log v0.4.20
[INFO] [stderr]    Compiling futures-core v0.3.30
[INFO] [stderr]    Compiling bytes v1.5.0
[INFO] [stderr]    Compiling futures-sink v0.3.30
[INFO] [stderr]    Compiling typenum v1.17.0
[INFO] [stderr]    Compiling either v1.9.0
[INFO] [stderr]    Compiling pin-utils v0.1.0
[INFO] [stderr]    Compiling futures-task v0.3.30
[INFO] [stderr]    Compiling futures-io v0.3.30
[INFO] [stderr]    Compiling semver v1.0.21
[INFO] [stderr]    Compiling subtle v2.5.0
[INFO] [stderr]    Compiling futures-channel v0.3.30
[INFO] [stderr]    Compiling tracing-core v0.1.32
[INFO] [stderr]    Compiling smallvec v1.13.1
[INFO] [stderr]    Compiling ppv-lite86 v0.2.17
[INFO] [stderr]    Compiling fnv v1.0.7
[INFO] [stderr]    Compiling anyhow v1.0.79
[INFO] [stderr]    Compiling platforms v3.3.0
[INFO] [stderr]    Compiling tinyvec_macros v0.1.1
[INFO] [stderr]    Compiling equivalent v1.0.1
[INFO] [stderr]    Compiling rustix v0.38.30
[INFO] [stderr]    Compiling generic-array v0.14.7
[INFO] [stderr]    Compiling slab v0.4.9
[INFO] [stderr]    Compiling hashbrown v0.14.3
[INFO] [stderr]    Compiling cpufeatures v0.2.12
[INFO] [stderr]    Compiling tinyvec v1.6.0
[INFO] [stderr]    Compiling itertools v0.10.5
[INFO] [stderr]    Compiling data-encoding v2.5.0
[INFO] [stderr]    Compiling bitflags v2.4.2
[INFO] [stderr]    Compiling rustc_version v0.4.0
[INFO] [stderr]    Compiling signature v2.2.0
[INFO] [stderr]    Compiling percent-encoding v2.3.1
[INFO] [stderr]    Compiling zeroize v1.7.0
[INFO] [stderr]    Compiling quote v1.0.35
[INFO] [stderr]    Compiling unsigned-varint v0.7.2
[INFO] [stderr]    Compiling linux-raw-sys v0.4.13
[INFO] [stderr]    Compiling lazy_static v1.4.0
[INFO] [stderr]    Compiling thiserror v1.0.56
[INFO] [stderr]    Compiling ed25519 v2.2.3
[INFO] [stderr]    Compiling core2 v0.4.0
[INFO] [stderr]    Compiling curve25519-dalek v4.1.1
[INFO] [stderr]    Compiling lock_api v0.4.11
[INFO] [stderr]    Compiling serde v1.0.195
[INFO] [stderr]    Compiling syn v2.0.48
[INFO] [stderr]    Compiling num_cpus v1.16.0
[INFO] [stderr]    Compiling getrandom v0.2.12
[INFO] [stderr]    Compiling socket2 v0.5.5
[INFO] [stderr]    Compiling mio v0.8.10
[INFO] [stderr]    Compiling indexmap v2.1.0
[INFO] [stderr]    Compiling unicode-bidi v0.3.15
[INFO] [stderr]    Compiling regex-syntax v0.8.2
[INFO] [stderr]    Compiling parking_lot_core v0.9.9
[INFO] [stderr]    Compiling rand_core v0.6.4
[INFO] [stderr]    Compiling unicode-normalization v0.1.22
[INFO] [stderr]    Compiling byteorder v1.5.0
[INFO] [stderr]    Compiling rand_chacha v0.3.1
[INFO] [stderr]    Compiling multihash v0.19.1
[INFO] [stderr]    Compiling form_urlencoded v1.2.1
[INFO] [stderr]    Compiling quick-protobuf v0.8.1
[INFO] [stderr]    Compiling static_assertions v1.1.0
[INFO] [stderr]    Compiling rand v0.8.5
[INFO] [stderr]    Compiling base-x v0.2.11
[INFO] [stderr]    Compiling crypto-common v0.1.6
[INFO] [stderr]    Compiling block-buffer v0.10.4
[INFO] [stderr]    Compiling digest v0.10.7
[INFO] [stderr]    Compiling idna v0.5.0
[INFO] [stderr]    Compiling scopeguard v1.2.0
[INFO] [stderr]    Compiling bs58 v0.5.0
[INFO] [stderr]    Compiling home v0.5.9
[INFO] [stderr]    Compiling arrayref v0.3.7
[INFO] [stderr]    Compiling itoa v1.0.10
[INFO] [stderr]    Compiling hmac v0.12.1
[INFO] [stderr]    Compiling sha2 v0.10.8
[INFO] [stderr]    Compiling aho-corasick v1.1.2
[INFO] [stderr]    Compiling hkdf v0.12.4
[INFO] [stderr]    Compiling http v0.2.11
[INFO] [stderr]    Compiling parking_lot v0.12.1
[INFO] [stderr]    Compiling url v2.5.0
[INFO] [stderr]    Compiling indexmap v1.9.3
[INFO] [stderr]    Compiling proc-macro-error-attr v1.0.4
[INFO] [stderr]    Compiling instant v0.1.12
[INFO] [stderr]    Compiling unicode-segmentation v1.10.1
[INFO] [stderr]    Compiling fastrand v2.0.1
[INFO] [stderr]    Compiling fixedbitset v0.4.2
[INFO] [stderr]    Compiling futures-timer v3.0.2
[INFO] [stderr]    Compiling unsigned-varint v0.8.0
[INFO] [stderr]    Compiling void v1.0.2
[INFO] [stderr]    Compiling httparse v1.8.0
[INFO] [stderr]    Compiling petgraph v0.6.4
[INFO] [stderr]    Compiling sharded-slab v0.1.7
[INFO] [stderr]    Compiling tracing-log v0.2.0
[INFO] [stderr]    Compiling proc-macro-error v1.0.4
[INFO] [stderr]    Compiling cc v1.0.83
[INFO] [stderr]    Compiling heck v0.3.3
[INFO] [stderr]    Compiling thread_local v1.1.7
[INFO] [stderr]    Compiling try-lock v0.2.5
[INFO] [stderr]    Compiling tower-service v0.3.2
[INFO] [stderr]    Compiling multimap v0.8.3
[INFO] [stderr]    Compiling want v0.3.1
[INFO] [stderr]    Compiling http-body v0.4.6
[INFO] [stderr]    Compiling gimli v0.28.1
[INFO] [stderr]    Compiling eyre v0.6.11
[INFO] [stderr]    Compiling regex-automata v0.4.4
[INFO] [stderr]    Compiling tracing-subscriber v0.3.18
[INFO] [stderr]    Compiling async-trait v0.1.77
[INFO] [stderr]    Compiling adler v1.0.2
[INFO] [stderr]    Compiling httpdate v1.0.3
[INFO] [stderr]    Compiling which v4.4.2
[INFO] [stderr]    Compiling tempfile v3.9.0
[INFO] [stderr]    Compiling miniz_oxide v0.7.1
[INFO] [stderr]    Compiling object v0.32.2
[INFO] [stderr]    Compiling heck v0.4.1
[INFO] [stderr]    Compiling prost-build v0.9.0
[INFO] [stderr]    Compiling tower-layer v0.3.2
[INFO] [stderr]    Compiling indenter v0.3.3
[INFO] [stderr]    Compiling rustc-demangle v0.1.23
[INFO] [stderr]    Compiling backtrace v0.3.69
[INFO] [stderr]    Compiling owo-colors v3.5.0
[INFO] [stderr]    Compiling dirs-sys-next v0.1.2
[INFO] [stderr]    Compiling atty v0.2.14
[INFO] [stderr]    Compiling base64 v0.13.1
[INFO] [stderr]    Compiling strsim v0.10.0
[INFO] [stderr]    Compiling textwrap v0.16.0
[INFO] [stderr]    Compiling termcolor v1.4.1
[INFO] [stderr]    Compiling walkdir v2.4.0
[INFO] [stderr]    Compiling dirs-next v2.0.0
[INFO] [stderr]    Compiling addr2line v0.21.0
[INFO] [stderr]    Compiling tracing-attributes v0.1.27
[INFO] [stderr]    Compiling futures-macro v0.3.30
[INFO] [stderr]    Compiling pin-project-internal v1.1.3
[INFO] [stderr]    Compiling tokio-macros v2.2.0
[INFO] [stderr]    Compiling curve25519-dalek-derive v0.1.1
[INFO] [stderr]    Compiling thiserror-impl v1.0.56
[INFO] [stderr]    Compiling async-stream-impl v0.3.5
[INFO] [stderr]    Compiling prost-derive v0.9.0
[INFO] [stderr]    Compiling data-encoding-macro-internal v0.1.12
[INFO] [stderr]    Compiling clap_derive v3.2.25
[INFO] [stderr]    Compiling regex v1.10.3
[INFO] [stderr]    Compiling async-stream v0.3.5
[INFO] [stderr]    Compiling data-encoding-macro v0.1.14
[INFO] [stderr]    Compiling multibase v0.9.1
[INFO] [stderr]    Compiling tokio v1.35.1
[INFO] [stderr]    Compiling futures-util v0.3.30
[INFO] [stderr]    Compiling pin-project v1.1.3
[INFO] [stderr]    Compiling tracing v0.1.40
[INFO] [stderr]    Compiling prost v0.9.0
[INFO] [stderr]    Compiling tracing-error v0.2.0
[INFO] [stderr]    Compiling tracing-futures v0.2.5
[INFO] [stdout] error[E0658]: use of unstable library feature 'stdarch_x86_avx512'
[INFO] [stdout]   --> /opt/rustwide/cargo-home/registry/src/index.crates.io-6f17d22bba15001f/curve25519-dalek-4.1.1/src/backend/vector/ifma/field.rs:26:5
[INFO] [stdout]    |
[INFO] [stdout] 26 |     _mm256_madd52lo_epu64(z.into(), x.into(), y.into()).into()
[INFO] [stdout]    |     ^^^^^^^^^^^^^^^^^^^^^
[INFO] [stdout]    |
[INFO] [stdout]    = note: see issue #111137 <https://github.com/rust-lang/rust/issues/111137> for more information
[INFO] [stdout]    = help: add `#![feature(stdarch_x86_avx512)]` to the crate attributes to enable
[INFO] [stdout]    = note: this compiler was built on 2024-10-27; consider upgrading it if it is out of date
[INFO] [stdout] 
[INFO] [stdout] 
[INFO] [stdout] error[E0658]: use of unstable library feature 'stdarch_x86_avx512'
[INFO] [stdout]   --> /opt/rustwide/cargo-home/registry/src/index.crates.io-6f17d22bba15001f/curve25519-dalek-4.1.1/src/backend/vector/ifma/field.rs:25:9
[INFO] [stdout]    |
[INFO] [stdout] 25 |     use core::arch::x86_64::_mm256_madd52lo_epu64;
[INFO] [stdout]    |         ^^^^^^^^^^^^^^^^^^^^^^^^^^^^^^^^^^^^^^^^^
[INFO] [stdout]    |
[INFO] [stdout]    = note: see issue #111137 <https://github.com/rust-lang/rust/issues/111137> for more information
[INFO] [stdout]    = help: add `#![feature(stdarch_x86_avx512)]` to the crate attributes to enable
[INFO] [stdout]    = note: this compiler was built on 2024-10-27; consider upgrading it if it is out of date
[INFO] [stdout] 
[INFO] [stdout] 
[INFO] [stdout] error[E0658]: use of unstable library feature 'stdarch_x86_avx512'
[INFO] [stdout]   --> /opt/rustwide/cargo-home/registry/src/index.crates.io-6f17d22bba15001f/curve25519-dalek-4.1.1/src/backend/vector/ifma/field.rs:34:5
[INFO] [stdout]    |
[INFO] [stdout] 34 |     _mm256_madd52hi_epu64(z.into(), x.into(), y.into()).into()
[INFO] [stdout]    |     ^^^^^^^^^^^^^^^^^^^^^
[INFO] [stdout]    |
[INFO] [stdout]    = note: see issue #111137 <https://github.com/rust-lang/rust/issues/111137> for more information
[INFO] [stdout]    = help: add `#![feature(stdarch_x86_avx512)]` to the crate attributes to enable
[INFO] [stdout]    = note: this compiler was built on 2024-10-27; consider upgrading it if it is out of date
[INFO] [stdout] 
[INFO] [stdout] 
[INFO] [stdout] error[E0658]: use of unstable library feature 'stdarch_x86_avx512'
[INFO] [stdout]   --> /opt/rustwide/cargo-home/registry/src/index.crates.io-6f17d22bba15001f/curve25519-dalek-4.1.1/src/backend/vector/ifma/field.rs:33:9
[INFO] [stdout]    |
[INFO] [stdout] 33 |     use core::arch::x86_64::_mm256_madd52hi_epu64;
[INFO] [stdout]    |         ^^^^^^^^^^^^^^^^^^^^^^^^^^^^^^^^^^^^^^^^^
[INFO] [stdout]    |
[INFO] [stdout]    = note: see issue #111137 <https://github.com/rust-lang/rust/issues/111137> for more information
[INFO] [stdout]    = help: add `#![feature(stdarch_x86_avx512)]` to the crate attributes to enable
[INFO] [stdout]    = note: this compiler was built on 2024-10-27; consider upgrading it if it is out of date
[INFO] [stdout] 
[INFO] [stdout] 
[INFO] [stdout] error[E0635]: unknown feature `stdsimd`
[INFO] [stdout]   --> /opt/rustwide/cargo-home/registry/src/index.crates.io-6f17d22bba15001f/curve25519-dalek-4.1.1/src/lib.rs:13:70
[INFO] [stdout]    |
[INFO] [stdout] 13 | #![cfg_attr(all(curve25519_dalek_backend = "simd", nightly), feature(stdsimd))]
[INFO] [stdout]    |                                                                      ^^^^^^^
[INFO] [stdout] 
[INFO] [stdout] 
[INFO] [stderr]    Compiling color-spantrace v0.2.1
[INFO] [stderr]    Compiling clap v3.2.25
[INFO] [stderr]    Compiling color-eyre v0.6.2
[INFO] [stderr]    Compiling prost-types v0.9.0
[INFO] [stdout] Some errors have detailed explanations: E0635, E0658.
[INFO] [stdout] 
[INFO] [stdout] For more information about an error, try `rustc --explain E0635`.
[INFO] [stdout] 
[INFO] [stderr] error: could not compile `curve25519-dalek` (lib) due to 5 previous errors
[INFO] [stderr] warning: build failed, waiting for other jobs to finish...
[INFO] running `Command { std: "docker" "inspect" "45bb985ff593fe6374de931c59e5d351d1cc0aaad7ef6dddb851782d9a0c2589", kill_on_drop: false }`
[INFO] running `Command { std: "docker" "rm" "-f" "45bb985ff593fe6374de931c59e5d351d1cc0aaad7ef6dddb851782d9a0c2589", kill_on_drop: false }`
[INFO] [stdout] 45bb985ff593fe6374de931c59e5d351d1cc0aaad7ef6dddb851782d9a0c2589
