[INFO] fetching crate smtlib-lowlevel 0.2.0...
[INFO] testing smtlib-lowlevel-0.2.0 against nightly-2024-10-28+rustflags=-Zrandomize-layout for randomize-layout
[INFO] extracting crate smtlib-lowlevel 0.2.0 into /workspace/builds/worker-1-tc2/source
[INFO] validating manifest of crates.io crate smtlib-lowlevel 0.2.0 on toolchain nightly-2024-10-28
[INFO] running `Command { std: CARGO_HOME="/workspace/cargo-home" RUSTUP_HOME="/workspace/rustup-home" "/workspace/cargo-home/bin/cargo" "+nightly-2024-10-28" "metadata" "--manifest-path" "Cargo.toml" "--no-deps", kill_on_drop: false }`
[INFO] started tweaking crates.io crate smtlib-lowlevel 0.2.0
[INFO] finished tweaking crates.io crate smtlib-lowlevel 0.2.0
[INFO] tweaked toml for crates.io crate smtlib-lowlevel 0.2.0 written to /workspace/builds/worker-1-tc2/source/Cargo.toml
[INFO] running `Command { std: CARGO_HOME="/workspace/cargo-home" RUSTUP_HOME="/workspace/rustup-home" "/workspace/cargo-home/bin/cargo" "+nightly-2024-10-28" "generate-lockfile" "--manifest-path" "Cargo.toml", kill_on_drop: false }`
[INFO] [stderr]     Updating crates.io index
[INFO] [stderr]      Locking 75 packages to latest compatible versions
[INFO] [stderr]       Adding itertools v0.12.1 (available: v0.13.0)
[INFO] [stderr]       Adding logos v0.13.0 (available: v0.14.2)
[INFO] [stderr]       Adding miette v5.10.0 (available: v7.2.0)
[INFO] running `Command { std: CARGO_HOME="/workspace/cargo-home" RUSTUP_HOME="/workspace/rustup-home" "/workspace/cargo-home/bin/cargo" "+nightly-2024-10-28" "fetch" "--manifest-path" "Cargo.toml", kill_on_drop: false }`
[INFO] running `Command { std: "docker" "create" "-v" "/var/lib/crater-agent-workspace/builds/worker-1-tc2/target:/opt/rustwide/target:rw,Z" "-v" "/var/lib/crater-agent-workspace/builds/worker-1-tc2/source:/opt/rustwide/workdir:ro,Z" "-v" "/var/lib/crater-agent-workspace/cargo-home:/opt/rustwide/cargo-home:ro,Z" "-v" "/var/lib/crater-agent-workspace/rustup-home:/opt/rustwide/rustup-home:ro,Z" "-e" "SOURCE_DIR=/opt/rustwide/workdir" "-e" "CARGO_TARGET_DIR=/opt/rustwide/target" "-e" "CARGO_HOME=/opt/rustwide/cargo-home" "-e" "RUSTUP_HOME=/opt/rustwide/rustup-home" "-w" "/opt/rustwide/workdir" "-m" "1610612736" "--user" "0:0" "--network" "none" "ghcr.io/rust-lang/crates-build-env/linux@sha256:4a844ea9eb2546a2d2c7022eacef16ef2e8229c7fbb2c7d4d55a9ceca922f72d" "/opt/rustwide/cargo-home/bin/cargo" "+nightly-2024-10-28" "metadata" "--no-deps" "--format-version=1", kill_on_drop: false }`
[INFO] [stdout] c5d43683a174fc6fe245a631ae34c04ad1fe8580548316ff9ff2817b71b2a015
[INFO] running `Command { std: "docker" "start" "-a" "c5d43683a174fc6fe245a631ae34c04ad1fe8580548316ff9ff2817b71b2a015", kill_on_drop: false }`
[INFO] running `Command { std: "docker" "inspect" "c5d43683a174fc6fe245a631ae34c04ad1fe8580548316ff9ff2817b71b2a015", kill_on_drop: false }`
[INFO] running `Command { std: "docker" "rm" "-f" "c5d43683a174fc6fe245a631ae34c04ad1fe8580548316ff9ff2817b71b2a015", kill_on_drop: false }`
[INFO] [stdout] c5d43683a174fc6fe245a631ae34c04ad1fe8580548316ff9ff2817b71b2a015
[INFO] running `Command { std: "docker" "create" "-v" "/var/lib/crater-agent-workspace/builds/worker-1-tc2/target:/opt/rustwide/target:rw,Z" "-v" "/var/lib/crater-agent-workspace/builds/worker-1-tc2/source:/opt/rustwide/workdir:ro,Z" "-v" "/var/lib/crater-agent-workspace/cargo-home:/opt/rustwide/cargo-home:ro,Z" "-v" "/var/lib/crater-agent-workspace/rustup-home:/opt/rustwide/rustup-home:ro,Z" "-e" "SOURCE_DIR=/opt/rustwide/workdir" "-e" "CARGO_TARGET_DIR=/opt/rustwide/target" "-e" "CARGO_INCREMENTAL=0" "-e" "RUST_BACKTRACE=full" "-e" "RUSTFLAGS=--cap-lints=forbid -Zrandomize-layout" "-e" "RUSTDOCFLAGS=--cap-lints=forbid" "-e" "CARGO_HOME=/opt/rustwide/cargo-home" "-e" "RUSTUP_HOME=/opt/rustwide/rustup-home" "-w" "/opt/rustwide/workdir" "-m" "1610612736" "--user" "0:0" "--network" "none" "ghcr.io/rust-lang/crates-build-env/linux@sha256:4a844ea9eb2546a2d2c7022eacef16ef2e8229c7fbb2c7d4d55a9ceca922f72d" "/opt/rustwide/cargo-home/bin/cargo" "+nightly-2024-10-28" "build" "--frozen" "--message-format=json", kill_on_drop: false }`
[INFO] [stdout] 2d1ba0ee520c16683d07f6fe41d0b874f101ab03105eee97e63416f9a7153565
[INFO] running `Command { std: "docker" "start" "-a" "2d1ba0ee520c16683d07f6fe41d0b874f101ab03105eee97e63416f9a7153565", kill_on_drop: false }`
[INFO] [stderr]    Compiling fnv v1.0.7
[INFO] [stderr]    Compiling beef v0.5.2
[INFO] [stderr]    Compiling thiserror v1.0.66
[INFO] [stderr]    Compiling regex-syntax v0.6.29
[INFO] [stderr]    Compiling once_cell v1.20.2
[INFO] [stderr]    Compiling itertools v0.12.1
[INFO] [stderr]    Compiling syn v2.0.86
[INFO] [stderr]    Compiling logos-codegen v0.13.0
[INFO] [stderr]    Compiling thiserror-impl v1.0.66
[INFO] [stderr]    Compiling miette-derive v5.10.0
[INFO] [stderr]    Compiling logos-derive v0.13.0
[INFO] [stderr]    Compiling miette v5.10.0
[INFO] [stderr]    Compiling logos v0.13.0
[INFO] [stderr]    Compiling smtlib-lowlevel v0.2.0 (/opt/rustwide/workdir)
[INFO] [stderr]     Finished `dev` profile [unoptimized + debuginfo] target(s) in 7.66s
[INFO] running `Command { std: "docker" "inspect" "2d1ba0ee520c16683d07f6fe41d0b874f101ab03105eee97e63416f9a7153565", kill_on_drop: false }`
[INFO] running `Command { std: "docker" "rm" "-f" "2d1ba0ee520c16683d07f6fe41d0b874f101ab03105eee97e63416f9a7153565", kill_on_drop: false }`
[INFO] [stdout] 2d1ba0ee520c16683d07f6fe41d0b874f101ab03105eee97e63416f9a7153565
[INFO] running `Command { std: "docker" "create" "-v" "/var/lib/crater-agent-workspace/builds/worker-1-tc2/target:/opt/rustwide/target:rw,Z" "-v" "/var/lib/crater-agent-workspace/builds/worker-1-tc2/source:/opt/rustwide/workdir:ro,Z" "-v" "/var/lib/crater-agent-workspace/cargo-home:/opt/rustwide/cargo-home:ro,Z" "-v" "/var/lib/crater-agent-workspace/rustup-home:/opt/rustwide/rustup-home:ro,Z" "-e" "SOURCE_DIR=/opt/rustwide/workdir" "-e" "CARGO_TARGET_DIR=/opt/rustwide/target" "-e" "CARGO_INCREMENTAL=0" "-e" "RUST_BACKTRACE=full" "-e" "RUSTFLAGS=--cap-lints=forbid -Zrandomize-layout" "-e" "RUSTDOCFLAGS=--cap-lints=forbid" "-e" "CARGO_HOME=/opt/rustwide/cargo-home" "-e" "RUSTUP_HOME=/opt/rustwide/rustup-home" "-w" "/opt/rustwide/workdir" "-m" "1610612736" "--user" "0:0" "--network" "none" "ghcr.io/rust-lang/crates-build-env/linux@sha256:4a844ea9eb2546a2d2c7022eacef16ef2e8229c7fbb2c7d4d55a9ceca922f72d" "/opt/rustwide/cargo-home/bin/cargo" "+nightly-2024-10-28" "test" "--frozen" "--no-run" "--message-format=json", kill_on_drop: false }`
[INFO] [stdout] ef8cf82baf540c08eaa4f0a016cd34da586a8caecbe3e59b92244e4b4806fb3c
[INFO] running `Command { std: "docker" "start" "-a" "ef8cf82baf540c08eaa4f0a016cd34da586a8caecbe3e59b92244e4b4806fb3c", kill_on_drop: false }`
[INFO] [stderr]    Compiling serde v1.0.214
[INFO] [stderr]    Compiling libc v0.2.161
[INFO] [stderr]    Compiling base64 v0.13.1
[INFO] [stderr]    Compiling linked-hash-map v0.5.6
[INFO] [stderr]    Compiling similar v2.6.0
[INFO] [stderr]    Compiling serde_derive v1.0.214
[INFO] [stderr]    Compiling console v0.15.8
[INFO] [stderr]    Compiling ron v0.7.1
[INFO] [stderr]    Compiling insta v1.41.1
[INFO] [stderr]    Compiling smtlib-lowlevel v0.2.0 (/opt/rustwide/workdir)
[INFO] [stdout] error[E0277]: the trait bound `ParseError: serde::ser::Serialize` is not satisfied
[INFO] [stdout]   --> src/tests.rs:5:5
[INFO] [stdout]    |
[INFO] [stdout] 5  | /     insta::assert_ron_snapshot!(String::parse(&mut Parser::new(
[INFO] [stdout] 6  | |         r#""Hello ""world"" this is cool!""#
[INFO] [stdout] 7  | |     )));
[INFO] [stdout]    | |       ^
[INFO] [stdout]    | |       |
[INFO] [stdout]    | |_______the trait `serde::ser::Serialize` is not implemented for `ParseError`, which is required by `&Result<std::string::String, ParseError>: serde::ser::Serialize`
[INFO] [stdout]    |         required by a bound introduced by this call
[INFO] [stdout]    |
[INFO] [stdout]    = note: for local types consider adding `#[derive(serde::Serialize)]` to your `ParseError` type
[INFO] [stdout]    = note: for types from other crates check whether the crate offers a `serde` feature flag
[INFO] [stdout]    = help: the following other types implement trait `serde::ser::Serialize`:
[INFO] [stdout]              &'a T
[INFO] [stdout]              &'a mut T
[INFO] [stdout]              ()
[INFO] [stdout]              (T,)
[INFO] [stdout]              (T0, T1)
[INFO] [stdout]              (T0, T1, T2)
[INFO] [stdout]              (T0, T1, T2, T3)
[INFO] [stdout]              (T0, T1, T2, T3, T4)
[INFO] [stdout]            and 134 others
[INFO] [stdout]    = note: required for `Result<std::string::String, ParseError>` to implement `serde::ser::Serialize`
[INFO] [stdout]    = note: 1 redundant requirement hidden
[INFO] [stdout]    = note: required for `&Result<std::string::String, ParseError>` to implement `serde::ser::Serialize`
[INFO] [stdout] note: required by a bound in `serialize_value`
[INFO] [stdout]   --> /opt/rustwide/cargo-home/registry/src/index.crates.io-6f17d22bba15001f/insta-1.41.1/src/serialization.rs:91:27
[INFO] [stdout]    |
[INFO] [stdout] 91 | pub fn serialize_value<S: Serialize>(s: &S, format: SerializationFormat) -> String {
[INFO] [stdout]    |                           ^^^^^^^^^ required by this bound in `serialize_value`
[INFO] [stdout]    = note: this error originates in the macro `$crate::_assert_serialized_snapshot` which comes from the expansion of the macro `insta::assert_ron_snapshot` (in Nightly builds, run with -Z macro-backtrace for more info)
[INFO] [stdout] 
[INFO] [stdout] 
[INFO] [stdout] error[E0277]: the trait bound `Script: serde::ser::Serialize` is not satisfied
[INFO] [stdout]   --> src/tests.rs:12:5
[INFO] [stdout]    |
[INFO] [stdout] 12 |     insta::assert_ron_snapshot!(Script::parse(include_str!("../examples/bubble_sort.smt2")));
[INFO] [stdout]    |     ^^^^^^^^^^^^^^^^^^^^^^^^^^^^^^^^^^^^^^^^^^^^^^^^^^^^^^^^^^^^^^^^^^^^^^^^^^^^^^^^^^^^^^^^
[INFO] [stdout]    |     |
[INFO] [stdout]    |     the trait `serde::ser::Serialize` is not implemented for `Script`, which is required by `&Result<Script, ParseError>: serde::ser::Serialize`
[INFO] [stdout]    |     required by a bound introduced by this call
[INFO] [stdout]    |
[INFO] [stdout]    = note: for local types consider adding `#[derive(serde::Serialize)]` to your `Script` type
[INFO] [stdout]    = note: for types from other crates check whether the crate offers a `serde` feature flag
[INFO] [stdout]    = help: the following other types implement trait `serde::ser::Serialize`:
[INFO] [stdout]              &'a T
[INFO] [stdout]              &'a mut T
[INFO] [stdout]              ()
[INFO] [stdout]              (T,)
[INFO] [stdout]              (T0, T1)
[INFO] [stdout]              (T0, T1, T2)
[INFO] [stdout]              (T0, T1, T2, T3)
[INFO] [stdout]              (T0, T1, T2, T3, T4)
[INFO] [stdout]            and 134 others
[INFO] [stdout]    = note: required for `Result<Script, ParseError>` to implement `serde::ser::Serialize`
[INFO] [stdout]    = note: 1 redundant requirement hidden
[INFO] [stdout]    = note: required for `&Result<Script, ParseError>` to implement `serde::ser::Serialize`
[INFO] [stdout] note: required by a bound in `serialize_value`
[INFO] [stdout]   --> /opt/rustwide/cargo-home/registry/src/index.crates.io-6f17d22bba15001f/insta-1.41.1/src/serialization.rs:91:27
[INFO] [stdout]    |
[INFO] [stdout] 91 | pub fn serialize_value<S: Serialize>(s: &S, format: SerializationFormat) -> String {
[INFO] [stdout]    |                           ^^^^^^^^^ required by this bound in `serialize_value`
[INFO] [stdout]    = note: this error originates in the macro `$crate::_assert_serialized_snapshot` which comes from the expansion of the macro `insta::assert_ron_snapshot` (in Nightly builds, run with -Z macro-backtrace for more info)
[INFO] [stdout] 
[INFO] [stdout] 
[INFO] [stdout] error[E0277]: the trait bound `ParseError: serde::ser::Serialize` is not satisfied
[INFO] [stdout]   --> src/tests.rs:12:5
[INFO] [stdout]    |
[INFO] [stdout] 12 |     insta::assert_ron_snapshot!(Script::parse(include_str!("../examples/bubble_sort.smt2")));
[INFO] [stdout]    |     ^^^^^^^^^^^^^^^^^^^^^^^^^^^^^^^^^^^^^^^^^^^^^^^^^^^^^^^^^^^^^^^^^^^^^^^^^^^^^^^^^^^^^^^^
[INFO] [stdout]    |     |
[INFO] [stdout]    |     the trait `serde::ser::Serialize` is not implemented for `ParseError`, which is required by `&Result<Script, ParseError>: serde::ser::Serialize`
[INFO] [stdout]    |     required by a bound introduced by this call
[INFO] [stdout]    |
[INFO] [stdout]    = note: for local types consider adding `#[derive(serde::Serialize)]` to your `ParseError` type
[INFO] [stdout]    = note: for types from other crates check whether the crate offers a `serde` feature flag
[INFO] [stdout]    = help: the following other types implement trait `serde::ser::Serialize`:
[INFO] [stdout]              &'a T
[INFO] [stdout]              &'a mut T
[INFO] [stdout]              ()
[INFO] [stdout]              (T,)
[INFO] [stdout]              (T0, T1)
[INFO] [stdout]              (T0, T1, T2)
[INFO] [stdout]              (T0, T1, T2, T3)
[INFO] [stdout]              (T0, T1, T2, T3, T4)
[INFO] [stdout]            and 134 others
[INFO] [stdout]    = note: required for `Result<Script, ParseError>` to implement `serde::ser::Serialize`
[INFO] [stdout]    = note: 1 redundant requirement hidden
[INFO] [stdout]    = note: required for `&Result<Script, ParseError>` to implement `serde::ser::Serialize`
[INFO] [stdout] note: required by a bound in `serialize_value`
[INFO] [stdout]   --> /opt/rustwide/cargo-home/registry/src/index.crates.io-6f17d22bba15001f/insta-1.41.1/src/serialization.rs:91:27
[INFO] [stdout]    |
[INFO] [stdout] 91 | pub fn serialize_value<S: Serialize>(s: &S, format: SerializationFormat) -> String {
[INFO] [stdout]    |                           ^^^^^^^^^ required by this bound in `serialize_value`
[INFO] [stdout]    = note: this error originates in the macro `$crate::_assert_serialized_snapshot` which comes from the expansion of the macro `insta::assert_ron_snapshot` (in Nightly builds, run with -Z macro-backtrace for more info)
[INFO] [stdout] 
[INFO] [stdout] 
[INFO] [stdout] error[E0277]: the trait bound `GeneralResponse: serde::ser::Serialize` is not satisfied
[INFO] [stdout]   --> src/tests.rs:28:9
[INFO] [stdout]    |
[INFO] [stdout] 28 |         cmd!(d, r#"(echo "Hello, world!")"#);
[INFO] [stdout]    |         ^^^^^^^^^^^^^^^^^^^^^^^^^^^^^^^^^^^^
[INFO] [stdout]    |         |
[INFO] [stdout]    |         the trait `serde::ser::Serialize` is not implemented for `GeneralResponse`, which is required by `&GeneralResponse: serde::ser::Serialize`
[INFO] [stdout]    |         required by a bound introduced by this call
[INFO] [stdout]    |
[INFO] [stdout]    = note: for local types consider adding `#[derive(serde::Serialize)]` to your `GeneralResponse` type
[INFO] [stdout]    = note: for types from other crates check whether the crate offers a `serde` feature flag
[INFO] [stdout]    = help: the following other types implement trait `serde::ser::Serialize`:
[INFO] [stdout]              &'a T
[INFO] [stdout]              &'a mut T
[INFO] [stdout]              ()
[INFO] [stdout]              (T,)
[INFO] [stdout]              (T0, T1)
[INFO] [stdout]              (T0, T1, T2)
[INFO] [stdout]              (T0, T1, T2, T3)
[INFO] [stdout]              (T0, T1, T2, T3, T4)
[INFO] [stdout]            and 134 others
[INFO] [stdout]    = note: required for `&GeneralResponse` to implement `serde::ser::Serialize`
[INFO] [stdout] note: required by a bound in `serialize_value`
[INFO] [stdout]   --> /opt/rustwide/cargo-home/registry/src/index.crates.io-6f17d22bba15001f/insta-1.41.1/src/serialization.rs:91:27
[INFO] [stdout]    |
[INFO] [stdout] 91 | pub fn serialize_value<S: Serialize>(s: &S, format: SerializationFormat) -> String {
[INFO] [stdout]    |                           ^^^^^^^^^ required by this bound in `serialize_value`
[INFO] [stdout]    = note: this error originates in the macro `$crate::_assert_serialized_snapshot` which comes from the expansion of the macro `cmd` (in Nightly builds, run with -Z macro-backtrace for more info)
[INFO] [stdout] 
[INFO] [stdout] 
[INFO] [stdout] error[E0277]: the trait bound `GeneralResponse: serde::ser::Serialize` is not satisfied
[INFO] [stdout]   --> src/tests.rs:29:9
[INFO] [stdout]    |
[INFO] [stdout] 29 |         cmd!(d, r#"(echo "Hello, unmatched paren! :)")"#);
[INFO] [stdout]    |         ^^^^^^^^^^^^^^^^^^^^^^^^^^^^^^^^^^^^^^^^^^^^^^^^^
[INFO] [stdout]    |         |
[INFO] [stdout]    |         the trait `serde::ser::Serialize` is not implemented for `GeneralResponse`, which is required by `&GeneralResponse: serde::ser::Serialize`
[INFO] [stdout]    |         required by a bound introduced by this call
[INFO] [stdout]    |
[INFO] [stdout]    = note: for local types consider adding `#[derive(serde::Serialize)]` to your `GeneralResponse` type
[INFO] [stdout]    = note: for types from other crates check whether the crate offers a `serde` feature flag
[INFO] [stdout]    = help: the following other types implement trait `serde::ser::Serialize`:
[INFO] [stdout]              &'a T
[INFO] [stdout]              &'a mut T
[INFO] [stdout]              ()
[INFO] [stdout]              (T,)
[INFO] [stdout]              (T0, T1)
[INFO] [stdout]              (T0, T1, T2)
[INFO] [stdout]              (T0, T1, T2, T3)
[INFO] [stdout]              (T0, T1, T2, T3, T4)
[INFO] [stdout]            and 134 others
[INFO] [stdout]    = note: required for `&GeneralResponse` to implement `serde::ser::Serialize`
[INFO] [stdout] note: required by a bound in `serialize_value`
[INFO] [stdout]   --> /opt/rustwide/cargo-home/registry/src/index.crates.io-6f17d22bba15001f/insta-1.41.1/src/serialization.rs:91:27
[INFO] [stdout]    |
[INFO] [stdout] 91 | pub fn serialize_value<S: Serialize>(s: &S, format: SerializationFormat) -> String {
[INFO] [stdout]    |                           ^^^^^^^^^ required by this bound in `serialize_value`
[INFO] [stdout]    = note: this error originates in the macro `$crate::_assert_serialized_snapshot` which comes from the expansion of the macro `cmd` (in Nightly builds, run with -Z macro-backtrace for more info)
[INFO] [stdout] 
[INFO] [stdout] 
[INFO] [stdout] For more information about this error, try `rustc --explain E0277`.
[INFO] [stdout] 
[INFO] [stderr] error: could not compile `smtlib-lowlevel` (lib test) due to 5 previous errors
[INFO] running `Command { std: "docker" "inspect" "ef8cf82baf540c08eaa4f0a016cd34da586a8caecbe3e59b92244e4b4806fb3c", kill_on_drop: false }`
[INFO] running `Command { std: "docker" "rm" "-f" "ef8cf82baf540c08eaa4f0a016cd34da586a8caecbe3e59b92244e4b4806fb3c", kill_on_drop: false }`
[INFO] [stdout] ef8cf82baf540c08eaa4f0a016cd34da586a8caecbe3e59b92244e4b4806fb3c
