[INFO] fetching crate sloppy 0.1.2...
[INFO] testing sloppy-0.1.2 against nightly-2024-10-28 for randomize-layout
[INFO] extracting crate sloppy 0.1.2 into /workspace/builds/worker-7-tc1/source
[INFO] validating manifest of crates.io crate sloppy 0.1.2 on toolchain nightly-2024-10-28
[INFO] running `Command { std: CARGO_HOME="/workspace/cargo-home" RUSTUP_HOME="/workspace/rustup-home" "/workspace/cargo-home/bin/cargo" "+nightly-2024-10-28" "metadata" "--manifest-path" "Cargo.toml" "--no-deps", kill_on_drop: false }`
[INFO] started tweaking crates.io crate sloppy 0.1.2
[INFO] finished tweaking crates.io crate sloppy 0.1.2
[INFO] tweaked toml for crates.io crate sloppy 0.1.2 written to /workspace/builds/worker-7-tc1/source/Cargo.toml
[INFO] crate crates.io crate sloppy 0.1.2 already has a lockfile, it will not be regenerated
[INFO] running `Command { std: CARGO_HOME="/workspace/cargo-home" RUSTUP_HOME="/workspace/rustup-home" "/workspace/cargo-home/bin/cargo" "+nightly-2024-10-28" "fetch" "--manifest-path" "Cargo.toml", kill_on_drop: false }`
[INFO] [stderr]     Updating crates.io index
[INFO] [stderr]  Downloading crates ...
[INFO] [stderr]   Downloaded rusty-value-derive v0.1.1
[INFO] [stderr]   Downloaded pyo3-build-config v0.18.2
[INFO] [stderr]   Downloaded pyo3-macros-backend v0.18.2
[INFO] [stderr]   Downloaded pyo3-macros v0.18.2
[INFO] [stderr]   Downloaded rusty-value v0.6.0
[INFO] [stderr]   Downloaded pyo3-ffi v0.18.2
[INFO] [stderr]   Downloaded alphanumeric-sort v1.5.1
[INFO] [stderr]   Downloaded lscolors v0.12.0
[INFO] [stderr]   Downloaded ctor v0.2.0
[INFO] [stderr]   Downloaded typetag-impl v0.2.7
[INFO] [stderr]   Downloaded chrono-tz-build v0.1.0
[INFO] [stderr]   Downloaded dtparse v1.4.0
[INFO] [stderr]   Downloaded clang-sys v1.6.0
[INFO] [stderr]   Downloaded is-root v0.1.2
[INFO] [stderr]   Downloaded phf_codegen v0.11.1
[INFO] [stderr]   Downloaded json_to_table v0.3.1
[INFO] [stderr]   Downloaded codepage v0.1.1
[INFO] [stderr]   Downloaded clap v4.2.0
[INFO] [stderr]   Downloaded serde_yaml v0.9.19
[INFO] [stderr]   Downloaded nu-parser v0.75.0
[INFO] [stderr]   Downloaded reedline v0.15.0
[INFO] [stderr]   Downloaded clap_builder v4.2.0
[INFO] [stderr]   Downloaded tabled v0.10.0
[INFO] [stderr]   Downloaded mlua v0.8.8
[INFO] [stderr]   Downloaded pure-rust-locales v0.5.6
[INFO] [stderr]   Downloaded crossterm v0.24.0
[INFO] [stderr]   Downloaded calamine v0.19.1
[INFO] [stderr]   Downloaded pyo3 v0.18.2
[INFO] [stderr]   Downloaded ansi-str v0.7.2
[INFO] [stderr]   Downloaded nu-explore v0.75.0
[INFO] [stderr]   Downloaded wax v0.5.0
[INFO] [stderr]   Downloaded ntapi v0.4.0
[INFO] [stderr]   Downloaded nu-protocol v0.75.0
[INFO] [stderr]   Downloaded dialoguer v0.10.3
[INFO] [stderr]   Downloaded nu-term-grid v0.75.0
[INFO] [stderr]   Downloaded const_format_proc_macros v0.2.29
[INFO] [stderr]   Downloaded nom-supreme v0.8.0
[INFO] [stderr]   Downloaded nu-utils v0.75.0
[INFO] [stderr]   Downloaded nu-engine v0.75.0
[INFO] [stderr]   Downloaded nu-json v0.75.0
[INFO] [stderr]   Downloaded nu-command v0.75.0
[INFO] [stderr]   Downloaded sys-locale v0.2.4
[INFO] [stderr]   Downloaded ghost v0.1.9
[INFO] [stderr]   Downloaded chrono-tz v0.8.1
[INFO] [stderr]   Downloaded lua-src v544.0.1
[INFO] [stderr]   Downloaded typetag v0.2.7
[INFO] [stderr]   Downloaded target-lexicon v0.12.6
[INFO] [stderr]   Downloaded eml-parser v0.1.3
[INFO] [stderr]   Downloaded net2 v0.2.38
[INFO] [stderr]   Downloaded nu-pretty-hex v0.75.0
[INFO] [stderr]   Downloaded nu-system v0.75.0
[INFO] [stderr]   Downloaded ansi-str v0.5.0
[INFO] [stderr]   Downloaded ansitok v0.2.0
[INFO] [stderr]   Downloaded tabled_derive v0.5.0
[INFO] [stderr]   Downloaded serde_ini v0.2.0
[INFO] [stderr]   Downloaded terminal_size v0.2.5
[INFO] [stderr]   Downloaded brownstone v3.0.0
[INFO] [stderr]   Downloaded chrono-humanize v0.2.2
[INFO] [stderr]   Downloaded lru v0.9.0
[INFO] [stderr]   Downloaded inventory v0.3.5
[INFO] [stderr]   Downloaded embed-nu v0.5.6
[INFO] [stderr]   Downloaded luajit-src v210.4.5+resty2cf5186
[INFO] [stderr]   Downloaded quick-xml v0.25.0
[INFO] [stderr]   Downloaded powierza-coefficient v1.0.2
[INFO] [stderr]   Downloaded result v1.0.0
[INFO] [stderr]   Downloaded umask v2.0.0
[INFO] [stderr]   Downloaded const_format v0.2.30
[INFO] [stderr]   Downloaded nu-path v0.75.0
[INFO] [stderr]   Downloaded papergrid v0.7.1
[INFO] [stderr]   Downloaded unsafe-libyaml v0.2.7
[INFO] [stderr]   Downloaded fd-lock v3.0.10
[INFO] [stderr]   Downloaded roxmltree v0.17.0
[INFO] [stderr]   Downloaded shadow-rs v0.20.1
[INFO] [stderr]   Downloaded nu-glob v0.75.0
[INFO] [stderr]   Downloaded omnipath v0.1.5
[INFO] [stderr]   Downloaded supports-hyperlinks v2.0.0
[INFO] [stderr]   Downloaded ical v0.7.0
[INFO] [stderr]   Downloaded nu-color-config v0.75.0
[INFO] [stderr]   Downloaded nu-table v0.75.0
[INFO] [stderr]   Downloaded titlecase v2.2.1
[INFO] [stderr]   Downloaded pori v0.0.0
[INFO] [stderr]   Downloaded sloppy-core v0.1.2
[INFO] running `Command { std: "docker" "create" "-v" "/var/lib/crater-agent-workspace/builds/worker-7-tc1/target:/opt/rustwide/target:rw,Z" "-v" "/var/lib/crater-agent-workspace/builds/worker-7-tc1/source:/opt/rustwide/workdir:ro,Z" "-v" "/var/lib/crater-agent-workspace/cargo-home:/opt/rustwide/cargo-home:ro,Z" "-v" "/var/lib/crater-agent-workspace/rustup-home:/opt/rustwide/rustup-home:ro,Z" "-e" "SOURCE_DIR=/opt/rustwide/workdir" "-e" "CARGO_TARGET_DIR=/opt/rustwide/target" "-e" "CARGO_HOME=/opt/rustwide/cargo-home" "-e" "RUSTUP_HOME=/opt/rustwide/rustup-home" "-w" "/opt/rustwide/workdir" "-m" "1610612736" "--user" "0:0" "--network" "none" "ghcr.io/rust-lang/crates-build-env/linux@sha256:4a844ea9eb2546a2d2c7022eacef16ef2e8229c7fbb2c7d4d55a9ceca922f72d" "/opt/rustwide/cargo-home/bin/cargo" "+nightly-2024-10-28" "metadata" "--no-deps" "--format-version=1", kill_on_drop: false }`
[INFO] [stdout] 4d78b9aed5e76f5bd1098b3a54579e4a51fbeb8c309492398a05562ddada1ba0
[INFO] running `Command { std: "docker" "start" "-a" "4d78b9aed5e76f5bd1098b3a54579e4a51fbeb8c309492398a05562ddada1ba0", kill_on_drop: false }`
[INFO] running `Command { std: "docker" "inspect" "4d78b9aed5e76f5bd1098b3a54579e4a51fbeb8c309492398a05562ddada1ba0", kill_on_drop: false }`
[INFO] running `Command { std: "docker" "rm" "-f" "4d78b9aed5e76f5bd1098b3a54579e4a51fbeb8c309492398a05562ddada1ba0", kill_on_drop: false }`
[INFO] [stdout] 4d78b9aed5e76f5bd1098b3a54579e4a51fbeb8c309492398a05562ddada1ba0
[INFO] running `Command { std: "docker" "create" "-v" "/var/lib/crater-agent-workspace/builds/worker-7-tc1/target:/opt/rustwide/target:rw,Z" "-v" "/var/lib/crater-agent-workspace/builds/worker-7-tc1/source:/opt/rustwide/workdir:ro,Z" "-v" "/var/lib/crater-agent-workspace/cargo-home:/opt/rustwide/cargo-home:ro,Z" "-v" "/var/lib/crater-agent-workspace/rustup-home:/opt/rustwide/rustup-home:ro,Z" "-e" "SOURCE_DIR=/opt/rustwide/workdir" "-e" "CARGO_TARGET_DIR=/opt/rustwide/target" "-e" "CARGO_INCREMENTAL=0" "-e" "RUST_BACKTRACE=full" "-e" "RUSTFLAGS=--cap-lints=forbid" "-e" "RUSTDOCFLAGS=--cap-lints=forbid" "-e" "CARGO_HOME=/opt/rustwide/cargo-home" "-e" "RUSTUP_HOME=/opt/rustwide/rustup-home" "-w" "/opt/rustwide/workdir" "-m" "1610612736" "--user" "0:0" "--network" "none" "ghcr.io/rust-lang/crates-build-env/linux@sha256:4a844ea9eb2546a2d2c7022eacef16ef2e8229c7fbb2c7d4d55a9ceca922f72d" "/opt/rustwide/cargo-home/bin/cargo" "+nightly-2024-10-28" "build" "--frozen" "--message-format=json", kill_on_drop: false }`
[INFO] [stdout] cf3a8e5558668ed65a2350f46e09f8620f2895b7110c18b34e85fc903400ceea
[INFO] running `Command { std: "docker" "start" "-a" "cf3a8e5558668ed65a2350f46e09f8620f2895b7110c18b34e85fc903400ceea", kill_on_drop: false }`
[INFO] [stderr]    Compiling libc v0.2.140
[INFO] [stderr]    Compiling proc-macro2 v1.0.54
[INFO] [stderr]    Compiling unicode-ident v1.0.8
[INFO] [stderr]    Compiling quote v1.0.26
[INFO] [stderr]    Compiling autocfg v1.1.0
[INFO] [stderr]    Compiling version_check v0.9.4
[INFO] [stderr]    Compiling memchr v2.5.0
[INFO] [stderr]    Compiling once_cell v1.17.1
[INFO] [stderr]    Compiling serde_derive v1.0.159
[INFO] [stderr]    Compiling serde v1.0.159
[INFO] [stderr]    Compiling syn v1.0.109
[INFO] [stderr]    Compiling log v0.4.17
[INFO] [stdout] error[E0422]: cannot find struct, variant or union type `LineColumn` in crate `proc_macro`
[INFO] [stdout]    --> /opt/rustwide/cargo-home/registry/src/index.crates.io-6f17d22bba15001f/proc-macro2-1.0.54/src/wrapper.rs:475:33
[INFO] [stdout]     |
[INFO] [stdout] 475 |                 let proc_macro::LineColumn { line, column } = s.start();
[INFO] [stdout]     |                                 ^^^^^^^^^^ not found in `proc_macro`
[INFO] [stdout]     |
[INFO] [stdout] help: consider importing this struct through its public re-export
[INFO] [stdout]     |
[INFO] [stdout] 1   + use crate::LineColumn;
[INFO] [stdout]     |
[INFO] [stdout] help: if you import `LineColumn`, refer to it directly
[INFO] [stdout]     |
[INFO] [stdout] 475 -                 let proc_macro::LineColumn { line, column } = s.start();
[INFO] [stdout] 475 +                 let LineColumn { line, column } = s.start();
[INFO] [stdout]     |
[INFO] [stdout] 
[INFO] [stdout] 
[INFO] [stdout] error[E0422]: cannot find struct, variant or union type `LineColumn` in crate `proc_macro`
[INFO] [stdout]    --> /opt/rustwide/cargo-home/registry/src/index.crates.io-6f17d22bba15001f/proc-macro2-1.0.54/src/wrapper.rs:489:33
[INFO] [stdout]     |
[INFO] [stdout] 489 |                 let proc_macro::LineColumn { line, column } = s.end();
[INFO] [stdout]     |                                 ^^^^^^^^^^ not found in `proc_macro`
[INFO] [stdout]     |
[INFO] [stdout] help: consider importing this struct through its public re-export
[INFO] [stdout]     |
[INFO] [stdout] 1   + use crate::LineColumn;
[INFO] [stdout]     |
[INFO] [stdout] help: if you import `LineColumn`, refer to it directly
[INFO] [stdout]     |
[INFO] [stdout] 489 -                 let proc_macro::LineColumn { line, column } = s.end();
[INFO] [stdout] 489 +                 let LineColumn { line, column } = s.end();
[INFO] [stdout]     |
[INFO] [stdout] 
[INFO] [stdout] 
[INFO] [stderr]    Compiling ahash v0.7.6
[INFO] [stdout] error[E0635]: unknown feature `proc_macro_span_shrink`
[INFO] [stdout]   --> /opt/rustwide/cargo-home/registry/src/index.crates.io-6f17d22bba15001f/proc-macro2-1.0.54/src/lib.rs:92:30
[INFO] [stdout]    |
[INFO] [stdout] 92 |     feature(proc_macro_span, proc_macro_span_shrink)
[INFO] [stdout]    |                              ^^^^^^^^^^^^^^^^^^^^^^
[INFO] [stdout] 
[INFO] [stdout] 
[INFO] [stderr]    Compiling itoa v1.0.6
[INFO] [stderr]    Compiling regex-syntax v0.6.29
[INFO] [stderr]    Compiling io-lifetimes v1.0.9
[INFO] [stderr]    Compiling scopeguard v1.1.0
[INFO] [stderr]    Compiling rustix v0.36.11
[INFO] [stderr]    Compiling utf8parse v0.2.1
[INFO] [stderr]    Compiling cc v1.0.79
[INFO] [stderr]    Compiling aho-corasick v0.7.20
[INFO] [stderr]    Compiling linux-raw-sys v0.1.4
[INFO] [stdout] Some errors have detailed explanations: E0422, E0635.
[INFO] [stdout] 
[INFO] [stdout] For more information about an error, try `rustc --explain E0422`.
[INFO] [stdout] 
[INFO] [stderr] error: could not compile `proc-macro2` (lib) due to 3 previous errors
[INFO] [stderr] warning: build failed, waiting for other jobs to finish...
[INFO] running `Command { std: "docker" "inspect" "cf3a8e5558668ed65a2350f46e09f8620f2895b7110c18b34e85fc903400ceea", kill_on_drop: false }`
[INFO] running `Command { std: "docker" "rm" "-f" "cf3a8e5558668ed65a2350f46e09f8620f2895b7110c18b34e85fc903400ceea", kill_on_drop: false }`
[INFO] [stdout] cf3a8e5558668ed65a2350f46e09f8620f2895b7110c18b34e85fc903400ceea
