[INFO] fetching crate slack-flows 0.3.4...
[INFO] testing slack-flows-0.3.4 against nightly-2024-10-28+rustflags=-Zrandomize-layout for randomize-layout
[INFO] extracting crate slack-flows 0.3.4 into /workspace/builds/worker-1-tc2/source
[INFO] validating manifest of crates.io crate slack-flows 0.3.4 on toolchain nightly-2024-10-28
[INFO] running `Command { std: CARGO_HOME="/workspace/cargo-home" RUSTUP_HOME="/workspace/rustup-home" "/workspace/cargo-home/bin/cargo" "+nightly-2024-10-28" "metadata" "--manifest-path" "Cargo.toml" "--no-deps", kill_on_drop: false }`
[INFO] started tweaking crates.io crate slack-flows 0.3.4
[INFO] finished tweaking crates.io crate slack-flows 0.3.4
[INFO] tweaked toml for crates.io crate slack-flows 0.3.4 written to /workspace/builds/worker-1-tc2/source/Cargo.toml
[INFO] running `Command { std: CARGO_HOME="/workspace/cargo-home" RUSTUP_HOME="/workspace/rustup-home" "/workspace/cargo-home/bin/cargo" "+nightly-2024-10-28" "generate-lockfile" "--manifest-path" "Cargo.toml", kill_on_drop: false }`
[INFO] [stderr]     Updating crates.io index
[INFO] [stderr]      Locking 53 packages to latest compatible versions
[INFO] [stderr]       Adding http_req_wasi v0.10.2 (available: v0.11.1)
[INFO] running `Command { std: CARGO_HOME="/workspace/cargo-home" RUSTUP_HOME="/workspace/rustup-home" "/workspace/cargo-home/bin/cargo" "+nightly-2024-10-28" "fetch" "--manifest-path" "Cargo.toml", kill_on_drop: false }`
[INFO] running `Command { std: "docker" "create" "-v" "/var/lib/crater-agent-workspace/builds/worker-1-tc2/target:/opt/rustwide/target:rw,Z" "-v" "/var/lib/crater-agent-workspace/builds/worker-1-tc2/source:/opt/rustwide/workdir:ro,Z" "-v" "/var/lib/crater-agent-workspace/cargo-home:/opt/rustwide/cargo-home:ro,Z" "-v" "/var/lib/crater-agent-workspace/rustup-home:/opt/rustwide/rustup-home:ro,Z" "-e" "SOURCE_DIR=/opt/rustwide/workdir" "-e" "CARGO_TARGET_DIR=/opt/rustwide/target" "-e" "CARGO_HOME=/opt/rustwide/cargo-home" "-e" "RUSTUP_HOME=/opt/rustwide/rustup-home" "-w" "/opt/rustwide/workdir" "-m" "1610612736" "--user" "0:0" "--network" "none" "ghcr.io/rust-lang/crates-build-env/linux@sha256:4a844ea9eb2546a2d2c7022eacef16ef2e8229c7fbb2c7d4d55a9ceca922f72d" "/opt/rustwide/cargo-home/bin/cargo" "+nightly-2024-10-28" "metadata" "--no-deps" "--format-version=1", kill_on_drop: false }`
[INFO] [stdout] 46d8445a669fca281a8854e0b1c05abdd3ed5df8b68704f010ef2f5122dce01e
[INFO] running `Command { std: "docker" "start" "-a" "46d8445a669fca281a8854e0b1c05abdd3ed5df8b68704f010ef2f5122dce01e", kill_on_drop: false }`
[INFO] running `Command { std: "docker" "inspect" "46d8445a669fca281a8854e0b1c05abdd3ed5df8b68704f010ef2f5122dce01e", kill_on_drop: false }`
[INFO] running `Command { std: "docker" "rm" "-f" "46d8445a669fca281a8854e0b1c05abdd3ed5df8b68704f010ef2f5122dce01e", kill_on_drop: false }`
[INFO] [stdout] 46d8445a669fca281a8854e0b1c05abdd3ed5df8b68704f010ef2f5122dce01e
[INFO] running `Command { std: "docker" "create" "-v" "/var/lib/crater-agent-workspace/builds/worker-1-tc2/target:/opt/rustwide/target:rw,Z" "-v" "/var/lib/crater-agent-workspace/builds/worker-1-tc2/source:/opt/rustwide/workdir:ro,Z" "-v" "/var/lib/crater-agent-workspace/cargo-home:/opt/rustwide/cargo-home:ro,Z" "-v" "/var/lib/crater-agent-workspace/rustup-home:/opt/rustwide/rustup-home:ro,Z" "-e" "SOURCE_DIR=/opt/rustwide/workdir" "-e" "CARGO_TARGET_DIR=/opt/rustwide/target" "-e" "CARGO_INCREMENTAL=0" "-e" "RUST_BACKTRACE=full" "-e" "RUSTFLAGS=--cap-lints=forbid -Zrandomize-layout" "-e" "RUSTDOCFLAGS=--cap-lints=forbid" "-e" "CARGO_HOME=/opt/rustwide/cargo-home" "-e" "RUSTUP_HOME=/opt/rustwide/rustup-home" "-w" "/opt/rustwide/workdir" "-m" "1610612736" "--user" "0:0" "--network" "none" "ghcr.io/rust-lang/crates-build-env/linux@sha256:4a844ea9eb2546a2d2c7022eacef16ef2e8229c7fbb2c7d4d55a9ceca922f72d" "/opt/rustwide/cargo-home/bin/cargo" "+nightly-2024-10-28" "build" "--frozen" "--message-format=json", kill_on_drop: false }`
[INFO] [stdout] f3ffd4bdf4930882e8f05c3488c7ccf93950e261efb57bc3d425734ddad4fafe
[INFO] running `Command { std: "docker" "start" "-a" "f3ffd4bdf4930882e8f05c3488c7ccf93950e261efb57bc3d425734ddad4fafe", kill_on_drop: false }`
[INFO] [stderr]    Compiling proc-macro2 v1.0.89
[INFO] [stderr]    Compiling unicode-ident v1.0.13
[INFO] [stderr]    Compiling libc v0.2.161
[INFO] [stderr]    Compiling once_cell v1.20.2
[INFO] [stderr]    Compiling log v0.4.22
[INFO] [stderr]    Compiling crossbeam-utils v0.8.20
[INFO] [stderr]    Compiling powerfmt v0.2.0
[INFO] [stderr]    Compiling thiserror v1.0.66
[INFO] [stderr]    Compiling byteorder v1.5.0
[INFO] [stderr]    Compiling lazy_static v1.5.0
[INFO] [stderr]    Compiling serde v1.0.214
[INFO] [stderr]    Compiling overload v0.1.1
[INFO] [stderr]    Compiling itoa v1.0.11
[INFO] [stderr]    Compiling smallvec v1.13.2
[INFO] [stderr]    Compiling serde_json v1.0.132
[INFO] [stderr]    Compiling time-core v0.1.2
[INFO] [stderr]    Compiling sharded-slab v0.1.7
[INFO] [stderr]    Compiling nu-ansi-term v0.46.0
[INFO] [stderr]    Compiling num-conv v0.1.0
[INFO] [stderr]    Compiling memchr v2.7.4
[INFO] [stderr]    Compiling ryu v1.0.18
[INFO] [stderr]    Compiling tracing-core v0.1.32
[INFO] [stderr]    Compiling thread_local v1.1.8
[INFO] [stderr]    Compiling deranged v0.3.11
[INFO] [stderr]    Compiling fern v0.6.2
[INFO] [stderr]    Compiling unicase v2.8.0
[INFO] [stderr]    Compiling urlencoding v2.1.3
[INFO] [stderr]    Compiling tracing-log v0.2.0
[INFO] [stderr]    Compiling crossbeam-channel v0.5.13
[INFO] [stderr]    Compiling tracing-subscriber v0.3.18
[INFO] [stderr]    Compiling quote v1.0.37
[INFO] [stderr]    Compiling syn v2.0.86
[INFO] [stderr]    Compiling time v0.3.36
[INFO] [stderr]    Compiling getrandom v0.2.15
[INFO] [stderr]    Compiling wasmedge_wasi_socket v0.4.3
[INFO] [stdout] error[E0433]: failed to resolve: could not find `wasi` in `os`
[INFO] [stdout]  --> /opt/rustwide/cargo-home/registry/src/index.crates.io-6f17d22bba15001f/wasmedge_wasi_socket-0.4.3/src/poll.rs:2:14
[INFO] [stdout]   |
[INFO] [stdout] 2 | use std::os::wasi::prelude::*;
[INFO] [stdout]   |              ^^^^ could not find `wasi` in `os`
[INFO] [stdout]   |
[INFO] [stdout] note: found an item that was configured out
[INFO] [stdout]  --> /rustc/df4ca44d3fbc9301ee17f30f4d474e6ae4b05252/library/std/src/os/mod.rs:45:9
[INFO] [stdout] note: the item is gated here
[INFO] [stdout]  --> /rustc/df4ca44d3fbc9301ee17f30f4d474e6ae4b05252/library/std/src/os/mod.rs:37:1
[INFO] [stdout] note: found an item that was configured out
[INFO] [stdout]  --> /rustc/df4ca44d3fbc9301ee17f30f4d474e6ae4b05252/library/std/src/os/mod.rs:87:9
[INFO] [stdout] note: the item is gated here
[INFO] [stdout]  --> /rustc/df4ca44d3fbc9301ee17f30f4d474e6ae4b05252/library/std/src/os/mod.rs:86:1
[INFO] [stdout] 
[INFO] [stdout] 
[INFO] [stdout] error[E0433]: failed to resolve: could not find `wasi` in `os`
[INFO] [stdout]  --> /opt/rustwide/cargo-home/registry/src/index.crates.io-6f17d22bba15001f/wasmedge_wasi_socket-0.4.3/src/socket.rs:3:14
[INFO] [stdout]   |
[INFO] [stdout] 3 | use std::os::wasi::prelude::{AsRawFd, FromRawFd, IntoRawFd, RawFd};
[INFO] [stdout]   |              ^^^^ could not find `wasi` in `os`
[INFO] [stdout]   |
[INFO] [stdout] note: found an item that was configured out
[INFO] [stdout]  --> /rustc/df4ca44d3fbc9301ee17f30f4d474e6ae4b05252/library/std/src/os/mod.rs:45:9
[INFO] [stdout] note: the item is gated here
[INFO] [stdout]  --> /rustc/df4ca44d3fbc9301ee17f30f4d474e6ae4b05252/library/std/src/os/mod.rs:37:1
[INFO] [stdout] note: found an item that was configured out
[INFO] [stdout]  --> /rustc/df4ca44d3fbc9301ee17f30f4d474e6ae4b05252/library/std/src/os/mod.rs:87:9
[INFO] [stdout] note: the item is gated here
[INFO] [stdout]  --> /rustc/df4ca44d3fbc9301ee17f30f4d474e6ae4b05252/library/std/src/os/mod.rs:86:1
[INFO] [stdout] 
[INFO] [stdout] 
[INFO] [stdout] error[E0433]: failed to resolve: could not find `wasi` in `os`
[INFO] [stdout]   --> /opt/rustwide/cargo-home/registry/src/index.crates.io-6f17d22bba15001f/wasmedge_wasi_socket-0.4.3/src/lib.rs:12:9
[INFO] [stdout]    |
[INFO] [stdout] 12 |     os::wasi::prelude::{AsRawFd, FromRawFd, IntoRawFd},
[INFO] [stdout]    |         ^^^^ could not find `wasi` in `os`
[INFO] [stdout]    |
[INFO] [stdout] note: found an item that was configured out
[INFO] [stdout]   --> /rustc/df4ca44d3fbc9301ee17f30f4d474e6ae4b05252/library/std/src/os/mod.rs:45:9
[INFO] [stdout] note: the item is gated here
[INFO] [stdout]   --> /rustc/df4ca44d3fbc9301ee17f30f4d474e6ae4b05252/library/std/src/os/mod.rs:37:1
[INFO] [stdout] note: found an item that was configured out
[INFO] [stdout]   --> /rustc/df4ca44d3fbc9301ee17f30f4d474e6ae4b05252/library/std/src/os/mod.rs:87:9
[INFO] [stdout] note: the item is gated here
[INFO] [stdout]   --> /rustc/df4ca44d3fbc9301ee17f30f4d474e6ae4b05252/library/std/src/os/mod.rs:86:1
[INFO] [stdout] 
[INFO] [stdout] 
[INFO] [stdout] error[E0412]: cannot find type `RawFd` in this scope
[INFO] [stdout]   --> /opt/rustwide/cargo-home/registry/src/index.crates.io-6f17d22bba15001f/wasmedge_wasi_socket-0.4.3/src/poll.rs:12:13
[INFO] [stdout]    |
[INFO] [stdout] 12 |         fd: RawFd,
[INFO] [stdout]    |             ^^^^^ not found in this scope
[INFO] [stdout]    |
[INFO] [stdout] help: consider importing this type alias
[INFO] [stdout]    |
[INFO] [stdout] 1  + use std::os::fd::RawFd;
[INFO] [stdout]    |
[INFO] [stdout] 
[INFO] [stdout] 
[INFO] [stdout] error[E0412]: cannot find type `RawFd` in this scope
[INFO] [stdout]   --> /opt/rustwide/cargo-home/registry/src/index.crates.io-6f17d22bba15001f/wasmedge_wasi_socket-0.4.3/src/poll.rs:18:13
[INFO] [stdout]    |
[INFO] [stdout] 18 |         fd: RawFd,
[INFO] [stdout]    |             ^^^^^ not found in this scope
[INFO] [stdout]    |
[INFO] [stdout] help: consider importing this type alias
[INFO] [stdout]    |
[INFO] [stdout] 1  + use std::os::fd::RawFd;
[INFO] [stdout]    |
[INFO] [stdout] 
[INFO] [stdout] 
[INFO] [stdout] error[E0405]: cannot find trait `AsRawFd` in this scope
[INFO] [stdout]   --> /opt/rustwide/cargo-home/registry/src/index.crates.io-6f17d22bba15001f/wasmedge_wasi_socket-0.4.3/src/poll.rs:29:18
[INFO] [stdout]    |
[INFO] [stdout] 29 |     pub fn io<F: AsRawFd>(
[INFO] [stdout]    |                  ^^^^^^^ not found in this scope
[INFO] [stdout]    |
[INFO] [stdout] help: consider importing this trait
[INFO] [stdout]    |
[INFO] [stdout] 1  + use std::os::fd::AsRawFd;
[INFO] [stdout]    |
[INFO] [stdout] 
[INFO] [stdout] 
[INFO] [stdout] error[E0433]: failed to resolve: could not find `wasi` in `os`
[INFO] [stdout]   --> /opt/rustwide/cargo-home/registry/src/index.crates.io-6f17d22bba15001f/wasmedge_wasi_socket-0.4.3/src/lib.rs:81:37
[INFO] [stdout]    |
[INFO] [stdout] 81 |     fn as_raw_fd(&self) -> std::os::wasi::prelude::RawFd {
[INFO] [stdout]    |                                     ^^^^ could not find `wasi` in `os`
[INFO] [stdout]    |
[INFO] [stdout] note: found an item that was configured out
[INFO] [stdout]   --> /rustc/df4ca44d3fbc9301ee17f30f4d474e6ae4b05252/library/std/src/os/mod.rs:45:9
[INFO] [stdout] note: the item is gated here
[INFO] [stdout]   --> /rustc/df4ca44d3fbc9301ee17f30f4d474e6ae4b05252/library/std/src/os/mod.rs:37:1
[INFO] [stdout] note: found an item that was configured out
[INFO] [stdout]   --> /rustc/df4ca44d3fbc9301ee17f30f4d474e6ae4b05252/library/std/src/os/mod.rs:87:9
[INFO] [stdout] note: the item is gated here
[INFO] [stdout]   --> /rustc/df4ca44d3fbc9301ee17f30f4d474e6ae4b05252/library/std/src/os/mod.rs:86:1
[INFO] [stdout] help: consider importing this module
[INFO] [stdout]    |
[INFO] [stdout] 7  + use std::os::unix::prelude;
[INFO] [stdout]    |
[INFO] [stdout] help: if you import `prelude`, refer to it directly
[INFO] [stdout]    |
[INFO] [stdout] 81 -     fn as_raw_fd(&self) -> std::os::wasi::prelude::RawFd {
[INFO] [stdout] 81 +     fn as_raw_fd(&self) -> prelude::RawFd {
[INFO] [stdout]    |
[INFO] [stdout] 
[INFO] [stdout] 
[INFO] [stdout] error[E0433]: failed to resolve: could not find `wasi` in `os`
[INFO] [stdout]   --> /opt/rustwide/cargo-home/registry/src/index.crates.io-6f17d22bba15001f/wasmedge_wasi_socket-0.4.3/src/lib.rs:87:38
[INFO] [stdout]    |
[INFO] [stdout] 87 |     fn into_raw_fd(self) -> std::os::wasi::prelude::RawFd {
[INFO] [stdout]    |                                      ^^^^ could not find `wasi` in `os`
[INFO] [stdout]    |
[INFO] [stdout] note: found an item that was configured out
[INFO] [stdout]   --> /rustc/df4ca44d3fbc9301ee17f30f4d474e6ae4b05252/library/std/src/os/mod.rs:45:9
[INFO] [stdout] note: the item is gated here
[INFO] [stdout]   --> /rustc/df4ca44d3fbc9301ee17f30f4d474e6ae4b05252/library/std/src/os/mod.rs:37:1
[INFO] [stdout] note: found an item that was configured out
[INFO] [stdout]   --> /rustc/df4ca44d3fbc9301ee17f30f4d474e6ae4b05252/library/std/src/os/mod.rs:87:9
[INFO] [stdout] note: the item is gated here
[INFO] [stdout]   --> /rustc/df4ca44d3fbc9301ee17f30f4d474e6ae4b05252/library/std/src/os/mod.rs:86:1
[INFO] [stdout] help: consider importing this module
[INFO] [stdout]    |
[INFO] [stdout] 7  + use std::os::unix::prelude;
[INFO] [stdout]    |
[INFO] [stdout] help: if you import `prelude`, refer to it directly
[INFO] [stdout]    |
[INFO] [stdout] 87 -     fn into_raw_fd(self) -> std::os::wasi::prelude::RawFd {
[INFO] [stdout] 87 +     fn into_raw_fd(self) -> prelude::RawFd {
[INFO] [stdout]    |
[INFO] [stdout] 
[INFO] [stdout] 
[INFO] [stdout] error[E0433]: failed to resolve: could not find `wasi` in `os`
[INFO] [stdout]   --> /opt/rustwide/cargo-home/registry/src/index.crates.io-6f17d22bba15001f/wasmedge_wasi_socket-0.4.3/src/lib.rs:93:40
[INFO] [stdout]    |
[INFO] [stdout] 93 |     unsafe fn from_raw_fd(fd: std::os::wasi::prelude::RawFd) -> Self {
[INFO] [stdout]    |                                        ^^^^ could not find `wasi` in `os`
[INFO] [stdout]    |
[INFO] [stdout] note: found an item that was configured out
[INFO] [stdout]   --> /rustc/df4ca44d3fbc9301ee17f30f4d474e6ae4b05252/library/std/src/os/mod.rs:45:9
[INFO] [stdout] note: the item is gated here
[INFO] [stdout]   --> /rustc/df4ca44d3fbc9301ee17f30f4d474e6ae4b05252/library/std/src/os/mod.rs:37:1
[INFO] [stdout] note: found an item that was configured out
[INFO] [stdout]   --> /rustc/df4ca44d3fbc9301ee17f30f4d474e6ae4b05252/library/std/src/os/mod.rs:87:9
[INFO] [stdout] note: the item is gated here
[INFO] [stdout]   --> /rustc/df4ca44d3fbc9301ee17f30f4d474e6ae4b05252/library/std/src/os/mod.rs:86:1
[INFO] [stdout] help: consider importing this module
[INFO] [stdout]    |
[INFO] [stdout] 7  + use std::os::unix::prelude;
[INFO] [stdout]    |
[INFO] [stdout] help: if you import `prelude`, refer to it directly
[INFO] [stdout]    |
[INFO] [stdout] 93 -     unsafe fn from_raw_fd(fd: std::os::wasi::prelude::RawFd) -> Self {
[INFO] [stdout] 93 +     unsafe fn from_raw_fd(fd: prelude::RawFd) -> Self {
[INFO] [stdout]    |
[INFO] [stdout] 
[INFO] [stdout] 
[INFO] [stdout] error[E0433]: failed to resolve: could not find `wasi` in `os`
[INFO] [stdout]    --> /opt/rustwide/cargo-home/registry/src/index.crates.io-6f17d22bba15001f/wasmedge_wasi_socket-0.4.3/src/lib.rs:194:37
[INFO] [stdout]     |
[INFO] [stdout] 194 |     fn as_raw_fd(&self) -> std::os::wasi::prelude::RawFd {
[INFO] [stdout]     |                                     ^^^^ could not find `wasi` in `os`
[INFO] [stdout]     |
[INFO] [stdout] note: found an item that was configured out
[INFO] [stdout]    --> /rustc/df4ca44d3fbc9301ee17f30f4d474e6ae4b05252/library/std/src/os/mod.rs:45:9
[INFO] [stdout] note: the item is gated here
[INFO] [stdout]    --> /rustc/df4ca44d3fbc9301ee17f30f4d474e6ae4b05252/library/std/src/os/mod.rs:37:1
[INFO] [stdout] note: found an item that was configured out
[INFO] [stdout]    --> /rustc/df4ca44d3fbc9301ee17f30f4d474e6ae4b05252/library/std/src/os/mod.rs:87:9
[INFO] [stdout] note: the item is gated here
[INFO] [stdout]    --> /rustc/df4ca44d3fbc9301ee17f30f4d474e6ae4b05252/library/std/src/os/mod.rs:86:1
[INFO] [stdout] help: consider importing this module
[INFO] [stdout]     |
[INFO] [stdout] 7   + use std::os::unix::prelude;
[INFO] [stdout]     |
[INFO] [stdout] help: if you import `prelude`, refer to it directly
[INFO] [stdout]     |
[INFO] [stdout] 194 -     fn as_raw_fd(&self) -> std::os::wasi::prelude::RawFd {
[INFO] [stdout] 194 +     fn as_raw_fd(&self) -> prelude::RawFd {
[INFO] [stdout]     |
[INFO] [stdout] 
[INFO] [stdout] 
[INFO] [stdout] error[E0433]: failed to resolve: could not find `wasi` in `os`
[INFO] [stdout]    --> /opt/rustwide/cargo-home/registry/src/index.crates.io-6f17d22bba15001f/wasmedge_wasi_socket-0.4.3/src/lib.rs:200:38
[INFO] [stdout]     |
[INFO] [stdout] 200 |     fn into_raw_fd(self) -> std::os::wasi::prelude::RawFd {
[INFO] [stdout]     |                                      ^^^^ could not find `wasi` in `os`
[INFO] [stdout]     |
[INFO] [stdout] note: found an item that was configured out
[INFO] [stdout]    --> /rustc/df4ca44d3fbc9301ee17f30f4d474e6ae4b05252/library/std/src/os/mod.rs:45:9
[INFO] [stdout] note: the item is gated here
[INFO] [stdout]    --> /rustc/df4ca44d3fbc9301ee17f30f4d474e6ae4b05252/library/std/src/os/mod.rs:37:1
[INFO] [stdout] note: found an item that was configured out
[INFO] [stdout]    --> /rustc/df4ca44d3fbc9301ee17f30f4d474e6ae4b05252/library/std/src/os/mod.rs:87:9
[INFO] [stdout] note: the item is gated here
[INFO] [stdout]    --> /rustc/df4ca44d3fbc9301ee17f30f4d474e6ae4b05252/library/std/src/os/mod.rs:86:1
[INFO] [stdout] help: consider importing this module
[INFO] [stdout]     |
[INFO] [stdout] 7   + use std::os::unix::prelude;
[INFO] [stdout]     |
[INFO] [stdout] help: if you import `prelude`, refer to it directly
[INFO] [stdout]     |
[INFO] [stdout] 200 -     fn into_raw_fd(self) -> std::os::wasi::prelude::RawFd {
[INFO] [stdout] 200 +     fn into_raw_fd(self) -> prelude::RawFd {
[INFO] [stdout]     |
[INFO] [stdout] 
[INFO] [stdout] 
[INFO] [stdout] error[E0433]: failed to resolve: could not find `wasi` in `os`
[INFO] [stdout]    --> /opt/rustwide/cargo-home/registry/src/index.crates.io-6f17d22bba15001f/wasmedge_wasi_socket-0.4.3/src/lib.rs:206:40
[INFO] [stdout]     |
[INFO] [stdout] 206 |     unsafe fn from_raw_fd(fd: std::os::wasi::prelude::RawFd) -> Self {
[INFO] [stdout]     |                                        ^^^^ could not find `wasi` in `os`
[INFO] [stdout]     |
[INFO] [stdout] note: found an item that was configured out
[INFO] [stdout]    --> /rustc/df4ca44d3fbc9301ee17f30f4d474e6ae4b05252/library/std/src/os/mod.rs:45:9
[INFO] [stdout] note: the item is gated here
[INFO] [stdout]    --> /rustc/df4ca44d3fbc9301ee17f30f4d474e6ae4b05252/library/std/src/os/mod.rs:37:1
[INFO] [stdout] note: found an item that was configured out
[INFO] [stdout]    --> /rustc/df4ca44d3fbc9301ee17f30f4d474e6ae4b05252/library/std/src/os/mod.rs:87:9
[INFO] [stdout] note: the item is gated here
[INFO] [stdout]    --> /rustc/df4ca44d3fbc9301ee17f30f4d474e6ae4b05252/library/std/src/os/mod.rs:86:1
[INFO] [stdout] help: consider importing this module
[INFO] [stdout]     |
[INFO] [stdout] 7   + use std::os::unix::prelude;
[INFO] [stdout]     |
[INFO] [stdout] help: if you import `prelude`, refer to it directly
[INFO] [stdout]     |
[INFO] [stdout] 206 -     unsafe fn from_raw_fd(fd: std::os::wasi::prelude::RawFd) -> Self {
[INFO] [stdout] 206 +     unsafe fn from_raw_fd(fd: prelude::RawFd) -> Self {
[INFO] [stdout]     |
[INFO] [stdout] 
[INFO] [stdout] 
[INFO] [stdout] error[E0433]: failed to resolve: could not find `wasi` in `os`
[INFO] [stdout]    --> /opt/rustwide/cargo-home/registry/src/index.crates.io-6f17d22bba15001f/wasmedge_wasi_socket-0.4.3/src/lib.rs:281:37
[INFO] [stdout]     |
[INFO] [stdout] 281 |     fn as_raw_fd(&self) -> std::os::wasi::prelude::RawFd {
[INFO] [stdout]     |                                     ^^^^ could not find `wasi` in `os`
[INFO] [stdout]     |
[INFO] [stdout] note: found an item that was configured out
[INFO] [stdout]    --> /rustc/df4ca44d3fbc9301ee17f30f4d474e6ae4b05252/library/std/src/os/mod.rs:45:9
[INFO] [stdout] note: the item is gated here
[INFO] [stdout]    --> /rustc/df4ca44d3fbc9301ee17f30f4d474e6ae4b05252/library/std/src/os/mod.rs:37:1
[INFO] [stdout] note: found an item that was configured out
[INFO] [stdout]    --> /rustc/df4ca44d3fbc9301ee17f30f4d474e6ae4b05252/library/std/src/os/mod.rs:87:9
[INFO] [stdout] note: the item is gated here
[INFO] [stdout]    --> /rustc/df4ca44d3fbc9301ee17f30f4d474e6ae4b05252/library/std/src/os/mod.rs:86:1
[INFO] [stdout] help: consider importing this module
[INFO] [stdout]     |
[INFO] [stdout] 7   + use std::os::unix::prelude;
[INFO] [stdout]     |
[INFO] [stdout] help: if you import `prelude`, refer to it directly
[INFO] [stdout]     |
[INFO] [stdout] 281 -     fn as_raw_fd(&self) -> std::os::wasi::prelude::RawFd {
[INFO] [stdout] 281 +     fn as_raw_fd(&self) -> prelude::RawFd {
[INFO] [stdout]     |
[INFO] [stdout] 
[INFO] [stdout] 
[INFO] [stderr]    Compiling rand_core v0.6.4
[INFO] [stdout] Some errors have detailed explanations: E0405, E0412, E0433.
[INFO] [stdout] 
[INFO] [stdout] For more information about an error, try `rustc --explain E0405`.
[INFO] [stdout] 
[INFO] [stderr] error: could not compile `wasmedge_wasi_socket` (lib) due to 13 previous errors
[INFO] [stderr] warning: build failed, waiting for other jobs to finish...
[INFO] running `Command { std: "docker" "inspect" "f3ffd4bdf4930882e8f05c3488c7ccf93950e261efb57bc3d425734ddad4fafe", kill_on_drop: false }`
[INFO] running `Command { std: "docker" "rm" "-f" "f3ffd4bdf4930882e8f05c3488c7ccf93950e261efb57bc3d425734ddad4fafe", kill_on_drop: false }`
[INFO] [stdout] f3ffd4bdf4930882e8f05c3488c7ccf93950e261efb57bc3d425734ddad4fafe
