[INFO] fetching crate skrifa 0.23.1...
[INFO] testing skrifa-0.23.1 against nightly-2024-10-28+rustflags=-Zrandomize-layout for randomize-layout
[INFO] extracting crate skrifa 0.23.1 into /workspace/builds/worker-1-tc2/source
[INFO] validating manifest of crates.io crate skrifa 0.23.1 on toolchain nightly-2024-10-28
[INFO] running `Command { std: CARGO_HOME="/workspace/cargo-home" RUSTUP_HOME="/workspace/rustup-home" "/workspace/cargo-home/bin/cargo" "+nightly-2024-10-28" "metadata" "--manifest-path" "Cargo.toml" "--no-deps", kill_on_drop: false }`
[INFO] started tweaking crates.io crate skrifa 0.23.1
[INFO] finished tweaking crates.io crate skrifa 0.23.1
[INFO] tweaked toml for crates.io crate skrifa 0.23.1 written to /workspace/builds/worker-1-tc2/source/Cargo.toml
[INFO] running `Command { std: CARGO_HOME="/workspace/cargo-home" RUSTUP_HOME="/workspace/rustup-home" "/workspace/cargo-home/bin/cargo" "+nightly-2024-10-28" "generate-lockfile" "--manifest-path" "Cargo.toml", kill_on_drop: false }`
[INFO] [stderr]     Updating crates.io index
[INFO] [stderr]      Locking 28 packages to latest compatible versions
[INFO] [stderr]       Adding read-fonts v0.22.5 (available: v0.23.0)
[INFO] running `Command { std: CARGO_HOME="/workspace/cargo-home" RUSTUP_HOME="/workspace/rustup-home" "/workspace/cargo-home/bin/cargo" "+nightly-2024-10-28" "fetch" "--manifest-path" "Cargo.toml", kill_on_drop: false }`
[INFO] running `Command { std: "docker" "create" "-v" "/var/lib/crater-agent-workspace/builds/worker-1-tc2/target:/opt/rustwide/target:rw,Z" "-v" "/var/lib/crater-agent-workspace/builds/worker-1-tc2/source:/opt/rustwide/workdir:ro,Z" "-v" "/var/lib/crater-agent-workspace/cargo-home:/opt/rustwide/cargo-home:ro,Z" "-v" "/var/lib/crater-agent-workspace/rustup-home:/opt/rustwide/rustup-home:ro,Z" "-e" "SOURCE_DIR=/opt/rustwide/workdir" "-e" "CARGO_TARGET_DIR=/opt/rustwide/target" "-e" "CARGO_HOME=/opt/rustwide/cargo-home" "-e" "RUSTUP_HOME=/opt/rustwide/rustup-home" "-w" "/opt/rustwide/workdir" "-m" "1610612736" "--user" "0:0" "--network" "none" "ghcr.io/rust-lang/crates-build-env/linux@sha256:4a844ea9eb2546a2d2c7022eacef16ef2e8229c7fbb2c7d4d55a9ceca922f72d" "/opt/rustwide/cargo-home/bin/cargo" "+nightly-2024-10-28" "metadata" "--no-deps" "--format-version=1", kill_on_drop: false }`
[INFO] [stdout] 0830783a0fc207f07b4fd4e0fe2a353e6926ec8b12258b226848af58a32874e9
[INFO] running `Command { std: "docker" "start" "-a" "0830783a0fc207f07b4fd4e0fe2a353e6926ec8b12258b226848af58a32874e9", kill_on_drop: false }`
[INFO] running `Command { std: "docker" "inspect" "0830783a0fc207f07b4fd4e0fe2a353e6926ec8b12258b226848af58a32874e9", kill_on_drop: false }`
[INFO] running `Command { std: "docker" "rm" "-f" "0830783a0fc207f07b4fd4e0fe2a353e6926ec8b12258b226848af58a32874e9", kill_on_drop: false }`
[INFO] [stdout] 0830783a0fc207f07b4fd4e0fe2a353e6926ec8b12258b226848af58a32874e9
[INFO] running `Command { std: "docker" "create" "-v" "/var/lib/crater-agent-workspace/builds/worker-1-tc2/target:/opt/rustwide/target:rw,Z" "-v" "/var/lib/crater-agent-workspace/builds/worker-1-tc2/source:/opt/rustwide/workdir:ro,Z" "-v" "/var/lib/crater-agent-workspace/cargo-home:/opt/rustwide/cargo-home:ro,Z" "-v" "/var/lib/crater-agent-workspace/rustup-home:/opt/rustwide/rustup-home:ro,Z" "-e" "SOURCE_DIR=/opt/rustwide/workdir" "-e" "CARGO_TARGET_DIR=/opt/rustwide/target" "-e" "CARGO_INCREMENTAL=0" "-e" "RUST_BACKTRACE=full" "-e" "RUSTFLAGS=--cap-lints=forbid -Zrandomize-layout" "-e" "RUSTDOCFLAGS=--cap-lints=forbid" "-e" "CARGO_HOME=/opt/rustwide/cargo-home" "-e" "RUSTUP_HOME=/opt/rustwide/rustup-home" "-w" "/opt/rustwide/workdir" "-m" "1610612736" "--user" "0:0" "--network" "none" "ghcr.io/rust-lang/crates-build-env/linux@sha256:4a844ea9eb2546a2d2c7022eacef16ef2e8229c7fbb2c7d4d55a9ceca922f72d" "/opt/rustwide/cargo-home/bin/cargo" "+nightly-2024-10-28" "build" "--frozen" "--message-format=json", kill_on_drop: false }`
[INFO] [stdout] 6287ecee04febeb12f686a93ebbb0b8d323d4041db51e9050dadd90ee17fe28a
[INFO] running `Command { std: "docker" "start" "-a" "6287ecee04febeb12f686a93ebbb0b8d323d4041db51e9050dadd90ee17fe28a", kill_on_drop: false }`
[INFO] [stderr]    Compiling proc-macro2 v1.0.89
[INFO] [stderr]    Compiling unicode-ident v1.0.13
[INFO] [stderr]    Compiling quote v1.0.37
[INFO] [stderr]    Compiling syn v2.0.86
[INFO] [stderr]    Compiling bytemuck_derive v1.8.0
[INFO] [stderr]    Compiling bytemuck v1.19.0
[INFO] [stderr]    Compiling font-types v0.7.2
[INFO] [stderr]    Compiling read-fonts v0.22.5
[INFO] [stderr]    Compiling skrifa v0.23.1 (/opt/rustwide/workdir)
[INFO] [stderr]     Finished `dev` profile [unoptimized + debuginfo] target(s) in 13.58s
[INFO] running `Command { std: "docker" "inspect" "6287ecee04febeb12f686a93ebbb0b8d323d4041db51e9050dadd90ee17fe28a", kill_on_drop: false }`
[INFO] running `Command { std: "docker" "rm" "-f" "6287ecee04febeb12f686a93ebbb0b8d323d4041db51e9050dadd90ee17fe28a", kill_on_drop: false }`
[INFO] [stdout] 6287ecee04febeb12f686a93ebbb0b8d323d4041db51e9050dadd90ee17fe28a
[INFO] running `Command { std: "docker" "create" "-v" "/var/lib/crater-agent-workspace/builds/worker-1-tc2/target:/opt/rustwide/target:rw,Z" "-v" "/var/lib/crater-agent-workspace/builds/worker-1-tc2/source:/opt/rustwide/workdir:ro,Z" "-v" "/var/lib/crater-agent-workspace/cargo-home:/opt/rustwide/cargo-home:ro,Z" "-v" "/var/lib/crater-agent-workspace/rustup-home:/opt/rustwide/rustup-home:ro,Z" "-e" "SOURCE_DIR=/opt/rustwide/workdir" "-e" "CARGO_TARGET_DIR=/opt/rustwide/target" "-e" "CARGO_INCREMENTAL=0" "-e" "RUST_BACKTRACE=full" "-e" "RUSTFLAGS=--cap-lints=forbid -Zrandomize-layout" "-e" "RUSTDOCFLAGS=--cap-lints=forbid" "-e" "CARGO_HOME=/opt/rustwide/cargo-home" "-e" "RUSTUP_HOME=/opt/rustwide/rustup-home" "-w" "/opt/rustwide/workdir" "-m" "1610612736" "--user" "0:0" "--network" "none" "ghcr.io/rust-lang/crates-build-env/linux@sha256:4a844ea9eb2546a2d2c7022eacef16ef2e8229c7fbb2c7d4d55a9ceca922f72d" "/opt/rustwide/cargo-home/bin/cargo" "+nightly-2024-10-28" "test" "--frozen" "--no-run" "--message-format=json", kill_on_drop: false }`
[INFO] [stdout] ba3650268dd0c995b3efb307dcb85cd0f797341b29913a3bfa98843d6230696f
[INFO] running `Command { std: "docker" "start" "-a" "ba3650268dd0c995b3efb307dcb85cd0f797341b29913a3bfa98843d6230696f", kill_on_drop: false }`
[INFO] [stderr]    Compiling serde v1.0.214
[INFO] [stderr]    Compiling smallvec v1.13.2
[INFO] [stderr]    Compiling arrayvec v0.7.6
[INFO] [stderr]    Compiling equivalent v1.0.1
[INFO] [stderr]    Compiling hashbrown v0.15.0
[INFO] [stderr]    Compiling serde_json v1.0.132
[INFO] [stderr]    Compiling diff v0.1.13
[INFO] [stderr]    Compiling ryu v1.0.18
[INFO] [stderr]    Compiling log v0.4.22
[INFO] [stderr]    Compiling memchr v2.7.4
[INFO] [stderr]    Compiling itoa v1.0.11
[INFO] [stderr]    Compiling yansi v1.0.1
[INFO] [stderr]    Compiling serde_derive v1.0.214
[INFO] [stderr]    Compiling kurbo v0.11.1
[INFO] [stderr]    Compiling pretty_assertions v1.4.1
[INFO] [stderr]    Compiling indexmap v2.6.0
[INFO] [stderr]    Compiling font-types v0.7.2
[INFO] [stderr]    Compiling read-fonts v0.22.5
[INFO] [stderr]    Compiling read-fonts v0.21.0
[INFO] [stderr]    Compiling write-fonts v0.29.0
[INFO] [stderr]    Compiling skrifa v0.23.1 (/opt/rustwide/workdir)
[INFO] [stdout] error[E0432]: unresolved import `font_test_data`
[INFO] [stdout]    --> src/metrics.rs:400:9
[INFO] [stdout]     |
[INFO] [stdout] 400 |     use font_test_data::{SIMPLE_GLYF, VAZIRMATN_VAR};
[INFO] [stdout]     |         ^^^^^^^^^^^^^^ use of undeclared crate or module `font_test_data`
[INFO] [stdout] 
[INFO] [stdout] 
[INFO] [stdout] error[E0432]: unresolved import `font_test_data`
[INFO] [stdout]    --> src/variation.rs:392:9
[INFO] [stdout]     |
[INFO] [stdout] 392 |     use font_test_data::VAZIRMATN_VAR;
[INFO] [stdout]     |         ^^^^^^^^^^^^^^ use of undeclared crate or module `font_test_data`
[INFO] [stdout] 
[INFO] [stdout] 
[INFO] [stdout] error[E0433]: failed to resolve: use of undeclared crate or module `font_test_data`
[INFO] [stdout]    --> src/color/traversal_tests/mod.rs:308:24
[INFO] [stdout]     |
[INFO] [stdout] 308 |         let expected = font_test_data::colrv1_json::expected(set_name, settings);
[INFO] [stdout]     |                        ^^^^^^^^^^^^^^ use of undeclared crate or module `font_test_data`
[INFO] [stdout] 
[INFO] [stdout] 
[INFO] [stdout] error[E0433]: failed to resolve: use of undeclared crate or module `font_test_data`
[INFO] [stdout]    --> src/outline/cff/mod.rs:660:45
[INFO] [stdout]     |
[INFO] [stdout] 660 |         let cff2 = Cff2::read(FontData::new(font_test_data::cff2::EXAMPLE)).unwrap();
[INFO] [stdout]     |                                             ^^^^^^^^^^^^^^ use of undeclared crate or module `font_test_data`
[INFO] [stdout] 
[INFO] [stdout] 
[INFO] [stdout] error[E0433]: failed to resolve: use of undeclared crate or module `font_test_data`
[INFO] [stdout]    --> src/attribute.rs:262:33
[INFO] [stdout]     |
[INFO] [stdout] 262 |         let font = FontRef::new(font_test_data::CMAP12_FONT1).unwrap();
[INFO] [stdout]     |                                 ^^^^^^^^^^^^^^ use of undeclared crate or module `font_test_data`
[INFO] [stdout] 
[INFO] [stdout] 
[INFO] [stdout] error[E0433]: failed to resolve: use of undeclared crate or module `font_test_data`
[INFO] [stdout]    --> src/attribute.rs:271:33
[INFO] [stdout]     |
[INFO] [stdout] 271 |         let font = FontRef::new(font_test_data::CMAP14_FONT1).unwrap();
[INFO] [stdout]     |                                 ^^^^^^^^^^^^^^ use of undeclared crate or module `font_test_data`
[INFO] [stdout] 
[INFO] [stdout] 
[INFO] [stdout] error[E0433]: failed to resolve: use of undeclared crate or module `font_test_data`
[INFO] [stdout]    --> src/charmap.rs:399:33
[INFO] [stdout]     |
[INFO] [stdout] 399 |         let font = FontRef::new(font_test_data::CMAP12_FONT1).unwrap();
[INFO] [stdout]     |                                 ^^^^^^^^^^^^^^ use of undeclared crate or module `font_test_data`
[INFO] [stdout] 
[INFO] [stdout] 
[INFO] [stdout] error[E0433]: failed to resolve: use of undeclared crate or module `font_test_data`
[INFO] [stdout]    --> src/charmap.rs:409:33
[INFO] [stdout]     |
[INFO] [stdout] 409 |         let font = FontRef::new(font_test_data::VAZIRMATN_VAR).unwrap();
[INFO] [stdout]     |                                 ^^^^^^^^^^^^^^ use of undeclared crate or module `font_test_data`
[INFO] [stdout] 
[INFO] [stdout] 
[INFO] [stdout] error[E0433]: failed to resolve: use of undeclared crate or module `font_test_data`
[INFO] [stdout]    --> src/charmap.rs:419:33
[INFO] [stdout]     |
[INFO] [stdout] 419 |         let font = FontRef::new(font_test_data::CMAP4_SYMBOL_PUA).unwrap();
[INFO] [stdout]     |                                 ^^^^^^^^^^^^^^ use of undeclared crate or module `font_test_data`
[INFO] [stdout] 
[INFO] [stdout] 
[INFO] [stdout] error[E0433]: failed to resolve: use of undeclared crate or module `font_test_data`
[INFO] [stdout]    --> src/charmap.rs:430:33
[INFO] [stdout]     |
[INFO] [stdout] 430 |         let font = FontRef::new(font_test_data::VAZIRMATN_VAR).unwrap();
[INFO] [stdout]     |                                 ^^^^^^^^^^^^^^ use of undeclared crate or module `font_test_data`
[INFO] [stdout] 
[INFO] [stdout] 
[INFO] [stdout] error[E0433]: failed to resolve: use of undeclared crate or module `font_test_data`
[INFO] [stdout]    --> src/charmap.rs:440:33
[INFO] [stdout]     |
[INFO] [stdout] 440 |         let font = FontRef::new(font_test_data::CMAP12_FONT1).unwrap();
[INFO] [stdout]     |                                 ^^^^^^^^^^^^^^ use of undeclared crate or module `font_test_data`
[INFO] [stdout] 
[INFO] [stdout] 
[INFO] [stdout] error[E0433]: failed to resolve: use of undeclared crate or module `font_test_data`
[INFO] [stdout]    --> src/charmap.rs:452:33
[INFO] [stdout]     |
[INFO] [stdout] 452 |         let font = FontRef::new(font_test_data::CMAP4_SYMBOL_PUA).unwrap();
[INFO] [stdout]     |                                 ^^^^^^^^^^^^^^ use of undeclared crate or module `font_test_data`
[INFO] [stdout] 
[INFO] [stdout] 
[INFO] [stdout] error[E0433]: failed to resolve: use of undeclared crate or module `font_test_data`
[INFO] [stdout]    --> src/charmap.rs:470:33
[INFO] [stdout]     |
[INFO] [stdout] 470 |         let font = FontRef::new(font_test_data::CMAP14_FONT1).unwrap();
[INFO] [stdout]     |                                 ^^^^^^^^^^^^^^ use of undeclared crate or module `font_test_data`
[INFO] [stdout] 
[INFO] [stdout] 
[INFO] [stdout] error[E0433]: failed to resolve: use of undeclared crate or module `font_test_data`
[INFO] [stdout]    --> src/charmap.rs:489:13
[INFO] [stdout]     |
[INFO] [stdout] 489 |             font_test_data::VAZIRMATN_VAR,
[INFO] [stdout]     |             ^^^^^^^^^^^^^^ use of undeclared crate or module `font_test_data`
[INFO] [stdout] 
[INFO] [stdout] 
[INFO] [stdout] error[E0433]: failed to resolve: use of undeclared crate or module `font_test_data`
[INFO] [stdout]    --> src/charmap.rs:490:13
[INFO] [stdout]     |
[INFO] [stdout] 490 |             font_test_data::CMAP12_FONT1,
[INFO] [stdout]     |             ^^^^^^^^^^^^^^ use of undeclared crate or module `font_test_data`
[INFO] [stdout] 
[INFO] [stdout] 
[INFO] [stdout] error[E0433]: failed to resolve: use of undeclared crate or module `font_test_data`
[INFO] [stdout]    --> src/charmap.rs:491:13
[INFO] [stdout]     |
[INFO] [stdout] 491 |             font_test_data::SIMPLE_GLYF,
[INFO] [stdout]     |             ^^^^^^^^^^^^^^ use of undeclared crate or module `font_test_data`
[INFO] [stdout] 
[INFO] [stdout] 
[INFO] [stdout] error[E0433]: failed to resolve: use of undeclared crate or module `font_test_data`
[INFO] [stdout]    --> src/charmap.rs:492:13
[INFO] [stdout]     |
[INFO] [stdout] 492 |             font_test_data::CMAP4_SYMBOL_PUA,
[INFO] [stdout]     |             ^^^^^^^^^^^^^^ use of undeclared crate or module `font_test_data`
[INFO] [stdout] 
[INFO] [stdout] 
[INFO] [stdout] error[E0433]: failed to resolve: use of undeclared crate or module `font_test_data`
[INFO] [stdout]    --> src/charmap.rs:504:33
[INFO] [stdout]     |
[INFO] [stdout] 504 |         let font = FontRef::new(font_test_data::CMAP14_FONT1).unwrap();
[INFO] [stdout]     |                                 ^^^^^^^^^^^^^^ use of undeclared crate or module `font_test_data`
[INFO] [stdout] 
[INFO] [stdout] 
[INFO] [stdout] error[E0433]: failed to resolve: use of undeclared crate or module `font_test_data`
[INFO] [stdout]    --> src/color/traversal.rs:627:25
[INFO] [stdout]     |
[INFO] [stdout] 627 |         let colr_font = font_test_data::COLRV0V1_VARIABLE;
[INFO] [stdout]     |                         ^^^^^^^^^^^^^^ use of undeclared crate or module `font_test_data`
[INFO] [stdout] 
[INFO] [stdout] 
[INFO] [stdout] error[E0433]: failed to resolve: use of undeclared crate or module `font_test_data`
[INFO] [stdout]    --> src/color/traversal_tests/mod.rs:265:21
[INFO] [stdout]     |
[INFO] [stdout] 265 |     let colr_font = font_test_data::COLRV0V1_VARIABLE;
[INFO] [stdout]     |                     ^^^^^^^^^^^^^^ use of undeclared crate or module `font_test_data`
[INFO] [stdout] 
[INFO] [stdout] 
[INFO] [stdout] error[E0433]: failed to resolve: use of undeclared crate or module `font_test_data`
[INFO] [stdout]    --> src/color/mod.rs:440:25
[INFO] [stdout]     |
[INFO] [stdout] 440 |         let colr_font = font_test_data::COLRV0V1_VARIABLE;
[INFO] [stdout]     |                         ^^^^^^^^^^^^^^ use of undeclared crate or module `font_test_data`
[INFO] [stdout] 
[INFO] [stdout] 
[INFO] [stdout] error[E0433]: failed to resolve: use of undeclared crate or module `font_test_data`
[INFO] [stdout]    --> src/color/mod.rs:479:25
[INFO] [stdout]     |
[INFO] [stdout] 479 |         let colr_font = font_test_data::COLRV0V1_VARIABLE;
[INFO] [stdout]     |                         ^^^^^^^^^^^^^^ use of undeclared crate or module `font_test_data`
[INFO] [stdout] 
[INFO] [stdout] 
[INFO] [stdout] error[E0433]: failed to resolve: use of undeclared crate or module `font_test_data`
[INFO] [stdout]    --> src/color/mod.rs:498:25
[INFO] [stdout]     |
[INFO] [stdout] 498 |         let colr_font = font_test_data::COLRV1_NO_CLIPLIST;
[INFO] [stdout]     |                         ^^^^^^^^^^^^^^ use of undeclared crate or module `font_test_data`
[INFO] [stdout] 
[INFO] [stdout] 
[INFO] [stdout] error[E0433]: failed to resolve: use of undeclared crate or module `font_test_data`
[INFO] [stdout]    --> src/outline/autohint/hint.rs:378:33
[INFO] [stdout]     |
[INFO] [stdout] 378 |         let font = FontRef::new(font_test_data::NOTOSERIFHEBREW_AUTOHINT_METRICS).unwrap();
[INFO] [stdout]     |                                 ^^^^^^^^^^^^^^ use of undeclared crate or module `font_test_data`
[INFO] [stdout] 
[INFO] [stdout] 
[INFO] [stdout] error[E0433]: failed to resolve: use of undeclared crate or module `font_test_data`
[INFO] [stdout]    --> src/outline/autohint/hint.rs:443:33
[INFO] [stdout]     |
[INFO] [stdout] 443 |         let font = FontRef::new(font_test_data::NOTOSERIFTC_AUTOHINT_METRICS).unwrap();
[INFO] [stdout]     |                                 ^^^^^^^^^^^^^^ use of undeclared crate or module `font_test_data`
[INFO] [stdout] 
[INFO] [stdout] 
[INFO] [stdout] error[E0433]: failed to resolve: use of undeclared crate or module `font_test_data`
[INFO] [stdout]    --> src/outline/autohint/hint.rs:591:33
[INFO] [stdout]     |
[INFO] [stdout] 591 |         let font = FontRef::new(font_test_data::CUBIC_GLYF).unwrap();
[INFO] [stdout]     |                                 ^^^^^^^^^^^^^^ use of undeclared crate or module `font_test_data`
[INFO] [stdout] 
[INFO] [stdout] 
[INFO] [stdout] error[E0433]: failed to resolve: use of undeclared crate or module `font_test_data`
[INFO] [stdout]    --> src/outline/autohint/hint.rs:611:33
[INFO] [stdout]     |
[INFO] [stdout] 611 |         let font = FontRef::new(font_test_data::AHEM).unwrap();
[INFO] [stdout]     |                                 ^^^^^^^^^^^^^^ use of undeclared crate or module `font_test_data`
[INFO] [stdout] 
[INFO] [stdout] 
[INFO] [stdout] error[E0433]: failed to resolve: use of undeclared crate or module `font_test_data`
[INFO] [stdout]    --> src/outline/autohint/latin/blues.rs:591:33
[INFO] [stdout]     |
[INFO] [stdout] 591 |         let font = FontRef::new(font_test_data::NOTOSERIFHEBREW_AUTOHINT_METRICS).unwrap();
[INFO] [stdout]     |                                 ^^^^^^^^^^^^^^ use of undeclared crate or module `font_test_data`
[INFO] [stdout] 
[INFO] [stdout] 
[INFO] [stdout] error[E0433]: failed to resolve: use of undeclared crate or module `font_test_data`
[INFO] [stdout]    --> src/outline/autohint/latin/blues.rs:645:33
[INFO] [stdout]     |
[INFO] [stdout] 645 |         let font = FontRef::new(font_test_data::NOTOSERIFHEBREW_AUTOHINT_METRICS).unwrap();
[INFO] [stdout]     |                                 ^^^^^^^^^^^^^^ use of undeclared crate or module `font_test_data`
[INFO] [stdout] 
[INFO] [stdout] 
[INFO] [stdout] error[E0433]: failed to resolve: use of undeclared crate or module `font_test_data`
[INFO] [stdout]    --> src/outline/autohint/latin/blues.rs:680:33
[INFO] [stdout]     |
[INFO] [stdout] 680 |         let font = FontRef::new(font_test_data::NOTOSERIFTC_AUTOHINT_METRICS).unwrap();
[INFO] [stdout]     |                                 ^^^^^^^^^^^^^^ use of undeclared crate or module `font_test_data`
[INFO] [stdout] 
[INFO] [stdout] 
[INFO] [stdout] error[E0433]: failed to resolve: use of undeclared crate or module `font_test_data`
[INFO] [stdout]    --> src/outline/autohint/latin/edges.rs:506:13
[INFO] [stdout]     |
[INFO] [stdout] 506 |             font_test_data::NOTOSERIFHEBREW_AUTOHINT_METRICS,
[INFO] [stdout]     |             ^^^^^^^^^^^^^^ use of undeclared crate or module `font_test_data`
[INFO] [stdout] 
[INFO] [stdout] 
[INFO] [stdout] error[E0433]: failed to resolve: use of undeclared crate or module `font_test_data`
[INFO] [stdout]    --> src/outline/autohint/latin/edges.rs:758:13
[INFO] [stdout]     |
[INFO] [stdout] 758 |             font_test_data::NOTOSERIFTC_AUTOHINT_METRICS,
[INFO] [stdout]     |             ^^^^^^^^^^^^^^ use of undeclared crate or module `font_test_data`
[INFO] [stdout] 
[INFO] [stdout] 
[INFO] [stdout] error[E0433]: failed to resolve: use of undeclared crate or module `font_test_data`
[INFO] [stdout]    --> src/outline/autohint/latin/hint.rs:834:13
[INFO] [stdout]     |
[INFO] [stdout] 834 |             font_test_data::NOTOSERIFHEBREW_AUTOHINT_METRICS,
[INFO] [stdout]     |             ^^^^^^^^^^^^^^ use of undeclared crate or module `font_test_data`
[INFO] [stdout] 
[INFO] [stdout] 
[INFO] [stdout] error[E0433]: failed to resolve: use of undeclared crate or module `font_test_data`
[INFO] [stdout]    --> src/outline/autohint/latin/hint.rs:867:13
[INFO] [stdout]     |
[INFO] [stdout] 867 |             font_test_data::NOTOSERIFTC_AUTOHINT_METRICS,
[INFO] [stdout]     |             ^^^^^^^^^^^^^^ use of undeclared crate or module `font_test_data`
[INFO] [stdout] 
[INFO] [stdout] 
[INFO] [stdout] error[E0433]: failed to resolve: use of undeclared crate or module `font_test_data`
[INFO] [stdout]    --> src/outline/autohint/latin/metrics.rs:318:13
[INFO] [stdout]     |
[INFO] [stdout] 318 |             font_test_data::NOTOSERIFHEBREW_AUTOHINT_METRICS,
[INFO] [stdout]     |             ^^^^^^^^^^^^^^ use of undeclared crate or module `font_test_data`
[INFO] [stdout] 
[INFO] [stdout] 
[INFO] [stdout] error[E0433]: failed to resolve: use of undeclared crate or module `font_test_data`
[INFO] [stdout]    --> src/outline/autohint/latin/metrics.rs:354:13
[INFO] [stdout]     |
[INFO] [stdout] 354 |             font_test_data::NOTOSERIFTC_AUTOHINT_METRICS,
[INFO] [stdout]     |             ^^^^^^^^^^^^^^ use of undeclared crate or module `font_test_data`
[INFO] [stdout] 
[INFO] [stdout] 
[INFO] [stdout] error[E0433]: failed to resolve: use of undeclared crate or module `font_test_data`
[INFO] [stdout]    --> src/outline/autohint/latin/segments.rs:593:33
[INFO] [stdout]     |
[INFO] [stdout] 593 |         let font = FontRef::new(font_test_data::NOTOSERIFHEBREW_AUTOHINT_METRICS).unwrap();
[INFO] [stdout]     |                                 ^^^^^^^^^^^^^^ use of undeclared crate or module `font_test_data`
[INFO] [stdout] 
[INFO] [stdout] 
[INFO] [stdout] error[E0433]: failed to resolve: use of undeclared crate or module `font_test_data`
[INFO] [stdout]    --> src/outline/autohint/latin/segments.rs:705:33
[INFO] [stdout]     |
[INFO] [stdout] 705 |         let font = FontRef::new(font_test_data::NOTOSERIFHEBREW_AUTOHINT_METRICS).unwrap();
[INFO] [stdout]     |                                 ^^^^^^^^^^^^^^ use of undeclared crate or module `font_test_data`
[INFO] [stdout] 
[INFO] [stdout] 
[INFO] [stdout] error[E0433]: failed to resolve: use of undeclared crate or module `font_test_data`
[INFO] [stdout]    --> src/outline/autohint/latin/segments.rs:793:33
[INFO] [stdout]     |
[INFO] [stdout] 793 |         let font = FontRef::new(font_test_data::NOTOSERIFTC_AUTOHINT_METRICS).unwrap();
[INFO] [stdout]     |                                 ^^^^^^^^^^^^^^ use of undeclared crate or module `font_test_data`
[INFO] [stdout] 
[INFO] [stdout] 
[INFO] [stdout] error[E0433]: failed to resolve: use of undeclared crate or module `font_test_data`
[INFO] [stdout]    --> src/outline/autohint/latin/segments.rs:917:33
[INFO] [stdout]     |
[INFO] [stdout] 917 |         let font = FontRef::new(font_test_data::NOTOSERIFTC_AUTOHINT_METRICS).unwrap();
[INFO] [stdout]     |                                 ^^^^^^^^^^^^^^ use of undeclared crate or module `font_test_data`
[INFO] [stdout] 
[INFO] [stdout] 
[INFO] [stdout] error[E0433]: failed to resolve: use of undeclared crate or module `font_test_data`
[INFO] [stdout]    --> src/outline/autohint/latin/widths.rs:112:13
[INFO] [stdout]     |
[INFO] [stdout] 112 |             font_test_data::NOTOSERIFHEBREW_AUTOHINT_METRICS,
[INFO] [stdout]     |             ^^^^^^^^^^^^^^ use of undeclared crate or module `font_test_data`
[INFO] [stdout] 
[INFO] [stdout] 
[INFO] [stdout] error[E0433]: failed to resolve: use of undeclared crate or module `font_test_data`
[INFO] [stdout]    --> src/outline/autohint/latin/widths.rs:140:13
[INFO] [stdout]     |
[INFO] [stdout] 140 |             font_test_data::CANTARELL_VF_TRIMMED,
[INFO] [stdout]     |             ^^^^^^^^^^^^^^ use of undeclared crate or module `font_test_data`
[INFO] [stdout] 
[INFO] [stdout] 
[INFO] [stdout] error[E0433]: failed to resolve: use of undeclared crate or module `font_test_data`
[INFO] [stdout]    --> src/outline/autohint/latin/widths.rs:168:13
[INFO] [stdout]     |
[INFO] [stdout] 168 |             font_test_data::NOTOSERIFTC_AUTOHINT_METRICS,
[INFO] [stdout]     |             ^^^^^^^^^^^^^^ use of undeclared crate or module `font_test_data`
[INFO] [stdout] 
[INFO] [stdout] 
[INFO] [stdout] error[E0433]: failed to resolve: use of undeclared crate or module `font_test_data`
[INFO] [stdout]    --> src/outline/autohint/metrics.rs:419:33
[INFO] [stdout]     |
[INFO] [stdout] 419 |         let font = FontRef::new(font_test_data::NOTOSERIFHEBREW_AUTOHINT_METRICS).unwrap();
[INFO] [stdout]     |                                 ^^^^^^^^^^^^^^ use of undeclared crate or module `font_test_data`
[INFO] [stdout] 
[INFO] [stdout] 
[INFO] [stdout] error[E0433]: failed to resolve: use of undeclared crate or module `font_test_data`
[INFO] [stdout]    --> src/outline/autohint/metrics.rs:441:33
[INFO] [stdout]     |
[INFO] [stdout] 441 |         let font = FontRef::new(font_test_data::NOTOSERIFHEBREW_AUTOHINT_METRICS).unwrap();
[INFO] [stdout]     |                                 ^^^^^^^^^^^^^^ use of undeclared crate or module `font_test_data`
[INFO] [stdout] 
[INFO] [stdout] 
[INFO] [stdout] error[E0433]: failed to resolve: use of undeclared crate or module `font_test_data`
[INFO] [stdout]    --> src/outline/autohint/outline.rs:627:36
[INFO] [stdout]     |
[INFO] [stdout] 627 |         let outline = make_outline(font_test_data::NOTOSERIFHEBREW_AUTOHINT_METRICS, 8);
[INFO] [stdout]     |                                    ^^^^^^^^^^^^^^ use of undeclared crate or module `font_test_data`
[INFO] [stdout] 
[INFO] [stdout] 
[INFO] [stdout] error[E0433]: failed to resolve: use of undeclared crate or module `font_test_data`
[INFO] [stdout]    --> src/outline/autohint/outline.rs:698:39
[INFO] [stdout]     |
[INFO] [stdout] 698 |         let tt_outline = make_outline(font_test_data::NOTOSERIFHEBREW_AUTOHINT_METRICS, 8);
[INFO] [stdout]     |                                       ^^^^^^^^^^^^^^ use of undeclared crate or module `font_test_data`
[INFO] [stdout] 
[INFO] [stdout] 
[INFO] [stdout] error[E0433]: failed to resolve: use of undeclared crate or module `font_test_data`
[INFO] [stdout]    --> src/outline/autohint/outline.rs:701:39
[INFO] [stdout]     |
[INFO] [stdout] 701 |         let ps_outline = make_outline(font_test_data::CANTARELL_VF_TRIMMED, 4);
[INFO] [stdout]     |                                       ^^^^^^^^^^^^^^ use of undeclared crate or module `font_test_data`
[INFO] [stdout] 
[INFO] [stdout] 
[INFO] [stdout] error[E0433]: failed to resolve: use of undeclared crate or module `font_test_data`
[INFO] [stdout]    --> src/outline/autohint/outline.rs:717:33
[INFO] [stdout]     |
[INFO] [stdout] 717 |         compare_path_conversion(font_test_data::MOSTLY_OFF_CURVE, PathStyle::FreeType);
[INFO] [stdout]     |                                 ^^^^^^^^^^^^^^ use of undeclared crate or module `font_test_data`
[INFO] [stdout] 
[INFO] [stdout] 
[INFO] [stdout] error[E0433]: failed to resolve: use of undeclared crate or module `font_test_data`
[INFO] [stdout]    --> src/outline/autohint/outline.rs:722:33
[INFO] [stdout]     |
[INFO] [stdout] 722 |         compare_path_conversion(font_test_data::MOSTLY_OFF_CURVE, PathStyle::HarfBuzz);
[INFO] [stdout]     |                                 ^^^^^^^^^^^^^^ use of undeclared crate or module `font_test_data`
[INFO] [stdout] 
[INFO] [stdout] 
[INFO] [stdout] error[E0433]: failed to resolve: use of undeclared crate or module `font_test_data`
[INFO] [stdout]    --> src/outline/autohint/outline.rs:727:33
[INFO] [stdout]     |
[INFO] [stdout] 727 |         compare_path_conversion(font_test_data::STARTING_OFF_CURVE, PathStyle::FreeType);
[INFO] [stdout]     |                                 ^^^^^^^^^^^^^^ use of undeclared crate or module `font_test_data`
[INFO] [stdout] 
[INFO] [stdout] 
[INFO] [stdout] error[E0433]: failed to resolve: use of undeclared crate or module `font_test_data`
[INFO] [stdout]    --> src/outline/autohint/outline.rs:732:33
[INFO] [stdout]     |
[INFO] [stdout] 732 |         compare_path_conversion(font_test_data::STARTING_OFF_CURVE, PathStyle::HarfBuzz);
[INFO] [stdout]     |                                 ^^^^^^^^^^^^^^ use of undeclared crate or module `font_test_data`
[INFO] [stdout] 
[INFO] [stdout] 
[INFO] [stdout] error[E0433]: failed to resolve: use of undeclared crate or module `font_test_data`
[INFO] [stdout]    --> src/outline/autohint/outline.rs:737:33
[INFO] [stdout]     |
[INFO] [stdout] 737 |         compare_path_conversion(font_test_data::CUBIC_GLYF, PathStyle::FreeType);
[INFO] [stdout]     |                                 ^^^^^^^^^^^^^^ use of undeclared crate or module `font_test_data`
[INFO] [stdout] 
[INFO] [stdout] 
[INFO] [stdout] error[E0433]: failed to resolve: use of undeclared crate or module `font_test_data`
[INFO] [stdout]    --> src/outline/autohint/outline.rs:742:33
[INFO] [stdout]     |
[INFO] [stdout] 742 |         compare_path_conversion(font_test_data::CUBIC_GLYF, PathStyle::HarfBuzz);
[INFO] [stdout]     |                                 ^^^^^^^^^^^^^^ use of undeclared crate or module `font_test_data`
[INFO] [stdout] 
[INFO] [stdout] 
[INFO] [stdout] error[E0433]: failed to resolve: use of undeclared crate or module `font_test_data`
[INFO] [stdout]    --> src/outline/autohint/outline.rs:747:33
[INFO] [stdout]     |
[INFO] [stdout] 747 |         compare_path_conversion(font_test_data::CANTARELL_VF_TRIMMED, PathStyle::FreeType);
[INFO] [stdout]     |                                 ^^^^^^^^^^^^^^ use of undeclared crate or module `font_test_data`
[INFO] [stdout] 
[INFO] [stdout] 
[INFO] [stdout] error[E0433]: failed to resolve: use of undeclared crate or module `font_test_data`
[INFO] [stdout]    --> src/outline/autohint/outline.rs:752:33
[INFO] [stdout]     |
[INFO] [stdout] 752 |         compare_path_conversion(font_test_data::CANTARELL_VF_TRIMMED, PathStyle::HarfBuzz);
[INFO] [stdout]     |                                 ^^^^^^^^^^^^^^ use of undeclared crate or module `font_test_data`
[INFO] [stdout] 
[INFO] [stdout] 
[INFO] [stdout] error[E0433]: failed to resolve: use of undeclared crate or module `font_test_data`
[INFO] [stdout]    --> src/outline/autohint/style.rs:400:33
[INFO] [stdout]     |
[INFO] [stdout] 400 |         let font = FontRef::new(font_test_data::AHEM).unwrap();
[INFO] [stdout]     |                                 ^^^^^^^^^^^^^^ use of undeclared crate or module `font_test_data`
[INFO] [stdout] 
[INFO] [stdout] 
[INFO] [stdout] error[E0433]: failed to resolve: use of undeclared crate or module `font_test_data`
[INFO] [stdout]    --> src/outline/autohint/style.rs:521:22
[INFO] [stdout]     |
[INFO] [stdout] 521 |         check_styles(font_test_data::AUTOHINT_CMAP, ShaperMode::Nominal, expected);
[INFO] [stdout]     |                      ^^^^^^^^^^^^^^ use of undeclared crate or module `font_test_data`
[INFO] [stdout] 
[INFO] [stdout] 
[INFO] [stdout] error[E0433]: failed to resolve: use of undeclared crate or module `font_test_data`
[INFO] [stdout]    --> src/outline/autohint/style.rs:544:13
[INFO] [stdout]     |
[INFO] [stdout] 544 |             font_test_data::NOTOSERIF_AUTOHINT_SHAPING,
[INFO] [stdout]     |             ^^^^^^^^^^^^^^ use of undeclared crate or module `font_test_data`
[INFO] [stdout] 
[INFO] [stdout] 
[INFO] [stdout] error[E0433]: failed to resolve: use of undeclared crate or module `font_test_data`
[INFO] [stdout]     --> src/outline/cff/hint.rs:1308:33
[INFO] [stdout]      |
[INFO] [stdout] 1308 |         let font = FontRef::new(font_test_data::CANTARELL_VF_TRIMMED).unwrap();
[INFO] [stdout]      |                                 ^^^^^^^^^^^^^^ use of undeclared crate or module `font_test_data`
[INFO] [stdout] 
[INFO] [stdout] 
[INFO] [stdout] error[E0433]: failed to resolve: use of undeclared crate or module `font_test_data`
[INFO] [stdout]    --> src/outline/cff/mod.rs:630:33
[INFO] [stdout]     |
[INFO] [stdout] 630 |         let font = FontRef::new(font_test_data::NOTO_SERIF_DISPLAY_TRIMMED).unwrap();
[INFO] [stdout]     |                                 ^^^^^^^^^^^^^^ use of undeclared crate or module `font_test_data`
[INFO] [stdout] 
[INFO] [stdout] 
[INFO] [stdout] error[E0433]: failed to resolve: use of undeclared crate or module `font_test_data`
[INFO] [stdout]    --> src/outline/cff/mod.rs:645:33
[INFO] [stdout]     |
[INFO] [stdout] 645 |         let font = FontRef::new(font_test_data::CANTARELL_VF_TRIMMED).unwrap();
[INFO] [stdout]     |                                 ^^^^^^^^^^^^^^ use of undeclared crate or module `font_test_data`
[INFO] [stdout] 
[INFO] [stdout] 
[INFO] [stdout] error[E0433]: failed to resolve: use of undeclared crate or module `font_test_data`
[INFO] [stdout]    --> src/outline/cff/mod.rs:673:13
[INFO] [stdout]     |
[INFO] [stdout] 673 |             font_test_data::CANTARELL_VF_TRIMMED,
[INFO] [stdout]     |             ^^^^^^^^^^^^^^ use of undeclared crate or module `font_test_data`
[INFO] [stdout] 
[INFO] [stdout] 
[INFO] [stdout] error[E0433]: failed to resolve: use of undeclared crate or module `font_test_data`
[INFO] [stdout]    --> src/outline/cff/mod.rs:674:13
[INFO] [stdout]     |
[INFO] [stdout] 674 |             font_test_data::CANTARELL_VF_TRIMMED_GLYPHS,
[INFO] [stdout]     |             ^^^^^^^^^^^^^^ use of undeclared crate or module `font_test_data`
[INFO] [stdout] 
[INFO] [stdout] 
[INFO] [stdout] error[E0433]: failed to resolve: use of undeclared crate or module `font_test_data`
[INFO] [stdout]    --> src/outline/cff/mod.rs:681:13
[INFO] [stdout]     |
[INFO] [stdout] 681 |             font_test_data::NOTO_SERIF_DISPLAY_TRIMMED,
[INFO] [stdout]     |             ^^^^^^^^^^^^^^ use of undeclared crate or module `font_test_data`
[INFO] [stdout] 
[INFO] [stdout] 
[INFO] [stdout] error[E0433]: failed to resolve: use of undeclared crate or module `font_test_data`
[INFO] [stdout]    --> src/outline/cff/mod.rs:682:13
[INFO] [stdout]     |
[INFO] [stdout] 682 |             font_test_data::NOTO_SERIF_DISPLAY_TRIMMED_GLYPHS,
[INFO] [stdout]     |             ^^^^^^^^^^^^^^ use of undeclared crate or module `font_test_data`
[INFO] [stdout] 
[INFO] [stdout] 
[INFO] [stdout] error[E0433]: failed to resolve: use of undeclared crate or module `font_test_data`
[INFO] [stdout]    --> src/outline/cff/mod.rs:688:33
[INFO] [stdout]     |
[INFO] [stdout] 688 |         let font = FontRef::new(font_test_data::CANTARELL_VF_TRIMMED).unwrap();
[INFO] [stdout]     |                                 ^^^^^^^^^^^^^^ use of undeclared crate or module `font_test_data`
[INFO] [stdout] 
[INFO] [stdout] 
[INFO] [stdout] error[E0433]: failed to resolve: use of undeclared crate or module `font_test_data`
[INFO] [stdout]    --> src/outline/cff/mod.rs:697:33
[INFO] [stdout]     |
[INFO] [stdout] 697 |         let font = FontRef::new(font_test_data::CANTARELL_VF_TRIMMED).unwrap();
[INFO] [stdout]     |                                 ^^^^^^^^^^^^^^ use of undeclared crate or module `font_test_data`
[INFO] [stdout] 
[INFO] [stdout] 
[INFO] [stdout] error[E0433]: failed to resolve: use of undeclared crate or module `font_test_data`
[INFO] [stdout]    --> src/outline/cff/mod.rs:715:33
[INFO] [stdout]     |
[INFO] [stdout] 715 |         let font = FontRef::new(font_test_data::MATERIAL_ICONS_SUBSET).unwrap();
[INFO] [stdout]     |                                 ^^^^^^^^^^^^^^ use of undeclared crate or module `font_test_data`
[INFO] [stdout] 
[INFO] [stdout] 
[INFO] [stdout] error[E0433]: failed to resolve: use of undeclared crate or module `font_test_data`
[INFO] [stdout]    --> src/outline/cff/mod.rs:730:33
[INFO] [stdout]     |
[INFO] [stdout] 730 |         let font = FontRef::new(font_test_data::MATERIAL_ICONS_SUBSET).unwrap();
[INFO] [stdout]     |                                 ^^^^^^^^^^^^^^ use of undeclared crate or module `font_test_data`
[INFO] [stdout] 
[INFO] [stdout] 
[INFO] [stdout] error[E0433]: failed to resolve: use of undeclared crate or module `font_test_data`
[INFO] [stdout]    --> src/outline/glyf/hint/instance.rs:248:33
[INFO] [stdout]     |
[INFO] [stdout] 248 |         let font = FontRef::new(font_test_data::CVAR).unwrap();
[INFO] [stdout]     |                                 ^^^^^^^^^^^^^^ use of undeclared crate or module `font_test_data`
[INFO] [stdout] 
[INFO] [stdout] 
[INFO] [stdout] error[E0433]: failed to resolve: use of undeclared crate or module `font_test_data`
[INFO] [stdout]     --> src/outline/glyf/mod.rs:1286:33
[INFO] [stdout]      |
[INFO] [stdout] 1286 |         let font = FontRef::new(font_test_data::VAZIRMATN_VAR).unwrap();
[INFO] [stdout]      |                                 ^^^^^^^^^^^^^^ use of undeclared crate or module `font_test_data`
[INFO] [stdout] 
[INFO] [stdout] 
[INFO] [stdout] error[E0433]: failed to resolve: use of undeclared crate or module `font_test_data`
[INFO] [stdout]     --> src/outline/glyf/mod.rs:1303:33
[INFO] [stdout]      |
[INFO] [stdout] 1303 |         let font = FontRef::new(font_test_data::COLRV0V1).unwrap();
[INFO] [stdout]      |                                 ^^^^^^^^^^^^^^ use of undeclared crate or module `font_test_data`
[INFO] [stdout] 
[INFO] [stdout] 
[INFO] [stdout] error[E0433]: failed to resolve: use of undeclared crate or module `font_test_data`
[INFO] [stdout]     --> src/outline/glyf/mod.rs:1308:33
[INFO] [stdout]      |
[INFO] [stdout] 1308 |         let font = FontRef::new(font_test_data::TTHINT_SUBSET).unwrap();
[INFO] [stdout]      |                                 ^^^^^^^^^^^^^^ use of undeclared crate or module `font_test_data`
[INFO] [stdout] 
[INFO] [stdout] 
[INFO] [stdout] error[E0433]: failed to resolve: use of undeclared crate or module `font_test_data`
[INFO] [stdout]     --> src/outline/glyf/mod.rs:1316:33
[INFO] [stdout]      |
[INFO] [stdout] 1316 |         let font = FontRef::new(font_test_data::HVAR_WITH_TRUNCATED_ADVANCE_INDEX_MAP).unwrap();
[INFO] [stdout]      |                                 ^^^^^^^^^^^^^^ use of undeclared crate or module `font_test_data`
[INFO] [stdout] 
[INFO] [stdout] 
[INFO] [stdout] error[E0433]: failed to resolve: use of undeclared crate or module `font_test_data`
[INFO] [stdout]    --> src/outline/unscaled.rs:217:33
[INFO] [stdout]     |
[INFO] [stdout] 217 |         let font = FontRef::new(font_test_data::MATERIAL_SYMBOLS_SUBSET).unwrap();
[INFO] [stdout]     |                                 ^^^^^^^^^^^^^^ use of undeclared crate or module `font_test_data`
[INFO] [stdout] 
[INFO] [stdout] 
[INFO] [stdout] error[E0433]: failed to resolve: use of undeclared crate or module `font_test_data`
[INFO] [stdout]    --> src/outline/unscaled.rs:264:33
[INFO] [stdout]     |
[INFO] [stdout] 264 |         let font = FontRef::new(font_test_data::CUBIC_GLYF).unwrap();
[INFO] [stdout]     |                                 ^^^^^^^^^^^^^^ use of undeclared crate or module `font_test_data`
[INFO] [stdout] 
[INFO] [stdout] 
[INFO] [stdout] error[E0433]: failed to resolve: use of undeclared crate or module `font_test_data`
[INFO] [stdout]    --> src/outline/unscaled.rs:290:33
[INFO] [stdout]     |
[INFO] [stdout] 290 |         let font = FontRef::new(font_test_data::CANTARELL_VF_TRIMMED).unwrap();
[INFO] [stdout]     |                                 ^^^^^^^^^^^^^^ use of undeclared crate or module `font_test_data`
[INFO] [stdout] 
[INFO] [stdout] 
[INFO] [stdout] error[E0433]: failed to resolve: use of undeclared crate or module `font_test_data`
[INFO] [stdout]    --> src/outline/unscaled.rs:328:33
[INFO] [stdout]     |
[INFO] [stdout] 328 |         let font = FontRef::new(font_test_data::MATERIAL_SYMBOLS_SUBSET).unwrap();
[INFO] [stdout]     |                                 ^^^^^^^^^^^^^^ use of undeclared crate or module `font_test_data`
[INFO] [stdout] 
[INFO] [stdout] 
[INFO] [stdout] error[E0433]: failed to resolve: use of undeclared crate or module `font_test_data`
[INFO] [stdout]    --> src/outline/mod.rs:694:14
[INFO] [stdout]     |
[INFO] [stdout] 694 |             (font_test_data::VAZIRMATN_VAR, OutlineGlyphFormat::Glyf),
[INFO] [stdout]     |              ^^^^^^^^^^^^^^ use of undeclared crate or module `font_test_data`
[INFO] [stdout] 
[INFO] [stdout] 
[INFO] [stdout] error[E0433]: failed to resolve: use of undeclared crate or module `font_test_data`
[INFO] [stdout]    --> src/outline/mod.rs:696:17
[INFO] [stdout]     |
[INFO] [stdout] 696 |                 font_test_data::CANTARELL_VF_TRIMMED,
[INFO] [stdout]     |                 ^^^^^^^^^^^^^^ use of undeclared crate or module `font_test_data`
[INFO] [stdout] 
[INFO] [stdout] 
[INFO] [stdout] error[E0433]: failed to resolve: use of undeclared crate or module `font_test_data`
[INFO] [stdout]    --> src/outline/mod.rs:700:17
[INFO] [stdout]     |
[INFO] [stdout] 700 |                 font_test_data::NOTO_SERIF_DISPLAY_TRIMMED,
[INFO] [stdout]     |                 ^^^^^^^^^^^^^^ use of undeclared crate or module `font_test_data`
[INFO] [stdout] 
[INFO] [stdout] 
[INFO] [stdout] error[E0433]: failed to resolve: use of undeclared crate or module `font_test_data`
[INFO] [stdout]    --> src/outline/mod.rs:703:14
[INFO] [stdout]     |
[INFO] [stdout] 703 |             (font_test_data::COLRV0V1_VARIABLE, OutlineGlyphFormat::Glyf),
[INFO] [stdout]     |              ^^^^^^^^^^^^^^ use of undeclared crate or module `font_test_data`
[INFO] [stdout] 
[INFO] [stdout] 
[INFO] [stdout] error[E0433]: failed to resolve: use of undeclared crate or module `font_test_data`
[INFO] [stdout]    --> src/outline/mod.rs:716:13
[INFO] [stdout]     |
[INFO] [stdout] 716 |             font_test_data::VAZIRMATN_VAR,
[INFO] [stdout]     |             ^^^^^^^^^^^^^^ use of undeclared crate or module `font_test_data`
[INFO] [stdout] 
[INFO] [stdout] 
[INFO] [stdout] error[E0433]: failed to resolve: use of undeclared crate or module `font_test_data`
[INFO] [stdout]    --> src/outline/mod.rs:717:13
[INFO] [stdout]     |
[INFO] [stdout] 717 |             font_test_data::VAZIRMATN_VAR_GLYPHS,
[INFO] [stdout]     |             ^^^^^^^^^^^^^^ use of undeclared crate or module `font_test_data`
[INFO] [stdout] 
[INFO] [stdout] 
[INFO] [stdout] error[E0433]: failed to resolve: use of undeclared crate or module `font_test_data`
[INFO] [stdout]    --> src/outline/mod.rs:724:13
[INFO] [stdout]     |
[INFO] [stdout] 724 |             font_test_data::CANTARELL_VF_TRIMMED,
[INFO] [stdout]     |             ^^^^^^^^^^^^^^ use of undeclared crate or module `font_test_data`
[INFO] [stdout] 
[INFO] [stdout] 
[INFO] [stdout] error[E0433]: failed to resolve: use of undeclared crate or module `font_test_data`
[INFO] [stdout]    --> src/outline/mod.rs:725:13
[INFO] [stdout]     |
[INFO] [stdout] 725 |             font_test_data::CANTARELL_VF_TRIMMED_GLYPHS,
[INFO] [stdout]     |             ^^^^^^^^^^^^^^ use of undeclared crate or module `font_test_data`
[INFO] [stdout] 
[INFO] [stdout] 
[INFO] [stdout] error[E0433]: failed to resolve: use of undeclared crate or module `font_test_data`
[INFO] [stdout]    --> src/outline/mod.rs:732:13
[INFO] [stdout]     |
[INFO] [stdout] 732 |             font_test_data::NOTO_SERIF_DISPLAY_TRIMMED,
[INFO] [stdout]     |             ^^^^^^^^^^^^^^ use of undeclared crate or module `font_test_data`
[INFO] [stdout] 
[INFO] [stdout] 
[INFO] [stdout] error[E0433]: failed to resolve: use of undeclared crate or module `font_test_data`
[INFO] [stdout]    --> src/outline/mod.rs:733:13
[INFO] [stdout]     |
[INFO] [stdout] 733 |             font_test_data::NOTO_SERIF_DISPLAY_TRIMMED_GLYPHS,
[INFO] [stdout]     |             ^^^^^^^^^^^^^^ use of undeclared crate or module `font_test_data`
[INFO] [stdout] 
[INFO] [stdout] 
[INFO] [stdout] error[E0433]: failed to resolve: use of undeclared crate or module `font_test_data`
[INFO] [stdout]    --> src/outline/mod.rs:739:33
[INFO] [stdout]     |
[INFO] [stdout] 739 |         let font = FontRef::new(font_test_data::VAZIRMATN_VAR).unwrap();
[INFO] [stdout]     |                                 ^^^^^^^^^^^^^^ use of undeclared crate or module `font_test_data`
[INFO] [stdout] 
[INFO] [stdout] 
[INFO] [stdout] error[E0433]: failed to resolve: use of undeclared crate or module `font_test_data`
[INFO] [stdout]    --> src/outline/mod.rs:973:13
[INFO] [stdout]     |
[INFO] [stdout] 973 |             font_test_data::INTERPOLATE_THIS,
[INFO] [stdout]     |             ^^^^^^^^^^^^^^ use of undeclared crate or module `font_test_data`
[INFO] [stdout] 
[INFO] [stdout] 
[INFO] [stdout] error[E0433]: failed to resolve: use of undeclared crate or module `font_test_data`
[INFO] [stdout]    --> src/outline/mod.rs:978:13
[INFO] [stdout]     |
[INFO] [stdout] 978 |             font_test_data::INTERPOLATE_THIS,
[INFO] [stdout]     |             ^^^^^^^^^^^^^^ use of undeclared crate or module `font_test_data`
[INFO] [stdout] 
[INFO] [stdout] 
[INFO] [stdout] error[E0433]: failed to resolve: use of undeclared crate or module `font_test_data`
[INFO] [stdout]    --> src/outline/mod.rs:997:13
[INFO] [stdout]     |
[INFO] [stdout] 997 |             font_test_data::INTERPOLATE_THIS,
[INFO] [stdout]     |             ^^^^^^^^^^^^^^ use of undeclared crate or module `font_test_data`
[INFO] [stdout] 
[INFO] [stdout] 
[INFO] [stdout] error[E0433]: failed to resolve: use of undeclared crate or module `font_test_data`
[INFO] [stdout]     --> src/outline/mod.rs:1002:13
[INFO] [stdout]      |
[INFO] [stdout] 1002 |             font_test_data::INTERPOLATE_THIS,
[INFO] [stdout]      |             ^^^^^^^^^^^^^^ use of undeclared crate or module `font_test_data`
[INFO] [stdout] 
[INFO] [stdout] 
[INFO] [stdout] error[E0433]: failed to resolve: use of undeclared crate or module `font_test_data`
[INFO] [stdout]     --> src/outline/mod.rs:1073:13
[INFO] [stdout]      |
[INFO] [stdout] 1073 |             font_test_data::STARTING_OFF_CURVE,
[INFO] [stdout]      |             ^^^^^^^^^^^^^^ use of undeclared crate or module `font_test_data`
[INFO] [stdout] 
[INFO] [stdout] 
[INFO] [stdout] error[E0433]: failed to resolve: use of undeclared crate or module `font_test_data`
[INFO] [stdout]     --> src/outline/mod.rs:1081:13
[INFO] [stdout]      |
[INFO] [stdout] 1081 |             font_test_data::MOSTLY_OFF_CURVE,
[INFO] [stdout]      |             ^^^^^^^^^^^^^^ use of undeclared crate or module `font_test_data`
[INFO] [stdout] 
[INFO] [stdout] 
[INFO] [stdout] error[E0433]: failed to resolve: use of undeclared crate or module `font_test_data`
[INFO] [stdout]     --> src/outline/mod.rs:1089:13
[INFO] [stdout]      |
[INFO] [stdout] 1089 |             font_test_data::STARTING_OFF_CURVE,
[INFO] [stdout]      |             ^^^^^^^^^^^^^^ use of undeclared crate or module `font_test_data`
[INFO] [stdout] 
[INFO] [stdout] 
[INFO] [stdout] error[E0433]: failed to resolve: use of undeclared crate or module `font_test_data`
[INFO] [stdout]     --> src/outline/mod.rs:1097:13
[INFO] [stdout]      |
[INFO] [stdout] 1097 |             font_test_data::MOSTLY_OFF_CURVE,
[INFO] [stdout]      |             ^^^^^^^^^^^^^^ use of undeclared crate or module `font_test_data`
[INFO] [stdout] 
[INFO] [stdout] 
[INFO] [stdout] error[E0433]: failed to resolve: use of undeclared crate or module `font_test_data`
[INFO] [stdout]     --> src/outline/mod.rs:1196:33
[INFO] [stdout]      |
[INFO] [stdout] 1196 |         let font = FontRef::new(font_test_data::MATERIAL_SYMBOLS_SUBSET).unwrap();
[INFO] [stdout]      |                                 ^^^^^^^^^^^^^^ use of undeclared crate or module `font_test_data`
[INFO] [stdout] 
[INFO] [stdout] 
[INFO] [stdout] error[E0433]: failed to resolve: use of undeclared crate or module `font_test_data`
[INFO] [stdout]     --> src/outline/mod.rs:1212:33
[INFO] [stdout]      |
[INFO] [stdout] 1212 |         let font = FontRef::new(font_test_data::MATERIAL_SYMBOLS_SUBSET).unwrap();
[INFO] [stdout]      |                                 ^^^^^^^^^^^^^^ use of undeclared crate or module `font_test_data`
[INFO] [stdout] 
[INFO] [stdout] 
[INFO] [stdout] error[E0433]: failed to resolve: use of undeclared crate or module `font_test_data`
[INFO] [stdout]     --> src/outline/mod.rs:1228:33
[INFO] [stdout]      |
[INFO] [stdout] 1228 |         let font = FontRef::new(font_test_data::MATERIAL_SYMBOLS_SUBSET).unwrap();
[INFO] [stdout]      |                                 ^^^^^^^^^^^^^^ use of undeclared crate or module `font_test_data`
[INFO] [stdout] 
[INFO] [stdout] 
[INFO] [stdout] error[E0433]: failed to resolve: use of undeclared crate or module `font_test_data`
[INFO] [stdout]     --> src/outline/mod.rs:1244:33
[INFO] [stdout]      |
[INFO] [stdout] 1244 |         let font = FontRef::new(font_test_data::MATERIAL_SYMBOLS_SUBSET).unwrap();
[INFO] [stdout]      |                                 ^^^^^^^^^^^^^^ use of undeclared crate or module `font_test_data`
[INFO] [stdout] 
[INFO] [stdout] 
[INFO] [stdout] error[E0433]: failed to resolve: use of undeclared crate or module `font_test_data`
[INFO] [stdout]     --> src/outline/mod.rs:1264:33
[INFO] [stdout]      |
[INFO] [stdout] 1264 |         let font = FontRef::new(font_test_data::GLYF_COMPONENTS).unwrap();
[INFO] [stdout]      |                                 ^^^^^^^^^^^^^^ use of undeclared crate or module `font_test_data`
[INFO] [stdout] 
[INFO] [stdout] 
[INFO] [stdout] error[E0433]: failed to resolve: use of undeclared crate or module `font_test_data`
[INFO] [stdout]     --> src/outline/mod.rs:1282:33
[INFO] [stdout]      |
[INFO] [stdout] 1282 |         let font = FontRef::new(font_test_data::GLYF_COMPONENTS).unwrap();
[INFO] [stdout]      |                                 ^^^^^^^^^^^^^^ use of undeclared crate or module `font_test_data`
[INFO] [stdout] 
[INFO] [stdout] 
[INFO] [stdout] error[E0433]: failed to resolve: use of undeclared crate or module `font_test_data`
[INFO] [stdout]     --> src/outline/mod.rs:1300:33
[INFO] [stdout]      |
[INFO] [stdout] 1300 |         let font = FontRef::new(font_test_data::GLYF_COMPONENTS).unwrap();
[INFO] [stdout]      |                                 ^^^^^^^^^^^^^^ use of undeclared crate or module `font_test_data`
[INFO] [stdout] 
[INFO] [stdout] 
[INFO] [stdout] error[E0433]: failed to resolve: use of undeclared crate or module `font_test_data`
[INFO] [stdout]     --> src/outline/mod.rs:1315:33
[INFO] [stdout]      |
[INFO] [stdout] 1315 |         let font = FontRef::new(font_test_data::GLYF_COMPONENTS).unwrap();
[INFO] [stdout]      |                                 ^^^^^^^^^^^^^^ use of undeclared crate or module `font_test_data`
[INFO] [stdout] 
[INFO] [stdout] 
[INFO] [stdout] error[E0433]: failed to resolve: use of undeclared crate or module `font_test_data`
[INFO] [stdout]     --> src/outline/mod.rs:1327:33
[INFO] [stdout]      |
[INFO] [stdout] 1327 |         let font = FontRef::new(font_test_data::GLYF_COMPONENTS).unwrap();
[INFO] [stdout]      |                                 ^^^^^^^^^^^^^^ use of undeclared crate or module `font_test_data`
[INFO] [stdout] 
[INFO] [stdout] 
[INFO] [stdout] error[E0433]: failed to resolve: use of undeclared crate or module `font_test_data`
[INFO] [stdout]     --> src/outline/mod.rs:1342:33
[INFO] [stdout]      |
[INFO] [stdout] 1342 |         let font = FontRef::new(font_test_data::GLYF_COMPONENTS).unwrap();
[INFO] [stdout]      |                                 ^^^^^^^^^^^^^^ use of undeclared crate or module `font_test_data`
[INFO] [stdout] 
[INFO] [stdout] 
[INFO] [stdout] error[E0433]: failed to resolve: use of undeclared crate or module `font_test_data`
[INFO] [stdout]     --> src/outline/mod.rs:1356:33
[INFO] [stdout]      |
[INFO] [stdout] 1356 |         let font = FontRef::new(font_test_data::CUBIC_GLYF).unwrap();
[INFO] [stdout]      |                                 ^^^^^^^^^^^^^^ use of undeclared crate or module `font_test_data`
[INFO] [stdout] 
[INFO] [stdout] 
[INFO] [stdout] error[E0433]: failed to resolve: use of undeclared crate or module `font_test_data`
[INFO] [stdout]     --> src/outline/mod.rs:1380:33
[INFO] [stdout]      |
[INFO] [stdout] 1380 |         let font = FontRef::new(font_test_data::TTHINT_SUBSET).unwrap();
[INFO] [stdout]      |                                 ^^^^^^^^^^^^^^ use of undeclared crate or module `font_test_data`
[INFO] [stdout] 
[INFO] [stdout] 
[INFO] [stdout] error[E0433]: failed to resolve: use of undeclared crate or module `font_test_data`
[INFO] [stdout]     --> src/outline/mod.rs:1398:33
[INFO] [stdout]      |
[INFO] [stdout] 1398 |         let font = FontRef::new(font_test_data::HVAR_WITH_TRUNCATED_ADVANCE_INDEX_MAP).unwrap();
[INFO] [stdout]      |                                 ^^^^^^^^^^^^^^ use of undeclared crate or module `font_test_data`
[INFO] [stdout] 
[INFO] [stdout] 
[INFO] [stdout] error[E0433]: failed to resolve: use of undeclared crate or module `font_test_data`
[INFO] [stdout]     --> src/outline/mod.rs:1416:33
[INFO] [stdout]      |
[INFO] [stdout] 1416 |         let font = FontRef::new(font_test_data::HVAR_WITH_TRUNCATED_ADVANCE_INDEX_MAP).unwrap();
[INFO] [stdout]      |                                 ^^^^^^^^^^^^^^ use of undeclared crate or module `font_test_data`
[INFO] [stdout] 
[INFO] [stdout] 
[INFO] [stdout] error[E0433]: failed to resolve: use of undeclared crate or module `font_test_data`
[INFO] [stdout]    --> src/string.rs:609:33
[INFO] [stdout]     |
[INFO] [stdout] 609 |         let font = FontRef::new(font_test_data::NAMES_ONLY).unwrap();
[INFO] [stdout]     |                                 ^^^^^^^^^^^^^^ use of undeclared crate or module `font_test_data`
[INFO] [stdout] 
[INFO] [stdout] 
[INFO] [stdout] error[E0433]: failed to resolve: use of undeclared crate or module `font_test_data`
[INFO] [stdout]    --> src/string.rs:628:33
[INFO] [stdout]     |
[INFO] [stdout] 628 |         let font = FontRef::new(font_test_data::NAMES_ONLY).unwrap();
[INFO] [stdout]     |                                 ^^^^^^^^^^^^^^ use of undeclared crate or module `font_test_data`
[INFO] [stdout] 
[INFO] [stdout] 
[INFO] [stdout] error[E0433]: failed to resolve: use of undeclared crate or module `font_test_data`
[INFO] [stdout]    --> src/string.rs:640:33
[INFO] [stdout]     |
[INFO] [stdout] 640 |         let font = FontRef::new(font_test_data::NAMES_ONLY).unwrap();
[INFO] [stdout]     |                                 ^^^^^^^^^^^^^^ use of undeclared crate or module `font_test_data`
[INFO] [stdout] 
[INFO] [stdout] 
[INFO] [stdout] Some errors have detailed explanations: E0432, E0433.
[INFO] [stdout] 
[INFO] [stdout] For more information about an error, try `rustc --explain E0432`.
[INFO] [stdout] 
[INFO] [stderr] error: could not compile `skrifa` (lib test) due to 115 previous errors
[INFO] running `Command { std: "docker" "inspect" "ba3650268dd0c995b3efb307dcb85cd0f797341b29913a3bfa98843d6230696f", kill_on_drop: false }`
[INFO] running `Command { std: "docker" "rm" "-f" "ba3650268dd0c995b3efb307dcb85cd0f797341b29913a3bfa98843d6230696f", kill_on_drop: false }`
[INFO] [stdout] ba3650268dd0c995b3efb307dcb85cd0f797341b29913a3bfa98843d6230696f
